I20260709 12:08:13.530833 13554 consensus_queue.cc:260] T 620404b77b78460eb00e9dfb6c59976a P d36ab6e1bfe047c888552a196d3faea1 [NON_LEADER]: Queue going to NON_LEADER mode. State: All replicated index: 0, Majority replicated index: 0, Committed index: 0, Last appended: 0.0, Last appended by leader: 0, Current term: 0, Majority size: -1, State: 0, Mode: NON_LEADER, active raft config: opid_index: -1 OBSOLETE_local: false peers { permanent_uuid: "7d39208c249346d2adbcccb8ce26a0b1" member_type: VOTER last_known_addr { host: "127.12.234.129" port: 37401 } } peers { permanent_uuid: "18ef55013a984a7da7a8ea6c2df87b69" member_type: VOTER last_known_addr { host: "127.12.234.130" port: 36059 } } peers { permanent_uuid: "d36ab6e1bfe047c888552a196d3faea1" member_type: VOTER last_known_addr { host: "127.12.234.131" port: 42755 } }
I20260709 12:08:13.536010 13553 ts_tablet_manager.cc:1434] T 53fda68d12284a21b642674544319173 P 7d39208c249346d2adbcccb8ce26a0b1: Time spent starting tablet: real 0.015s	user 0.010s	sys 0.004s
I20260709 12:08:13.537194 13553 tablet_bootstrap.cc:492] T 3777c5fa255c4f308ca98595b885410a P 7d39208c249346d2adbcccb8ce26a0b1: Bootstrap starting.
I20260709 12:08:13.544934 13553 tablet_bootstrap.cc:654] T 3777c5fa255c4f308ca98595b885410a P 7d39208c249346d2adbcccb8ce26a0b1: Neither blocks nor log segments found. Creating new log.
I20260709 12:08:13.548197 13461 heartbeater.cc:499] Master 127.12.234.190:35911 was elected leader, sending a full tablet report...
I20260709 12:08:13.549273 13535 heartbeater.cc:499] Master 127.12.234.190:35911 was elected leader, sending a full tablet report...
I20260709 12:08:13.551914 13555 ts_tablet_manager.cc:1434] T 620404b77b78460eb00e9dfb6c59976a P 18ef55013a984a7da7a8ea6c2df87b69: Time spent starting tablet: real 0.029s	user 0.006s	sys 0.009s
I20260709 12:08:13.553222 13555 tablet_bootstrap.cc:492] T 39878a5b794040f0af8fef55445946bc P 18ef55013a984a7da7a8ea6c2df87b69: Bootstrap starting.
I20260709 12:08:13.553622 13554 ts_tablet_manager.cc:1434] T 620404b77b78460eb00e9dfb6c59976a P d36ab6e1bfe047c888552a196d3faea1: Time spent starting tablet: real 0.028s	user 0.019s	sys 0.004s
I20260709 12:08:13.554677 13554 tablet_bootstrap.cc:492] T 39878a5b794040f0af8fef55445946bc P d36ab6e1bfe047c888552a196d3faea1: Bootstrap starting.
I20260709 12:08:13.563239 13553 tablet_bootstrap.cc:492] T 3777c5fa255c4f308ca98595b885410a P 7d39208c249346d2adbcccb8ce26a0b1: No bootstrap required, opened a new log
I20260709 12:08:13.563777 13553 ts_tablet_manager.cc:1403] T 3777c5fa255c4f308ca98595b885410a P 7d39208c249346d2adbcccb8ce26a0b1: Time spent bootstrapping tablet: real 0.027s	user 0.016s	sys 0.003s
I20260709 12:08:13.563789 13554 tablet_bootstrap.cc:654] T 39878a5b794040f0af8fef55445946bc P d36ab6e1bfe047c888552a196d3faea1: Neither blocks nor log segments found. Creating new log.
I20260709 12:08:13.568511 13555 tablet_bootstrap.cc:654] T 39878a5b794040f0af8fef55445946bc P 18ef55013a984a7da7a8ea6c2df87b69: Neither blocks nor log segments found. Creating new log.
I20260709 12:08:13.570474 13553 raft_consensus.cc:359] T 3777c5fa255c4f308ca98595b885410a P 7d39208c249346d2adbcccb8ce26a0b1 [term 0 FOLLOWER]: Replica starting. Triggering 0 pending ops. Active config: opid_index: -1 OBSOLETE_local: false peers { permanent_uuid: "7d39208c249346d2adbcccb8ce26a0b1" member_type: VOTER last_known_addr { host: "127.12.234.129" port: 37401 } } peers { permanent_uuid: "18ef55013a984a7da7a8ea6c2df87b69" member_type: VOTER last_known_addr { host: "127.12.234.130" port: 36059 } } peers { permanent_uuid: "d36ab6e1bfe047c888552a196d3faea1" member_type: VOTER last_known_addr { host: "127.12.234.131" port: 42755 } }
I20260709 12:08:13.571277 13553 raft_consensus.cc:385] T 3777c5fa255c4f308ca98595b885410a P 7d39208c249346d2adbcccb8ce26a0b1 [term 0 FOLLOWER]: Consensus starting up: Expiring failure detector timer to make a prompt election more likely
I20260709 12:08:13.571592 13553 raft_consensus.cc:740] T 3777c5fa255c4f308ca98595b885410a P 7d39208c249346d2adbcccb8ce26a0b1 [term 0 FOLLOWER]: Becoming Follower/Learner. State: Replica: 7d39208c249346d2adbcccb8ce26a0b1, State: Initialized, Role: FOLLOWER
I20260709 12:08:13.573760 13553 consensus_queue.cc:260] T 3777c5fa255c4f308ca98595b885410a P 7d39208c249346d2adbcccb8ce26a0b1 [NON_LEADER]: Queue going to NON_LEADER mode. State: All replicated index: 0, Majority replicated index: 0, Committed index: 0, Last appended: 0.0, Last appended by leader: 0, Current term: 0, Majority size: -1, State: 0, Mode: NON_LEADER, active raft config: opid_index: -1 OBSOLETE_local: false peers { permanent_uuid: "7d39208c249346d2adbcccb8ce26a0b1" member_type: VOTER last_known_addr { host: "127.12.234.129" port: 37401 } } peers { permanent_uuid: "18ef55013a984a7da7a8ea6c2df87b69" member_type: VOTER last_known_addr { host: "127.12.234.130" port: 36059 } } peers { permanent_uuid: "d36ab6e1bfe047c888552a196d3faea1" member_type: VOTER last_known_addr { host: "127.12.234.131" port: 42755 } }
I20260709 12:08:13.578051 13553 ts_tablet_manager.cc:1434] T 3777c5fa255c4f308ca98595b885410a P 7d39208c249346d2adbcccb8ce26a0b1: Time spent starting tablet: real 0.014s	user 0.007s	sys 0.001s
I20260709 12:08:13.579003 13553 tablet_bootstrap.cc:492] T f3ce7c362a4341fb9cd1254c24b4383e P 7d39208c249346d2adbcccb8ce26a0b1: Bootstrap starting.
I20260709 12:08:13.579427 13554 tablet_bootstrap.cc:492] T 39878a5b794040f0af8fef55445946bc P d36ab6e1bfe047c888552a196d3faea1: No bootstrap required, opened a new log
I20260709 12:08:13.579907 13554 ts_tablet_manager.cc:1403] T 39878a5b794040f0af8fef55445946bc P d36ab6e1bfe047c888552a196d3faea1: Time spent bootstrapping tablet: real 0.025s	user 0.013s	sys 0.000s
I20260709 12:08:13.583786 13554 raft_consensus.cc:359] T 39878a5b794040f0af8fef55445946bc P d36ab6e1bfe047c888552a196d3faea1 [term 0 FOLLOWER]: Replica starting. Triggering 0 pending ops. Active config: opid_index: -1 OBSOLETE_local: false peers { permanent_uuid: "7d39208c249346d2adbcccb8ce26a0b1" member_type: VOTER last_known_addr { host: "127.12.234.129" port: 37401 } } peers { permanent_uuid: "18ef55013a984a7da7a8ea6c2df87b69" member_type: VOTER last_known_addr { host: "127.12.234.130" port: 36059 } } peers { permanent_uuid: "d36ab6e1bfe047c888552a196d3faea1" member_type: VOTER last_known_addr { host: "127.12.234.131" port: 42755 } }
I20260709 12:08:13.584592 13554 raft_consensus.cc:385] T 39878a5b794040f0af8fef55445946bc P d36ab6e1bfe047c888552a196d3faea1 [term 0 FOLLOWER]: Consensus starting up: Expiring failure detector timer to make a prompt election more likely
I20260709 12:08:13.584946 13554 raft_consensus.cc:740] T 39878a5b794040f0af8fef55445946bc P d36ab6e1bfe047c888552a196d3faea1 [term 0 FOLLOWER]: Becoming Follower/Learner. State: Replica: d36ab6e1bfe047c888552a196d3faea1, State: Initialized, Role: FOLLOWER
I20260709 12:08:13.585865 13554 consensus_queue.cc:260] T 39878a5b794040f0af8fef55445946bc P d36ab6e1bfe047c888552a196d3faea1 [NON_LEADER]: Queue going to NON_LEADER mode. State: All replicated index: 0, Majority replicated index: 0, Committed index: 0, Last appended: 0.0, Last appended by leader: 0, Current term: 0, Majority size: -1, State: 0, Mode: NON_LEADER, active raft config: opid_index: -1 OBSOLETE_local: false peers { permanent_uuid: "7d39208c249346d2adbcccb8ce26a0b1" member_type: VOTER last_known_addr { host: "127.12.234.129" port: 37401 } } peers { permanent_uuid: "18ef55013a984a7da7a8ea6c2df87b69" member_type: VOTER last_known_addr { host: "127.12.234.130" port: 36059 } } peers { permanent_uuid: "d36ab6e1bfe047c888552a196d3faea1" member_type: VOTER last_known_addr { host: "127.12.234.131" port: 42755 } }
I20260709 12:08:13.588819 13554 ts_tablet_manager.cc:1434] T 39878a5b794040f0af8fef55445946bc P d36ab6e1bfe047c888552a196d3faea1: Time spent starting tablet: real 0.009s	user 0.007s	sys 0.000s
I20260709 12:08:13.589623 13553 tablet_bootstrap.cc:654] T f3ce7c362a4341fb9cd1254c24b4383e P 7d39208c249346d2adbcccb8ce26a0b1: Neither blocks nor log segments found. Creating new log.
I20260709 12:08:13.589708 13554 tablet_bootstrap.cc:492] T 53fda68d12284a21b642674544319173 P d36ab6e1bfe047c888552a196d3faea1: Bootstrap starting.
I20260709 12:08:13.598435 13554 tablet_bootstrap.cc:654] T 53fda68d12284a21b642674544319173 P d36ab6e1bfe047c888552a196d3faea1: Neither blocks nor log segments found. Creating new log.
W20260709 12:08:13.601630 13536 tablet.cc:2406] T 39878a5b794040f0af8fef55445946bc P d36ab6e1bfe047c888552a196d3faea1: Can't schedule compaction. Clean time has not been advanced past its initial value.
I20260709 12:08:13.601879 13555 tablet_bootstrap.cc:492] T 39878a5b794040f0af8fef55445946bc P 18ef55013a984a7da7a8ea6c2df87b69: No bootstrap required, opened a new log
I20260709 12:08:13.602505 13555 ts_tablet_manager.cc:1403] T 39878a5b794040f0af8fef55445946bc P 18ef55013a984a7da7a8ea6c2df87b69: Time spent bootstrapping tablet: real 0.050s	user 0.021s	sys 0.005s
I20260709 12:08:13.604600 13553 tablet_bootstrap.cc:492] T f3ce7c362a4341fb9cd1254c24b4383e P 7d39208c249346d2adbcccb8ce26a0b1: No bootstrap required, opened a new log
I20260709 12:08:13.605086 13553 ts_tablet_manager.cc:1403] T f3ce7c362a4341fb9cd1254c24b4383e P 7d39208c249346d2adbcccb8ce26a0b1: Time spent bootstrapping tablet: real 0.026s	user 0.017s	sys 0.004s
I20260709 12:08:13.605978 13555 raft_consensus.cc:359] T 39878a5b794040f0af8fef55445946bc P 18ef55013a984a7da7a8ea6c2df87b69 [term 0 FOLLOWER]: Replica starting. Triggering 0 pending ops. Active config: opid_index: -1 OBSOLETE_local: false peers { permanent_uuid: "7d39208c249346d2adbcccb8ce26a0b1" member_type: VOTER last_known_addr { host: "127.12.234.129" port: 37401 } } peers { permanent_uuid: "18ef55013a984a7da7a8ea6c2df87b69" member_type: VOTER last_known_addr { host: "127.12.234.130" port: 36059 } } peers { permanent_uuid: "d36ab6e1bfe047c888552a196d3faea1" member_type: VOTER last_known_addr { host: "127.12.234.131" port: 42755 } }
I20260709 12:08:13.606701 13555 raft_consensus.cc:385] T 39878a5b794040f0af8fef55445946bc P 18ef55013a984a7da7a8ea6c2df87b69 [term 0 FOLLOWER]: Consensus starting up: Expiring failure detector timer to make a prompt election more likely
I20260709 12:08:13.607012 13555 raft_consensus.cc:740] T 39878a5b794040f0af8fef55445946bc P 18ef55013a984a7da7a8ea6c2df87b69 [term 0 FOLLOWER]: Becoming Follower/Learner. State: Replica: 18ef55013a984a7da7a8ea6c2df87b69, State: Initialized, Role: FOLLOWER
I20260709 12:08:13.607765 13555 consensus_queue.cc:260] T 39878a5b794040f0af8fef55445946bc P 18ef55013a984a7da7a8ea6c2df87b69 [NON_LEADER]: Queue going to NON_LEADER mode. State: All replicated index: 0, Majority replicated index: 0, Committed index: 0, Last appended: 0.0, Last appended by leader: 0, Current term: 0, Majority size: -1, State: 0, Mode: NON_LEADER, active raft config: opid_index: -1 OBSOLETE_local: false peers { permanent_uuid: "7d39208c249346d2adbcccb8ce26a0b1" member_type: VOTER last_known_addr { host: "127.12.234.129" port: 37401 } } peers { permanent_uuid: "18ef55013a984a7da7a8ea6c2df87b69" member_type: VOTER last_known_addr { host: "127.12.234.130" port: 36059 } } peers { permanent_uuid: "d36ab6e1bfe047c888552a196d3faea1" member_type: VOTER last_known_addr { host: "127.12.234.131" port: 42755 } }
I20260709 12:08:13.608530 13553 raft_consensus.cc:359] T f3ce7c362a4341fb9cd1254c24b4383e P 7d39208c249346d2adbcccb8ce26a0b1 [term 0 FOLLOWER]: Replica starting. Triggering 0 pending ops. Active config: opid_index: -1 OBSOLETE_local: false peers { permanent_uuid: "7d39208c249346d2adbcccb8ce26a0b1" member_type: VOTER last_known_addr { host: "127.12.234.129" port: 37401 } } peers { permanent_uuid: "18ef55013a984a7da7a8ea6c2df87b69" member_type: VOTER last_known_addr { host: "127.12.234.130" port: 36059 } } peers { permanent_uuid: "d36ab6e1bfe047c888552a196d3faea1" member_type: VOTER last_known_addr { host: "127.12.234.131" port: 42755 } }
I20260709 12:08:13.609421 13553 raft_consensus.cc:385] T f3ce7c362a4341fb9cd1254c24b4383e P 7d39208c249346d2adbcccb8ce26a0b1 [term 0 FOLLOWER]: Consensus starting up: Expiring failure detector timer to make a prompt election more likely
I20260709 12:08:13.609791 13553 raft_consensus.cc:740] T f3ce7c362a4341fb9cd1254c24b4383e P 7d39208c249346d2adbcccb8ce26a0b1 [term 0 FOLLOWER]: Becoming Follower/Learner. State: Replica: 7d39208c249346d2adbcccb8ce26a0b1, State: Initialized, Role: FOLLOWER
I20260709 12:08:13.610193 13555 ts_tablet_manager.cc:1434] T 39878a5b794040f0af8fef55445946bc P 18ef55013a984a7da7a8ea6c2df87b69: Time spent starting tablet: real 0.007s	user 0.004s	sys 0.000s
I20260709 12:08:13.610781 13553 consensus_queue.cc:260] T f3ce7c362a4341fb9cd1254c24b4383e P 7d39208c249346d2adbcccb8ce26a0b1 [NON_LEADER]: Queue going to NON_LEADER mode. State: All replicated index: 0, Majority replicated index: 0, Committed index: 0, Last appended: 0.0, Last appended by leader: 0, Current term: 0, Majority size: -1, State: 0, Mode: NON_LEADER, active raft config: opid_index: -1 OBSOLETE_local: false peers { permanent_uuid: "7d39208c249346d2adbcccb8ce26a0b1" member_type: VOTER last_known_addr { host: "127.12.234.129" port: 37401 } } peers { permanent_uuid: "18ef55013a984a7da7a8ea6c2df87b69" member_type: VOTER last_known_addr { host: "127.12.234.130" port: 36059 } } peers { permanent_uuid: "d36ab6e1bfe047c888552a196d3faea1" member_type: VOTER last_known_addr { host: "127.12.234.131" port: 42755 } }
I20260709 12:08:13.613453 13553 ts_tablet_manager.cc:1434] T f3ce7c362a4341fb9cd1254c24b4383e P 7d39208c249346d2adbcccb8ce26a0b1: Time spent starting tablet: real 0.008s	user 0.008s	sys 0.000s
I20260709 12:08:13.614405 13554 tablet_bootstrap.cc:492] T 53fda68d12284a21b642674544319173 P d36ab6e1bfe047c888552a196d3faea1: No bootstrap required, opened a new log
I20260709 12:08:13.614413 13553 tablet_bootstrap.cc:492] T e47602a036f74b5fbdffa65c64e5125e P 7d39208c249346d2adbcccb8ce26a0b1: Bootstrap starting.
I20260709 12:08:13.614988 13554 ts_tablet_manager.cc:1403] T 53fda68d12284a21b642674544319173 P d36ab6e1bfe047c888552a196d3faea1: Time spent bootstrapping tablet: real 0.025s	user 0.005s	sys 0.014s
I20260709 12:08:13.619251 13555 tablet_bootstrap.cc:492] T 53fda68d12284a21b642674544319173 P 18ef55013a984a7da7a8ea6c2df87b69: Bootstrap starting.
I20260709 12:08:13.618486 13554 raft_consensus.cc:359] T 53fda68d12284a21b642674544319173 P d36ab6e1bfe047c888552a196d3faea1 [term 0 FOLLOWER]: Replica starting. Triggering 0 pending ops. Active config: opid_index: -1 OBSOLETE_local: false peers { permanent_uuid: "7d39208c249346d2adbcccb8ce26a0b1" member_type: VOTER last_known_addr { host: "127.12.234.129" port: 37401 } } peers { permanent_uuid: "18ef55013a984a7da7a8ea6c2df87b69" member_type: VOTER last_known_addr { host: "127.12.234.130" port: 36059 } } peers { permanent_uuid: "d36ab6e1bfe047c888552a196d3faea1" member_type: VOTER last_known_addr { host: "127.12.234.131" port: 42755 } }
I20260709 12:08:13.620100 13554 raft_consensus.cc:385] T 53fda68d12284a21b642674544319173 P d36ab6e1bfe047c888552a196d3faea1 [term 0 FOLLOWER]: Consensus starting up: Expiring failure detector timer to make a prompt election more likely
I20260709 12:08:13.622002 13554 raft_consensus.cc:740] T 53fda68d12284a21b642674544319173 P d36ab6e1bfe047c888552a196d3faea1 [term 0 FOLLOWER]: Becoming Follower/Learner. State: Replica: d36ab6e1bfe047c888552a196d3faea1, State: Initialized, Role: FOLLOWER
I20260709 12:08:13.623238 13553 tablet_bootstrap.cc:654] T e47602a036f74b5fbdffa65c64e5125e P 7d39208c249346d2adbcccb8ce26a0b1: Neither blocks nor log segments found. Creating new log.
I20260709 12:08:13.628018 13555 tablet_bootstrap.cc:654] T 53fda68d12284a21b642674544319173 P 18ef55013a984a7da7a8ea6c2df87b69: Neither blocks nor log segments found. Creating new log.
I20260709 12:08:13.623342 13554 consensus_queue.cc:260] T 53fda68d12284a21b642674544319173 P d36ab6e1bfe047c888552a196d3faea1 [NON_LEADER]: Queue going to NON_LEADER mode. State: All replicated index: 0, Majority replicated index: 0, Committed index: 0, Last appended: 0.0, Last appended by leader: 0, Current term: 0, Majority size: -1, State: 0, Mode: NON_LEADER, active raft config: opid_index: -1 OBSOLETE_local: false peers { permanent_uuid: "7d39208c249346d2adbcccb8ce26a0b1" member_type: VOTER last_known_addr { host: "127.12.234.129" port: 37401 } } peers { permanent_uuid: "18ef55013a984a7da7a8ea6c2df87b69" member_type: VOTER last_known_addr { host: "127.12.234.130" port: 36059 } } peers { permanent_uuid: "d36ab6e1bfe047c888552a196d3faea1" member_type: VOTER last_known_addr { host: "127.12.234.131" port: 42755 } }
I20260709 12:08:13.629870 13559 raft_consensus.cc:493] T 3777c5fa255c4f308ca98595b885410a P 7d39208c249346d2adbcccb8ce26a0b1 [term 0 FOLLOWER]: Starting pre-election (no leader contacted us within the election timeout)
I20260709 12:08:13.630429 13559 raft_consensus.cc:515] T 3777c5fa255c4f308ca98595b885410a P 7d39208c249346d2adbcccb8ce26a0b1 [term 0 FOLLOWER]: Starting pre-election with config: opid_index: -1 OBSOLETE_local: false peers { permanent_uuid: "7d39208c249346d2adbcccb8ce26a0b1" member_type: VOTER last_known_addr { host: "127.12.234.129" port: 37401 } } peers { permanent_uuid: "18ef55013a984a7da7a8ea6c2df87b69" member_type: VOTER last_known_addr { host: "127.12.234.130" port: 36059 } } peers { permanent_uuid: "d36ab6e1bfe047c888552a196d3faea1" member_type: VOTER last_known_addr { host: "127.12.234.131" port: 42755 } }
I20260709 12:08:13.645063 13553 tablet_bootstrap.cc:492] T e47602a036f74b5fbdffa65c64e5125e P 7d39208c249346d2adbcccb8ce26a0b1: No bootstrap required, opened a new log
I20260709 12:08:13.645716 13553 ts_tablet_manager.cc:1403] T e47602a036f74b5fbdffa65c64e5125e P 7d39208c249346d2adbcccb8ce26a0b1: Time spent bootstrapping tablet: real 0.031s	user 0.007s	sys 0.010s
I20260709 12:08:13.647578 13559 leader_election.cc:290] T 3777c5fa255c4f308ca98595b885410a P 7d39208c249346d2adbcccb8ce26a0b1 [CANDIDATE]: Term 1 pre-election: Requested pre-vote from peers 18ef55013a984a7da7a8ea6c2df87b69 (127.12.234.130:36059), d36ab6e1bfe047c888552a196d3faea1 (127.12.234.131:42755)
I20260709 12:08:13.648942 13553 raft_consensus.cc:359] T e47602a036f74b5fbdffa65c64e5125e P 7d39208c249346d2adbcccb8ce26a0b1 [term 0 FOLLOWER]: Replica starting. Triggering 0 pending ops. Active config: opid_index: -1 OBSOLETE_local: false peers { permanent_uuid: "7d39208c249346d2adbcccb8ce26a0b1" member_type: VOTER last_known_addr { host: "127.12.234.129" port: 37401 } } peers { permanent_uuid: "18ef55013a984a7da7a8ea6c2df87b69" member_type: VOTER last_known_addr { host: "127.12.234.130" port: 36059 } } peers { permanent_uuid: "d36ab6e1bfe047c888552a196d3faea1" member_type: VOTER last_known_addr { host: "127.12.234.131" port: 42755 } }
I20260709 12:08:13.649998 13553 raft_consensus.cc:385] T e47602a036f74b5fbdffa65c64e5125e P 7d39208c249346d2adbcccb8ce26a0b1 [term 0 FOLLOWER]: Consensus starting up: Expiring failure detector timer to make a prompt election more likely
I20260709 12:08:13.650309 13553 raft_consensus.cc:740] T e47602a036f74b5fbdffa65c64e5125e P 7d39208c249346d2adbcccb8ce26a0b1 [term 0 FOLLOWER]: Becoming Follower/Learner. State: Replica: 7d39208c249346d2adbcccb8ce26a0b1, State: Initialized, Role: FOLLOWER
I20260709 12:08:13.652077 13553 consensus_queue.cc:260] T e47602a036f74b5fbdffa65c64e5125e P 7d39208c249346d2adbcccb8ce26a0b1 [NON_LEADER]: Queue going to NON_LEADER mode. State: All replicated index: 0, Majority replicated index: 0, Committed index: 0, Last appended: 0.0, Last appended by leader: 0, Current term: 0, Majority size: -1, State: 0, Mode: NON_LEADER, active raft config: opid_index: -1 OBSOLETE_local: false peers { permanent_uuid: "7d39208c249346d2adbcccb8ce26a0b1" member_type: VOTER last_known_addr { host: "127.12.234.129" port: 37401 } } peers { permanent_uuid: "18ef55013a984a7da7a8ea6c2df87b69" member_type: VOTER last_known_addr { host: "127.12.234.130" port: 36059 } } peers { permanent_uuid: "d36ab6e1bfe047c888552a196d3faea1" member_type: VOTER last_known_addr { host: "127.12.234.131" port: 42755 } }
I20260709 12:08:13.654875 13553 ts_tablet_manager.cc:1434] T e47602a036f74b5fbdffa65c64e5125e P 7d39208c249346d2adbcccb8ce26a0b1: Time spent starting tablet: real 0.009s	user 0.004s	sys 0.004s
I20260709 12:08:13.657553 13555 tablet_bootstrap.cc:492] T 53fda68d12284a21b642674544319173 P 18ef55013a984a7da7a8ea6c2df87b69: No bootstrap required, opened a new log
I20260709 12:08:13.658106 13555 ts_tablet_manager.cc:1403] T 53fda68d12284a21b642674544319173 P 18ef55013a984a7da7a8ea6c2df87b69: Time spent bootstrapping tablet: real 0.047s	user 0.008s	sys 0.008s
I20260709 12:08:13.662348 13555 raft_consensus.cc:359] T 53fda68d12284a21b642674544319173 P 18ef55013a984a7da7a8ea6c2df87b69 [term 0 FOLLOWER]: Replica starting. Triggering 0 pending ops. Active config: opid_index: -1 OBSOLETE_local: false peers { permanent_uuid: "7d39208c249346d2adbcccb8ce26a0b1" member_type: VOTER last_known_addr { host: "127.12.234.129" port: 37401 } } peers { permanent_uuid: "18ef55013a984a7da7a8ea6c2df87b69" member_type: VOTER last_known_addr { host: "127.12.234.130" port: 36059 } } peers { permanent_uuid: "d36ab6e1bfe047c888552a196d3faea1" member_type: VOTER last_known_addr { host: "127.12.234.131" port: 42755 } }
I20260709 12:08:13.663432 13555 raft_consensus.cc:385] T 53fda68d12284a21b642674544319173 P 18ef55013a984a7da7a8ea6c2df87b69 [term 0 FOLLOWER]: Consensus starting up: Expiring failure detector timer to make a prompt election more likely
I20260709 12:08:13.663854 13555 raft_consensus.cc:740] T 53fda68d12284a21b642674544319173 P 18ef55013a984a7da7a8ea6c2df87b69 [term 0 FOLLOWER]: Becoming Follower/Learner. State: Replica: 18ef55013a984a7da7a8ea6c2df87b69, State: Initialized, Role: FOLLOWER
I20260709 12:08:13.664840 13555 consensus_queue.cc:260] T 53fda68d12284a21b642674544319173 P 18ef55013a984a7da7a8ea6c2df87b69 [NON_LEADER]: Queue going to NON_LEADER mode. State: All replicated index: 0, Majority replicated index: 0, Committed index: 0, Last appended: 0.0, Last appended by leader: 0, Current term: 0, Majority size: -1, State: 0, Mode: NON_LEADER, active raft config: opid_index: -1 OBSOLETE_local: false peers { permanent_uuid: "7d39208c249346d2adbcccb8ce26a0b1" member_type: VOTER last_known_addr { host: "127.12.234.129" port: 37401 } } peers { permanent_uuid: "18ef55013a984a7da7a8ea6c2df87b69" member_type: VOTER last_known_addr { host: "127.12.234.130" port: 36059 } } peers { permanent_uuid: "d36ab6e1bfe047c888552a196d3faea1" member_type: VOTER last_known_addr { host: "127.12.234.131" port: 42755 } }
I20260709 12:08:13.666693 13553 tablet_bootstrap.cc:492] T 620404b77b78460eb00e9dfb6c59976a P 7d39208c249346d2adbcccb8ce26a0b1: Bootstrap starting.
I20260709 12:08:13.672271 13554 ts_tablet_manager.cc:1434] T 53fda68d12284a21b642674544319173 P d36ab6e1bfe047c888552a196d3faea1: Time spent starting tablet: real 0.057s	user 0.008s	sys 0.000s
I20260709 12:08:13.672981 13555 ts_tablet_manager.cc:1434] T 53fda68d12284a21b642674544319173 P 18ef55013a984a7da7a8ea6c2df87b69: Time spent starting tablet: real 0.015s	user 0.006s	sys 0.005s
I20260709 12:08:13.673424 13554 tablet_bootstrap.cc:492] T 157354bf29a54cd1a84a407b29123569 P d36ab6e1bfe047c888552a196d3faea1: Bootstrap starting.
I20260709 12:08:13.674014 13555 tablet_bootstrap.cc:492] T 157354bf29a54cd1a84a407b29123569 P 18ef55013a984a7da7a8ea6c2df87b69: Bootstrap starting.
I20260709 12:08:13.685349 13553 tablet_bootstrap.cc:654] T 620404b77b78460eb00e9dfb6c59976a P 7d39208c249346d2adbcccb8ce26a0b1: Neither blocks nor log segments found. Creating new log.
I20260709 12:08:13.692536 13555 tablet_bootstrap.cc:654] T 157354bf29a54cd1a84a407b29123569 P 18ef55013a984a7da7a8ea6c2df87b69: Neither blocks nor log segments found. Creating new log.
I20260709 12:08:13.697214 13554 tablet_bootstrap.cc:654] T 157354bf29a54cd1a84a407b29123569 P d36ab6e1bfe047c888552a196d3faea1: Neither blocks nor log segments found. Creating new log.
I20260709 12:08:13.706897 13553 tablet_bootstrap.cc:492] T 620404b77b78460eb00e9dfb6c59976a P 7d39208c249346d2adbcccb8ce26a0b1: No bootstrap required, opened a new log
I20260709 12:08:13.707515 13553 ts_tablet_manager.cc:1403] T 620404b77b78460eb00e9dfb6c59976a P 7d39208c249346d2adbcccb8ce26a0b1: Time spent bootstrapping tablet: real 0.052s	user 0.012s	sys 0.008s
I20260709 12:08:13.710863 13560 raft_consensus.cc:493] T 39878a5b794040f0af8fef55445946bc P 18ef55013a984a7da7a8ea6c2df87b69 [term 0 FOLLOWER]: Starting pre-election (no leader contacted us within the election timeout)
I20260709 12:08:13.711563 13560 raft_consensus.cc:515] T 39878a5b794040f0af8fef55445946bc P 18ef55013a984a7da7a8ea6c2df87b69 [term 0 FOLLOWER]: Starting pre-election with config: opid_index: -1 OBSOLETE_local: false peers { permanent_uuid: "7d39208c249346d2adbcccb8ce26a0b1" member_type: VOTER last_known_addr { host: "127.12.234.129" port: 37401 } } peers { permanent_uuid: "18ef55013a984a7da7a8ea6c2df87b69" member_type: VOTER last_known_addr { host: "127.12.234.130" port: 36059 } } peers { permanent_uuid: "d36ab6e1bfe047c888552a196d3faea1" member_type: VOTER last_known_addr { host: "127.12.234.131" port: 42755 } }
I20260709 12:08:13.712903 13553 raft_consensus.cc:359] T 620404b77b78460eb00e9dfb6c59976a P 7d39208c249346d2adbcccb8ce26a0b1 [term 0 FOLLOWER]: Replica starting. Triggering 0 pending ops. Active config: opid_index: -1 OBSOLETE_local: false peers { permanent_uuid: "7d39208c249346d2adbcccb8ce26a0b1" member_type: VOTER last_known_addr { host: "127.12.234.129" port: 37401 } } peers { permanent_uuid: "18ef55013a984a7da7a8ea6c2df87b69" member_type: VOTER last_known_addr { host: "127.12.234.130" port: 36059 } } peers { permanent_uuid: "d36ab6e1bfe047c888552a196d3faea1" member_type: VOTER last_known_addr { host: "127.12.234.131" port: 42755 } }
I20260709 12:08:13.714571 13560 leader_election.cc:290] T 39878a5b794040f0af8fef55445946bc P 18ef55013a984a7da7a8ea6c2df87b69 [CANDIDATE]: Term 1 pre-election: Requested pre-vote from peers 7d39208c249346d2adbcccb8ce26a0b1 (127.12.234.129:37401), d36ab6e1bfe047c888552a196d3faea1 (127.12.234.131:42755)
I20260709 12:08:13.719369 13553 raft_consensus.cc:385] T 620404b77b78460eb00e9dfb6c59976a P 7d39208c249346d2adbcccb8ce26a0b1 [term 0 FOLLOWER]: Consensus starting up: Expiring failure detector timer to make a prompt election more likely
I20260709 12:08:13.723737 13553 raft_consensus.cc:740] T 620404b77b78460eb00e9dfb6c59976a P 7d39208c249346d2adbcccb8ce26a0b1 [term 0 FOLLOWER]: Becoming Follower/Learner. State: Replica: 7d39208c249346d2adbcccb8ce26a0b1, State: Initialized, Role: FOLLOWER
I20260709 12:08:13.725522 13510 tablet_service.cc:1917] Received RequestConsensusVote() RPC: tablet_id: "3777c5fa255c4f308ca98595b885410a" candidate_uuid: "7d39208c249346d2adbcccb8ce26a0b1" candidate_term: 1 candidate_status { last_received { term: 0 index: 0 } } ignore_live_leader: false dest_uuid: "d36ab6e1bfe047c888552a196d3faea1" is_pre_election: true
I20260709 12:08:13.726267 13553 consensus_queue.cc:260] T 620404b77b78460eb00e9dfb6c59976a P 7d39208c249346d2adbcccb8ce26a0b1 [NON_LEADER]: Queue going to NON_LEADER mode. State: All replicated index: 0, Majority replicated index: 0, Committed index: 0, Last appended: 0.0, Last appended by leader: 0, Current term: 0, Majority size: -1, State: 0, Mode: NON_LEADER, active raft config: opid_index: -1 OBSOLETE_local: false peers { permanent_uuid: "7d39208c249346d2adbcccb8ce26a0b1" member_type: VOTER last_known_addr { host: "127.12.234.129" port: 37401 } } peers { permanent_uuid: "18ef55013a984a7da7a8ea6c2df87b69" member_type: VOTER last_known_addr { host: "127.12.234.130" port: 36059 } } peers { permanent_uuid: "d36ab6e1bfe047c888552a196d3faea1" member_type: VOTER last_known_addr { host: "127.12.234.131" port: 42755 } }
I20260709 12:08:13.729854 13553 ts_tablet_manager.cc:1434] T 620404b77b78460eb00e9dfb6c59976a P 7d39208c249346d2adbcccb8ce26a0b1: Time spent starting tablet: real 0.022s	user 0.007s	sys 0.000s
I20260709 12:08:13.731680 13553 tablet_bootstrap.cc:492] T 157354bf29a54cd1a84a407b29123569 P 7d39208c249346d2adbcccb8ce26a0b1: Bootstrap starting.
I20260709 12:08:13.778009 13436 tablet_service.cc:1917] Received RequestConsensusVote() RPC: tablet_id: "3777c5fa255c4f308ca98595b885410a" candidate_uuid: "7d39208c249346d2adbcccb8ce26a0b1" candidate_term: 1 candidate_status { last_received { term: 0 index: 0 } } ignore_live_leader: false dest_uuid: "18ef55013a984a7da7a8ea6c2df87b69" is_pre_election: true
W20260709 12:08:13.783376 13327 leader_election.cc:343] T 3777c5fa255c4f308ca98595b885410a P 7d39208c249346d2adbcccb8ce26a0b1 [CANDIDATE]: Term 1 pre-election: Tablet error from VoteRequest() call to peer 18ef55013a984a7da7a8ea6c2df87b69 (127.12.234.130:36059): Illegal state: must be running to vote when last-logged opid is not known
W20260709 12:08:13.785264 13324 leader_election.cc:343] T 3777c5fa255c4f308ca98595b885410a P 7d39208c249346d2adbcccb8ce26a0b1 [CANDIDATE]: Term 1 pre-election: Tablet error from VoteRequest() call to peer d36ab6e1bfe047c888552a196d3faea1 (127.12.234.131:42755): Illegal state: must be running to vote when last-logged opid is not known
I20260709 12:08:13.786286 13555 tablet_bootstrap.cc:492] T 157354bf29a54cd1a84a407b29123569 P 18ef55013a984a7da7a8ea6c2df87b69: No bootstrap required, opened a new log
I20260709 12:08:13.786185 13324 leader_election.cc:304] T 3777c5fa255c4f308ca98595b885410a P 7d39208c249346d2adbcccb8ce26a0b1 [CANDIDATE]: Term 1 pre-election: Election decided. Result: candidate lost. Election summary: received 3 responses out of 3 voters: 1 yes votes; 2 no votes. yes voters: 7d39208c249346d2adbcccb8ce26a0b1; no voters: 18ef55013a984a7da7a8ea6c2df87b69, d36ab6e1bfe047c888552a196d3faea1
I20260709 12:08:13.786824 13555 ts_tablet_manager.cc:1403] T 157354bf29a54cd1a84a407b29123569 P 18ef55013a984a7da7a8ea6c2df87b69: Time spent bootstrapping tablet: real 0.113s	user 0.007s	sys 0.018s
I20260709 12:08:13.787187 13559 raft_consensus.cc:2749] T 3777c5fa255c4f308ca98595b885410a P 7d39208c249346d2adbcccb8ce26a0b1 [term 0 FOLLOWER]: Leader pre-election lost for term 1. Reason: could not achieve majority
I20260709 12:08:13.790423 13555 raft_consensus.cc:359] T 157354bf29a54cd1a84a407b29123569 P 18ef55013a984a7da7a8ea6c2df87b69 [term 0 FOLLOWER]: Replica starting. Triggering 0 pending ops. Active config: opid_index: -1 OBSOLETE_local: false peers { permanent_uuid: "7d39208c249346d2adbcccb8ce26a0b1" member_type: VOTER last_known_addr { host: "127.12.234.129" port: 37401 } } peers { permanent_uuid: "18ef55013a984a7da7a8ea6c2df87b69" member_type: VOTER last_known_addr { host: "127.12.234.130" port: 36059 } } peers { permanent_uuid: "d36ab6e1bfe047c888552a196d3faea1" member_type: VOTER last_known_addr { host: "127.12.234.131" port: 42755 } }
I20260709 12:08:13.791049 13555 raft_consensus.cc:385] T 157354bf29a54cd1a84a407b29123569 P 18ef55013a984a7da7a8ea6c2df87b69 [term 0 FOLLOWER]: Consensus starting up: Expiring failure detector timer to make a prompt election more likely
I20260709 12:08:13.791568 13555 raft_consensus.cc:740] T 157354bf29a54cd1a84a407b29123569 P 18ef55013a984a7da7a8ea6c2df87b69 [term 0 FOLLOWER]: Becoming Follower/Learner. State: Replica: 18ef55013a984a7da7a8ea6c2df87b69, State: Initialized, Role: FOLLOWER
I20260709 12:08:13.792323 13555 consensus_queue.cc:260] T 157354bf29a54cd1a84a407b29123569 P 18ef55013a984a7da7a8ea6c2df87b69 [NON_LEADER]: Queue going to NON_LEADER mode. State: All replicated index: 0, Majority replicated index: 0, Committed index: 0, Last appended: 0.0, Last appended by leader: 0, Current term: 0, Majority size: -1, State: 0, Mode: NON_LEADER, active raft config: opid_index: -1 OBSOLETE_local: false peers { permanent_uuid: "7d39208c249346d2adbcccb8ce26a0b1" member_type: VOTER last_known_addr { host: "127.12.234.129" port: 37401 } } peers { permanent_uuid: "18ef55013a984a7da7a8ea6c2df87b69" member_type: VOTER last_known_addr { host: "127.12.234.130" port: 36059 } } peers { permanent_uuid: "d36ab6e1bfe047c888552a196d3faea1" member_type: VOTER last_known_addr { host: "127.12.234.131" port: 42755 } }
I20260709 12:08:13.794256 13553 tablet_bootstrap.cc:654] T 157354bf29a54cd1a84a407b29123569 P 7d39208c249346d2adbcccb8ce26a0b1: Neither blocks nor log segments found. Creating new log.
I20260709 12:08:13.796909 13555 ts_tablet_manager.cc:1434] T 157354bf29a54cd1a84a407b29123569 P 18ef55013a984a7da7a8ea6c2df87b69: Time spent starting tablet: real 0.009s	user 0.003s	sys 0.003s
I20260709 12:08:13.797971 13555 tablet_bootstrap.cc:492] T fc5dcfbfd33e478f8d93bf0bcaf3405b P 18ef55013a984a7da7a8ea6c2df87b69: Bootstrap starting.
I20260709 12:08:13.798028 13510 tablet_service.cc:1917] Received RequestConsensusVote() RPC: tablet_id: "39878a5b794040f0af8fef55445946bc" candidate_uuid: "18ef55013a984a7da7a8ea6c2df87b69" candidate_term: 1 candidate_status { last_received { term: 0 index: 0 } } ignore_live_leader: false dest_uuid: "d36ab6e1bfe047c888552a196d3faea1" is_pre_election: true
I20260709 12:08:13.798882 13510 raft_consensus.cc:2468] T 39878a5b794040f0af8fef55445946bc P d36ab6e1bfe047c888552a196d3faea1 [term 0 FOLLOWER]: Leader pre-election vote request: Granting yes vote for candidate 18ef55013a984a7da7a8ea6c2df87b69 in term 0.
I20260709 12:08:13.806474 13399 leader_election.cc:304] T 39878a5b794040f0af8fef55445946bc P 18ef55013a984a7da7a8ea6c2df87b69 [CANDIDATE]: Term 1 pre-election: Election decided. Result: candidate won. Election summary: received 2 responses out of 3 voters: 2 yes votes; 0 no votes. yes voters: 18ef55013a984a7da7a8ea6c2df87b69, d36ab6e1bfe047c888552a196d3faea1; no voters: 
I20260709 12:08:13.807469 13560 raft_consensus.cc:2804] T 39878a5b794040f0af8fef55445946bc P 18ef55013a984a7da7a8ea6c2df87b69 [term 0 FOLLOWER]: Leader pre-election won for term 1
I20260709 12:08:13.807919 13555 tablet_bootstrap.cc:654] T fc5dcfbfd33e478f8d93bf0bcaf3405b P 18ef55013a984a7da7a8ea6c2df87b69: Neither blocks nor log segments found. Creating new log.
I20260709 12:08:13.807914 13560 raft_consensus.cc:493] T 39878a5b794040f0af8fef55445946bc P 18ef55013a984a7da7a8ea6c2df87b69 [term 0 FOLLOWER]: Starting leader election (no leader contacted us within the election timeout)
I20260709 12:08:13.808375 13560 raft_consensus.cc:3060] T 39878a5b794040f0af8fef55445946bc P 18ef55013a984a7da7a8ea6c2df87b69 [term 0 FOLLOWER]: Advancing to term 1
I20260709 12:08:13.812460 13559 raft_consensus.cc:493] T f3ce7c362a4341fb9cd1254c24b4383e P 7d39208c249346d2adbcccb8ce26a0b1 [term 0 FOLLOWER]: Starting pre-election (no leader contacted us within the election timeout)
I20260709 12:08:13.813397 13559 raft_consensus.cc:515] T f3ce7c362a4341fb9cd1254c24b4383e P 7d39208c249346d2adbcccb8ce26a0b1 [term 0 FOLLOWER]: Starting pre-election with config: opid_index: -1 OBSOLETE_local: false peers { permanent_uuid: "7d39208c249346d2adbcccb8ce26a0b1" member_type: VOTER last_known_addr { host: "127.12.234.129" port: 37401 } } peers { permanent_uuid: "18ef55013a984a7da7a8ea6c2df87b69" member_type: VOTER last_known_addr { host: "127.12.234.130" port: 36059 } } peers { permanent_uuid: "d36ab6e1bfe047c888552a196d3faea1" member_type: VOTER last_known_addr { host: "127.12.234.131" port: 42755 } }
I20260709 12:08:13.816366 13559 leader_election.cc:290] T f3ce7c362a4341fb9cd1254c24b4383e P 7d39208c249346d2adbcccb8ce26a0b1 [CANDIDATE]: Term 1 pre-election: Requested pre-vote from peers 18ef55013a984a7da7a8ea6c2df87b69 (127.12.234.130:36059), d36ab6e1bfe047c888552a196d3faea1 (127.12.234.131:42755)
I20260709 12:08:13.816340 13436 tablet_service.cc:1917] Received RequestConsensusVote() RPC: tablet_id: "f3ce7c362a4341fb9cd1254c24b4383e" candidate_uuid: "7d39208c249346d2adbcccb8ce26a0b1" candidate_term: 1 candidate_status { last_received { term: 0 index: 0 } } ignore_live_leader: false dest_uuid: "18ef55013a984a7da7a8ea6c2df87b69" is_pre_election: true
I20260709 12:08:13.816612 13510 tablet_service.cc:1917] Received RequestConsensusVote() RPC: tablet_id: "f3ce7c362a4341fb9cd1254c24b4383e" candidate_uuid: "7d39208c249346d2adbcccb8ce26a0b1" candidate_term: 1 candidate_status { last_received { term: 0 index: 0 } } ignore_live_leader: false dest_uuid: "d36ab6e1bfe047c888552a196d3faea1" is_pre_election: true
W20260709 12:08:13.818286 13327 leader_election.cc:343] T f3ce7c362a4341fb9cd1254c24b4383e P 7d39208c249346d2adbcccb8ce26a0b1 [CANDIDATE]: Term 1 pre-election: Tablet error from VoteRequest() call to peer 18ef55013a984a7da7a8ea6c2df87b69 (127.12.234.130:36059): Illegal state: must be running to vote when last-logged opid is not known
W20260709 12:08:13.819168 13324 leader_election.cc:343] T f3ce7c362a4341fb9cd1254c24b4383e P 7d39208c249346d2adbcccb8ce26a0b1 [CANDIDATE]: Term 1 pre-election: Tablet error from VoteRequest() call to peer d36ab6e1bfe047c888552a196d3faea1 (127.12.234.131:42755): Illegal state: must be running to vote when last-logged opid is not known
I20260709 12:08:13.821293 13554 tablet_bootstrap.cc:492] T 157354bf29a54cd1a84a407b29123569 P d36ab6e1bfe047c888552a196d3faea1: No bootstrap required, opened a new log
I20260709 12:08:13.822060 13554 ts_tablet_manager.cc:1403] T 157354bf29a54cd1a84a407b29123569 P d36ab6e1bfe047c888552a196d3faea1: Time spent bootstrapping tablet: real 0.149s	user 0.031s	sys 0.039s
I20260709 12:08:13.822675 13324 leader_election.cc:304] T f3ce7c362a4341fb9cd1254c24b4383e P 7d39208c249346d2adbcccb8ce26a0b1 [CANDIDATE]: Term 1 pre-election: Election decided. Result: candidate lost. Election summary: received 3 responses out of 3 voters: 1 yes votes; 2 no votes. yes voters: 7d39208c249346d2adbcccb8ce26a0b1; no voters: 18ef55013a984a7da7a8ea6c2df87b69, d36ab6e1bfe047c888552a196d3faea1
I20260709 12:08:13.825704 13559 raft_consensus.cc:2749] T f3ce7c362a4341fb9cd1254c24b4383e P 7d39208c249346d2adbcccb8ce26a0b1 [term 0 FOLLOWER]: Leader pre-election lost for term 1. Reason: could not achieve majority
I20260709 12:08:13.828426 13555 tablet_bootstrap.cc:492] T fc5dcfbfd33e478f8d93bf0bcaf3405b P 18ef55013a984a7da7a8ea6c2df87b69: No bootstrap required, opened a new log
I20260709 12:08:13.828940 13555 ts_tablet_manager.cc:1403] T fc5dcfbfd33e478f8d93bf0bcaf3405b P 18ef55013a984a7da7a8ea6c2df87b69: Time spent bootstrapping tablet: real 0.031s	user 0.017s	sys 0.006s
I20260709 12:08:13.829684 13560 raft_consensus.cc:515] T 39878a5b794040f0af8fef55445946bc P 18ef55013a984a7da7a8ea6c2df87b69 [term 1 FOLLOWER]: Starting leader election with config: opid_index: -1 OBSOLETE_local: false peers { permanent_uuid: "7d39208c249346d2adbcccb8ce26a0b1" member_type: VOTER last_known_addr { host: "127.12.234.129" port: 37401 } } peers { permanent_uuid: "18ef55013a984a7da7a8ea6c2df87b69" member_type: VOTER last_known_addr { host: "127.12.234.130" port: 36059 } } peers { permanent_uuid: "d36ab6e1bfe047c888552a196d3faea1" member_type: VOTER last_known_addr { host: "127.12.234.131" port: 42755 } }
I20260709 12:08:13.831925 13560 leader_election.cc:290] T 39878a5b794040f0af8fef55445946bc P 18ef55013a984a7da7a8ea6c2df87b69 [CANDIDATE]: Term 1 election: Requested vote from peers 7d39208c249346d2adbcccb8ce26a0b1 (127.12.234.129:37401), d36ab6e1bfe047c888552a196d3faea1 (127.12.234.131:42755)
I20260709 12:08:13.832443 13560 raft_consensus.cc:493] T 53fda68d12284a21b642674544319173 P 18ef55013a984a7da7a8ea6c2df87b69 [term 0 FOLLOWER]: Starting pre-election (no leader contacted us within the election timeout)
I20260709 12:08:13.832911 13560 raft_consensus.cc:515] T 53fda68d12284a21b642674544319173 P 18ef55013a984a7da7a8ea6c2df87b69 [term 0 FOLLOWER]: Starting pre-election with config: opid_index: -1 OBSOLETE_local: false peers { permanent_uuid: "7d39208c249346d2adbcccb8ce26a0b1" member_type: VOTER last_known_addr { host: "127.12.234.129" port: 37401 } } peers { permanent_uuid: "18ef55013a984a7da7a8ea6c2df87b69" member_type: VOTER last_known_addr { host: "127.12.234.130" port: 36059 } } peers { permanent_uuid: "d36ab6e1bfe047c888552a196d3faea1" member_type: VOTER last_known_addr { host: "127.12.234.131" port: 42755 } }
I20260709 12:08:13.832866 13555 raft_consensus.cc:359] T fc5dcfbfd33e478f8d93bf0bcaf3405b P 18ef55013a984a7da7a8ea6c2df87b69 [term 0 FOLLOWER]: Replica starting. Triggering 0 pending ops. Active config: opid_index: -1 OBSOLETE_local: false peers { permanent_uuid: "7d39208c249346d2adbcccb8ce26a0b1" member_type: VOTER last_known_addr { host: "127.12.234.129" port: 37401 } } peers { permanent_uuid: "18ef55013a984a7da7a8ea6c2df87b69" member_type: VOTER last_known_addr { host: "127.12.234.130" port: 36059 } } peers { permanent_uuid: "d36ab6e1bfe047c888552a196d3faea1" member_type: VOTER last_known_addr { host: "127.12.234.131" port: 42755 } }
I20260709 12:08:13.834204 13555 raft_consensus.cc:385] T fc5dcfbfd33e478f8d93bf0bcaf3405b P 18ef55013a984a7da7a8ea6c2df87b69 [term 0 FOLLOWER]: Consensus starting up: Expiring failure detector timer to make a prompt election more likely
I20260709 12:08:13.834519 13555 raft_consensus.cc:740] T fc5dcfbfd33e478f8d93bf0bcaf3405b P 18ef55013a984a7da7a8ea6c2df87b69 [term 0 FOLLOWER]: Becoming Follower/Learner. State: Replica: 18ef55013a984a7da7a8ea6c2df87b69, State: Initialized, Role: FOLLOWER
I20260709 12:08:13.828438 13553 tablet_bootstrap.cc:492] T 157354bf29a54cd1a84a407b29123569 P 7d39208c249346d2adbcccb8ce26a0b1: No bootstrap required, opened a new log
I20260709 12:08:13.835601 13553 ts_tablet_manager.cc:1403] T 157354bf29a54cd1a84a407b29123569 P 7d39208c249346d2adbcccb8ce26a0b1: Time spent bootstrapping tablet: real 0.104s	user 0.006s	sys 0.018s
I20260709 12:08:13.835274 13555 consensus_queue.cc:260] T fc5dcfbfd33e478f8d93bf0bcaf3405b P 18ef55013a984a7da7a8ea6c2df87b69 [NON_LEADER]: Queue going to NON_LEADER mode. State: All replicated index: 0, Majority replicated index: 0, Committed index: 0, Last appended: 0.0, Last appended by leader: 0, Current term: 0, Majority size: -1, State: 0, Mode: NON_LEADER, active raft config: opid_index: -1 OBSOLETE_local: false peers { permanent_uuid: "7d39208c249346d2adbcccb8ce26a0b1" member_type: VOTER last_known_addr { host: "127.12.234.129" port: 37401 } } peers { permanent_uuid: "18ef55013a984a7da7a8ea6c2df87b69" member_type: VOTER last_known_addr { host: "127.12.234.130" port: 36059 } } peers { permanent_uuid: "d36ab6e1bfe047c888552a196d3faea1" member_type: VOTER last_known_addr { host: "127.12.234.131" port: 42755 } }
I20260709 12:08:13.836357 13561 raft_consensus.cc:493] T 620404b77b78460eb00e9dfb6c59976a P d36ab6e1bfe047c888552a196d3faea1 [term 0 FOLLOWER]: Starting pre-election (no leader contacted us within the election timeout)
I20260709 12:08:13.836899 13561 raft_consensus.cc:515] T 620404b77b78460eb00e9dfb6c59976a P d36ab6e1bfe047c888552a196d3faea1 [term 0 FOLLOWER]: Starting pre-election with config: opid_index: -1 OBSOLETE_local: false peers { permanent_uuid: "7d39208c249346d2adbcccb8ce26a0b1" member_type: VOTER last_known_addr { host: "127.12.234.129" port: 37401 } } peers { permanent_uuid: "18ef55013a984a7da7a8ea6c2df87b69" member_type: VOTER last_known_addr { host: "127.12.234.130" port: 36059 } } peers { permanent_uuid: "d36ab6e1bfe047c888552a196d3faea1" member_type: VOTER last_known_addr { host: "127.12.234.131" port: 42755 } }
I20260709 12:08:13.837463 13554 raft_consensus.cc:359] T 157354bf29a54cd1a84a407b29123569 P d36ab6e1bfe047c888552a196d3faea1 [term 0 FOLLOWER]: Replica starting. Triggering 0 pending ops. Active config: opid_index: -1 OBSOLETE_local: false peers { permanent_uuid: "7d39208c249346d2adbcccb8ce26a0b1" member_type: VOTER last_known_addr { host: "127.12.234.129" port: 37401 } } peers { permanent_uuid: "18ef55013a984a7da7a8ea6c2df87b69" member_type: VOTER last_known_addr { host: "127.12.234.130" port: 36059 } } peers { permanent_uuid: "d36ab6e1bfe047c888552a196d3faea1" member_type: VOTER last_known_addr { host: "127.12.234.131" port: 42755 } }
I20260709 12:08:13.839557 13554 raft_consensus.cc:385] T 157354bf29a54cd1a84a407b29123569 P d36ab6e1bfe047c888552a196d3faea1 [term 0 FOLLOWER]: Consensus starting up: Expiring failure detector timer to make a prompt election more likely
I20260709 12:08:13.840389 13554 raft_consensus.cc:740] T 157354bf29a54cd1a84a407b29123569 P d36ab6e1bfe047c888552a196d3faea1 [term 0 FOLLOWER]: Becoming Follower/Learner. State: Replica: d36ab6e1bfe047c888552a196d3faea1, State: Initialized, Role: FOLLOWER
I20260709 12:08:13.849220 13561 leader_election.cc:290] T 620404b77b78460eb00e9dfb6c59976a P d36ab6e1bfe047c888552a196d3faea1 [CANDIDATE]: Term 1 pre-election: Requested pre-vote from peers 7d39208c249346d2adbcccb8ce26a0b1 (127.12.234.129:37401), 18ef55013a984a7da7a8ea6c2df87b69 (127.12.234.130:36059)
I20260709 12:08:13.839962 13553 raft_consensus.cc:359] T 157354bf29a54cd1a84a407b29123569 P 7d39208c249346d2adbcccb8ce26a0b1 [term 0 FOLLOWER]: Replica starting. Triggering 0 pending ops. Active config: opid_index: -1 OBSOLETE_local: false peers { permanent_uuid: "7d39208c249346d2adbcccb8ce26a0b1" member_type: VOTER last_known_addr { host: "127.12.234.129" port: 37401 } } peers { permanent_uuid: "18ef55013a984a7da7a8ea6c2df87b69" member_type: VOTER last_known_addr { host: "127.12.234.130" port: 36059 } } peers { permanent_uuid: "d36ab6e1bfe047c888552a196d3faea1" member_type: VOTER last_known_addr { host: "127.12.234.131" port: 42755 } }
I20260709 12:08:13.851819 13553 raft_consensus.cc:385] T 157354bf29a54cd1a84a407b29123569 P 7d39208c249346d2adbcccb8ce26a0b1 [term 0 FOLLOWER]: Consensus starting up: Expiring failure detector timer to make a prompt election more likely
I20260709 12:08:13.852295 13561 raft_consensus.cc:493] T 53fda68d12284a21b642674544319173 P d36ab6e1bfe047c888552a196d3faea1 [term 0 FOLLOWER]: Starting pre-election (no leader contacted us within the election timeout)
I20260709 12:08:13.852728 13553 raft_consensus.cc:740] T 157354bf29a54cd1a84a407b29123569 P 7d39208c249346d2adbcccb8ce26a0b1 [term 0 FOLLOWER]: Becoming Follower/Learner. State: Replica: 7d39208c249346d2adbcccb8ce26a0b1, State: Initialized, Role: FOLLOWER
I20260709 12:08:13.854444 13561 raft_consensus.cc:515] T 53fda68d12284a21b642674544319173 P d36ab6e1bfe047c888552a196d3faea1 [term 0 FOLLOWER]: Starting pre-election with config: opid_index: -1 OBSOLETE_local: false peers { permanent_uuid: "7d39208c249346d2adbcccb8ce26a0b1" member_type: VOTER last_known_addr { host: "127.12.234.129" port: 37401 } } peers { permanent_uuid: "18ef55013a984a7da7a8ea6c2df87b69" member_type: VOTER last_known_addr { host: "127.12.234.130" port: 36059 } } peers { permanent_uuid: "d36ab6e1bfe047c888552a196d3faea1" member_type: VOTER last_known_addr { host: "127.12.234.131" port: 42755 } }
I20260709 12:08:13.855298 13560 leader_election.cc:290] T 53fda68d12284a21b642674544319173 P 18ef55013a984a7da7a8ea6c2df87b69 [CANDIDATE]: Term 1 pre-election: Requested pre-vote from peers 7d39208c249346d2adbcccb8ce26a0b1 (127.12.234.129:37401), d36ab6e1bfe047c888552a196d3faea1 (127.12.234.131:42755)
I20260709 12:08:13.855985 13560 raft_consensus.cc:493] T 620404b77b78460eb00e9dfb6c59976a P 18ef55013a984a7da7a8ea6c2df87b69 [term 0 FOLLOWER]: Starting pre-election (no leader contacted us within the election timeout)
I20260709 12:08:13.856523 13560 raft_consensus.cc:515] T 620404b77b78460eb00e9dfb6c59976a P 18ef55013a984a7da7a8ea6c2df87b69 [term 0 FOLLOWER]: Starting pre-election with config: opid_index: -1 OBSOLETE_local: false peers { permanent_uuid: "7d39208c249346d2adbcccb8ce26a0b1" member_type: VOTER last_known_addr { host: "127.12.234.129" port: 37401 } } peers { permanent_uuid: "18ef55013a984a7da7a8ea6c2df87b69" member_type: VOTER last_known_addr { host: "127.12.234.130" port: 36059 } } peers { permanent_uuid: "d36ab6e1bfe047c888552a196d3faea1" member_type: VOTER last_known_addr { host: "127.12.234.131" port: 42755 } }
I20260709 12:08:13.856950 13561 leader_election.cc:290] T 53fda68d12284a21b642674544319173 P d36ab6e1bfe047c888552a196d3faea1 [CANDIDATE]: Term 1 pre-election: Requested pre-vote from peers 7d39208c249346d2adbcccb8ce26a0b1 (127.12.234.129:37401), 18ef55013a984a7da7a8ea6c2df87b69 (127.12.234.130:36059)
I20260709 12:08:13.858076 13553 consensus_queue.cc:260] T 157354bf29a54cd1a84a407b29123569 P 7d39208c249346d2adbcccb8ce26a0b1 [NON_LEADER]: Queue going to NON_LEADER mode. State: All replicated index: 0, Majority replicated index: 0, Committed index: 0, Last appended: 0.0, Last appended by leader: 0, Current term: 0, Majority size: -1, State: 0, Mode: NON_LEADER, active raft config: opid_index: -1 OBSOLETE_local: false peers { permanent_uuid: "7d39208c249346d2adbcccb8ce26a0b1" member_type: VOTER last_known_addr { host: "127.12.234.129" port: 37401 } } peers { permanent_uuid: "18ef55013a984a7da7a8ea6c2df87b69" member_type: VOTER last_known_addr { host: "127.12.234.130" port: 36059 } } peers { permanent_uuid: "d36ab6e1bfe047c888552a196d3faea1" member_type: VOTER last_known_addr { host: "127.12.234.131" port: 42755 } }
I20260709 12:08:13.845382 13554 consensus_queue.cc:260] T 157354bf29a54cd1a84a407b29123569 P d36ab6e1bfe047c888552a196d3faea1 [NON_LEADER]: Queue going to NON_LEADER mode. State: All replicated index: 0, Majority replicated index: 0, Committed index: 0, Last appended: 0.0, Last appended by leader: 0, Current term: 0, Majority size: -1, State: 0, Mode: NON_LEADER, active raft config: opid_index: -1 OBSOLETE_local: false peers { permanent_uuid: "7d39208c249346d2adbcccb8ce26a0b1" member_type: VOTER last_known_addr { host: "127.12.234.129" port: 37401 } } peers { permanent_uuid: "18ef55013a984a7da7a8ea6c2df87b69" member_type: VOTER last_known_addr { host: "127.12.234.130" port: 36059 } } peers { permanent_uuid: "d36ab6e1bfe047c888552a196d3faea1" member_type: VOTER last_known_addr { host: "127.12.234.131" port: 42755 } }
