I20260630 12:40:22.534816 17070 leader_election.cc:304] T b6f1207a3e8148cfa7d95456bc1268f4 P a3083c3e585e45b790298710a026db0d [CANDIDATE]: Term 1 election: Election decided. Result: candidate won. Election summary: received 2 responses out of 3 voters: 2 yes votes; 0 no votes. yes voters: 0f5a67a2b1d14698851b11bfae263d5e, a3083c3e585e45b790298710a026db0d; no voters: 
I20260630 12:40:22.535566 17153 leader_election.cc:290] T 5b22e70611a54186b8b6ddbc78523ed7 P db6183ba36674aacaddc9d171d19d754 [CANDIDATE]: Term 1 pre-election: Requested pre-vote from peers a3083c3e585e45b790298710a026db0d (127.13.133.196:33819), 0f5a67a2b1d14698851b11bfae263d5e (127.13.133.193:34447)
I20260630 12:40:22.535472 16882 tablet_service.cc:1917] Received RequestConsensusVote() RPC: tablet_id: "b6f1207a3e8148cfa7d95456bc1268f4" candidate_uuid: "a3083c3e585e45b790298710a026db0d" candidate_term: 1 candidate_status { last_received { term: 0 index: 0 } } ignore_live_leader: false dest_uuid: "db6183ba36674aacaddc9d171d19d754" is_pre_election: true
I20260630 12:40:22.535936 16883 tablet_service.cc:1917] Received RequestConsensusVote() RPC: tablet_id: "b6f1207a3e8148cfa7d95456bc1268f4" candidate_uuid: "a3083c3e585e45b790298710a026db0d" candidate_term: 1 candidate_status { last_received { term: 0 index: 0 } } ignore_live_leader: false dest_uuid: "db6183ba36674aacaddc9d171d19d754"
I20260630 12:40:22.536278 16882 raft_consensus.cc:2468] T b6f1207a3e8148cfa7d95456bc1268f4 P db6183ba36674aacaddc9d171d19d754 [term 0 FOLLOWER]: Leader pre-election vote request: Granting yes vote for candidate a3083c3e585e45b790298710a026db0d in term 0.
I20260630 12:40:22.536403 17169 raft_consensus.cc:2804] T b6f1207a3e8148cfa7d95456bc1268f4 P a3083c3e585e45b790298710a026db0d [term 1 FOLLOWER]: Leader election won for term 1
I20260630 12:40:22.531790 17033 consensus_queue.cc:237] T 78df674af4644afab0142a8b05553ca1 P 0f5a67a2b1d14698851b11bfae263d5e [LEADER]: Queue going to LEADER mode. State: All replicated index: 0, Majority replicated index: 0, Committed index: 0, Last appended: 0.0, Last appended by leader: 0, Current term: 1, Majority size: 2, State: 0, Mode: LEADER, active raft config: opid_index: -1 OBSOLETE_local: false peers { permanent_uuid: "a3083c3e585e45b790298710a026db0d" member_type: VOTER last_known_addr { host: "127.13.133.196" port: 33819 } } peers { permanent_uuid: "c66fa04f97db472d9485c4bf94c81451" member_type: VOTER last_known_addr { host: "127.13.133.195" port: 40135 } } peers { permanent_uuid: "0f5a67a2b1d14698851b11bfae263d5e" member_type: VOTER last_known_addr { host: "127.13.133.193" port: 34447 } }
I20260630 12:40:22.536816 17159 consensus_queue.cc:260] T 162d6e1e1b5e40e2b86c06dc3ceb403e P a3083c3e585e45b790298710a026db0d [NON_LEADER]: Queue going to NON_LEADER mode. State: All replicated index: 0, Majority replicated index: 0, Committed index: 0, Last appended: 0.0, Last appended by leader: 0, Current term: 0, Majority size: -1, State: 0, Mode: NON_LEADER, active raft config: opid_index: -1 OBSOLETE_local: false peers { permanent_uuid: "a3083c3e585e45b790298710a026db0d" member_type: VOTER last_known_addr { host: "127.13.133.196" port: 33819 } } peers { permanent_uuid: "c66fa04f97db472d9485c4bf94c81451" member_type: VOTER last_known_addr { host: "127.13.133.195" port: 40135 } } peers { permanent_uuid: "db6183ba36674aacaddc9d171d19d754" member_type: VOTER last_known_addr { host: "127.13.133.194" port: 39435 } }
I20260630 12:40:22.540990 17104 tablet_service.cc:1917] Received RequestConsensusVote() RPC: tablet_id: "5b22e70611a54186b8b6ddbc78523ed7" candidate_uuid: "db6183ba36674aacaddc9d171d19d754" candidate_term: 1 candidate_status { last_received { term: 0 index: 0 } } ignore_live_leader: false dest_uuid: "a3083c3e585e45b790298710a026db0d" is_pre_election: true
I20260630 12:40:22.542009 17104 raft_consensus.cc:2468] T 5b22e70611a54186b8b6ddbc78523ed7 P a3083c3e585e45b790298710a026db0d [term 0 FOLLOWER]: Leader pre-election vote request: Granting yes vote for candidate db6183ba36674aacaddc9d171d19d754 in term 0.
I20260630 12:40:22.543728 16848 leader_election.cc:304] T 5b22e70611a54186b8b6ddbc78523ed7 P db6183ba36674aacaddc9d171d19d754 [CANDIDATE]: Term 1 pre-election: Election decided. Result: candidate won. Election summary: received 2 responses out of 3 voters: 2 yes votes; 0 no votes. yes voters: a3083c3e585e45b790298710a026db0d, db6183ba36674aacaddc9d171d19d754; no voters: 
I20260630 12:40:22.545149 17153 raft_consensus.cc:2804] T 5b22e70611a54186b8b6ddbc78523ed7 P db6183ba36674aacaddc9d171d19d754 [term 0 FOLLOWER]: Leader pre-election won for term 1
I20260630 12:40:22.545666 17153 raft_consensus.cc:493] T 5b22e70611a54186b8b6ddbc78523ed7 P db6183ba36674aacaddc9d171d19d754 [term 0 FOLLOWER]: Starting leader election (no leader contacted us within the election timeout)
I20260630 12:40:22.546186 17153 raft_consensus.cc:3060] T 5b22e70611a54186b8b6ddbc78523ed7 P db6183ba36674aacaddc9d171d19d754 [term 0 FOLLOWER]: Advancing to term 1
I20260630 12:40:22.546977 16807 tablet_service.cc:1917] Received RequestConsensusVote() RPC: tablet_id: "5b22e70611a54186b8b6ddbc78523ed7" candidate_uuid: "db6183ba36674aacaddc9d171d19d754" candidate_term: 1 candidate_status { last_received { term: 0 index: 0 } } ignore_live_leader: false dest_uuid: "0f5a67a2b1d14698851b11bfae263d5e" is_pre_election: true
I20260630 12:40:22.548097 16807 raft_consensus.cc:2468] T 5b22e70611a54186b8b6ddbc78523ed7 P 0f5a67a2b1d14698851b11bfae263d5e [term 0 FOLLOWER]: Leader pre-election vote request: Granting yes vote for candidate db6183ba36674aacaddc9d171d19d754 in term 0.
I20260630 12:40:22.550063 17169 raft_consensus.cc:697] T b6f1207a3e8148cfa7d95456bc1268f4 P a3083c3e585e45b790298710a026db0d [term 1 LEADER]: Becoming Leader. State: Replica: a3083c3e585e45b790298710a026db0d, State: Running, Role: LEADER
I20260630 12:40:22.551017 17169 consensus_queue.cc:237] T b6f1207a3e8148cfa7d95456bc1268f4 P a3083c3e585e45b790298710a026db0d [LEADER]: Queue going to LEADER mode. State: All replicated index: 0, Majority replicated index: 0, Committed index: 0, Last appended: 0.0, Last appended by leader: 0, Current term: 1, Majority size: 2, State: 0, Mode: LEADER, active raft config: opid_index: -1 OBSOLETE_local: false peers { permanent_uuid: "0f5a67a2b1d14698851b11bfae263d5e" member_type: VOTER last_known_addr { host: "127.13.133.193" port: 34447 } } peers { permanent_uuid: "a3083c3e585e45b790298710a026db0d" member_type: VOTER last_known_addr { host: "127.13.133.196" port: 33819 } } peers { permanent_uuid: "db6183ba36674aacaddc9d171d19d754" member_type: VOTER last_known_addr { host: "127.13.133.194" port: 39435 } }
I20260630 12:40:22.554214 16705 catalog_manager.cc:5697] T 78df674af4644afab0142a8b05553ca1 P 0f5a67a2b1d14698851b11bfae263d5e reported cstate change: term changed from 0 to 1, leader changed from <none> to 0f5a67a2b1d14698851b11bfae263d5e (127.13.133.193). New cstate: current_term: 1 leader_uuid: "0f5a67a2b1d14698851b11bfae263d5e" committed_config { opid_index: -1 OBSOLETE_local: false peers { permanent_uuid: "a3083c3e585e45b790298710a026db0d" member_type: VOTER last_known_addr { host: "127.13.133.196" port: 33819 } health_report { overall_health: UNKNOWN } } peers { permanent_uuid: "c66fa04f97db472d9485c4bf94c81451" member_type: VOTER last_known_addr { host: "127.13.133.195" port: 40135 } health_report { overall_health: UNKNOWN } } peers { permanent_uuid: "0f5a67a2b1d14698851b11bfae263d5e" member_type: VOTER last_known_addr { host: "127.13.133.193" port: 34447 } health_report { overall_health: HEALTHY } } }
I20260630 12:40:22.557329 17159 ts_tablet_manager.cc:1434] T 162d6e1e1b5e40e2b86c06dc3ceb403e P a3083c3e585e45b790298710a026db0d: Time spent starting tablet: real 0.036s	user 0.019s	sys 0.007s
I20260630 12:40:22.558743 17159 tablet_bootstrap.cc:492] T 78df674af4644afab0142a8b05553ca1 P a3083c3e585e45b790298710a026db0d: Bootstrap starting.
I20260630 12:40:22.563938 17159 tablet_bootstrap.cc:654] T 78df674af4644afab0142a8b05553ca1 P a3083c3e585e45b790298710a026db0d: Neither blocks nor log segments found. Creating new log.
I20260630 12:40:22.572396 17153 raft_consensus.cc:515] T 5b22e70611a54186b8b6ddbc78523ed7 P db6183ba36674aacaddc9d171d19d754 [term 1 FOLLOWER]: Starting leader election with config: opid_index: -1 OBSOLETE_local: false peers { permanent_uuid: "a3083c3e585e45b790298710a026db0d" member_type: VOTER last_known_addr { host: "127.13.133.196" port: 33819 } } peers { permanent_uuid: "0f5a67a2b1d14698851b11bfae263d5e" member_type: VOTER last_known_addr { host: "127.13.133.193" port: 34447 } } peers { permanent_uuid: "db6183ba36674aacaddc9d171d19d754" member_type: VOTER last_known_addr { host: "127.13.133.194" port: 39435 } }
I20260630 12:40:22.578007 17104 tablet_service.cc:1917] Received RequestConsensusVote() RPC: tablet_id: "5b22e70611a54186b8b6ddbc78523ed7" candidate_uuid: "db6183ba36674aacaddc9d171d19d754" candidate_term: 1 candidate_status { last_received { term: 0 index: 0 } } ignore_live_leader: false dest_uuid: "a3083c3e585e45b790298710a026db0d"
I20260630 12:40:22.578943 17104 raft_consensus.cc:3060] T 5b22e70611a54186b8b6ddbc78523ed7 P a3083c3e585e45b790298710a026db0d [term 0 FOLLOWER]: Advancing to term 1
I20260630 12:40:22.578976 16704 catalog_manager.cc:5697] T b6f1207a3e8148cfa7d95456bc1268f4 P a3083c3e585e45b790298710a026db0d reported cstate change: term changed from 0 to 1, leader changed from <none> to a3083c3e585e45b790298710a026db0d (127.13.133.196). New cstate: current_term: 1 leader_uuid: "a3083c3e585e45b790298710a026db0d" committed_config { opid_index: -1 OBSOLETE_local: false peers { permanent_uuid: "0f5a67a2b1d14698851b11bfae263d5e" member_type: VOTER last_known_addr { host: "127.13.133.193" port: 34447 } health_report { overall_health: UNKNOWN } } peers { permanent_uuid: "a3083c3e585e45b790298710a026db0d" member_type: VOTER last_known_addr { host: "127.13.133.196" port: 33819 } health_report { overall_health: HEALTHY } } peers { permanent_uuid: "db6183ba36674aacaddc9d171d19d754" member_type: VOTER last_known_addr { host: "127.13.133.194" port: 39435 } health_report { overall_health: UNKNOWN } } }
I20260630 12:40:22.584725 17159 tablet_bootstrap.cc:492] T 78df674af4644afab0142a8b05553ca1 P a3083c3e585e45b790298710a026db0d: No bootstrap required, opened a new log
I20260630 12:40:22.585263 17159 ts_tablet_manager.cc:1403] T 78df674af4644afab0142a8b05553ca1 P a3083c3e585e45b790298710a026db0d: Time spent bootstrapping tablet: real 0.027s	user 0.017s	sys 0.008s
I20260630 12:40:22.585613 17153 leader_election.cc:290] T 5b22e70611a54186b8b6ddbc78523ed7 P db6183ba36674aacaddc9d171d19d754 [CANDIDATE]: Term 1 election: Requested vote from peers a3083c3e585e45b790298710a026db0d (127.13.133.196:33819), 0f5a67a2b1d14698851b11bfae263d5e (127.13.133.193:34447)
I20260630 12:40:22.587285 16807 tablet_service.cc:1917] Received RequestConsensusVote() RPC: tablet_id: "5b22e70611a54186b8b6ddbc78523ed7" candidate_uuid: "db6183ba36674aacaddc9d171d19d754" candidate_term: 1 candidate_status { last_received { term: 0 index: 0 } } ignore_live_leader: false dest_uuid: "0f5a67a2b1d14698851b11bfae263d5e"
I20260630 12:40:22.588076 16807 raft_consensus.cc:3060] T 5b22e70611a54186b8b6ddbc78523ed7 P 0f5a67a2b1d14698851b11bfae263d5e [term 0 FOLLOWER]: Advancing to term 1
I20260630 12:40:22.588703 17159 raft_consensus.cc:359] T 78df674af4644afab0142a8b05553ca1 P a3083c3e585e45b790298710a026db0d [term 0 FOLLOWER]: Replica starting. Triggering 0 pending ops. Active config: opid_index: -1 OBSOLETE_local: false peers { permanent_uuid: "a3083c3e585e45b790298710a026db0d" member_type: VOTER last_known_addr { host: "127.13.133.196" port: 33819 } } peers { permanent_uuid: "c66fa04f97db472d9485c4bf94c81451" member_type: VOTER last_known_addr { host: "127.13.133.195" port: 40135 } } peers { permanent_uuid: "0f5a67a2b1d14698851b11bfae263d5e" member_type: VOTER last_known_addr { host: "127.13.133.193" port: 34447 } }
I20260630 12:40:22.589413 17159 raft_consensus.cc:385] T 78df674af4644afab0142a8b05553ca1 P a3083c3e585e45b790298710a026db0d [term 0 FOLLOWER]: Consensus starting up: Expiring failure detector timer to make a prompt election more likely
I20260630 12:40:22.589833 17159 raft_consensus.cc:740] T 78df674af4644afab0142a8b05553ca1 P a3083c3e585e45b790298710a026db0d [term 0 FOLLOWER]: Becoming Follower/Learner. State: Replica: a3083c3e585e45b790298710a026db0d, State: Initialized, Role: FOLLOWER
I20260630 12:40:22.590575 17159 consensus_queue.cc:260] T 78df674af4644afab0142a8b05553ca1 P a3083c3e585e45b790298710a026db0d [NON_LEADER]: Queue going to NON_LEADER mode. State: All replicated index: 0, Majority replicated index: 0, Committed index: 0, Last appended: 0.0, Last appended by leader: 0, Current term: 0, Majority size: -1, State: 0, Mode: NON_LEADER, active raft config: opid_index: -1 OBSOLETE_local: false peers { permanent_uuid: "a3083c3e585e45b790298710a026db0d" member_type: VOTER last_known_addr { host: "127.13.133.196" port: 33819 } } peers { permanent_uuid: "c66fa04f97db472d9485c4bf94c81451" member_type: VOTER last_known_addr { host: "127.13.133.195" port: 40135 } } peers { permanent_uuid: "0f5a67a2b1d14698851b11bfae263d5e" member_type: VOTER last_known_addr { host: "127.13.133.193" port: 34447 } }
I20260630 12:40:22.592868 17159 ts_tablet_manager.cc:1434] T 78df674af4644afab0142a8b05553ca1 P a3083c3e585e45b790298710a026db0d: Time spent starting tablet: real 0.007s	user 0.007s	sys 0.000s
I20260630 12:40:22.595492 17104 raft_consensus.cc:2468] T 5b22e70611a54186b8b6ddbc78523ed7 P a3083c3e585e45b790298710a026db0d [term 1 FOLLOWER]: Leader election vote request: Granting yes vote for candidate db6183ba36674aacaddc9d171d19d754 in term 1.
I20260630 12:40:22.597681 16848 leader_election.cc:304] T 5b22e70611a54186b8b6ddbc78523ed7 P db6183ba36674aacaddc9d171d19d754 [CANDIDATE]: Term 1 election: Election decided. Result: candidate won. Election summary: received 2 responses out of 3 voters: 2 yes votes; 0 no votes. yes voters: a3083c3e585e45b790298710a026db0d, db6183ba36674aacaddc9d171d19d754; no voters: 
I20260630 12:40:22.598631 17153 raft_consensus.cc:2804] T 5b22e70611a54186b8b6ddbc78523ed7 P db6183ba36674aacaddc9d171d19d754 [term 1 FOLLOWER]: Leader election won for term 1
I20260630 12:40:22.598892 16807 raft_consensus.cc:2468] T 5b22e70611a54186b8b6ddbc78523ed7 P 0f5a67a2b1d14698851b11bfae263d5e [term 1 FOLLOWER]: Leader election vote request: Granting yes vote for candidate db6183ba36674aacaddc9d171d19d754 in term 1.
I20260630 12:40:22.599575 17153 raft_consensus.cc:697] T 5b22e70611a54186b8b6ddbc78523ed7 P db6183ba36674aacaddc9d171d19d754 [term 1 LEADER]: Becoming Leader. State: Replica: db6183ba36674aacaddc9d171d19d754, State: Running, Role: LEADER
I20260630 12:40:22.600399 17153 consensus_queue.cc:237] T 5b22e70611a54186b8b6ddbc78523ed7 P db6183ba36674aacaddc9d171d19d754 [LEADER]: Queue going to LEADER mode. State: All replicated index: 0, Majority replicated index: 0, Committed index: 0, Last appended: 0.0, Last appended by leader: 0, Current term: 1, Majority size: 2, State: 0, Mode: LEADER, active raft config: opid_index: -1 OBSOLETE_local: false peers { permanent_uuid: "a3083c3e585e45b790298710a026db0d" member_type: VOTER last_known_addr { host: "127.13.133.196" port: 33819 } } peers { permanent_uuid: "0f5a67a2b1d14698851b11bfae263d5e" member_type: VOTER last_known_addr { host: "127.13.133.193" port: 34447 } } peers { permanent_uuid: "db6183ba36674aacaddc9d171d19d754" member_type: VOTER last_known_addr { host: "127.13.133.194" port: 39435 } }
I20260630 12:40:22.607975 16704 catalog_manager.cc:5697] T 5b22e70611a54186b8b6ddbc78523ed7 P db6183ba36674aacaddc9d171d19d754 reported cstate change: term changed from 0 to 1, leader changed from <none> to db6183ba36674aacaddc9d171d19d754 (127.13.133.194). New cstate: current_term: 1 leader_uuid: "db6183ba36674aacaddc9d171d19d754" committed_config { opid_index: -1 OBSOLETE_local: false peers { permanent_uuid: "a3083c3e585e45b790298710a026db0d" member_type: VOTER last_known_addr { host: "127.13.133.196" port: 33819 } health_report { overall_health: UNKNOWN } } peers { permanent_uuid: "0f5a67a2b1d14698851b11bfae263d5e" member_type: VOTER last_known_addr { host: "127.13.133.193" port: 34447 } health_report { overall_health: UNKNOWN } } peers { permanent_uuid: "db6183ba36674aacaddc9d171d19d754" member_type: VOTER last_known_addr { host: "127.13.133.194" port: 39435 } health_report { overall_health: HEALTHY } } }
I20260630 12:40:22.661798 17104 raft_consensus.cc:3060] T 162d6e1e1b5e40e2b86c06dc3ceb403e P a3083c3e585e45b790298710a026db0d [term 0 FOLLOWER]: Advancing to term 1
I20260630 12:40:22.668463 17153 consensus_queue.cc:1048] T 162d6e1e1b5e40e2b86c06dc3ceb403e P db6183ba36674aacaddc9d171d19d754 [LEADER]: Connected to new peer: Peer: permanent_uuid: "a3083c3e585e45b790298710a026db0d" member_type: VOTER last_known_addr { host: "127.13.133.196" port: 33819 }, Status: LMP_MISMATCH, Last received: 0.0, Next index: 1, Last known committed idx: 0, Time since last communication: 0.000s
I20260630 12:40:22.672242 17025 consensus_queue.cc:1048] T 162d6e1e1b5e40e2b86c06dc3ceb403e P db6183ba36674aacaddc9d171d19d754 [LEADER]: Connected to new peer: Peer: permanent_uuid: "c66fa04f97db472d9485c4bf94c81451" member_type: VOTER last_known_addr { host: "127.13.133.195" port: 40135 }, Status: LMP_MISMATCH, Last received: 0.0, Next index: 1, Last known committed idx: 0, Time since last communication: 0.001s
I20260630 12:40:22.706255 17169 raft_consensus.cc:493] T 4702ed5ed0bf4197ba125422c101f0cd P a3083c3e585e45b790298710a026db0d [term 0 FOLLOWER]: Starting pre-election (no leader contacted us within the election timeout)
I20260630 12:40:22.706804 17169 raft_consensus.cc:515] T 4702ed5ed0bf4197ba125422c101f0cd P a3083c3e585e45b790298710a026db0d [term 0 FOLLOWER]: Starting pre-election with config: opid_index: -1 OBSOLETE_local: false peers { permanent_uuid: "c66fa04f97db472d9485c4bf94c81451" member_type: VOTER last_known_addr { host: "127.13.133.195" port: 40135 } } peers { permanent_uuid: "a3083c3e585e45b790298710a026db0d" member_type: VOTER last_known_addr { host: "127.13.133.196" port: 33819 } } peers { permanent_uuid: "0f5a67a2b1d14698851b11bfae263d5e" member_type: VOTER last_known_addr { host: "127.13.133.193" port: 34447 } }
I20260630 12:40:22.709028 17169 leader_election.cc:290] T 4702ed5ed0bf4197ba125422c101f0cd P a3083c3e585e45b790298710a026db0d [CANDIDATE]: Term 1 pre-election: Requested pre-vote from peers c66fa04f97db472d9485c4bf94c81451 (127.13.133.195:40135), 0f5a67a2b1d14698851b11bfae263d5e (127.13.133.193:34447)
I20260630 12:40:22.711054 16808 tablet_service.cc:1917] Received RequestConsensusVote() RPC: tablet_id: "4702ed5ed0bf4197ba125422c101f0cd" candidate_uuid: "a3083c3e585e45b790298710a026db0d" candidate_term: 1 candidate_status { last_received { term: 0 index: 0 } } ignore_live_leader: false dest_uuid: "0f5a67a2b1d14698851b11bfae263d5e" is_pre_election: true
I20260630 12:40:22.721154 16956 tablet_service.cc:1917] Received RequestConsensusVote() RPC: tablet_id: "4702ed5ed0bf4197ba125422c101f0cd" candidate_uuid: "a3083c3e585e45b790298710a026db0d" candidate_term: 1 candidate_status { last_received { term: 0 index: 0 } } ignore_live_leader: false dest_uuid: "c66fa04f97db472d9485c4bf94c81451" is_pre_election: true
I20260630 12:40:22.721848 16956 raft_consensus.cc:2393] T 4702ed5ed0bf4197ba125422c101f0cd P c66fa04f97db472d9485c4bf94c81451 [term 1 FOLLOWER]: Leader pre-election vote request: Denying vote to candidate a3083c3e585e45b790298710a026db0d in current term 1: Already voted for candidate 0f5a67a2b1d14698851b11bfae263d5e in this term.
I20260630 12:40:22.723052 17070 leader_election.cc:304] T 4702ed5ed0bf4197ba125422c101f0cd P a3083c3e585e45b790298710a026db0d [CANDIDATE]: Term 1 pre-election: Election decided. Result: candidate lost. Election summary: received 3 responses out of 3 voters: 1 yes votes; 2 no votes. yes voters: a3083c3e585e45b790298710a026db0d; no voters: 0f5a67a2b1d14698851b11bfae263d5e, c66fa04f97db472d9485c4bf94c81451
I20260630 12:40:22.723954 17169 raft_consensus.cc:3060] T 4702ed5ed0bf4197ba125422c101f0cd P a3083c3e585e45b790298710a026db0d [term 0 FOLLOWER]: Advancing to term 1
I20260630 12:40:22.728801 17169 raft_consensus.cc:2749] T 4702ed5ed0bf4197ba125422c101f0cd P a3083c3e585e45b790298710a026db0d [term 1 FOLLOWER]: Leader pre-election lost for term 1. Reason: could not achieve majority
I20260630 12:40:22.773825 17192 consensus_queue.cc:1048] T 4702ed5ed0bf4197ba125422c101f0cd P 0f5a67a2b1d14698851b11bfae263d5e [LEADER]: Connected to new peer: Peer: permanent_uuid: "c66fa04f97db472d9485c4bf94c81451" member_type: VOTER last_known_addr { host: "127.13.133.195" port: 40135 }, Status: LMP_MISMATCH, Last received: 0.0, Next index: 1, Last known committed idx: 0, Time since last communication: 0.000s
I20260630 12:40:22.784813 17025 consensus_queue.cc:1048] T 80793c58a98f4dacbc6023ff4d4e30c0 P db6183ba36674aacaddc9d171d19d754 [LEADER]: Connected to new peer: Peer: permanent_uuid: "c66fa04f97db472d9485c4bf94c81451" member_type: VOTER last_known_addr { host: "127.13.133.195" port: 40135 }, Status: LMP_MISMATCH, Last received: 0.0, Next index: 1, Last known committed idx: 0, Time since last communication: 0.001s
I20260630 12:40:22.786417 17104 raft_consensus.cc:3060] T 80793c58a98f4dacbc6023ff4d4e30c0 P a3083c3e585e45b790298710a026db0d [term 0 FOLLOWER]: Advancing to term 1
I20260630 12:40:22.799369 17025 consensus_queue.cc:1048] T 80793c58a98f4dacbc6023ff4d4e30c0 P db6183ba36674aacaddc9d171d19d754 [LEADER]: Connected to new peer: Peer: permanent_uuid: "a3083c3e585e45b790298710a026db0d" member_type: VOTER last_known_addr { host: "127.13.133.196" port: 33819 }, Status: LMP_MISMATCH, Last received: 0.0, Next index: 1, Last known committed idx: 0, Time since last communication: 0.001s
I20260630 12:40:22.807083 17033 consensus_queue.cc:1048] T 4702ed5ed0bf4197ba125422c101f0cd P 0f5a67a2b1d14698851b11bfae263d5e [LEADER]: Connected to new peer: Peer: permanent_uuid: "a3083c3e585e45b790298710a026db0d" member_type: VOTER last_known_addr { host: "127.13.133.196" port: 33819 }, Status: LMP_MISMATCH, Last received: 0.0, Next index: 1, Last known committed idx: 0, Time since last communication: 0.000s
I20260630 12:40:22.857882 17006 consensus_queue.cc:1048] T aa1ad3b27be342df92ea89aac04a116f P db6183ba36674aacaddc9d171d19d754 [LEADER]: Connected to new peer: Peer: permanent_uuid: "a3083c3e585e45b790298710a026db0d" member_type: VOTER last_known_addr { host: "127.13.133.196" port: 33819 }, Status: LMP_MISMATCH, Last received: 0.0, Next index: 1, Last known committed idx: 0, Time since last communication: 0.000s
I20260630 12:40:22.865834 17033 consensus_queue.cc:1048] T 315b93355fbb4bd3b3aa24abe6bc7e43 P 0f5a67a2b1d14698851b11bfae263d5e [LEADER]: Connected to new peer: Peer: permanent_uuid: "a3083c3e585e45b790298710a026db0d" member_type: VOTER last_known_addr { host: "127.13.133.196" port: 33819 }, Status: LMP_MISMATCH, Last received: 0.0, Next index: 1, Last known committed idx: 0, Time since last communication: 0.000s
I20260630 12:40:22.872704 17025 consensus_queue.cc:1048] T aa1ad3b27be342df92ea89aac04a116f P db6183ba36674aacaddc9d171d19d754 [LEADER]: Connected to new peer: Peer: permanent_uuid: "0f5a67a2b1d14698851b11bfae263d5e" member_type: VOTER last_known_addr { host: "127.13.133.193" port: 34447 }, Status: LMP_MISMATCH, Last received: 0.0, Next index: 1, Last known committed idx: 0, Time since last communication: 0.001s
I20260630 12:40:22.895712 17030 consensus_queue.cc:1048] T 315b93355fbb4bd3b3aa24abe6bc7e43 P 0f5a67a2b1d14698851b11bfae263d5e [LEADER]: Connected to new peer: Peer: permanent_uuid: "c66fa04f97db472d9485c4bf94c81451" member_type: VOTER last_known_addr { host: "127.13.133.195" port: 40135 }, Status: LMP_MISMATCH, Last received: 0.0, Next index: 1, Last known committed idx: 0, Time since last communication: 0.001s
I20260630 12:40:22.967094 17169 raft_consensus.cc:493] T 78df674af4644afab0142a8b05553ca1 P a3083c3e585e45b790298710a026db0d [term 0 FOLLOWER]: Starting pre-election (no leader contacted us within the election timeout)
I20260630 12:40:22.967897 17169 raft_consensus.cc:515] T 78df674af4644afab0142a8b05553ca1 P a3083c3e585e45b790298710a026db0d [term 0 FOLLOWER]: Starting pre-election with config: opid_index: -1 OBSOLETE_local: false peers { permanent_uuid: "a3083c3e585e45b790298710a026db0d" member_type: VOTER last_known_addr { host: "127.13.133.196" port: 33819 } } peers { permanent_uuid: "c66fa04f97db472d9485c4bf94c81451" member_type: VOTER last_known_addr { host: "127.13.133.195" port: 40135 } } peers { permanent_uuid: "0f5a67a2b1d14698851b11bfae263d5e" member_type: VOTER last_known_addr { host: "127.13.133.193" port: 34447 } }
I20260630 12:40:22.969872 17169 leader_election.cc:290] T 78df674af4644afab0142a8b05553ca1 P a3083c3e585e45b790298710a026db0d [CANDIDATE]: Term 1 pre-election: Requested pre-vote from peers c66fa04f97db472d9485c4bf94c81451 (127.13.133.195:40135), 0f5a67a2b1d14698851b11bfae263d5e (127.13.133.193:34447)
I20260630 12:40:22.970783 16958 tablet_service.cc:1917] Received RequestConsensusVote() RPC: tablet_id: "78df674af4644afab0142a8b05553ca1" candidate_uuid: "a3083c3e585e45b790298710a026db0d" candidate_term: 1 candidate_status { last_received { term: 0 index: 0 } } ignore_live_leader: false dest_uuid: "c66fa04f97db472d9485c4bf94c81451" is_pre_election: true
I20260630 12:40:22.971168 16808 tablet_service.cc:1917] Received RequestConsensusVote() RPC: tablet_id: "78df674af4644afab0142a8b05553ca1" candidate_uuid: "a3083c3e585e45b790298710a026db0d" candidate_term: 1 candidate_status { last_received { term: 0 index: 0 } } ignore_live_leader: false dest_uuid: "0f5a67a2b1d14698851b11bfae263d5e" is_pre_election: true
I20260630 12:40:22.971673 16958 raft_consensus.cc:2393] T 78df674af4644afab0142a8b05553ca1 P c66fa04f97db472d9485c4bf94c81451 [term 1 FOLLOWER]: Leader pre-election vote request: Denying vote to candidate a3083c3e585e45b790298710a026db0d in current term 1: Already voted for candidate 0f5a67a2b1d14698851b11bfae263d5e in this term.
I20260630 12:40:22.973019 17070 leader_election.cc:304] T 78df674af4644afab0142a8b05553ca1 P a3083c3e585e45b790298710a026db0d [CANDIDATE]: Term 1 pre-election: Election decided. Result: candidate lost. Election summary: received 3 responses out of 3 voters: 1 yes votes; 2 no votes. yes voters: a3083c3e585e45b790298710a026db0d; no voters: 0f5a67a2b1d14698851b11bfae263d5e, c66fa04f97db472d9485c4bf94c81451
I20260630 12:40:22.973824 17169 raft_consensus.cc:3060] T 78df674af4644afab0142a8b05553ca1 P a3083c3e585e45b790298710a026db0d [term 0 FOLLOWER]: Advancing to term 1
I20260630 12:40:22.979727 17169 raft_consensus.cc:2749] T 78df674af4644afab0142a8b05553ca1 P a3083c3e585e45b790298710a026db0d [term 1 FOLLOWER]: Leader pre-election lost for term 1. Reason: could not achieve majority
I20260630 12:40:22.992507 17025 consensus_queue.cc:1048] T 5b22e70611a54186b8b6ddbc78523ed7 P db6183ba36674aacaddc9d171d19d754 [LEADER]: Connected to new peer: Peer: permanent_uuid: "0f5a67a2b1d14698851b11bfae263d5e" member_type: VOTER last_known_addr { host: "127.13.133.193" port: 34447 }, Status: LMP_MISMATCH, Last received: 0.0, Next index: 1, Last known committed idx: 0, Time since last communication: 0.003s
I20260630 12:40:23.012856 17025 consensus_queue.cc:1048] T 5b22e70611a54186b8b6ddbc78523ed7 P db6183ba36674aacaddc9d171d19d754 [LEADER]: Connected to new peer: Peer: permanent_uuid: "a3083c3e585e45b790298710a026db0d" member_type: VOTER last_known_addr { host: "127.13.133.196" port: 33819 }, Status: LMP_MISMATCH, Last received: 0.0, Next index: 1, Last known committed idx: 0, Time since last communication: 0.001s
I20260630 12:40:23.020486 17204 consensus_queue.cc:1048] T b6f1207a3e8148cfa7d95456bc1268f4 P a3083c3e585e45b790298710a026db0d [LEADER]: Connected to new peer: Peer: permanent_uuid: "0f5a67a2b1d14698851b11bfae263d5e" member_type: VOTER last_known_addr { host: "127.13.133.193" port: 34447 }, Status: LMP_MISMATCH, Last received: 0.0, Next index: 1, Last known committed idx: 0, Time since last communication: 0.001s
I20260630 12:40:23.036808 16883 raft_consensus.cc:3060] T b6f1207a3e8148cfa7d95456bc1268f4 P db6183ba36674aacaddc9d171d19d754 [term 0 FOLLOWER]: Advancing to term 1
I20260630 12:40:23.045418 17203 consensus_queue.cc:1048] T b6f1207a3e8148cfa7d95456bc1268f4 P a3083c3e585e45b790298710a026db0d [LEADER]: Connected to new peer: Peer: permanent_uuid: "db6183ba36674aacaddc9d171d19d754" member_type: VOTER last_known_addr { host: "127.13.133.194" port: 39435 }, Status: LMP_MISMATCH, Last received: 0.0, Next index: 1, Last known committed idx: 0, Time since last communication: 0.000s
I20260630 12:40:23.057327 17192 consensus_queue.cc:1048] T 78df674af4644afab0142a8b05553ca1 P 0f5a67a2b1d14698851b11bfae263d5e [LEADER]: Connected to new peer: Peer: permanent_uuid: "c66fa04f97db472d9485c4bf94c81451" member_type: VOTER last_known_addr { host: "127.13.133.195" port: 40135 }, Status: LMP_MISMATCH, Last received: 0.0, Next index: 1, Last known committed idx: 0, Time since last communication: 0.000s
I20260630 12:40:23.068823 16759 auto_leader_rebalancer.cc:141] leader rebalance for table range_aware_rebalance_new_range
I20260630 12:40:23.068936 17033 consensus_queue.cc:1048] T 78df674af4644afab0142a8b05553ca1 P 0f5a67a2b1d14698851b11bfae263d5e [LEADER]: Connected to new peer: Peer: permanent_uuid: "a3083c3e585e45b790298710a026db0d" member_type: VOTER last_known_addr { host: "127.13.133.196" port: 33819 }, Status: LMP_MISMATCH, Last received: 0.0, Next index: 1, Last known committed idx: 0, Time since last communication: 0.001s
I20260630 12:40:23.121755 16883 tablet_service.cc:2072] Received LeaderStepDown RPC: tablet_id: "07a303ae4acf4148886be35c8bc8e071"
dest_uuid: "db6183ba36674aacaddc9d171d19d754"
mode: GRACEFUL
new_leader_uuid: "0f5a67a2b1d14698851b11bfae263d5e"
 from {username='slave'} at 127.0.0.1:59580
I20260630 12:40:23.122656 16883 raft_consensus.cc:606] T 07a303ae4acf4148886be35c8bc8e071 P db6183ba36674aacaddc9d171d19d754 [term 1 LEADER]: Received request to transfer leadership to TS 0f5a67a2b1d14698851b11bfae263d5e
I20260630 12:40:23.135617 16883 consensus_queue.cc:237] T b78f322376d147099dcfd4d833adbe21 P db6183ba36674aacaddc9d171d19d754 [LEADER]: Queue going to LEADER mode. State: All replicated index: 0, Majority replicated index: 1, Committed index: 1, Last appended: 1.1, Last appended by leader: 0, Current term: 1, Majority size: 2, State: 0, Mode: LEADER, active raft config: opid_index: 2 OBSOLETE_local: false peers { permanent_uuid: "db6183ba36674aacaddc9d171d19d754" member_type: VOTER last_known_addr { host: "127.13.133.194" port: 39435 } } peers { permanent_uuid: "0f5a67a2b1d14698851b11bfae263d5e" member_type: VOTER last_known_addr { host: "127.13.133.193" port: 34447 } attrs { replace: true } } peers { permanent_uuid: "c66fa04f97db472d9485c4bf94c81451" member_type: VOTER last_known_addr { host: "127.13.133.195" port: 40135 } } peers { permanent_uuid: "a3083c3e585e45b790298710a026db0d" member_type: NON_VOTER last_known_addr { host: "127.13.133.196" port: 33819 } attrs { promote: true } }
I20260630 12:40:23.136312 16808 tablet_service.cc:2072] Received LeaderStepDown RPC: tablet_id: "0d4352455ec542b2b6d318c1fd13ff51"
dest_uuid: "0f5a67a2b1d14698851b11bfae263d5e"
mode: GRACEFUL
new_leader_uuid: "c66fa04f97db472d9485c4bf94c81451"
 from {username='slave'} at 127.0.0.1:56248
I20260630 12:40:23.136952 16808 raft_consensus.cc:606] T 0d4352455ec542b2b6d318c1fd13ff51 P 0f5a67a2b1d14698851b11bfae263d5e [term 1 LEADER]: Received request to transfer leadership to TS c66fa04f97db472d9485c4bf94c81451
I20260630 12:40:23.140211 16808 tablet_service.cc:2072] Received LeaderStepDown RPC: tablet_id: "4702ed5ed0bf4197ba125422c101f0cd"
dest_uuid: "0f5a67a2b1d14698851b11bfae263d5e"
mode: GRACEFUL
new_leader_uuid: "c66fa04f97db472d9485c4bf94c81451"
 from {username='slave'} at 127.0.0.1:56248
I20260630 12:40:23.140964 16808 raft_consensus.cc:606] T 4702ed5ed0bf4197ba125422c101f0cd P 0f5a67a2b1d14698851b11bfae263d5e [term 1 LEADER]: Received request to transfer leadership to TS c66fa04f97db472d9485c4bf94c81451
I20260630 12:40:23.142550 16958 raft_consensus.cc:1275] T b78f322376d147099dcfd4d833adbe21 P c66fa04f97db472d9485c4bf94c81451 [term 1 FOLLOWER]: Refusing update from remote peer db6183ba36674aacaddc9d171d19d754: Log matching property violated. Preceding OpId in replica: term: 1 index: 1. Preceding OpId from leader: term: 1 index: 2. (index mismatch)
W20260630 12:40:23.144608 16848 consensus_peers.cc:597] T b78f322376d147099dcfd4d833adbe21 P db6183ba36674aacaddc9d171d19d754 -> Peer a3083c3e585e45b790298710a026db0d (127.13.133.196:33819): Couldn't send request to peer a3083c3e585e45b790298710a026db0d. Error code: TABLET_NOT_FOUND (6). Status: Not found: Tablet not found: b78f322376d147099dcfd4d833adbe21. This is attempt 1: this message will repeat every 5th retry.
I20260630 12:40:23.144623 17153 consensus_queue.cc:1048] T b78f322376d147099dcfd4d833adbe21 P db6183ba36674aacaddc9d171d19d754 [LEADER]: Connected to new peer: Peer: permanent_uuid: "c66fa04f97db472d9485c4bf94c81451" member_type: VOTER last_known_addr { host: "127.13.133.195" port: 40135 }, Status: LMP_MISMATCH, Last received: 0.0, Next index: 2, Last known committed idx: 1, Time since last communication: 0.001s
I20260630 12:40:23.144903 16882 tablet_service.cc:2072] Received LeaderStepDown RPC: tablet_id: "5b22e70611a54186b8b6ddbc78523ed7"
dest_uuid: "db6183ba36674aacaddc9d171d19d754"
mode: GRACEFUL
new_leader_uuid: "a3083c3e585e45b790298710a026db0d"
 from {username='slave'} at 127.0.0.1:59580
I20260630 12:40:23.145771 16882 raft_consensus.cc:606] T 5b22e70611a54186b8b6ddbc78523ed7 P db6183ba36674aacaddc9d171d19d754 [term 1 LEADER]: Received request to transfer leadership to TS a3083c3e585e45b790298710a026db0d
I20260630 12:40:23.148088 16808 raft_consensus.cc:1275] T b78f322376d147099dcfd4d833adbe21 P 0f5a67a2b1d14698851b11bfae263d5e [term 1 FOLLOWER]: Refusing update from remote peer db6183ba36674aacaddc9d171d19d754: Log matching property violated. Preceding OpId in replica: term: 1 index: 1. Preceding OpId from leader: term: 1 index: 2. (index mismatch)
I20260630 12:40:23.149037 16883 tablet_service.cc:2072] Received LeaderStepDown RPC: tablet_id: "aa1ad3b27be342df92ea89aac04a116f"
dest_uuid: "db6183ba36674aacaddc9d171d19d754"
mode: GRACEFUL
new_leader_uuid: "a3083c3e585e45b790298710a026db0d"
 from {username='slave'} at 127.0.0.1:59580
I20260630 12:40:23.149685 16883 raft_consensus.cc:606] T aa1ad3b27be342df92ea89aac04a116f P db6183ba36674aacaddc9d171d19d754 [term 1 LEADER]: Received request to transfer leadership to TS a3083c3e585e45b790298710a026db0d
I20260630 12:40:23.149528 17153 consensus_queue.cc:1048] T b78f322376d147099dcfd4d833adbe21 P db6183ba36674aacaddc9d171d19d754 [LEADER]: Connected to new peer: Peer: permanent_uuid: "0f5a67a2b1d14698851b11bfae263d5e" member_type: VOTER last_known_addr { host: "127.13.133.193" port: 34447 } attrs { replace: true }, Status: LMP_MISMATCH, Last received: 0.0, Next index: 2, Last known committed idx: 1, Time since last communication: 0.000s
I20260630 12:40:23.153187 16883 tablet_service.cc:2072] Received LeaderStepDown RPC: tablet_id: "b78f322376d147099dcfd4d833adbe21"
dest_uuid: "db6183ba36674aacaddc9d171d19d754"
mode: GRACEFUL
new_leader_uuid: "c66fa04f97db472d9485c4bf94c81451"
 from {username='slave'} at 127.0.0.1:59580
I20260630 12:40:23.153848 16883 raft_consensus.cc:606] T b78f322376d147099dcfd4d833adbe21 P db6183ba36674aacaddc9d171d19d754 [term 1 LEADER]: Received request to transfer leadership to TS c66fa04f97db472d9485c4bf94c81451
I20260630 12:40:23.155354 16759 auto_leader_rebalancer.cc:440] table: range_aware_rebalance_new_range, leader rebalance finish, leader transfer count: 6
I20260630 12:40:23.154606 17025 raft_consensus.cc:2955] T b78f322376d147099dcfd4d833adbe21 P db6183ba36674aacaddc9d171d19d754 [term 1 LEADER]: Committing config change with OpId 1.2: config changed from index -1 to 2, NON_VOTER a3083c3e585e45b790298710a026db0d (127.13.133.196) added. New config: { opid_index: 2 OBSOLETE_local: false peers { permanent_uuid: "db6183ba36674aacaddc9d171d19d754" member_type: VOTER last_known_addr { host: "127.13.133.194" port: 39435 } } peers { permanent_uuid: "0f5a67a2b1d14698851b11bfae263d5e" member_type: VOTER last_known_addr { host: "127.13.133.193" port: 34447 } attrs { replace: true } } peers { permanent_uuid: "c66fa04f97db472d9485c4bf94c81451" member_type: VOTER last_known_addr { host: "127.13.133.195" port: 40135 } } peers { permanent_uuid: "a3083c3e585e45b790298710a026db0d" member_type: NON_VOTER last_known_addr { host: "127.13.133.196" port: 33819 } attrs { promote: true } } }
I20260630 12:40:23.156283 16759 auto_leader_rebalancer.cc:515] All tables' leader rebalancing finished this round
I20260630 12:40:23.160673 16958 raft_consensus.cc:2955] T b78f322376d147099dcfd4d833adbe21 P c66fa04f97db472d9485c4bf94c81451 [term 1 FOLLOWER]: Committing config change with OpId 1.2: config changed from index -1 to 2, NON_VOTER a3083c3e585e45b790298710a026db0d (127.13.133.196) added. New config: { opid_index: 2 OBSOLETE_local: false peers { permanent_uuid: "db6183ba36674aacaddc9d171d19d754" member_type: VOTER last_known_addr { host: "127.13.133.194" port: 39435 } } peers { permanent_uuid: "0f5a67a2b1d14698851b11bfae263d5e" member_type: VOTER last_known_addr { host: "127.13.133.193" port: 34447 } attrs { replace: true } } peers { permanent_uuid: "c66fa04f97db472d9485c4bf94c81451" member_type: VOTER last_known_addr { host: "127.13.133.195" port: 40135 } } peers { permanent_uuid: "a3083c3e585e45b790298710a026db0d" member_type: NON_VOTER last_known_addr { host: "127.13.133.196" port: 33819 } attrs { promote: true } } }
I20260630 12:40:23.161178 16808 raft_consensus.cc:2955] T b78f322376d147099dcfd4d833adbe21 P 0f5a67a2b1d14698851b11bfae263d5e [term 1 FOLLOWER]: Committing config change with OpId 1.2: config changed from index -1 to 2, NON_VOTER a3083c3e585e45b790298710a026db0d (127.13.133.196) added. New config: { opid_index: 2 OBSOLETE_local: false peers { permanent_uuid: "db6183ba36674aacaddc9d171d19d754" member_type: VOTER last_known_addr { host: "127.13.133.194" port: 39435 } } peers { permanent_uuid: "0f5a67a2b1d14698851b11bfae263d5e" member_type: VOTER last_known_addr { host: "127.13.133.193" port: 34447 } attrs { replace: true } } peers { permanent_uuid: "c66fa04f97db472d9485c4bf94c81451" member_type: VOTER last_known_addr { host: "127.13.133.195" port: 40135 } } peers { permanent_uuid: "a3083c3e585e45b790298710a026db0d" member_type: NON_VOTER last_known_addr { host: "127.13.133.196" port: 33819 } attrs { promote: true } } }
I20260630 12:40:23.170399 16704 catalog_manager.cc:5697] T b78f322376d147099dcfd4d833adbe21 P db6183ba36674aacaddc9d171d19d754 reported cstate change: config changed from index -1 to 2, NON_VOTER a3083c3e585e45b790298710a026db0d (127.13.133.196) added. New cstate: current_term: 1 leader_uuid: "db6183ba36674aacaddc9d171d19d754" committed_config { opid_index: 2 OBSOLETE_local: false peers { permanent_uuid: "db6183ba36674aacaddc9d171d19d754" member_type: VOTER last_known_addr { host: "127.13.133.194" port: 39435 } health_report { overall_health: HEALTHY } } peers { permanent_uuid: "0f5a67a2b1d14698851b11bfae263d5e" member_type: VOTER last_known_addr { host: "127.13.133.193" port: 34447 } attrs { replace: true } health_report { overall_health: HEALTHY } } peers { permanent_uuid: "c66fa04f97db472d9485c4bf94c81451" member_type: VOTER last_known_addr { host: "127.13.133.195" port: 40135 } health_report { overall_health: HEALTHY } } peers { permanent_uuid: "a3083c3e585e45b790298710a026db0d" member_type: NON_VOTER last_known_addr { host: "127.13.133.196" port: 33819 } attrs { promote: true } health_report { overall_health: UNKNOWN } } }
I20260630 12:40:23.177918 17153 raft_consensus.cc:993] T 07a303ae4acf4148886be35c8bc8e071 P db6183ba36674aacaddc9d171d19d754: : Instructing follower 0f5a67a2b1d14698851b11bfae263d5e to start an election
I20260630 12:40:23.178566 17153 raft_consensus.cc:1081] T 07a303ae4acf4148886be35c8bc8e071 P db6183ba36674aacaddc9d171d19d754 [term 1 LEADER]: Signalling peer 0f5a67a2b1d14698851b11bfae263d5e to start an election
I20260630 12:40:23.180510 16808 tablet_service.cc:2044] Received Run Leader Election RPC: tablet_id: "07a303ae4acf4148886be35c8bc8e071"
dest_uuid: "0f5a67a2b1d14698851b11bfae263d5e"
 from {username='slave'} at 127.0.0.1:56226
I20260630 12:40:23.181521 16808 raft_consensus.cc:493] T 07a303ae4acf4148886be35c8bc8e071 P 0f5a67a2b1d14698851b11bfae263d5e [term 1 FOLLOWER]: Starting forced leader election (received explicit request)
I20260630 12:40:23.181942 16808 raft_consensus.cc:3060] T 07a303ae4acf4148886be35c8bc8e071 P 0f5a67a2b1d14698851b11bfae263d5e [term 1 FOLLOWER]: Advancing to term 2
I20260630 12:40:23.184768 17006 raft_consensus.cc:993] T b78f322376d147099dcfd4d833adbe21 P db6183ba36674aacaddc9d171d19d754: : Instructing follower c66fa04f97db472d9485c4bf94c81451 to start an election
I20260630 12:40:23.185422 17006 raft_consensus.cc:1081] T b78f322376d147099dcfd4d833adbe21 P db6183ba36674aacaddc9d171d19d754 [term 1 LEADER]: Signalling peer c66fa04f97db472d9485c4bf94c81451 to start an election
I20260630 12:40:23.187364 16956 tablet_service.cc:2044] Received Run Leader Election RPC: tablet_id: "b78f322376d147099dcfd4d833adbe21"
dest_uuid: "c66fa04f97db472d9485c4bf94c81451"
 from {username='slave'} at 127.0.0.1:36304
I20260630 12:40:23.188176 16956 raft_consensus.cc:493] T b78f322376d147099dcfd4d833adbe21 P c66fa04f97db472d9485c4bf94c81451 [term 1 FOLLOWER]: Starting forced leader election (received explicit request)
I20260630 12:40:23.188670 16956 raft_consensus.cc:3060] T b78f322376d147099dcfd4d833adbe21 P c66fa04f97db472d9485c4bf94c81451 [term 1 FOLLOWER]: Advancing to term 2
I20260630 12:40:23.188658 16807 consensus_queue.cc:237] T d0c7eb77e81648b4847bee68f2654569 P 0f5a67a2b1d14698851b11bfae263d5e [LEADER]: Queue going to LEADER mode. State: All replicated index: 0, Majority replicated index: 1, Committed index: 1, Last appended: 1.1, Last appended by leader: 0, Current term: 1, Majority size: 2, State: 0, Mode: LEADER, active raft config: opid_index: 2 OBSOLETE_local: false peers { permanent_uuid: "0f5a67a2b1d14698851b11bfae263d5e" member_type: VOTER last_known_addr { host: "127.13.133.193" port: 34447 } } peers { permanent_uuid: "db6183ba36674aacaddc9d171d19d754" member_type: VOTER last_known_addr { host: "127.13.133.194" port: 39435 } attrs { replace: true } } peers { permanent_uuid: "c66fa04f97db472d9485c4bf94c81451" member_type: VOTER last_known_addr { host: "127.13.133.195" port: 40135 } } peers { permanent_uuid: "a3083c3e585e45b790298710a026db0d" member_type: NON_VOTER last_known_addr { host: "127.13.133.196" port: 33819 } attrs { promote: true } }
I20260630 12:40:23.193476 16808 raft_consensus.cc:515] T 07a303ae4acf4148886be35c8bc8e071 P 0f5a67a2b1d14698851b11bfae263d5e [term 2 FOLLOWER]: Starting forced leader election with config: opid_index: -1 OBSOLETE_local: false peers { permanent_uuid: "db6183ba36674aacaddc9d171d19d754" member_type: VOTER last_known_addr { host: "127.13.133.194" port: 39435 } } peers { permanent_uuid: "0f5a67a2b1d14698851b11bfae263d5e" member_type: VOTER last_known_addr { host: "127.13.133.193" port: 34447 } } peers { permanent_uuid: "c66fa04f97db472d9485c4bf94c81451" member_type: VOTER last_known_addr { host: "127.13.133.195" port: 40135 } }
I20260630 12:40:23.197201 16883 tablet_service.cc:1917] Received RequestConsensusVote() RPC: tablet_id: "07a303ae4acf4148886be35c8bc8e071" candidate_uuid: "0f5a67a2b1d14698851b11bfae263d5e" candidate_term: 2 candidate_status { last_received { term: 1 index: 1 } } ignore_live_leader: true dest_uuid: "db6183ba36674aacaddc9d171d19d754"
I20260630 12:40:23.198172 16883 raft_consensus.cc:3055] T 07a303ae4acf4148886be35c8bc8e071 P db6183ba36674aacaddc9d171d19d754 [term 1 LEADER]: Stepping down as leader of term 1
I20260630 12:40:23.198732 16883 raft_consensus.cc:740] T 07a303ae4acf4148886be35c8bc8e071 P db6183ba36674aacaddc9d171d19d754 [term 1 LEADER]: Becoming Follower/Learner. State: Replica: db6183ba36674aacaddc9d171d19d754, State: Running, Role: LEADER
I20260630 12:40:23.199105 16956 raft_consensus.cc:515] T b78f322376d147099dcfd4d833adbe21 P c66fa04f97db472d9485c4bf94c81451 [term 2 FOLLOWER]: Starting forced leader election with config: opid_index: 2 OBSOLETE_local: false peers { permanent_uuid: "db6183ba36674aacaddc9d171d19d754" member_type: VOTER last_known_addr { host: "127.13.133.194" port: 39435 } } peers { permanent_uuid: "0f5a67a2b1d14698851b11bfae263d5e" member_type: VOTER last_known_addr { host: "127.13.133.193" port: 34447 } attrs { replace: true } } peers { permanent_uuid: "c66fa04f97db472d9485c4bf94c81451" member_type: VOTER last_known_addr { host: "127.13.133.195" port: 40135 } } peers { permanent_uuid: "a3083c3e585e45b790298710a026db0d" member_type: NON_VOTER last_known_addr { host: "127.13.133.196" port: 33819 } attrs { promote: true } }
I20260630 12:40:23.200186 16883 consensus_queue.cc:260] T 07a303ae4acf4148886be35c8bc8e071 P db6183ba36674aacaddc9d171d19d754 [NON_LEADER]: Queue going to NON_LEADER mode. State: All replicated index: 0, Majority replicated index: 1, Committed index: 1, Last appended: 1.1, Last appended by leader: 1, Current term: 1, Majority size: -1, State: 0, Mode: NON_LEADER, active raft config: opid_index: -1 OBSOLETE_local: false peers { permanent_uuid: "db6183ba36674aacaddc9d171d19d754" member_type: VOTER last_known_addr { host: "127.13.133.194" port: 39435 } } peers { permanent_uuid: "0f5a67a2b1d14698851b11bfae263d5e" member_type: VOTER last_known_addr { host: "127.13.133.193" port: 34447 } } peers { permanent_uuid: "c66fa04f97db472d9485c4bf94c81451" member_type: VOTER last_known_addr { host: "127.13.133.195" port: 40135 } }
I20260630 12:40:23.201980 16883 raft_consensus.cc:3060] T 07a303ae4acf4148886be35c8bc8e071 P db6183ba36674aacaddc9d171d19d754 [term 1 FOLLOWER]: Advancing to term 2
I20260630 12:40:23.198143 16808 leader_election.cc:290] T 07a303ae4acf4148886be35c8bc8e071 P 0f5a67a2b1d14698851b11bfae263d5e [CANDIDATE]: Term 2 election: Requested vote from peers db6183ba36674aacaddc9d171d19d754 (127.13.133.194:39435), c66fa04f97db472d9485c4bf94c81451 (127.13.133.195:40135)
I20260630 12:40:23.204118 16882 tablet_service.cc:1917] Received RequestConsensusVote() RPC: tablet_id: "b78f322376d147099dcfd4d833adbe21" candidate_uuid: "c66fa04f97db472d9485c4bf94c81451" candidate_term: 2 candidate_status { last_received { term: 1 index: 2 } } ignore_live_leader: true dest_uuid: "db6183ba36674aacaddc9d171d19d754"
I20260630 12:40:23.204834 16882 raft_consensus.cc:3055] T b78f322376d147099dcfd4d833adbe21 P db6183ba36674aacaddc9d171d19d754 [term 1 LEADER]: Stepping down as leader of term 1
I20260630 12:40:23.205247 16882 raft_consensus.cc:740] T b78f322376d147099dcfd4d833adbe21 P db6183ba36674aacaddc9d171d19d754 [term 1 LEADER]: Becoming Follower/Learner. State: Replica: db6183ba36674aacaddc9d171d19d754, State: Running, Role: LEADER
I20260630 12:40:23.206198 16882 consensus_queue.cc:260] T b78f322376d147099dcfd4d833adbe21 P db6183ba36674aacaddc9d171d19d754 [NON_LEADER]: Queue going to NON_LEADER mode. State: All replicated index: 0, Majority replicated index: 2, Committed index: 2, Last appended: 1.2, Last appended by leader: 2, Current term: 1, Majority size: -1, State: 0, Mode: NON_LEADER, active raft config: opid_index: 2 OBSOLETE_local: false peers { permanent_uuid: "db6183ba36674aacaddc9d171d19d754" member_type: VOTER last_known_addr { host: "127.13.133.194" port: 39435 } } peers { permanent_uuid: "0f5a67a2b1d14698851b11bfae263d5e" member_type: VOTER last_known_addr { host: "127.13.133.193" port: 34447 } attrs { replace: true } } peers { permanent_uuid: "c66fa04f97db472d9485c4bf94c81451" member_type: VOTER last_known_addr { host: "127.13.133.195" port: 40135 } } peers { permanent_uuid: "a3083c3e585e45b790298710a026db0d" member_type: NON_VOTER last_known_addr { host: "127.13.133.196" port: 33819 } attrs { promote: true } }
I20260630 12:40:23.207875 16957 raft_consensus.cc:1275] T d0c7eb77e81648b4847bee68f2654569 P c66fa04f97db472d9485c4bf94c81451 [term 1 FOLLOWER]: Refusing update from remote peer 0f5a67a2b1d14698851b11bfae263d5e: Log matching property violated. Preceding OpId in replica: term: 1 index: 1. Preceding OpId from leader: term: 1 index: 2. (index mismatch)
W20260630 12:40:23.208356 16773 consensus_peers.cc:597] T d0c7eb77e81648b4847bee68f2654569 P 0f5a67a2b1d14698851b11bfae263d5e -> Peer a3083c3e585e45b790298710a026db0d (127.13.133.196:33819): Couldn't send request to peer a3083c3e585e45b790298710a026db0d. Error code: TABLET_NOT_FOUND (6). Status: Not found: Tablet not found: d0c7eb77e81648b4847bee68f2654569. This is attempt 1: this message will repeat every 5th retry.
I20260630 12:40:23.208439 16958 tablet_service.cc:1917] Received RequestConsensusVote() RPC: tablet_id: "07a303ae4acf4148886be35c8bc8e071" candidate_uuid: "0f5a67a2b1d14698851b11bfae263d5e" candidate_term: 2 candidate_status { last_received { term: 1 index: 1 } } ignore_live_leader: true dest_uuid: "c66fa04f97db472d9485c4bf94c81451"
I20260630 12:40:23.209165 16958 raft_consensus.cc:3060] T 07a303ae4acf4148886be35c8bc8e071 P c66fa04f97db472d9485c4bf94c81451 [term 1 FOLLOWER]: Advancing to term 2
I20260630 12:40:23.209967 17192 consensus_queue.cc:1048] T d0c7eb77e81648b4847bee68f2654569 P 0f5a67a2b1d14698851b11bfae263d5e [LEADER]: Connected to new peer: Peer: permanent_uuid: "c66fa04f97db472d9485c4bf94c81451" member_type: VOTER last_known_addr { host: "127.13.133.195" port: 40135 }, Status: LMP_MISMATCH, Last received: 0.0, Next index: 2, Last known committed idx: 1, Time since last communication: 0.000s
