I20260630 12:40:22.011180 17150 raft_consensus.cc:515] T 162d6e1e1b5e40e2b86c06dc3ceb403e P db6183ba36674aacaddc9d171d19d754 [term 0 FOLLOWER]: Starting pre-election with config: opid_index: -1 OBSOLETE_local: false peers { permanent_uuid: "a3083c3e585e45b790298710a026db0d" member_type: VOTER last_known_addr { host: "127.13.133.196" port: 33819 } } peers { permanent_uuid: "c66fa04f97db472d9485c4bf94c81451" member_type: VOTER last_known_addr { host: "127.13.133.195" port: 40135 } } peers { permanent_uuid: "db6183ba36674aacaddc9d171d19d754" member_type: VOTER last_known_addr { host: "127.13.133.194" port: 39435 } }
I20260630 12:40:22.014645 17150 leader_election.cc:290] T 162d6e1e1b5e40e2b86c06dc3ceb403e P db6183ba36674aacaddc9d171d19d754 [CANDIDATE]: Term 1 pre-election: Requested pre-vote from peers a3083c3e585e45b790298710a026db0d (127.13.133.196:33819), c66fa04f97db472d9485c4bf94c81451 (127.13.133.195:40135)
I20260630 12:40:22.015077 17151 tablet_bootstrap.cc:654] T aa1ad3b27be342df92ea89aac04a116f P 0f5a67a2b1d14698851b11bfae263d5e: Neither blocks nor log segments found. Creating new log.
I20260630 12:40:22.017670 17140 ts_tablet_manager.cc:1434] T 162d6e1e1b5e40e2b86c06dc3ceb403e P db6183ba36674aacaddc9d171d19d754: Time spent starting tablet: real 0.015s	user 0.009s	sys 0.000s
I20260630 12:40:22.019340 17140 tablet_bootstrap.cc:492] T 5b22e70611a54186b8b6ddbc78523ed7 P db6183ba36674aacaddc9d171d19d754: Bootstrap starting.
I20260630 12:40:22.020915 16958 tablet_service.cc:1917] Received RequestConsensusVote() RPC: tablet_id: "162d6e1e1b5e40e2b86c06dc3ceb403e" candidate_uuid: "db6183ba36674aacaddc9d171d19d754" candidate_term: 1 candidate_status { last_received { term: 0 index: 0 } } ignore_live_leader: false dest_uuid: "c66fa04f97db472d9485c4bf94c81451" is_pre_election: true
I20260630 12:40:22.021729 16958 raft_consensus.cc:2468] T 162d6e1e1b5e40e2b86c06dc3ceb403e P c66fa04f97db472d9485c4bf94c81451 [term 0 FOLLOWER]: Leader pre-election vote request: Granting yes vote for candidate db6183ba36674aacaddc9d171d19d754 in term 0.
I20260630 12:40:22.025482 16850 leader_election.cc:304] T 162d6e1e1b5e40e2b86c06dc3ceb403e P db6183ba36674aacaddc9d171d19d754 [CANDIDATE]: Term 1 pre-election: Election decided. Result: candidate won. Election summary: received 2 responses out of 3 voters: 2 yes votes; 0 no votes. yes voters: c66fa04f97db472d9485c4bf94c81451, db6183ba36674aacaddc9d171d19d754; no voters: 
I20260630 12:40:22.026463 17153 raft_consensus.cc:2804] T 162d6e1e1b5e40e2b86c06dc3ceb403e P db6183ba36674aacaddc9d171d19d754 [term 0 FOLLOWER]: Leader pre-election won for term 1
I20260630 12:40:22.026886 17153 raft_consensus.cc:493] T 162d6e1e1b5e40e2b86c06dc3ceb403e P db6183ba36674aacaddc9d171d19d754 [term 0 FOLLOWER]: Starting leader election (no leader contacted us within the election timeout)
I20260630 12:40:22.027356 17153 raft_consensus.cc:3060] T 162d6e1e1b5e40e2b86c06dc3ceb403e P db6183ba36674aacaddc9d171d19d754 [term 0 FOLLOWER]: Advancing to term 1
I20260630 12:40:22.028470 17140 tablet_bootstrap.cc:654] T 5b22e70611a54186b8b6ddbc78523ed7 P db6183ba36674aacaddc9d171d19d754: Neither blocks nor log segments found. Creating new log.
I20260630 12:40:22.010447 17147 tablet_bootstrap.cc:492] T 4702ed5ed0bf4197ba125422c101f0cd P c66fa04f97db472d9485c4bf94c81451: Bootstrap starting.
I20260630 12:40:22.045485 17151 tablet_bootstrap.cc:492] T aa1ad3b27be342df92ea89aac04a116f P 0f5a67a2b1d14698851b11bfae263d5e: No bootstrap required, opened a new log
I20260630 12:40:22.046087 17151 ts_tablet_manager.cc:1403] T aa1ad3b27be342df92ea89aac04a116f P 0f5a67a2b1d14698851b11bfae263d5e: Time spent bootstrapping tablet: real 0.040s	user 0.010s	sys 0.004s
I20260630 12:40:22.051337 17104 tablet_service.cc:1917] Received RequestConsensusVote() RPC: tablet_id: "162d6e1e1b5e40e2b86c06dc3ceb403e" candidate_uuid: "db6183ba36674aacaddc9d171d19d754" candidate_term: 1 candidate_status { last_received { term: 0 index: 0 } } ignore_live_leader: false dest_uuid: "a3083c3e585e45b790298710a026db0d" is_pre_election: true
I20260630 12:40:22.052047 17129 heartbeater.cc:499] Master 127.13.133.254:43489 was elected leader, sending a full tablet report...
I20260630 12:40:22.053400 17159 ts_tablet_manager.cc:1434] T aa1ad3b27be342df92ea89aac04a116f P a3083c3e585e45b790298710a026db0d: Time spent starting tablet: real 0.079s	user 0.019s	sys 0.039s
I20260630 12:40:22.050647 17151 raft_consensus.cc:359] T aa1ad3b27be342df92ea89aac04a116f P 0f5a67a2b1d14698851b11bfae263d5e [term 0 FOLLOWER]: Replica starting. Triggering 0 pending ops. Active config: opid_index: -1 OBSOLETE_local: false peers { permanent_uuid: "a3083c3e585e45b790298710a026db0d" member_type: VOTER last_known_addr { host: "127.13.133.196" port: 33819 } } peers { permanent_uuid: "0f5a67a2b1d14698851b11bfae263d5e" member_type: VOTER last_known_addr { host: "127.13.133.193" port: 34447 } } peers { permanent_uuid: "db6183ba36674aacaddc9d171d19d754" member_type: VOTER last_known_addr { host: "127.13.133.194" port: 39435 } }
I20260630 12:40:22.054877 17151 raft_consensus.cc:385] T aa1ad3b27be342df92ea89aac04a116f P 0f5a67a2b1d14698851b11bfae263d5e [term 0 FOLLOWER]: Consensus starting up: Expiring failure detector timer to make a prompt election more likely
I20260630 12:40:22.055289 17151 raft_consensus.cc:740] T aa1ad3b27be342df92ea89aac04a116f P 0f5a67a2b1d14698851b11bfae263d5e [term 0 FOLLOWER]: Becoming Follower/Learner. State: Replica: 0f5a67a2b1d14698851b11bfae263d5e, State: Initialized, Role: FOLLOWER
I20260630 12:40:22.056135 17151 consensus_queue.cc:260] T aa1ad3b27be342df92ea89aac04a116f P 0f5a67a2b1d14698851b11bfae263d5e [NON_LEADER]: Queue going to NON_LEADER mode. State: All replicated index: 0, Majority replicated index: 0, Committed index: 0, Last appended: 0.0, Last appended by leader: 0, Current term: 0, Majority size: -1, State: 0, Mode: NON_LEADER, active raft config: opid_index: -1 OBSOLETE_local: false peers { permanent_uuid: "a3083c3e585e45b790298710a026db0d" member_type: VOTER last_known_addr { host: "127.13.133.196" port: 33819 } } peers { permanent_uuid: "0f5a67a2b1d14698851b11bfae263d5e" member_type: VOTER last_known_addr { host: "127.13.133.193" port: 34447 } } peers { permanent_uuid: "db6183ba36674aacaddc9d171d19d754" member_type: VOTER last_known_addr { host: "127.13.133.194" port: 39435 } }
I20260630 12:40:22.056703 17153 raft_consensus.cc:515] T 162d6e1e1b5e40e2b86c06dc3ceb403e P db6183ba36674aacaddc9d171d19d754 [term 1 FOLLOWER]: Starting leader election with config: opid_index: -1 OBSOLETE_local: false peers { permanent_uuid: "a3083c3e585e45b790298710a026db0d" member_type: VOTER last_known_addr { host: "127.13.133.196" port: 33819 } } peers { permanent_uuid: "c66fa04f97db472d9485c4bf94c81451" member_type: VOTER last_known_addr { host: "127.13.133.195" port: 40135 } } peers { permanent_uuid: "db6183ba36674aacaddc9d171d19d754" member_type: VOTER last_known_addr { host: "127.13.133.194" port: 39435 } }
I20260630 12:40:22.059005 17151 ts_tablet_manager.cc:1434] T aa1ad3b27be342df92ea89aac04a116f P 0f5a67a2b1d14698851b11bfae263d5e: Time spent starting tablet: real 0.013s	user 0.007s	sys 0.003s
W20260630 12:40:22.063552 16848 leader_election.cc:343] T 162d6e1e1b5e40e2b86c06dc3ceb403e P db6183ba36674aacaddc9d171d19d754 [CANDIDATE]: Term 1 pre-election: Tablet error from VoteRequest() call to peer a3083c3e585e45b790298710a026db0d (127.13.133.196:33819): Illegal state: must be running to vote when last-logged opid is not known
W20260630 12:40:22.069151 16754 auto_rebalancer.cc:298] Could not retrieve cluster info: Service unavailable: Tablet not running
I20260630 12:40:22.071054 17151 tablet_bootstrap.cc:492] T 78df674af4644afab0142a8b05553ca1 P 0f5a67a2b1d14698851b11bfae263d5e: Bootstrap starting.
I20260630 12:40:22.076376 16958 tablet_service.cc:1917] Received RequestConsensusVote() RPC: tablet_id: "162d6e1e1b5e40e2b86c06dc3ceb403e" candidate_uuid: "db6183ba36674aacaddc9d171d19d754" candidate_term: 1 candidate_status { last_received { term: 0 index: 0 } } ignore_live_leader: false dest_uuid: "c66fa04f97db472d9485c4bf94c81451"
I20260630 12:40:22.078836 16958 raft_consensus.cc:3060] T 162d6e1e1b5e40e2b86c06dc3ceb403e P c66fa04f97db472d9485c4bf94c81451 [term 0 FOLLOWER]: Advancing to term 1
I20260630 12:40:22.079043 17159 tablet_bootstrap.cc:492] T 315b93355fbb4bd3b3aa24abe6bc7e43 P a3083c3e585e45b790298710a026db0d: Bootstrap starting.
I20260630 12:40:22.076452 17147 tablet_bootstrap.cc:654] T 4702ed5ed0bf4197ba125422c101f0cd P c66fa04f97db472d9485c4bf94c81451: Neither blocks nor log segments found. Creating new log.
I20260630 12:40:22.077016 17104 tablet_service.cc:1917] Received RequestConsensusVote() RPC: tablet_id: "162d6e1e1b5e40e2b86c06dc3ceb403e" candidate_uuid: "db6183ba36674aacaddc9d171d19d754" candidate_term: 1 candidate_status { last_received { term: 0 index: 0 } } ignore_live_leader: false dest_uuid: "a3083c3e585e45b790298710a026db0d"
I20260630 12:40:22.077224 17153 leader_election.cc:290] T 162d6e1e1b5e40e2b86c06dc3ceb403e P db6183ba36674aacaddc9d171d19d754 [CANDIDATE]: Term 1 election: Requested vote from peers a3083c3e585e45b790298710a026db0d (127.13.133.196:33819), c66fa04f97db472d9485c4bf94c81451 (127.13.133.195:40135)
W20260630 12:40:22.083925 16848 leader_election.cc:343] T 162d6e1e1b5e40e2b86c06dc3ceb403e P db6183ba36674aacaddc9d171d19d754 [CANDIDATE]: Term 1 election: Tablet error from VoteRequest() call to peer a3083c3e585e45b790298710a026db0d (127.13.133.196:33819): Illegal state: must be running to vote when last-logged opid is not known
I20260630 12:40:22.084015 17046 raft_consensus.cc:493] T 78df674af4644afab0142a8b05553ca1 P c66fa04f97db472d9485c4bf94c81451 [term 0 FOLLOWER]: Starting pre-election (no leader contacted us within the election timeout)
I20260630 12:40:22.085366 17046 raft_consensus.cc:515] T 78df674af4644afab0142a8b05553ca1 P c66fa04f97db472d9485c4bf94c81451 [term 0 FOLLOWER]: Starting pre-election with config: opid_index: -1 OBSOLETE_local: false peers { permanent_uuid: "a3083c3e585e45b790298710a026db0d" member_type: VOTER last_known_addr { host: "127.13.133.196" port: 33819 } } peers { permanent_uuid: "c66fa04f97db472d9485c4bf94c81451" member_type: VOTER last_known_addr { host: "127.13.133.195" port: 40135 } } peers { permanent_uuid: "0f5a67a2b1d14698851b11bfae263d5e" member_type: VOTER last_known_addr { host: "127.13.133.193" port: 34447 } }
I20260630 12:40:22.089833 17046 leader_election.cc:290] T 78df674af4644afab0142a8b05553ca1 P c66fa04f97db472d9485c4bf94c81451 [CANDIDATE]: Term 1 pre-election: Requested pre-vote from peers a3083c3e585e45b790298710a026db0d (127.13.133.196:33819), 0f5a67a2b1d14698851b11bfae263d5e (127.13.133.193:34447)
I20260630 12:40:22.091743 17151 tablet_bootstrap.cc:654] T 78df674af4644afab0142a8b05553ca1 P 0f5a67a2b1d14698851b11bfae263d5e: Neither blocks nor log segments found. Creating new log.
I20260630 12:40:22.095534 16807 tablet_service.cc:1917] Received RequestConsensusVote() RPC: tablet_id: "78df674af4644afab0142a8b05553ca1" candidate_uuid: "c66fa04f97db472d9485c4bf94c81451" candidate_term: 1 candidate_status { last_received { term: 0 index: 0 } } ignore_live_leader: false dest_uuid: "0f5a67a2b1d14698851b11bfae263d5e" is_pre_election: true
W20260630 12:40:22.097232 16924 leader_election.cc:343] T 78df674af4644afab0142a8b05553ca1 P c66fa04f97db472d9485c4bf94c81451 [CANDIDATE]: Term 1 pre-election: Tablet error from VoteRequest() call to peer 0f5a67a2b1d14698851b11bfae263d5e (127.13.133.193:34447): Illegal state: must be running to vote when last-logged opid is not known
I20260630 12:40:22.099257 17140 tablet_bootstrap.cc:492] T 5b22e70611a54186b8b6ddbc78523ed7 P db6183ba36674aacaddc9d171d19d754: No bootstrap required, opened a new log
I20260630 12:40:22.099810 17140 ts_tablet_manager.cc:1403] T 5b22e70611a54186b8b6ddbc78523ed7 P db6183ba36674aacaddc9d171d19d754: Time spent bootstrapping tablet: real 0.081s	user 0.017s	sys 0.026s
I20260630 12:40:22.113583 17140 raft_consensus.cc:359] T 5b22e70611a54186b8b6ddbc78523ed7 P db6183ba36674aacaddc9d171d19d754 [term 0 FOLLOWER]: Replica starting. Triggering 0 pending ops. Active config: opid_index: -1 OBSOLETE_local: false peers { permanent_uuid: "a3083c3e585e45b790298710a026db0d" member_type: VOTER last_known_addr { host: "127.13.133.196" port: 33819 } } peers { permanent_uuid: "0f5a67a2b1d14698851b11bfae263d5e" member_type: VOTER last_known_addr { host: "127.13.133.193" port: 34447 } } peers { permanent_uuid: "db6183ba36674aacaddc9d171d19d754" member_type: VOTER last_known_addr { host: "127.13.133.194" port: 39435 } }
I20260630 12:40:22.115191 17140 raft_consensus.cc:385] T 5b22e70611a54186b8b6ddbc78523ed7 P db6183ba36674aacaddc9d171d19d754 [term 0 FOLLOWER]: Consensus starting up: Expiring failure detector timer to make a prompt election more likely
I20260630 12:40:22.115741 17140 raft_consensus.cc:740] T 5b22e70611a54186b8b6ddbc78523ed7 P db6183ba36674aacaddc9d171d19d754 [term 0 FOLLOWER]: Becoming Follower/Learner. State: Replica: db6183ba36674aacaddc9d171d19d754, State: Initialized, Role: FOLLOWER
I20260630 12:40:22.116986 17140 consensus_queue.cc:260] T 5b22e70611a54186b8b6ddbc78523ed7 P db6183ba36674aacaddc9d171d19d754 [NON_LEADER]: Queue going to NON_LEADER mode. State: All replicated index: 0, Majority replicated index: 0, Committed index: 0, Last appended: 0.0, Last appended by leader: 0, Current term: 0, Majority size: -1, State: 0, Mode: NON_LEADER, active raft config: opid_index: -1 OBSOLETE_local: false peers { permanent_uuid: "a3083c3e585e45b790298710a026db0d" member_type: VOTER last_known_addr { host: "127.13.133.196" port: 33819 } } peers { permanent_uuid: "0f5a67a2b1d14698851b11bfae263d5e" member_type: VOTER last_known_addr { host: "127.13.133.193" port: 34447 } } peers { permanent_uuid: "db6183ba36674aacaddc9d171d19d754" member_type: VOTER last_known_addr { host: "127.13.133.194" port: 39435 } }
I20260630 12:40:22.118005 16958 raft_consensus.cc:2468] T 162d6e1e1b5e40e2b86c06dc3ceb403e P c66fa04f97db472d9485c4bf94c81451 [term 1 FOLLOWER]: Leader election vote request: Granting yes vote for candidate db6183ba36674aacaddc9d171d19d754 in term 1.
I20260630 12:40:22.120538 16850 leader_election.cc:304] T 162d6e1e1b5e40e2b86c06dc3ceb403e P db6183ba36674aacaddc9d171d19d754 [CANDIDATE]: Term 1 election: Election decided. Result: candidate won. Election summary: received 3 responses out of 3 voters: 2 yes votes; 1 no votes. yes voters: c66fa04f97db472d9485c4bf94c81451, db6183ba36674aacaddc9d171d19d754; no voters: a3083c3e585e45b790298710a026db0d
I20260630 12:40:22.121316 17140 ts_tablet_manager.cc:1434] T 5b22e70611a54186b8b6ddbc78523ed7 P db6183ba36674aacaddc9d171d19d754: Time spent starting tablet: real 0.021s	user 0.010s	sys 0.001s
I20260630 12:40:22.121520 17025 raft_consensus.cc:2804] T 162d6e1e1b5e40e2b86c06dc3ceb403e P db6183ba36674aacaddc9d171d19d754 [term 1 FOLLOWER]: Leader election won for term 1
I20260630 12:40:22.122071 17025 raft_consensus.cc:697] T 162d6e1e1b5e40e2b86c06dc3ceb403e P db6183ba36674aacaddc9d171d19d754 [term 1 LEADER]: Becoming Leader. State: Replica: db6183ba36674aacaddc9d171d19d754, State: Running, Role: LEADER
I20260630 12:40:22.122736 17140 tablet_bootstrap.cc:492] T b6f1207a3e8148cfa7d95456bc1268f4 P db6183ba36674aacaddc9d171d19d754: Bootstrap starting.
I20260630 12:40:22.122987 17025 consensus_queue.cc:237] T 162d6e1e1b5e40e2b86c06dc3ceb403e P db6183ba36674aacaddc9d171d19d754 [LEADER]: Queue going to LEADER mode. State: All replicated index: 0, Majority replicated index: 0, Committed index: 0, Last appended: 0.0, Last appended by leader: 0, Current term: 1, Majority size: 2, State: 0, Mode: LEADER, active raft config: opid_index: -1 OBSOLETE_local: false peers { permanent_uuid: "a3083c3e585e45b790298710a026db0d" member_type: VOTER last_known_addr { host: "127.13.133.196" port: 33819 } } peers { permanent_uuid: "c66fa04f97db472d9485c4bf94c81451" member_type: VOTER last_known_addr { host: "127.13.133.195" port: 40135 } } peers { permanent_uuid: "db6183ba36674aacaddc9d171d19d754" member_type: VOTER last_known_addr { host: "127.13.133.194" port: 39435 } }
I20260630 12:40:22.126736 17046 raft_consensus.cc:493] T 80793c58a98f4dacbc6023ff4d4e30c0 P c66fa04f97db472d9485c4bf94c81451 [term 0 FOLLOWER]: Starting pre-election (no leader contacted us within the election timeout)
I20260630 12:40:22.127451 17046 raft_consensus.cc:515] T 80793c58a98f4dacbc6023ff4d4e30c0 P c66fa04f97db472d9485c4bf94c81451 [term 0 FOLLOWER]: Starting pre-election with config: opid_index: -1 OBSOLETE_local: false peers { permanent_uuid: "db6183ba36674aacaddc9d171d19d754" member_type: VOTER last_known_addr { host: "127.13.133.194" port: 39435 } } peers { permanent_uuid: "c66fa04f97db472d9485c4bf94c81451" member_type: VOTER last_known_addr { host: "127.13.133.195" port: 40135 } } peers { permanent_uuid: "a3083c3e585e45b790298710a026db0d" member_type: VOTER last_known_addr { host: "127.13.133.196" port: 33819 } }
I20260630 12:40:22.139729 17153 raft_consensus.cc:493] T 80793c58a98f4dacbc6023ff4d4e30c0 P db6183ba36674aacaddc9d171d19d754 [term 0 FOLLOWER]: Starting pre-election (no leader contacted us within the election timeout)
I20260630 12:40:22.140461 17153 raft_consensus.cc:515] T 80793c58a98f4dacbc6023ff4d4e30c0 P db6183ba36674aacaddc9d171d19d754 [term 0 FOLLOWER]: Starting pre-election with config: opid_index: -1 OBSOLETE_local: false peers { permanent_uuid: "db6183ba36674aacaddc9d171d19d754" member_type: VOTER last_known_addr { host: "127.13.133.194" port: 39435 } } peers { permanent_uuid: "c66fa04f97db472d9485c4bf94c81451" member_type: VOTER last_known_addr { host: "127.13.133.195" port: 40135 } } peers { permanent_uuid: "a3083c3e585e45b790298710a026db0d" member_type: VOTER last_known_addr { host: "127.13.133.196" port: 33819 } }
I20260630 12:40:22.144027 16958 tablet_service.cc:1917] Received RequestConsensusVote() RPC: tablet_id: "80793c58a98f4dacbc6023ff4d4e30c0" candidate_uuid: "db6183ba36674aacaddc9d171d19d754" candidate_term: 1 candidate_status { last_received { term: 0 index: 0 } } ignore_live_leader: false dest_uuid: "c66fa04f97db472d9485c4bf94c81451" is_pre_election: true
I20260630 12:40:22.144923 16958 raft_consensus.cc:2468] T 80793c58a98f4dacbc6023ff4d4e30c0 P c66fa04f97db472d9485c4bf94c81451 [term 0 FOLLOWER]: Leader pre-election vote request: Granting yes vote for candidate db6183ba36674aacaddc9d171d19d754 in term 0.
I20260630 12:40:22.148991 17046 leader_election.cc:290] T 80793c58a98f4dacbc6023ff4d4e30c0 P c66fa04f97db472d9485c4bf94c81451 [CANDIDATE]: Term 1 pre-election: Requested pre-vote from peers db6183ba36674aacaddc9d171d19d754 (127.13.133.194:39435), a3083c3e585e45b790298710a026db0d (127.13.133.196:33819)
I20260630 12:40:22.149515 17153 leader_election.cc:290] T 80793c58a98f4dacbc6023ff4d4e30c0 P db6183ba36674aacaddc9d171d19d754 [CANDIDATE]: Term 1 pre-election: Requested pre-vote from peers c66fa04f97db472d9485c4bf94c81451 (127.13.133.195:40135), a3083c3e585e45b790298710a026db0d (127.13.133.196:33819)
I20260630 12:40:22.151768 17147 tablet_bootstrap.cc:492] T 4702ed5ed0bf4197ba125422c101f0cd P c66fa04f97db472d9485c4bf94c81451: No bootstrap required, opened a new log
I20260630 12:40:22.152590 17147 ts_tablet_manager.cc:1403] T 4702ed5ed0bf4197ba125422c101f0cd P c66fa04f97db472d9485c4bf94c81451: Time spent bootstrapping tablet: real 0.142s	user 0.021s	sys 0.011s
I20260630 12:40:22.152684 17104 tablet_service.cc:1917] Received RequestConsensusVote() RPC: tablet_id: "80793c58a98f4dacbc6023ff4d4e30c0" candidate_uuid: "db6183ba36674aacaddc9d171d19d754" candidate_term: 1 candidate_status { last_received { term: 0 index: 0 } } ignore_live_leader: false dest_uuid: "a3083c3e585e45b790298710a026db0d" is_pre_election: true
I20260630 12:40:22.151811 16850 leader_election.cc:304] T 80793c58a98f4dacbc6023ff4d4e30c0 P db6183ba36674aacaddc9d171d19d754 [CANDIDATE]: Term 1 pre-election: Election decided. Result: candidate won. Election summary: received 2 responses out of 3 voters: 2 yes votes; 0 no votes. yes voters: c66fa04f97db472d9485c4bf94c81451, db6183ba36674aacaddc9d171d19d754; no voters: 
W20260630 12:40:22.155145 16848 leader_election.cc:343] T 80793c58a98f4dacbc6023ff4d4e30c0 P db6183ba36674aacaddc9d171d19d754 [CANDIDATE]: Term 1 pre-election: Tablet error from VoteRequest() call to peer a3083c3e585e45b790298710a026db0d (127.13.133.196:33819): Illegal state: must be running to vote when last-logged opid is not known
I20260630 12:40:22.151793 16882 tablet_service.cc:1917] Received RequestConsensusVote() RPC: tablet_id: "80793c58a98f4dacbc6023ff4d4e30c0" candidate_uuid: "c66fa04f97db472d9485c4bf94c81451" candidate_term: 1 candidate_status { last_received { term: 0 index: 0 } } ignore_live_leader: false dest_uuid: "db6183ba36674aacaddc9d171d19d754" is_pre_election: true
I20260630 12:40:22.156514 17103 tablet_service.cc:1917] Received RequestConsensusVote() RPC: tablet_id: "80793c58a98f4dacbc6023ff4d4e30c0" candidate_uuid: "c66fa04f97db472d9485c4bf94c81451" candidate_term: 1 candidate_status { last_received { term: 0 index: 0 } } ignore_live_leader: false dest_uuid: "a3083c3e585e45b790298710a026db0d" is_pre_election: true
I20260630 12:40:22.157616 17104 tablet_service.cc:1917] Received RequestConsensusVote() RPC: tablet_id: "78df674af4644afab0142a8b05553ca1" candidate_uuid: "c66fa04f97db472d9485c4bf94c81451" candidate_term: 1 candidate_status { last_received { term: 0 index: 0 } } ignore_live_leader: false dest_uuid: "a3083c3e585e45b790298710a026db0d" is_pre_election: true
I20260630 12:40:22.157531 17159 tablet_bootstrap.cc:654] T 315b93355fbb4bd3b3aa24abe6bc7e43 P a3083c3e585e45b790298710a026db0d: Neither blocks nor log segments found. Creating new log.
I20260630 12:40:22.155740 17153 raft_consensus.cc:2804] T 80793c58a98f4dacbc6023ff4d4e30c0 P db6183ba36674aacaddc9d171d19d754 [term 0 FOLLOWER]: Leader pre-election won for term 1
W20260630 12:40:22.159610 16922 leader_election.cc:343] T 80793c58a98f4dacbc6023ff4d4e30c0 P c66fa04f97db472d9485c4bf94c81451 [CANDIDATE]: Term 1 pre-election: Tablet error from VoteRequest() call to peer a3083c3e585e45b790298710a026db0d (127.13.133.196:33819): Illegal state: must be running to vote when last-logged opid is not known
I20260630 12:40:22.160660 17153 raft_consensus.cc:493] T 80793c58a98f4dacbc6023ff4d4e30c0 P db6183ba36674aacaddc9d171d19d754 [term 0 FOLLOWER]: Starting leader election (no leader contacted us within the election timeout)
W20260630 12:40:22.161177 16922 leader_election.cc:343] T 78df674af4644afab0142a8b05553ca1 P c66fa04f97db472d9485c4bf94c81451 [CANDIDATE]: Term 1 pre-election: Tablet error from VoteRequest() call to peer a3083c3e585e45b790298710a026db0d (127.13.133.196:33819): Illegal state: must be running to vote when last-logged opid is not known
I20260630 12:40:22.161167 17147 raft_consensus.cc:359] T 4702ed5ed0bf4197ba125422c101f0cd P c66fa04f97db472d9485c4bf94c81451 [term 0 FOLLOWER]: Replica starting. Triggering 0 pending ops. Active config: opid_index: -1 OBSOLETE_local: false peers { permanent_uuid: "c66fa04f97db472d9485c4bf94c81451" member_type: VOTER last_known_addr { host: "127.13.133.195" port: 40135 } } peers { permanent_uuid: "a3083c3e585e45b790298710a026db0d" member_type: VOTER last_known_addr { host: "127.13.133.196" port: 33819 } } peers { permanent_uuid: "0f5a67a2b1d14698851b11bfae263d5e" member_type: VOTER last_known_addr { host: "127.13.133.193" port: 34447 } }
I20260630 12:40:22.161338 17153 raft_consensus.cc:3060] T 80793c58a98f4dacbc6023ff4d4e30c0 P db6183ba36674aacaddc9d171d19d754 [term 0 FOLLOWER]: Advancing to term 1
I20260630 12:40:22.162214 16922 leader_election.cc:304] T 78df674af4644afab0142a8b05553ca1 P c66fa04f97db472d9485c4bf94c81451 [CANDIDATE]: Term 1 pre-election: Election decided. Result: candidate lost. Election summary: received 3 responses out of 3 voters: 1 yes votes; 2 no votes. yes voters: c66fa04f97db472d9485c4bf94c81451; no voters: 0f5a67a2b1d14698851b11bfae263d5e, a3083c3e585e45b790298710a026db0d
I20260630 12:40:22.166906 17140 tablet_bootstrap.cc:654] T b6f1207a3e8148cfa7d95456bc1268f4 P db6183ba36674aacaddc9d171d19d754: Neither blocks nor log segments found. Creating new log.
I20260630 12:40:22.167285 17046 raft_consensus.cc:2749] T 78df674af4644afab0142a8b05553ca1 P c66fa04f97db472d9485c4bf94c81451 [term 0 FOLLOWER]: Leader pre-election lost for term 1. Reason: could not achieve majority
I20260630 12:40:22.162704 17147 raft_consensus.cc:385] T 4702ed5ed0bf4197ba125422c101f0cd P c66fa04f97db472d9485c4bf94c81451 [term 0 FOLLOWER]: Consensus starting up: Expiring failure detector timer to make a prompt election more likely
I20260630 12:40:22.169608 17147 raft_consensus.cc:740] T 4702ed5ed0bf4197ba125422c101f0cd P c66fa04f97db472d9485c4bf94c81451 [term 0 FOLLOWER]: Becoming Follower/Learner. State: Replica: c66fa04f97db472d9485c4bf94c81451, State: Initialized, Role: FOLLOWER
I20260630 12:40:22.171967 17151 tablet_bootstrap.cc:492] T 78df674af4644afab0142a8b05553ca1 P 0f5a67a2b1d14698851b11bfae263d5e: No bootstrap required, opened a new log
I20260630 12:40:22.172677 17151 ts_tablet_manager.cc:1403] T 78df674af4644afab0142a8b05553ca1 P 0f5a67a2b1d14698851b11bfae263d5e: Time spent bootstrapping tablet: real 0.102s	user 0.024s	sys 0.005s
I20260630 12:40:22.172873 17147 consensus_queue.cc:260] T 4702ed5ed0bf4197ba125422c101f0cd P c66fa04f97db472d9485c4bf94c81451 [NON_LEADER]: Queue going to NON_LEADER mode. State: All replicated index: 0, Majority replicated index: 0, Committed index: 0, Last appended: 0.0, Last appended by leader: 0, Current term: 0, Majority size: -1, State: 0, Mode: NON_LEADER, active raft config: opid_index: -1 OBSOLETE_local: false peers { permanent_uuid: "c66fa04f97db472d9485c4bf94c81451" member_type: VOTER last_known_addr { host: "127.13.133.195" port: 40135 } } peers { permanent_uuid: "a3083c3e585e45b790298710a026db0d" member_type: VOTER last_known_addr { host: "127.13.133.196" port: 33819 } } peers { permanent_uuid: "0f5a67a2b1d14698851b11bfae263d5e" member_type: VOTER last_known_addr { host: "127.13.133.193" port: 34447 } }
I20260630 12:40:22.175763 17147 ts_tablet_manager.cc:1434] T 4702ed5ed0bf4197ba125422c101f0cd P c66fa04f97db472d9485c4bf94c81451: Time spent starting tablet: real 0.023s	user 0.009s	sys 0.000s
I20260630 12:40:22.176271 17151 raft_consensus.cc:359] T 78df674af4644afab0142a8b05553ca1 P 0f5a67a2b1d14698851b11bfae263d5e [term 0 FOLLOWER]: Replica starting. Triggering 0 pending ops. Active config: opid_index: -1 OBSOLETE_local: false peers { permanent_uuid: "a3083c3e585e45b790298710a026db0d" member_type: VOTER last_known_addr { host: "127.13.133.196" port: 33819 } } peers { permanent_uuid: "c66fa04f97db472d9485c4bf94c81451" member_type: VOTER last_known_addr { host: "127.13.133.195" port: 40135 } } peers { permanent_uuid: "0f5a67a2b1d14698851b11bfae263d5e" member_type: VOTER last_known_addr { host: "127.13.133.193" port: 34447 } }
I20260630 12:40:22.177690 17151 raft_consensus.cc:385] T 78df674af4644afab0142a8b05553ca1 P 0f5a67a2b1d14698851b11bfae263d5e [term 0 FOLLOWER]: Consensus starting up: Expiring failure detector timer to make a prompt election more likely
I20260630 12:40:22.177100 17147 tablet_bootstrap.cc:492] T 315b93355fbb4bd3b3aa24abe6bc7e43 P c66fa04f97db472d9485c4bf94c81451: Bootstrap starting.
I20260630 12:40:22.180192 17159 tablet_bootstrap.cc:492] T 315b93355fbb4bd3b3aa24abe6bc7e43 P a3083c3e585e45b790298710a026db0d: No bootstrap required, opened a new log
I20260630 12:40:22.180529 17151 raft_consensus.cc:740] T 78df674af4644afab0142a8b05553ca1 P 0f5a67a2b1d14698851b11bfae263d5e [term 0 FOLLOWER]: Becoming Follower/Learner. State: Replica: 0f5a67a2b1d14698851b11bfae263d5e, State: Initialized, Role: FOLLOWER
I20260630 12:40:22.180974 17159 ts_tablet_manager.cc:1403] T 315b93355fbb4bd3b3aa24abe6bc7e43 P a3083c3e585e45b790298710a026db0d: Time spent bootstrapping tablet: real 0.102s	user 0.019s	sys 0.000s
I20260630 12:40:22.181339 16704 catalog_manager.cc:6242] T 00000000000000000000000000000000 P 610ba968acfc4d14bfe3bbc4b9813dd7: range_aware_rebalance_new_range [id=efe58523fe524af7b3c7c903a0ddc8d4] alter complete (version 0)
I20260630 12:40:22.187196 17147 tablet_bootstrap.cc:654] T 315b93355fbb4bd3b3aa24abe6bc7e43 P c66fa04f97db472d9485c4bf94c81451: Neither blocks nor log segments found. Creating new log.
I20260630 12:40:22.190056 17159 raft_consensus.cc:359] T 315b93355fbb4bd3b3aa24abe6bc7e43 P a3083c3e585e45b790298710a026db0d [term 0 FOLLOWER]: Replica starting. Triggering 0 pending ops. Active config: opid_index: -1 OBSOLETE_local: false peers { permanent_uuid: "a3083c3e585e45b790298710a026db0d" member_type: VOTER last_known_addr { host: "127.13.133.196" port: 33819 } } peers { permanent_uuid: "c66fa04f97db472d9485c4bf94c81451" member_type: VOTER last_known_addr { host: "127.13.133.195" port: 40135 } } peers { permanent_uuid: "0f5a67a2b1d14698851b11bfae263d5e" member_type: VOTER last_known_addr { host: "127.13.133.193" port: 34447 } }
I20260630 12:40:22.191135 17159 raft_consensus.cc:385] T 315b93355fbb4bd3b3aa24abe6bc7e43 P a3083c3e585e45b790298710a026db0d [term 0 FOLLOWER]: Consensus starting up: Expiring failure detector timer to make a prompt election more likely
I20260630 12:40:22.191793 17159 raft_consensus.cc:740] T 315b93355fbb4bd3b3aa24abe6bc7e43 P a3083c3e585e45b790298710a026db0d [term 0 FOLLOWER]: Becoming Follower/Learner. State: Replica: a3083c3e585e45b790298710a026db0d, State: Initialized, Role: FOLLOWER
I20260630 12:40:22.193228 17159 consensus_queue.cc:260] T 315b93355fbb4bd3b3aa24abe6bc7e43 P a3083c3e585e45b790298710a026db0d [NON_LEADER]: Queue going to NON_LEADER mode. State: All replicated index: 0, Majority replicated index: 0, Committed index: 0, Last appended: 0.0, Last appended by leader: 0, Current term: 0, Majority size: -1, State: 0, Mode: NON_LEADER, active raft config: opid_index: -1 OBSOLETE_local: false peers { permanent_uuid: "a3083c3e585e45b790298710a026db0d" member_type: VOTER last_known_addr { host: "127.13.133.196" port: 33819 } } peers { permanent_uuid: "c66fa04f97db472d9485c4bf94c81451" member_type: VOTER last_known_addr { host: "127.13.133.195" port: 40135 } } peers { permanent_uuid: "0f5a67a2b1d14698851b11bfae263d5e" member_type: VOTER last_known_addr { host: "127.13.133.193" port: 34447 } }
I20260630 12:40:22.196990 17159 ts_tablet_manager.cc:1434] T 315b93355fbb4bd3b3aa24abe6bc7e43 P a3083c3e585e45b790298710a026db0d: Time spent starting tablet: real 0.011s	user 0.008s	sys 0.000s
I20260630 12:40:22.199767 17030 raft_consensus.cc:493] T 4702ed5ed0bf4197ba125422c101f0cd P 0f5a67a2b1d14698851b11bfae263d5e [term 0 FOLLOWER]: Starting pre-election (no leader contacted us within the election timeout)
I20260630 12:40:22.200810 17159 tablet_bootstrap.cc:492] T 5b22e70611a54186b8b6ddbc78523ed7 P a3083c3e585e45b790298710a026db0d: Bootstrap starting.
I20260630 12:40:22.200564 17030 raft_consensus.cc:515] T 4702ed5ed0bf4197ba125422c101f0cd P 0f5a67a2b1d14698851b11bfae263d5e [term 0 FOLLOWER]: Starting pre-election with config: opid_index: -1 OBSOLETE_local: false peers { permanent_uuid: "c66fa04f97db472d9485c4bf94c81451" member_type: VOTER last_known_addr { host: "127.13.133.195" port: 40135 } } peers { permanent_uuid: "a3083c3e585e45b790298710a026db0d" member_type: VOTER last_known_addr { host: "127.13.133.196" port: 33819 } } peers { permanent_uuid: "0f5a67a2b1d14698851b11bfae263d5e" member_type: VOTER last_known_addr { host: "127.13.133.193" port: 34447 } }
I20260630 12:40:22.207511 16958 tablet_service.cc:1917] Received RequestConsensusVote() RPC: tablet_id: "4702ed5ed0bf4197ba125422c101f0cd" candidate_uuid: "0f5a67a2b1d14698851b11bfae263d5e" candidate_term: 1 candidate_status { last_received { term: 0 index: 0 } } ignore_live_leader: false dest_uuid: "c66fa04f97db472d9485c4bf94c81451" is_pre_election: true
I20260630 12:40:22.208236 16958 raft_consensus.cc:2468] T 4702ed5ed0bf4197ba125422c101f0cd P c66fa04f97db472d9485c4bf94c81451 [term 0 FOLLOWER]: Leader pre-election vote request: Granting yes vote for candidate 0f5a67a2b1d14698851b11bfae263d5e in term 0.
I20260630 12:40:22.209815 16775 leader_election.cc:304] T 4702ed5ed0bf4197ba125422c101f0cd P 0f5a67a2b1d14698851b11bfae263d5e [CANDIDATE]: Term 1 pre-election: Election decided. Result: candidate won. Election summary: received 2 responses out of 3 voters: 2 yes votes; 0 no votes. yes voters: 0f5a67a2b1d14698851b11bfae263d5e, c66fa04f97db472d9485c4bf94c81451; no voters: 
I20260630 12:40:22.210317 17030 leader_election.cc:290] T 4702ed5ed0bf4197ba125422c101f0cd P 0f5a67a2b1d14698851b11bfae263d5e [CANDIDATE]: Term 1 pre-election: Requested pre-vote from peers c66fa04f97db472d9485c4bf94c81451 (127.13.133.195:40135), a3083c3e585e45b790298710a026db0d (127.13.133.196:33819)
I20260630 12:40:22.177287 17153 raft_consensus.cc:515] T 80793c58a98f4dacbc6023ff4d4e30c0 P db6183ba36674aacaddc9d171d19d754 [term 1 FOLLOWER]: Starting leader election with config: opid_index: -1 OBSOLETE_local: false peers { permanent_uuid: "db6183ba36674aacaddc9d171d19d754" member_type: VOTER last_known_addr { host: "127.13.133.194" port: 39435 } } peers { permanent_uuid: "c66fa04f97db472d9485c4bf94c81451" member_type: VOTER last_known_addr { host: "127.13.133.195" port: 40135 } } peers { permanent_uuid: "a3083c3e585e45b790298710a026db0d" member_type: VOTER last_known_addr { host: "127.13.133.196" port: 33819 } }
I20260630 12:40:22.212054 16882 raft_consensus.cc:2393] T 80793c58a98f4dacbc6023ff4d4e30c0 P db6183ba36674aacaddc9d171d19d754 [term 1 FOLLOWER]: Leader pre-election vote request: Denying vote to candidate c66fa04f97db472d9485c4bf94c81451 in current term 1: Already voted for candidate db6183ba36674aacaddc9d171d19d754 in this term.
I20260630 12:40:22.214551 17104 tablet_service.cc:1917] Received RequestConsensusVote() RPC: tablet_id: "80793c58a98f4dacbc6023ff4d4e30c0" candidate_uuid: "db6183ba36674aacaddc9d171d19d754" candidate_term: 1 candidate_status { last_received { term: 0 index: 0 } } ignore_live_leader: false dest_uuid: "a3083c3e585e45b790298710a026db0d"
W20260630 12:40:22.216156 16848 leader_election.cc:343] T 80793c58a98f4dacbc6023ff4d4e30c0 P db6183ba36674aacaddc9d171d19d754 [CANDIDATE]: Term 1 election: Tablet error from VoteRequest() call to peer a3083c3e585e45b790298710a026db0d (127.13.133.196:33819): Illegal state: must be running to vote when last-logged opid is not known
I20260630 12:40:22.217540 17033 raft_consensus.cc:2804] T 4702ed5ed0bf4197ba125422c101f0cd P 0f5a67a2b1d14698851b11bfae263d5e [term 0 FOLLOWER]: Leader pre-election won for term 1
I20260630 12:40:22.218050 17033 raft_consensus.cc:493] T 4702ed5ed0bf4197ba125422c101f0cd P 0f5a67a2b1d14698851b11bfae263d5e [term 0 FOLLOWER]: Starting leader election (no leader contacted us within the election timeout)
I20260630 12:40:22.218426 17033 raft_consensus.cc:3060] T 4702ed5ed0bf4197ba125422c101f0cd P 0f5a67a2b1d14698851b11bfae263d5e [term 0 FOLLOWER]: Advancing to term 1
I20260630 12:40:22.224648 16958 tablet_service.cc:1917] Received RequestConsensusVote() RPC: tablet_id: "80793c58a98f4dacbc6023ff4d4e30c0" candidate_uuid: "db6183ba36674aacaddc9d171d19d754" candidate_term: 1 candidate_status { last_received { term: 0 index: 0 } } ignore_live_leader: false dest_uuid: "c66fa04f97db472d9485c4bf94c81451"
I20260630 12:40:22.225509 17159 tablet_bootstrap.cc:654] T 5b22e70611a54186b8b6ddbc78523ed7 P a3083c3e585e45b790298710a026db0d: Neither blocks nor log segments found. Creating new log.
I20260630 12:40:22.225726 16958 raft_consensus.cc:3060] T 80793c58a98f4dacbc6023ff4d4e30c0 P c66fa04f97db472d9485c4bf94c81451 [term 0 FOLLOWER]: Advancing to term 1
I20260630 12:40:22.198148 17151 consensus_queue.cc:260] T 78df674af4644afab0142a8b05553ca1 P 0f5a67a2b1d14698851b11bfae263d5e [NON_LEADER]: Queue going to NON_LEADER mode. State: All replicated index: 0, Majority replicated index: 0, Committed index: 0, Last appended: 0.0, Last appended by leader: 0, Current term: 0, Majority size: -1, State: 0, Mode: NON_LEADER, active raft config: opid_index: -1 OBSOLETE_local: false peers { permanent_uuid: "a3083c3e585e45b790298710a026db0d" member_type: VOTER last_known_addr { host: "127.13.133.196" port: 33819 } } peers { permanent_uuid: "c66fa04f97db472d9485c4bf94c81451" member_type: VOTER last_known_addr { host: "127.13.133.195" port: 40135 } } peers { permanent_uuid: "0f5a67a2b1d14698851b11bfae263d5e" member_type: VOTER last_known_addr { host: "127.13.133.193" port: 34447 } }
I20260630 12:40:22.234122 17151 ts_tablet_manager.cc:1434] T 78df674af4644afab0142a8b05553ca1 P 0f5a67a2b1d14698851b11bfae263d5e: Time spent starting tablet: real 0.061s	user 0.008s	sys 0.000s
I20260630 12:40:22.229916 17153 leader_election.cc:290] T 80793c58a98f4dacbc6023ff4d4e30c0 P db6183ba36674aacaddc9d171d19d754 [CANDIDATE]: Term 1 election: Requested vote from peers c66fa04f97db472d9485c4bf94c81451 (127.13.133.195:40135), a3083c3e585e45b790298710a026db0d (127.13.133.196:33819)
I20260630 12:40:22.250845 16923 leader_election.cc:304] T 80793c58a98f4dacbc6023ff4d4e30c0 P c66fa04f97db472d9485c4bf94c81451 [CANDIDATE]: Term 1 pre-election: Election decided. Result: candidate lost. Election summary: received 3 responses out of 3 voters: 1 yes votes; 2 no votes. yes voters: c66fa04f97db472d9485c4bf94c81451; no voters: a3083c3e585e45b790298710a026db0d, db6183ba36674aacaddc9d171d19d754
I20260630 12:40:22.252239 17033 raft_consensus.cc:515] T 4702ed5ed0bf4197ba125422c101f0cd P 0f5a67a2b1d14698851b11bfae263d5e [term 1 FOLLOWER]: Starting leader election with config: opid_index: -1 OBSOLETE_local: false peers { permanent_uuid: "c66fa04f97db472d9485c4bf94c81451" member_type: VOTER last_known_addr { host: "127.13.133.195" port: 40135 } } peers { permanent_uuid: "a3083c3e585e45b790298710a026db0d" member_type: VOTER last_known_addr { host: "127.13.133.196" port: 33819 } } peers { permanent_uuid: "0f5a67a2b1d14698851b11bfae263d5e" member_type: VOTER last_known_addr { host: "127.13.133.193" port: 34447 } }
I20260630 12:40:22.256242 16956 tablet_service.cc:1917] Received RequestConsensusVote() RPC: tablet_id: "4702ed5ed0bf4197ba125422c101f0cd" candidate_uuid: "0f5a67a2b1d14698851b11bfae263d5e" candidate_term: 1 candidate_status { last_received { term: 0 index: 0 } } ignore_live_leader: false dest_uuid: "c66fa04f97db472d9485c4bf94c81451"
I20260630 12:40:22.256942 16956 raft_consensus.cc:3060] T 4702ed5ed0bf4197ba125422c101f0cd P c66fa04f97db472d9485c4bf94c81451 [term 0 FOLLOWER]: Advancing to term 1
I20260630 12:40:22.257424 17151 tablet_bootstrap.cc:492] T 5b22e70611a54186b8b6ddbc78523ed7 P 0f5a67a2b1d14698851b11bfae263d5e: Bootstrap starting.
I20260630 12:40:22.254232 16958 raft_consensus.cc:2468] T 80793c58a98f4dacbc6023ff4d4e30c0 P c66fa04f97db472d9485c4bf94c81451 [term 1 FOLLOWER]: Leader election vote request: Granting yes vote for candidate db6183ba36674aacaddc9d171d19d754 in term 1.
I20260630 12:40:22.266171 16704 catalog_manager.cc:5697] T 162d6e1e1b5e40e2b86c06dc3ceb403e P db6183ba36674aacaddc9d171d19d754 reported cstate change: term changed from 0 to 1, leader changed from <none> to db6183ba36674aacaddc9d171d19d754 (127.13.133.194). New cstate: current_term: 1 leader_uuid: "db6183ba36674aacaddc9d171d19d754" committed_config { opid_index: -1 OBSOLETE_local: false peers { permanent_uuid: "a3083c3e585e45b790298710a026db0d" member_type: VOTER last_known_addr { host: "127.13.133.196" port: 33819 } health_report { overall_health: UNKNOWN } } peers { permanent_uuid: "c66fa04f97db472d9485c4bf94c81451" member_type: VOTER last_known_addr { host: "127.13.133.195" port: 40135 } health_report { overall_health: UNKNOWN } } peers { permanent_uuid: "db6183ba36674aacaddc9d171d19d754" member_type: VOTER last_known_addr { host: "127.13.133.194" port: 39435 } health_report { overall_health: HEALTHY } } }
I20260630 12:40:22.267590 17046 raft_consensus.cc:2749] T 80793c58a98f4dacbc6023ff4d4e30c0 P c66fa04f97db472d9485c4bf94c81451 [term 1 FOLLOWER]: Leader pre-election lost for term 1. Reason: could not achieve majority
I20260630 12:40:22.273839 16850 leader_election.cc:304] T 80793c58a98f4dacbc6023ff4d4e30c0 P db6183ba36674aacaddc9d171d19d754 [CANDIDATE]: Term 1 election: Election decided. Result: candidate won. Election summary: received 3 responses out of 3 voters: 2 yes votes; 1 no votes. yes voters: c66fa04f97db472d9485c4bf94c81451, db6183ba36674aacaddc9d171d19d754; no voters: a3083c3e585e45b790298710a026db0d
I20260630 12:40:22.279759 17025 raft_consensus.cc:2804] T 80793c58a98f4dacbc6023ff4d4e30c0 P db6183ba36674aacaddc9d171d19d754 [term 1 FOLLOWER]: Leader election won for term 1
I20260630 12:40:22.280319 17025 raft_consensus.cc:697] T 80793c58a98f4dacbc6023ff4d4e30c0 P db6183ba36674aacaddc9d171d19d754 [term 1 LEADER]: Becoming Leader. State: Replica: db6183ba36674aacaddc9d171d19d754, State: Running, Role: LEADER
I20260630 12:40:22.281638 17025 consensus_queue.cc:237] T 80793c58a98f4dacbc6023ff4d4e30c0 P db6183ba36674aacaddc9d171d19d754 [LEADER]: Queue going to LEADER mode. State: All replicated index: 0, Majority replicated index: 0, Committed index: 0, Last appended: 0.0, Last appended by leader: 0, Current term: 1, Majority size: 2, State: 0, Mode: LEADER, active raft config: opid_index: -1 OBSOLETE_local: false peers { permanent_uuid: "db6183ba36674aacaddc9d171d19d754" member_type: VOTER last_known_addr { host: "127.13.133.194" port: 39435 } } peers { permanent_uuid: "c66fa04f97db472d9485c4bf94c81451" member_type: VOTER last_known_addr { host: "127.13.133.195" port: 40135 } } peers { permanent_uuid: "a3083c3e585e45b790298710a026db0d" member_type: VOTER last_known_addr { host: "127.13.133.196" port: 33819 } }
I20260630 12:40:22.288247 17033 leader_election.cc:290] T 4702ed5ed0bf4197ba125422c101f0cd P 0f5a67a2b1d14698851b11bfae263d5e [CANDIDATE]: Term 1 election: Requested vote from peers c66fa04f97db472d9485c4bf94c81451 (127.13.133.195:40135), a3083c3e585e45b790298710a026db0d (127.13.133.196:33819)
I20260630 12:40:22.294435 17147 tablet_bootstrap.cc:492] T 315b93355fbb4bd3b3aa24abe6bc7e43 P c66fa04f97db472d9485c4bf94c81451: No bootstrap required, opened a new log
I20260630 12:40:22.295105 17147 ts_tablet_manager.cc:1403] T 315b93355fbb4bd3b3aa24abe6bc7e43 P c66fa04f97db472d9485c4bf94c81451: Time spent bootstrapping tablet: real 0.118s	user 0.034s	sys 0.047s
I20260630 12:40:22.299503 16704 catalog_manager.cc:5697] T 80793c58a98f4dacbc6023ff4d4e30c0 P db6183ba36674aacaddc9d171d19d754 reported cstate change: term changed from 0 to 1, leader changed from <none> to db6183ba36674aacaddc9d171d19d754 (127.13.133.194). New cstate: current_term: 1 leader_uuid: "db6183ba36674aacaddc9d171d19d754" committed_config { opid_index: -1 OBSOLETE_local: false peers { permanent_uuid: "db6183ba36674aacaddc9d171d19d754" member_type: VOTER last_known_addr { host: "127.13.133.194" port: 39435 } health_report { overall_health: HEALTHY } } peers { permanent_uuid: "c66fa04f97db472d9485c4bf94c81451" member_type: VOTER last_known_addr { host: "127.13.133.195" port: 40135 } health_report { overall_health: UNKNOWN } } peers { permanent_uuid: "a3083c3e585e45b790298710a026db0d" member_type: VOTER last_known_addr { host: "127.13.133.196" port: 33819 } health_report { overall_health: UNKNOWN } } }
I20260630 12:40:22.299496 17140 tablet_bootstrap.cc:492] T b6f1207a3e8148cfa7d95456bc1268f4 P db6183ba36674aacaddc9d171d19d754: No bootstrap required, opened a new log
I20260630 12:40:22.303362 17140 ts_tablet_manager.cc:1403] T b6f1207a3e8148cfa7d95456bc1268f4 P db6183ba36674aacaddc9d171d19d754: Time spent bootstrapping tablet: real 0.181s	user 0.025s	sys 0.045s
I20260630 12:40:22.302742 16956 raft_consensus.cc:2468] T 4702ed5ed0bf4197ba125422c101f0cd P c66fa04f97db472d9485c4bf94c81451 [term 1 FOLLOWER]: Leader election vote request: Granting yes vote for candidate 0f5a67a2b1d14698851b11bfae263d5e in term 1.
I20260630 12:40:22.306370 16775 leader_election.cc:304] T 4702ed5ed0bf4197ba125422c101f0cd P 0f5a67a2b1d14698851b11bfae263d5e [CANDIDATE]: Term 1 election: Election decided. Result: candidate won. Election summary: received 2 responses out of 3 voters: 2 yes votes; 0 no votes. yes voters: 0f5a67a2b1d14698851b11bfae263d5e, c66fa04f97db472d9485c4bf94c81451; no voters: 
I20260630 12:40:22.306828 17140 raft_consensus.cc:359] T b6f1207a3e8148cfa7d95456bc1268f4 P db6183ba36674aacaddc9d171d19d754 [term 0 FOLLOWER]: Replica starting. Triggering 0 pending ops. Active config: opid_index: -1 OBSOLETE_local: false peers { permanent_uuid: "0f5a67a2b1d14698851b11bfae263d5e" member_type: VOTER last_known_addr { host: "127.13.133.193" port: 34447 } } peers { permanent_uuid: "a3083c3e585e45b790298710a026db0d" member_type: VOTER last_known_addr { host: "127.13.133.196" port: 33819 } } peers { permanent_uuid: "db6183ba36674aacaddc9d171d19d754" member_type: VOTER last_known_addr { host: "127.13.133.194" port: 39435 } }
I20260630 12:40:22.307598 17140 raft_consensus.cc:385] T b6f1207a3e8148cfa7d95456bc1268f4 P db6183ba36674aacaddc9d171d19d754 [term 0 FOLLOWER]: Consensus starting up: Expiring failure detector timer to make a prompt election more likely
I20260630 12:40:22.307978 17140 raft_consensus.cc:740] T b6f1207a3e8148cfa7d95456bc1268f4 P db6183ba36674aacaddc9d171d19d754 [term 0 FOLLOWER]: Becoming Follower/Learner. State: Replica: db6183ba36674aacaddc9d171d19d754, State: Initialized, Role: FOLLOWER
I20260630 12:40:22.308175 17033 raft_consensus.cc:2804] T 4702ed5ed0bf4197ba125422c101f0cd P 0f5a67a2b1d14698851b11bfae263d5e [term 1 FOLLOWER]: Leader election won for term 1
I20260630 12:40:22.308830 17140 consensus_queue.cc:260] T b6f1207a3e8148cfa7d95456bc1268f4 P db6183ba36674aacaddc9d171d19d754 [NON_LEADER]: Queue going to NON_LEADER mode. State: All replicated index: 0, Majority replicated index: 0, Committed index: 0, Last appended: 0.0, Last appended by leader: 0, Current term: 0, Majority size: -1, State: 0, Mode: NON_LEADER, active raft config: opid_index: -1 OBSOLETE_local: false peers { permanent_uuid: "0f5a67a2b1d14698851b11bfae263d5e" member_type: VOTER last_known_addr { host: "127.13.133.193" port: 34447 } } peers { permanent_uuid: "a3083c3e585e45b790298710a026db0d" member_type: VOTER last_known_addr { host: "127.13.133.196" port: 33819 } } peers { permanent_uuid: "db6183ba36674aacaddc9d171d19d754" member_type: VOTER last_known_addr { host: "127.13.133.194" port: 39435 } }
I20260630 12:40:22.309631 17151 tablet_bootstrap.cc:654] T 5b22e70611a54186b8b6ddbc78523ed7 P 0f5a67a2b1d14698851b11bfae263d5e: Neither blocks nor log segments found. Creating new log.
I20260630 12:40:22.311632 17147 raft_consensus.cc:359] T 315b93355fbb4bd3b3aa24abe6bc7e43 P c66fa04f97db472d9485c4bf94c81451 [term 0 FOLLOWER]: Replica starting. Triggering 0 pending ops. Active config: opid_index: -1 OBSOLETE_local: false peers { permanent_uuid: "a3083c3e585e45b790298710a026db0d" member_type: VOTER last_known_addr { host: "127.13.133.196" port: 33819 } } peers { permanent_uuid: "c66fa04f97db472d9485c4bf94c81451" member_type: VOTER last_known_addr { host: "127.13.133.195" port: 40135 } } peers { permanent_uuid: "0f5a67a2b1d14698851b11bfae263d5e" member_type: VOTER last_known_addr { host: "127.13.133.193" port: 34447 } }
I20260630 12:40:22.312594 17147 raft_consensus.cc:385] T 315b93355fbb4bd3b3aa24abe6bc7e43 P c66fa04f97db472d9485c4bf94c81451 [term 0 FOLLOWER]: Consensus starting up: Expiring failure detector timer to make a prompt election more likely
I20260630 12:40:22.312919 17147 raft_consensus.cc:740] T 315b93355fbb4bd3b3aa24abe6bc7e43 P c66fa04f97db472d9485c4bf94c81451 [term 0 FOLLOWER]: Becoming Follower/Learner. State: Replica: c66fa04f97db472d9485c4bf94c81451, State: Initialized, Role: FOLLOWER
I20260630 12:40:22.313772 17147 consensus_queue.cc:260] T 315b93355fbb4bd3b3aa24abe6bc7e43 P c66fa04f97db472d9485c4bf94c81451 [NON_LEADER]: Queue going to NON_LEADER mode. State: All replicated index: 0, Majority replicated index: 0, Committed index: 0, Last appended: 0.0, Last appended by leader: 0, Current term: 0, Majority size: -1, State: 0, Mode: NON_LEADER, active raft config: opid_index: -1 OBSOLETE_local: false peers { permanent_uuid: "a3083c3e585e45b790298710a026db0d" member_type: VOTER last_known_addr { host: "127.13.133.196" port: 33819 } } peers { permanent_uuid: "c66fa04f97db472d9485c4bf94c81451" member_type: VOTER last_known_addr { host: "127.13.133.195" port: 40135 } } peers { permanent_uuid: "0f5a67a2b1d14698851b11bfae263d5e" member_type: VOTER last_known_addr { host: "127.13.133.193" port: 34447 } }
I20260630 12:40:22.311182 17033 raft_consensus.cc:697] T 4702ed5ed0bf4197ba125422c101f0cd P 0f5a67a2b1d14698851b11bfae263d5e [term 1 LEADER]: Becoming Leader. State: Replica: 0f5a67a2b1d14698851b11bfae263d5e, State: Running, Role: LEADER
I20260630 12:40:22.316550 17153 raft_consensus.cc:493] T aa1ad3b27be342df92ea89aac04a116f P db6183ba36674aacaddc9d171d19d754 [term 0 FOLLOWER]: Starting pre-election (no leader contacted us within the election timeout)
I20260630 12:40:22.317269 17104 tablet_service.cc:1917] Received RequestConsensusVote() RPC: tablet_id: "4702ed5ed0bf4197ba125422c101f0cd" candidate_uuid: "0f5a67a2b1d14698851b11bfae263d5e" candidate_term: 1 candidate_status { last_received { term: 0 index: 0 } } ignore_live_leader: false dest_uuid: "a3083c3e585e45b790298710a026db0d" is_pre_election: true
