I20260630 12:40:20.659296 17188 ts_tablet_manager.cc:1403] T abb4678a2b504ee18a386e3cf31e286d P 44382c0039574de2a1581cb187abd87b: Time spent bootstrapping tablet: real 0.025s	user 0.015s	sys 0.007s
I20260630 12:40:20.658802 17219 raft_consensus.cc:515] T 9864e9678b3c4a1089ecf465f2ebfc88 P 158892413df44654afc86399dd3ff00a [term 1 FOLLOWER]: Starting leader election with config: opid_index: -1 OBSOLETE_local: false peers { permanent_uuid: "08f29212d5bb4e44a20dbe6402fdca47" member_type: VOTER last_known_addr { host: "127.13.138.129" port: 41031 } } peers { permanent_uuid: "158892413df44654afc86399dd3ff00a" member_type: VOTER last_known_addr { host: "127.13.138.130" port: 46443 } } peers { permanent_uuid: "44382c0039574de2a1581cb187abd87b" member_type: VOTER last_known_addr { host: "127.13.138.132" port: 45221 } }
I20260630 12:40:20.662576 16833 tablet_service.cc:1917] Received RequestConsensusVote() RPC: tablet_id: "9864e9678b3c4a1089ecf465f2ebfc88" candidate_uuid: "158892413df44654afc86399dd3ff00a" candidate_term: 1 candidate_status { last_received { term: 0 index: 0 } } ignore_live_leader: false dest_uuid: "08f29212d5bb4e44a20dbe6402fdca47"
I20260630 12:40:20.662389 17188 raft_consensus.cc:359] T abb4678a2b504ee18a386e3cf31e286d P 44382c0039574de2a1581cb187abd87b [term 0 FOLLOWER]: Replica starting. Triggering 0 pending ops. Active config: opid_index: -1 OBSOLETE_local: false peers { permanent_uuid: "44382c0039574de2a1581cb187abd87b" member_type: VOTER last_known_addr { host: "127.13.138.132" port: 45221 } } peers { permanent_uuid: "08f29212d5bb4e44a20dbe6402fdca47" member_type: VOTER last_known_addr { host: "127.13.138.129" port: 41031 } } peers { permanent_uuid: "158892413df44654afc86399dd3ff00a" member_type: VOTER last_known_addr { host: "127.13.138.130" port: 46443 } }
I20260630 12:40:20.663223 16833 raft_consensus.cc:3060] T 9864e9678b3c4a1089ecf465f2ebfc88 P 08f29212d5bb4e44a20dbe6402fdca47 [term 0 FOLLOWER]: Advancing to term 1
I20260630 12:40:20.668761 16834 tablet_service.cc:1917] Received RequestConsensusVote() RPC: tablet_id: "44ed6f45881d4b148b40e149300235ed" candidate_uuid: "44382c0039574de2a1581cb187abd87b" candidate_term: 1 candidate_status { last_received { term: 0 index: 0 } } ignore_live_leader: false dest_uuid: "08f29212d5bb4e44a20dbe6402fdca47" is_pre_election: true
I20260630 12:40:20.669490 16834 raft_consensus.cc:2468] T 44ed6f45881d4b148b40e149300235ed P 08f29212d5bb4e44a20dbe6402fdca47 [term 0 FOLLOWER]: Leader pre-election vote request: Granting yes vote for candidate 44382c0039574de2a1581cb187abd87b in term 0.
I20260630 12:40:20.670812 16833 raft_consensus.cc:2468] T 9864e9678b3c4a1089ecf465f2ebfc88 P 08f29212d5bb4e44a20dbe6402fdca47 [term 1 FOLLOWER]: Leader election vote request: Granting yes vote for candidate 158892413df44654afc86399dd3ff00a in term 1.
I20260630 12:40:20.663208 17188 raft_consensus.cc:385] T abb4678a2b504ee18a386e3cf31e286d P 44382c0039574de2a1581cb187abd87b [term 0 FOLLOWER]: Consensus starting up: Expiring failure detector timer to make a prompt election more likely
I20260630 12:40:20.671875 17188 raft_consensus.cc:740] T abb4678a2b504ee18a386e3cf31e286d P 44382c0039574de2a1581cb187abd87b [term 0 FOLLOWER]: Becoming Follower/Learner. State: Replica: 44382c0039574de2a1581cb187abd87b, State: Initialized, Role: FOLLOWER
I20260630 12:40:20.672143 16874 leader_election.cc:304] T 9864e9678b3c4a1089ecf465f2ebfc88 P 158892413df44654afc86399dd3ff00a [CANDIDATE]: Term 1 election: Election decided. Result: candidate won. Election summary: received 2 responses out of 3 voters: 2 yes votes; 0 no votes. yes voters: 08f29212d5bb4e44a20dbe6402fdca47, 158892413df44654afc86399dd3ff00a; no voters: 
I20260630 12:40:20.673206 17077 raft_consensus.cc:2804] T 9864e9678b3c4a1089ecf465f2ebfc88 P 158892413df44654afc86399dd3ff00a [term 1 FOLLOWER]: Leader election won for term 1
I20260630 12:40:20.672921 17188 consensus_queue.cc:260] T abb4678a2b504ee18a386e3cf31e286d P 44382c0039574de2a1581cb187abd87b [NON_LEADER]: Queue going to NON_LEADER mode. State: All replicated index: 0, Majority replicated index: 0, Committed index: 0, Last appended: 0.0, Last appended by leader: 0, Current term: 0, Majority size: -1, State: 0, Mode: NON_LEADER, active raft config: opid_index: -1 OBSOLETE_local: false peers { permanent_uuid: "44382c0039574de2a1581cb187abd87b" member_type: VOTER last_known_addr { host: "127.13.138.132" port: 45221 } } peers { permanent_uuid: "08f29212d5bb4e44a20dbe6402fdca47" member_type: VOTER last_known_addr { host: "127.13.138.129" port: 41031 } } peers { permanent_uuid: "158892413df44654afc86399dd3ff00a" member_type: VOTER last_known_addr { host: "127.13.138.130" port: 46443 } }
I20260630 12:40:20.673764 17077 raft_consensus.cc:697] T 9864e9678b3c4a1089ecf465f2ebfc88 P 158892413df44654afc86399dd3ff00a [term 1 LEADER]: Becoming Leader. State: Replica: 158892413df44654afc86399dd3ff00a, State: Running, Role: LEADER
I20260630 12:40:20.674764 17077 consensus_queue.cc:237] T 9864e9678b3c4a1089ecf465f2ebfc88 P 158892413df44654afc86399dd3ff00a [LEADER]: Queue going to LEADER mode. State: All replicated index: 0, Majority replicated index: 0, Committed index: 0, Last appended: 0.0, Last appended by leader: 0, Current term: 1, Majority size: 2, State: 0, Mode: LEADER, active raft config: opid_index: -1 OBSOLETE_local: false peers { permanent_uuid: "08f29212d5bb4e44a20dbe6402fdca47" member_type: VOTER last_known_addr { host: "127.13.138.129" port: 41031 } } peers { permanent_uuid: "158892413df44654afc86399dd3ff00a" member_type: VOTER last_known_addr { host: "127.13.138.130" port: 46443 } } peers { permanent_uuid: "44382c0039574de2a1581cb187abd87b" member_type: VOTER last_known_addr { host: "127.13.138.132" port: 45221 } }
I20260630 12:40:20.675349 17188 ts_tablet_manager.cc:1434] T abb4678a2b504ee18a386e3cf31e286d P 44382c0039574de2a1581cb187abd87b: Time spent starting tablet: real 0.016s	user 0.007s	sys 0.000s
I20260630 12:40:20.677050 17188 tablet_bootstrap.cc:492] T fdea1d31037e448785cab868fd24e8ed P 44382c0039574de2a1581cb187abd87b: Bootstrap starting.
I20260630 12:40:20.678859 17219 leader_election.cc:290] T 9864e9678b3c4a1089ecf465f2ebfc88 P 158892413df44654afc86399dd3ff00a [CANDIDATE]: Term 1 election: Requested vote from peers 08f29212d5bb4e44a20dbe6402fdca47 (127.13.138.129:41031), 44382c0039574de2a1581cb187abd87b (127.13.138.132:45221)
I20260630 12:40:20.669706 17194 raft_consensus.cc:515] T 44ed6f45881d4b148b40e149300235ed P 44382c0039574de2a1581cb187abd87b [term 1 FOLLOWER]: Starting leader election with config: opid_index: -1 OBSOLETE_local: false peers { permanent_uuid: "81a5c439e56e451fa008fb32915cf820" member_type: VOTER last_known_addr { host: "127.13.138.131" port: 36585 } } peers { permanent_uuid: "08f29212d5bb4e44a20dbe6402fdca47" member_type: VOTER last_known_addr { host: "127.13.138.129" port: 41031 } } peers { permanent_uuid: "44382c0039574de2a1581cb187abd87b" member_type: VOTER last_known_addr { host: "127.13.138.132" port: 45221 } }
I20260630 12:40:20.681306 16729 catalog_manager.cc:5697] T 9b3915827a8d4e9da4302236b7aa8a1c P 44382c0039574de2a1581cb187abd87b reported cstate change: term changed from 0 to 1, leader changed from <none> to 44382c0039574de2a1581cb187abd87b (127.13.138.132). New cstate: current_term: 1 leader_uuid: "44382c0039574de2a1581cb187abd87b" committed_config { opid_index: -1 OBSOLETE_local: false peers { permanent_uuid: "44382c0039574de2a1581cb187abd87b" member_type: VOTER last_known_addr { host: "127.13.138.132" port: 45221 } health_report { overall_health: HEALTHY } } peers { permanent_uuid: "158892413df44654afc86399dd3ff00a" member_type: VOTER last_known_addr { host: "127.13.138.130" port: 46443 } health_report { overall_health: UNKNOWN } } peers { permanent_uuid: "81a5c439e56e451fa008fb32915cf820" member_type: VOTER last_known_addr { host: "127.13.138.131" port: 36585 } health_report { overall_health: UNKNOWN } } }
I20260630 12:40:20.682513 17194 leader_election.cc:290] T 44ed6f45881d4b148b40e149300235ed P 44382c0039574de2a1581cb187abd87b [CANDIDATE]: Term 1 election: Requested vote from peers 81a5c439e56e451fa008fb32915cf820 (127.13.138.131:36585), 08f29212d5bb4e44a20dbe6402fdca47 (127.13.138.129:41031)
I20260630 12:40:20.683280 17145 tablet_service.cc:1917] Received RequestConsensusVote() RPC: tablet_id: "9864e9678b3c4a1089ecf465f2ebfc88" candidate_uuid: "158892413df44654afc86399dd3ff00a" candidate_term: 1 candidate_status { last_received { term: 0 index: 0 } } ignore_live_leader: false dest_uuid: "44382c0039574de2a1581cb187abd87b"
I20260630 12:40:20.683986 17145 raft_consensus.cc:3060] T 9864e9678b3c4a1089ecf465f2ebfc88 P 44382c0039574de2a1581cb187abd87b [term 0 FOLLOWER]: Advancing to term 1
I20260630 12:40:20.684370 16833 tablet_service.cc:1917] Received RequestConsensusVote() RPC: tablet_id: "44ed6f45881d4b148b40e149300235ed" candidate_uuid: "44382c0039574de2a1581cb187abd87b" candidate_term: 1 candidate_status { last_received { term: 0 index: 0 } } ignore_live_leader: false dest_uuid: "08f29212d5bb4e44a20dbe6402fdca47"
I20260630 12:40:20.684998 16833 raft_consensus.cc:3060] T 44ed6f45881d4b148b40e149300235ed P 08f29212d5bb4e44a20dbe6402fdca47 [term 0 FOLLOWER]: Advancing to term 1
I20260630 12:40:20.683445 16983 tablet_service.cc:1917] Received RequestConsensusVote() RPC: tablet_id: "44ed6f45881d4b148b40e149300235ed" candidate_uuid: "44382c0039574de2a1581cb187abd87b" candidate_term: 1 candidate_status { last_received { term: 0 index: 0 } } ignore_live_leader: false dest_uuid: "81a5c439e56e451fa008fb32915cf820"
I20260630 12:40:20.686909 16983 raft_consensus.cc:3060] T 44ed6f45881d4b148b40e149300235ed P 81a5c439e56e451fa008fb32915cf820 [term 0 FOLLOWER]: Advancing to term 1
I20260630 12:40:20.691458 17145 raft_consensus.cc:2468] T 9864e9678b3c4a1089ecf465f2ebfc88 P 44382c0039574de2a1581cb187abd87b [term 1 FOLLOWER]: Leader election vote request: Granting yes vote for candidate 158892413df44654afc86399dd3ff00a in term 1.
I20260630 12:40:20.696221 16983 raft_consensus.cc:2468] T 44ed6f45881d4b148b40e149300235ed P 81a5c439e56e451fa008fb32915cf820 [term 1 FOLLOWER]: Leader election vote request: Granting yes vote for candidate 44382c0039574de2a1581cb187abd87b in term 1.
I20260630 12:40:20.698017 17111 leader_election.cc:304] T 44ed6f45881d4b148b40e149300235ed P 44382c0039574de2a1581cb187abd87b [CANDIDATE]: Term 1 election: Election decided. Result: candidate won. Election summary: received 2 responses out of 3 voters: 2 yes votes; 0 no votes. yes voters: 44382c0039574de2a1581cb187abd87b, 81a5c439e56e451fa008fb32915cf820; no voters: 
I20260630 12:40:20.699045 17194 raft_consensus.cc:2804] T 44ed6f45881d4b148b40e149300235ed P 44382c0039574de2a1581cb187abd87b [term 1 FOLLOWER]: Leader election won for term 1
I20260630 12:40:20.699811 17194 raft_consensus.cc:697] T 44ed6f45881d4b148b40e149300235ed P 44382c0039574de2a1581cb187abd87b [term 1 LEADER]: Becoming Leader. State: Replica: 44382c0039574de2a1581cb187abd87b, State: Running, Role: LEADER
I20260630 12:40:20.700760 17194 consensus_queue.cc:237] T 44ed6f45881d4b148b40e149300235ed P 44382c0039574de2a1581cb187abd87b [LEADER]: Queue going to LEADER mode. State: All replicated index: 0, Majority replicated index: 0, Committed index: 0, Last appended: 0.0, Last appended by leader: 0, Current term: 1, Majority size: 2, State: 0, Mode: LEADER, active raft config: opid_index: -1 OBSOLETE_local: false peers { permanent_uuid: "81a5c439e56e451fa008fb32915cf820" member_type: VOTER last_known_addr { host: "127.13.138.131" port: 36585 } } peers { permanent_uuid: "08f29212d5bb4e44a20dbe6402fdca47" member_type: VOTER last_known_addr { host: "127.13.138.129" port: 41031 } } peers { permanent_uuid: "44382c0039574de2a1581cb187abd87b" member_type: VOTER last_known_addr { host: "127.13.138.132" port: 45221 } }
I20260630 12:40:20.701499 16730 catalog_manager.cc:5697] T 9864e9678b3c4a1089ecf465f2ebfc88 P 158892413df44654afc86399dd3ff00a reported cstate change: term changed from 0 to 1, leader changed from <none> to 158892413df44654afc86399dd3ff00a (127.13.138.130). New cstate: current_term: 1 leader_uuid: "158892413df44654afc86399dd3ff00a" committed_config { opid_index: -1 OBSOLETE_local: false peers { permanent_uuid: "08f29212d5bb4e44a20dbe6402fdca47" member_type: VOTER last_known_addr { host: "127.13.138.129" port: 41031 } health_report { overall_health: UNKNOWN } } peers { permanent_uuid: "158892413df44654afc86399dd3ff00a" member_type: VOTER last_known_addr { host: "127.13.138.130" port: 46443 } health_report { overall_health: HEALTHY } } peers { permanent_uuid: "44382c0039574de2a1581cb187abd87b" member_type: VOTER last_known_addr { host: "127.13.138.132" port: 45221 } health_report { overall_health: UNKNOWN } } }
I20260630 12:40:20.718604 17188 tablet_bootstrap.cc:654] T fdea1d31037e448785cab868fd24e8ed P 44382c0039574de2a1581cb187abd87b: Neither blocks nor log segments found. Creating new log.
I20260630 12:40:20.721851 16833 raft_consensus.cc:2468] T 44ed6f45881d4b148b40e149300235ed P 08f29212d5bb4e44a20dbe6402fdca47 [term 1 FOLLOWER]: Leader election vote request: Granting yes vote for candidate 44382c0039574de2a1581cb187abd87b in term 1.
I20260630 12:40:20.733376 17188 tablet_bootstrap.cc:492] T fdea1d31037e448785cab868fd24e8ed P 44382c0039574de2a1581cb187abd87b: No bootstrap required, opened a new log
I20260630 12:40:20.733884 17188 ts_tablet_manager.cc:1403] T fdea1d31037e448785cab868fd24e8ed P 44382c0039574de2a1581cb187abd87b: Time spent bootstrapping tablet: real 0.057s	user 0.015s	sys 0.000s
I20260630 12:40:20.736477 17188 raft_consensus.cc:359] T fdea1d31037e448785cab868fd24e8ed P 44382c0039574de2a1581cb187abd87b [term 0 FOLLOWER]: Replica starting. Triggering 0 pending ops. Active config: opid_index: -1 OBSOLETE_local: false peers { permanent_uuid: "08f29212d5bb4e44a20dbe6402fdca47" member_type: VOTER last_known_addr { host: "127.13.138.129" port: 41031 } } peers { permanent_uuid: "44382c0039574de2a1581cb187abd87b" member_type: VOTER last_known_addr { host: "127.13.138.132" port: 45221 } } peers { permanent_uuid: "158892413df44654afc86399dd3ff00a" member_type: VOTER last_known_addr { host: "127.13.138.130" port: 46443 } }
I20260630 12:40:20.737195 17188 raft_consensus.cc:385] T fdea1d31037e448785cab868fd24e8ed P 44382c0039574de2a1581cb187abd87b [term 0 FOLLOWER]: Consensus starting up: Expiring failure detector timer to make a prompt election more likely
I20260630 12:40:20.737480 17188 raft_consensus.cc:740] T fdea1d31037e448785cab868fd24e8ed P 44382c0039574de2a1581cb187abd87b [term 0 FOLLOWER]: Becoming Follower/Learner. State: Replica: 44382c0039574de2a1581cb187abd87b, State: Initialized, Role: FOLLOWER
I20260630 12:40:20.738163 17188 consensus_queue.cc:260] T fdea1d31037e448785cab868fd24e8ed P 44382c0039574de2a1581cb187abd87b [NON_LEADER]: Queue going to NON_LEADER mode. State: All replicated index: 0, Majority replicated index: 0, Committed index: 0, Last appended: 0.0, Last appended by leader: 0, Current term: 0, Majority size: -1, State: 0, Mode: NON_LEADER, active raft config: opid_index: -1 OBSOLETE_local: false peers { permanent_uuid: "08f29212d5bb4e44a20dbe6402fdca47" member_type: VOTER last_known_addr { host: "127.13.138.129" port: 41031 } } peers { permanent_uuid: "44382c0039574de2a1581cb187abd87b" member_type: VOTER last_known_addr { host: "127.13.138.132" port: 45221 } } peers { permanent_uuid: "158892413df44654afc86399dd3ff00a" member_type: VOTER last_known_addr { host: "127.13.138.130" port: 46443 } }
I20260630 12:40:20.740172 17188 ts_tablet_manager.cc:1434] T fdea1d31037e448785cab868fd24e8ed P 44382c0039574de2a1581cb187abd87b: Time spent starting tablet: real 0.006s	user 0.007s	sys 0.001s
I20260630 12:40:20.741650 16729 catalog_manager.cc:5697] T 44ed6f45881d4b148b40e149300235ed P 44382c0039574de2a1581cb187abd87b reported cstate change: term changed from 0 to 1, leader changed from <none> to 44382c0039574de2a1581cb187abd87b (127.13.138.132). New cstate: current_term: 1 leader_uuid: "44382c0039574de2a1581cb187abd87b" committed_config { opid_index: -1 OBSOLETE_local: false peers { permanent_uuid: "81a5c439e56e451fa008fb32915cf820" member_type: VOTER last_known_addr { host: "127.13.138.131" port: 36585 } health_report { overall_health: UNKNOWN } } peers { permanent_uuid: "08f29212d5bb4e44a20dbe6402fdca47" member_type: VOTER last_known_addr { host: "127.13.138.129" port: 41031 } health_report { overall_health: UNKNOWN } } peers { permanent_uuid: "44382c0039574de2a1581cb187abd87b" member_type: VOTER last_known_addr { host: "127.13.138.132" port: 45221 } health_report { overall_health: HEALTHY } } }
I20260630 12:40:20.797610 17194 raft_consensus.cc:493] T abb4678a2b504ee18a386e3cf31e286d P 44382c0039574de2a1581cb187abd87b [term 0 FOLLOWER]: Starting pre-election (no leader contacted us within the election timeout)
I20260630 12:40:20.798050 17194 raft_consensus.cc:515] T abb4678a2b504ee18a386e3cf31e286d P 44382c0039574de2a1581cb187abd87b [term 0 FOLLOWER]: Starting pre-election with config: opid_index: -1 OBSOLETE_local: false peers { permanent_uuid: "44382c0039574de2a1581cb187abd87b" member_type: VOTER last_known_addr { host: "127.13.138.132" port: 45221 } } peers { permanent_uuid: "08f29212d5bb4e44a20dbe6402fdca47" member_type: VOTER last_known_addr { host: "127.13.138.129" port: 41031 } } peers { permanent_uuid: "158892413df44654afc86399dd3ff00a" member_type: VOTER last_known_addr { host: "127.13.138.130" port: 46443 } }
I20260630 12:40:20.799557 17194 leader_election.cc:290] T abb4678a2b504ee18a386e3cf31e286d P 44382c0039574de2a1581cb187abd87b [CANDIDATE]: Term 1 pre-election: Requested pre-vote from peers 08f29212d5bb4e44a20dbe6402fdca47 (127.13.138.129:41031), 158892413df44654afc86399dd3ff00a (127.13.138.130:46443)
I20260630 12:40:20.800387 16833 tablet_service.cc:1917] Received RequestConsensusVote() RPC: tablet_id: "abb4678a2b504ee18a386e3cf31e286d" candidate_uuid: "44382c0039574de2a1581cb187abd87b" candidate_term: 1 candidate_status { last_received { term: 0 index: 0 } } ignore_live_leader: false dest_uuid: "08f29212d5bb4e44a20dbe6402fdca47" is_pre_election: true
I20260630 12:40:20.800571 16906 tablet_service.cc:1917] Received RequestConsensusVote() RPC: tablet_id: "abb4678a2b504ee18a386e3cf31e286d" candidate_uuid: "44382c0039574de2a1581cb187abd87b" candidate_term: 1 candidate_status { last_received { term: 0 index: 0 } } ignore_live_leader: false dest_uuid: "158892413df44654afc86399dd3ff00a" is_pre_election: true
I20260630 12:40:20.801347 16906 raft_consensus.cc:2393] T abb4678a2b504ee18a386e3cf31e286d P 158892413df44654afc86399dd3ff00a [term 1 FOLLOWER]: Leader pre-election vote request: Denying vote to candidate 44382c0039574de2a1581cb187abd87b in current term 1: Already voted for candidate 08f29212d5bb4e44a20dbe6402fdca47 in this term.
I20260630 12:40:20.802268 17112 leader_election.cc:304] T abb4678a2b504ee18a386e3cf31e286d P 44382c0039574de2a1581cb187abd87b [CANDIDATE]: Term 1 pre-election: Election decided. Result: candidate lost. Election summary: received 3 responses out of 3 voters: 1 yes votes; 2 no votes. yes voters: 44382c0039574de2a1581cb187abd87b; no voters: 08f29212d5bb4e44a20dbe6402fdca47, 158892413df44654afc86399dd3ff00a
I20260630 12:40:20.802868 17194 raft_consensus.cc:3060] T abb4678a2b504ee18a386e3cf31e286d P 44382c0039574de2a1581cb187abd87b [term 0 FOLLOWER]: Advancing to term 1
I20260630 12:40:20.807106 17194 raft_consensus.cc:2749] T abb4678a2b504ee18a386e3cf31e286d P 44382c0039574de2a1581cb187abd87b [term 1 FOLLOWER]: Leader pre-election lost for term 1. Reason: could not achieve majority
I20260630 12:40:20.864710 17061 consensus_queue.cc:1048] T fdea1d31037e448785cab868fd24e8ed P 08f29212d5bb4e44a20dbe6402fdca47 [LEADER]: Connected to new peer: Peer: permanent_uuid: "158892413df44654afc86399dd3ff00a" member_type: VOTER last_known_addr { host: "127.13.138.130" port: 46443 }, Status: LMP_MISMATCH, Last received: 0.0, Next index: 1, Last known committed idx: 0, Time since last communication: 0.000s
I20260630 12:40:20.874495 17145 raft_consensus.cc:3060] T fdea1d31037e448785cab868fd24e8ed P 44382c0039574de2a1581cb187abd87b [term 0 FOLLOWER]: Advancing to term 1
I20260630 12:40:20.881296 17215 consensus_queue.cc:1048] T fdea1d31037e448785cab868fd24e8ed P 08f29212d5bb4e44a20dbe6402fdca47 [LEADER]: Connected to new peer: Peer: permanent_uuid: "44382c0039574de2a1581cb187abd87b" member_type: VOTER last_known_addr { host: "127.13.138.132" port: 45221 }, Status: LMP_MISMATCH, Last received: 0.0, Next index: 1, Last known committed idx: 0, Time since last communication: 0.000s
I20260630 12:40:20.907892 17215 consensus_queue.cc:1048] T abb4678a2b504ee18a386e3cf31e286d P 08f29212d5bb4e44a20dbe6402fdca47 [LEADER]: Connected to new peer: Peer: permanent_uuid: "158892413df44654afc86399dd3ff00a" member_type: VOTER last_known_addr { host: "127.13.138.130" port: 46443 }, Status: LMP_MISMATCH, Last received: 0.0, Next index: 1, Last known committed idx: 0, Time since last communication: 0.000s
I20260630 12:40:20.917081 17061 consensus_queue.cc:1048] T abb4678a2b504ee18a386e3cf31e286d P 08f29212d5bb4e44a20dbe6402fdca47 [LEADER]: Connected to new peer: Peer: permanent_uuid: "44382c0039574de2a1581cb187abd87b" member_type: VOTER last_known_addr { host: "127.13.138.132" port: 45221 }, Status: LMP_MISMATCH, Last received: 0.0, Next index: 1, Last known committed idx: 0, Time since last communication: 0.000s
I20260630 12:40:20.950510 17194 raft_consensus.cc:493] T 94a0154ae4a1471396546c4c2ec0a998 P 44382c0039574de2a1581cb187abd87b [term 0 FOLLOWER]: Starting pre-election (no leader contacted us within the election timeout)
I20260630 12:40:20.951017 17194 raft_consensus.cc:515] T 94a0154ae4a1471396546c4c2ec0a998 P 44382c0039574de2a1581cb187abd87b [term 0 FOLLOWER]: Starting pre-election with config: opid_index: -1 OBSOLETE_local: false peers { permanent_uuid: "44382c0039574de2a1581cb187abd87b" member_type: VOTER last_known_addr { host: "127.13.138.132" port: 45221 } } peers { permanent_uuid: "81a5c439e56e451fa008fb32915cf820" member_type: VOTER last_known_addr { host: "127.13.138.131" port: 36585 } } peers { permanent_uuid: "08f29212d5bb4e44a20dbe6402fdca47" member_type: VOTER last_known_addr { host: "127.13.138.129" port: 41031 } }
I20260630 12:40:20.953130 17194 leader_election.cc:290] T 94a0154ae4a1471396546c4c2ec0a998 P 44382c0039574de2a1581cb187abd87b [CANDIDATE]: Term 1 pre-election: Requested pre-vote from peers 81a5c439e56e451fa008fb32915cf820 (127.13.138.131:36585), 08f29212d5bb4e44a20dbe6402fdca47 (127.13.138.129:41031)
I20260630 12:40:20.953871 16983 tablet_service.cc:1917] Received RequestConsensusVote() RPC: tablet_id: "94a0154ae4a1471396546c4c2ec0a998" candidate_uuid: "44382c0039574de2a1581cb187abd87b" candidate_term: 1 candidate_status { last_received { term: 0 index: 0 } } ignore_live_leader: false dest_uuid: "81a5c439e56e451fa008fb32915cf820" is_pre_election: true
I20260630 12:40:20.954083 16833 tablet_service.cc:1917] Received RequestConsensusVote() RPC: tablet_id: "94a0154ae4a1471396546c4c2ec0a998" candidate_uuid: "44382c0039574de2a1581cb187abd87b" candidate_term: 1 candidate_status { last_received { term: 0 index: 0 } } ignore_live_leader: false dest_uuid: "08f29212d5bb4e44a20dbe6402fdca47" is_pre_election: true
I20260630 12:40:20.954522 16983 raft_consensus.cc:2393] T 94a0154ae4a1471396546c4c2ec0a998 P 81a5c439e56e451fa008fb32915cf820 [term 1 FOLLOWER]: Leader pre-election vote request: Denying vote to candidate 44382c0039574de2a1581cb187abd87b in current term 1: Already voted for candidate 81a5c439e56e451fa008fb32915cf820 in this term.
I20260630 12:40:20.954787 16833 raft_consensus.cc:2393] T 94a0154ae4a1471396546c4c2ec0a998 P 08f29212d5bb4e44a20dbe6402fdca47 [term 1 FOLLOWER]: Leader pre-election vote request: Denying vote to candidate 44382c0039574de2a1581cb187abd87b in current term 1: Already voted for candidate 08f29212d5bb4e44a20dbe6402fdca47 in this term.
I20260630 12:40:20.955729 17112 leader_election.cc:304] T 94a0154ae4a1471396546c4c2ec0a998 P 44382c0039574de2a1581cb187abd87b [CANDIDATE]: Term 1 pre-election: Election decided. Result: candidate lost. Election summary: received 3 responses out of 3 voters: 1 yes votes; 2 no votes. yes voters: 44382c0039574de2a1581cb187abd87b; no voters: 08f29212d5bb4e44a20dbe6402fdca47, 81a5c439e56e451fa008fb32915cf820
I20260630 12:40:20.956393 17194 raft_consensus.cc:3060] T 94a0154ae4a1471396546c4c2ec0a998 P 44382c0039574de2a1581cb187abd87b [term 0 FOLLOWER]: Advancing to term 1
I20260630 12:40:20.960538 17194 raft_consensus.cc:2749] T 94a0154ae4a1471396546c4c2ec0a998 P 44382c0039574de2a1581cb187abd87b [term 1 FOLLOWER]: Leader pre-election lost for term 1. Reason: could not achieve majority
I20260630 12:40:21.035806 17145 raft_consensus.cc:3060] T 2950aacdc3004dafa597747e177f25f6 P 44382c0039574de2a1581cb187abd87b [term 0 FOLLOWER]: Advancing to term 1
I20260630 12:40:21.041355 17081 consensus_queue.cc:1048] T 2950aacdc3004dafa597747e177f25f6 P 81a5c439e56e451fa008fb32915cf820 [LEADER]: Connected to new peer: Peer: permanent_uuid: "44382c0039574de2a1581cb187abd87b" member_type: VOTER last_known_addr { host: "127.13.138.132" port: 45221 }, Status: LMP_MISMATCH, Last received: 0.0, Next index: 1, Last known committed idx: 0, Time since last communication: 0.000s
I20260630 12:40:21.053148 17252 consensus_queue.cc:1048] T 2950aacdc3004dafa597747e177f25f6 P 81a5c439e56e451fa008fb32915cf820 [LEADER]: Connected to new peer: Peer: permanent_uuid: "08f29212d5bb4e44a20dbe6402fdca47" member_type: VOTER last_known_addr { host: "127.13.138.129" port: 41031 }, Status: LMP_MISMATCH, Last received: 0.0, Next index: 1, Last known committed idx: 0, Time since last communication: 0.000s
I20260630 12:40:21.129582 17194 consensus_queue.cc:1048] T 44ed6f45881d4b148b40e149300235ed P 44382c0039574de2a1581cb187abd87b [LEADER]: Connected to new peer: Peer: permanent_uuid: "81a5c439e56e451fa008fb32915cf820" member_type: VOTER last_known_addr { host: "127.13.138.131" port: 36585 }, Status: LMP_MISMATCH, Last received: 0.0, Next index: 1, Last known committed idx: 0, Time since last communication: 0.000s
I20260630 12:40:21.139853 17194 consensus_queue.cc:1048] T 44ed6f45881d4b148b40e149300235ed P 44382c0039574de2a1581cb187abd87b [LEADER]: Connected to new peer: Peer: permanent_uuid: "08f29212d5bb4e44a20dbe6402fdca47" member_type: VOTER last_known_addr { host: "127.13.138.129" port: 41031 }, Status: LMP_MISMATCH, Last received: 0.0, Next index: 1, Last known committed idx: 0, Time since last communication: 0.000s
I20260630 12:40:21.149811 17194 consensus_queue.cc:1048] T 9b3915827a8d4e9da4302236b7aa8a1c P 44382c0039574de2a1581cb187abd87b [LEADER]: Connected to new peer: Peer: permanent_uuid: "158892413df44654afc86399dd3ff00a" member_type: VOTER last_known_addr { host: "127.13.138.130" port: 46443 }, Status: LMP_MISMATCH, Last received: 0.0, Next index: 1, Last known committed idx: 0, Time since last communication: 0.000s
I20260630 12:40:21.160614 17238 consensus_queue.cc:1048] T 9b3915827a8d4e9da4302236b7aa8a1c P 44382c0039574de2a1581cb187abd87b [LEADER]: Connected to new peer: Peer: permanent_uuid: "81a5c439e56e451fa008fb32915cf820" member_type: VOTER last_known_addr { host: "127.13.138.131" port: 36585 }, Status: LMP_MISMATCH, Last received: 0.0, Next index: 1, Last known committed idx: 0, Time since last communication: 0.000s
I20260630 12:40:21.202384 17077 consensus_queue.cc:1048] T 9864e9678b3c4a1089ecf465f2ebfc88 P 158892413df44654afc86399dd3ff00a [LEADER]: Connected to new peer: Peer: permanent_uuid: "08f29212d5bb4e44a20dbe6402fdca47" member_type: VOTER last_known_addr { host: "127.13.138.129" port: 41031 }, Status: LMP_MISMATCH, Last received: 0.0, Next index: 1, Last known committed idx: 0, Time since last communication: 0.000s
I20260630 12:40:21.213821 17259 consensus_queue.cc:1048] T 9864e9678b3c4a1089ecf465f2ebfc88 P 158892413df44654afc86399dd3ff00a [LEADER]: Connected to new peer: Peer: permanent_uuid: "44382c0039574de2a1581cb187abd87b" member_type: VOTER last_known_addr { host: "127.13.138.132" port: 45221 }, Status: LMP_MISMATCH, Last received: 0.0, Next index: 1, Last known committed idx: 0, Time since last communication: 0.001s
W20260630 12:40:21.267611 16780 auto_rebalancer.cc:298] Could not retrieve cluster info: Service unavailable: Tablet not running
W20260630 12:40:21.342799 16718 catalog_manager.cc:4810] Async tablet task AlterTable RPC for tablet 94a0154ae4a1471396546c4c2ec0a998 (table range_aware_rebalance_new_range [id=646b4b52a62f4718bbb358d64a4ae7ee], current schema version=0) failed: Not found: failed to reset TS proxy: No leader found: Tablet 94a0154ae4a1471396546c4c2ec0a998 consensus state has no leader
I20260630 12:40:22.223291 16785 auto_leader_rebalancer.cc:141] leader rebalance for table range_aware_rebalance_new_range
W20260630 12:40:22.226158 16785 auto_leader_rebalancer.cc:524] the master instance isn't leader: Service unavailable: Tablet not running
W20260630 12:40:22.271500 16780 auto_rebalancer.cc:298] Could not retrieve cluster info: Service unavailable: Tablet not running
I20260630 12:40:22.492952 17091 raft_consensus.cc:493] T 94a0154ae4a1471396546c4c2ec0a998 P 08f29212d5bb4e44a20dbe6402fdca47 [term 1 FOLLOWER]: Starting pre-election (no leader contacted us within the election timeout)
I20260630 12:40:22.493505 17091 raft_consensus.cc:515] T 94a0154ae4a1471396546c4c2ec0a998 P 08f29212d5bb4e44a20dbe6402fdca47 [term 1 FOLLOWER]: Starting pre-election with config: opid_index: -1 OBSOLETE_local: false peers { permanent_uuid: "44382c0039574de2a1581cb187abd87b" member_type: VOTER last_known_addr { host: "127.13.138.132" port: 45221 } } peers { permanent_uuid: "81a5c439e56e451fa008fb32915cf820" member_type: VOTER last_known_addr { host: "127.13.138.131" port: 36585 } } peers { permanent_uuid: "08f29212d5bb4e44a20dbe6402fdca47" member_type: VOTER last_known_addr { host: "127.13.138.129" port: 41031 } }
I20260630 12:40:22.495147 17091 leader_election.cc:290] T 94a0154ae4a1471396546c4c2ec0a998 P 08f29212d5bb4e44a20dbe6402fdca47 [CANDIDATE]: Term 2 pre-election: Requested pre-vote from peers 44382c0039574de2a1581cb187abd87b (127.13.138.132:45221), 81a5c439e56e451fa008fb32915cf820 (127.13.138.131:36585)
I20260630 12:40:22.495997 17145 tablet_service.cc:1917] Received RequestConsensusVote() RPC: tablet_id: "94a0154ae4a1471396546c4c2ec0a998" candidate_uuid: "08f29212d5bb4e44a20dbe6402fdca47" candidate_term: 2 candidate_status { last_received { term: 0 index: 0 } } ignore_live_leader: false dest_uuid: "44382c0039574de2a1581cb187abd87b" is_pre_election: true
I20260630 12:40:22.496170 16983 tablet_service.cc:1917] Received RequestConsensusVote() RPC: tablet_id: "94a0154ae4a1471396546c4c2ec0a998" candidate_uuid: "08f29212d5bb4e44a20dbe6402fdca47" candidate_term: 2 candidate_status { last_received { term: 0 index: 0 } } ignore_live_leader: false dest_uuid: "81a5c439e56e451fa008fb32915cf820" is_pre_election: true
I20260630 12:40:22.496634 17145 raft_consensus.cc:2468] T 94a0154ae4a1471396546c4c2ec0a998 P 44382c0039574de2a1581cb187abd87b [term 1 FOLLOWER]: Leader pre-election vote request: Granting yes vote for candidate 08f29212d5bb4e44a20dbe6402fdca47 in term 1.
I20260630 12:40:22.496697 16983 raft_consensus.cc:2468] T 94a0154ae4a1471396546c4c2ec0a998 P 81a5c439e56e451fa008fb32915cf820 [term 1 FOLLOWER]: Leader pre-election vote request: Granting yes vote for candidate 08f29212d5bb4e44a20dbe6402fdca47 in term 1.
I20260630 12:40:22.497864 16798 leader_election.cc:304] T 94a0154ae4a1471396546c4c2ec0a998 P 08f29212d5bb4e44a20dbe6402fdca47 [CANDIDATE]: Term 2 pre-election: Election decided. Result: candidate won. Election summary: received 2 responses out of 3 voters: 2 yes votes; 0 no votes. yes voters: 08f29212d5bb4e44a20dbe6402fdca47, 81a5c439e56e451fa008fb32915cf820; no voters: 
I20260630 12:40:22.498447 17091 raft_consensus.cc:2804] T 94a0154ae4a1471396546c4c2ec0a998 P 08f29212d5bb4e44a20dbe6402fdca47 [term 1 FOLLOWER]: Leader pre-election won for term 2
I20260630 12:40:22.498843 17091 raft_consensus.cc:493] T 94a0154ae4a1471396546c4c2ec0a998 P 08f29212d5bb4e44a20dbe6402fdca47 [term 1 FOLLOWER]: Starting leader election (no leader contacted us within the election timeout)
I20260630 12:40:22.499125 17091 raft_consensus.cc:3060] T 94a0154ae4a1471396546c4c2ec0a998 P 08f29212d5bb4e44a20dbe6402fdca47 [term 1 FOLLOWER]: Advancing to term 2
I20260630 12:40:22.503494 17091 raft_consensus.cc:515] T 94a0154ae4a1471396546c4c2ec0a998 P 08f29212d5bb4e44a20dbe6402fdca47 [term 2 FOLLOWER]: Starting leader election with config: opid_index: -1 OBSOLETE_local: false peers { permanent_uuid: "44382c0039574de2a1581cb187abd87b" member_type: VOTER last_known_addr { host: "127.13.138.132" port: 45221 } } peers { permanent_uuid: "81a5c439e56e451fa008fb32915cf820" member_type: VOTER last_known_addr { host: "127.13.138.131" port: 36585 } } peers { permanent_uuid: "08f29212d5bb4e44a20dbe6402fdca47" member_type: VOTER last_known_addr { host: "127.13.138.129" port: 41031 } }
I20260630 12:40:22.505105 17091 leader_election.cc:290] T 94a0154ae4a1471396546c4c2ec0a998 P 08f29212d5bb4e44a20dbe6402fdca47 [CANDIDATE]: Term 2 election: Requested vote from peers 44382c0039574de2a1581cb187abd87b (127.13.138.132:45221), 81a5c439e56e451fa008fb32915cf820 (127.13.138.131:36585)
I20260630 12:40:22.505744 17145 tablet_service.cc:1917] Received RequestConsensusVote() RPC: tablet_id: "94a0154ae4a1471396546c4c2ec0a998" candidate_uuid: "08f29212d5bb4e44a20dbe6402fdca47" candidate_term: 2 candidate_status { last_received { term: 0 index: 0 } } ignore_live_leader: false dest_uuid: "44382c0039574de2a1581cb187abd87b"
I20260630 12:40:22.506084 16983 tablet_service.cc:1917] Received RequestConsensusVote() RPC: tablet_id: "94a0154ae4a1471396546c4c2ec0a998" candidate_uuid: "08f29212d5bb4e44a20dbe6402fdca47" candidate_term: 2 candidate_status { last_received { term: 0 index: 0 } } ignore_live_leader: false dest_uuid: "81a5c439e56e451fa008fb32915cf820"
I20260630 12:40:22.506281 17145 raft_consensus.cc:3060] T 94a0154ae4a1471396546c4c2ec0a998 P 44382c0039574de2a1581cb187abd87b [term 1 FOLLOWER]: Advancing to term 2
I20260630 12:40:22.506660 16983 raft_consensus.cc:3060] T 94a0154ae4a1471396546c4c2ec0a998 P 81a5c439e56e451fa008fb32915cf820 [term 1 FOLLOWER]: Advancing to term 2
I20260630 12:40:22.510715 17145 raft_consensus.cc:2468] T 94a0154ae4a1471396546c4c2ec0a998 P 44382c0039574de2a1581cb187abd87b [term 2 FOLLOWER]: Leader election vote request: Granting yes vote for candidate 08f29212d5bb4e44a20dbe6402fdca47 in term 2.
I20260630 12:40:22.511646 16799 leader_election.cc:304] T 94a0154ae4a1471396546c4c2ec0a998 P 08f29212d5bb4e44a20dbe6402fdca47 [CANDIDATE]: Term 2 election: Election decided. Result: candidate won. Election summary: received 2 responses out of 3 voters: 2 yes votes; 0 no votes. yes voters: 08f29212d5bb4e44a20dbe6402fdca47, 44382c0039574de2a1581cb187abd87b; no voters: 
I20260630 12:40:22.511708 16983 raft_consensus.cc:2468] T 94a0154ae4a1471396546c4c2ec0a998 P 81a5c439e56e451fa008fb32915cf820 [term 2 FOLLOWER]: Leader election vote request: Granting yes vote for candidate 08f29212d5bb4e44a20dbe6402fdca47 in term 2.
I20260630 12:40:22.512393 17091 raft_consensus.cc:2804] T 94a0154ae4a1471396546c4c2ec0a998 P 08f29212d5bb4e44a20dbe6402fdca47 [term 2 FOLLOWER]: Leader election won for term 2
I20260630 12:40:22.513257 17091 raft_consensus.cc:697] T 94a0154ae4a1471396546c4c2ec0a998 P 08f29212d5bb4e44a20dbe6402fdca47 [term 2 LEADER]: Becoming Leader. State: Replica: 08f29212d5bb4e44a20dbe6402fdca47, State: Running, Role: LEADER
I20260630 12:40:22.513875 17091 consensus_queue.cc:237] T 94a0154ae4a1471396546c4c2ec0a998 P 08f29212d5bb4e44a20dbe6402fdca47 [LEADER]: Queue going to LEADER mode. State: All replicated index: 0, Majority replicated index: 0, Committed index: 0, Last appended: 0.0, Last appended by leader: 0, Current term: 2, Majority size: 2, State: 0, Mode: LEADER, active raft config: opid_index: -1 OBSOLETE_local: false peers { permanent_uuid: "44382c0039574de2a1581cb187abd87b" member_type: VOTER last_known_addr { host: "127.13.138.132" port: 45221 } } peers { permanent_uuid: "81a5c439e56e451fa008fb32915cf820" member_type: VOTER last_known_addr { host: "127.13.138.131" port: 36585 } } peers { permanent_uuid: "08f29212d5bb4e44a20dbe6402fdca47" member_type: VOTER last_known_addr { host: "127.13.138.129" port: 41031 } }
I20260630 12:40:22.519734 16730 catalog_manager.cc:5697] T 94a0154ae4a1471396546c4c2ec0a998 P 08f29212d5bb4e44a20dbe6402fdca47 reported cstate change: term changed from 0 to 2, leader changed from <none> to 08f29212d5bb4e44a20dbe6402fdca47 (127.13.138.129). New cstate: current_term: 2 leader_uuid: "08f29212d5bb4e44a20dbe6402fdca47" committed_config { opid_index: -1 OBSOLETE_local: false peers { permanent_uuid: "44382c0039574de2a1581cb187abd87b" member_type: VOTER last_known_addr { host: "127.13.138.132" port: 45221 } health_report { overall_health: UNKNOWN } } peers { permanent_uuid: "81a5c439e56e451fa008fb32915cf820" member_type: VOTER last_known_addr { host: "127.13.138.131" port: 36585 } health_report { overall_health: UNKNOWN } } peers { permanent_uuid: "08f29212d5bb4e44a20dbe6402fdca47" member_type: VOTER last_known_addr { host: "127.13.138.129" port: 41031 } health_report { overall_health: HEALTHY } } }
I20260630 12:40:22.947849 16983 raft_consensus.cc:1275] T 94a0154ae4a1471396546c4c2ec0a998 P 81a5c439e56e451fa008fb32915cf820 [term 2 FOLLOWER]: Refusing update from remote peer 08f29212d5bb4e44a20dbe6402fdca47: Log matching property violated. Preceding OpId in replica: term: 0 index: 0. Preceding OpId from leader: term: 2 index: 1. (index mismatch)
I20260630 12:40:22.949011 17091 consensus_queue.cc:1048] T 94a0154ae4a1471396546c4c2ec0a998 P 08f29212d5bb4e44a20dbe6402fdca47 [LEADER]: Connected to new peer: Peer: permanent_uuid: "81a5c439e56e451fa008fb32915cf820" member_type: VOTER last_known_addr { host: "127.13.138.131" port: 36585 }, Status: LMP_MISMATCH, Last received: 0.0, Next index: 1, Last known committed idx: 0, Time since last communication: 0.000s
I20260630 12:40:22.962390 17145 raft_consensus.cc:1275] T 94a0154ae4a1471396546c4c2ec0a998 P 44382c0039574de2a1581cb187abd87b [term 2 FOLLOWER]: Refusing update from remote peer 08f29212d5bb4e44a20dbe6402fdca47: Log matching property violated. Preceding OpId in replica: term: 0 index: 0. Preceding OpId from leader: term: 2 index: 1. (index mismatch)
I20260630 12:40:22.971837 17265 consensus_queue.cc:1048] T 94a0154ae4a1471396546c4c2ec0a998 P 08f29212d5bb4e44a20dbe6402fdca47 [LEADER]: Connected to new peer: Peer: permanent_uuid: "44382c0039574de2a1581cb187abd87b" member_type: VOTER last_known_addr { host: "127.13.138.132" port: 45221 }, Status: LMP_MISMATCH, Last received: 0.0, Next index: 1, Last known committed idx: 0, Time since last communication: 0.000s
I20260630 12:40:23.308518 16907 consensus_queue.cc:237] T 1bb98727555a43a984eda084132fe392 P 158892413df44654afc86399dd3ff00a [LEADER]: Queue going to LEADER mode. State: All replicated index: 0, Majority replicated index: 1, Committed index: 1, Last appended: 1.1, Last appended by leader: 0, Current term: 1, Majority size: 2, State: 0, Mode: LEADER, active raft config: opid_index: 2 OBSOLETE_local: false peers { permanent_uuid: "158892413df44654afc86399dd3ff00a" member_type: VOTER last_known_addr { host: "127.13.138.130" port: 46443 } } peers { permanent_uuid: "08f29212d5bb4e44a20dbe6402fdca47" member_type: VOTER last_known_addr { host: "127.13.138.129" port: 41031 } attrs { replace: true } } peers { permanent_uuid: "81a5c439e56e451fa008fb32915cf820" member_type: VOTER last_known_addr { host: "127.13.138.131" port: 36585 } } peers { permanent_uuid: "44382c0039574de2a1581cb187abd87b" member_type: NON_VOTER last_known_addr { host: "127.13.138.132" port: 45221 } attrs { promote: true } }
I20260630 12:40:23.314558 16983 raft_consensus.cc:1275] T 1bb98727555a43a984eda084132fe392 P 81a5c439e56e451fa008fb32915cf820 [term 1 FOLLOWER]: Refusing update from remote peer 158892413df44654afc86399dd3ff00a: Log matching property violated. Preceding OpId in replica: term: 1 index: 1. Preceding OpId from leader: term: 1 index: 2. (index mismatch)
I20260630 12:40:23.314754 16833 raft_consensus.cc:1275] T 1bb98727555a43a984eda084132fe392 P 08f29212d5bb4e44a20dbe6402fdca47 [term 1 FOLLOWER]: Refusing update from remote peer 158892413df44654afc86399dd3ff00a: Log matching property violated. Preceding OpId in replica: term: 1 index: 1. Preceding OpId from leader: term: 1 index: 2. (index mismatch)
W20260630 12:40:23.314894 16874 consensus_peers.cc:597] T 1bb98727555a43a984eda084132fe392 P 158892413df44654afc86399dd3ff00a -> Peer 44382c0039574de2a1581cb187abd87b (127.13.138.132:45221): Couldn't send request to peer 44382c0039574de2a1581cb187abd87b. Error code: TABLET_NOT_FOUND (6). Status: Not found: Tablet not found: 1bb98727555a43a984eda084132fe392. This is attempt 1: this message will repeat every 5th retry.
I20260630 12:40:23.315991 17283 consensus_queue.cc:1048] T 1bb98727555a43a984eda084132fe392 P 158892413df44654afc86399dd3ff00a [LEADER]: Connected to new peer: Peer: permanent_uuid: "81a5c439e56e451fa008fb32915cf820" member_type: VOTER last_known_addr { host: "127.13.138.131" port: 36585 }, Status: LMP_MISMATCH, Last received: 0.0, Next index: 2, Last known committed idx: 1, Time since last communication: 0.000s
I20260630 12:40:23.316813 17271 consensus_queue.cc:1048] T 1bb98727555a43a984eda084132fe392 P 158892413df44654afc86399dd3ff00a [LEADER]: Connected to new peer: Peer: permanent_uuid: "08f29212d5bb4e44a20dbe6402fdca47" member_type: VOTER last_known_addr { host: "127.13.138.129" port: 41031 } attrs { replace: true }, Status: LMP_MISMATCH, Last received: 0.0, Next index: 2, Last known committed idx: 1, Time since last communication: 0.000s
I20260630 12:40:23.324332 17259 raft_consensus.cc:2955] T 1bb98727555a43a984eda084132fe392 P 158892413df44654afc86399dd3ff00a [term 1 LEADER]: Committing config change with OpId 1.2: config changed from index -1 to 2, NON_VOTER 44382c0039574de2a1581cb187abd87b (127.13.138.132) added. New config: { opid_index: 2 OBSOLETE_local: false peers { permanent_uuid: "158892413df44654afc86399dd3ff00a" member_type: VOTER last_known_addr { host: "127.13.138.130" port: 46443 } } peers { permanent_uuid: "08f29212d5bb4e44a20dbe6402fdca47" member_type: VOTER last_known_addr { host: "127.13.138.129" port: 41031 } attrs { replace: true } } peers { permanent_uuid: "81a5c439e56e451fa008fb32915cf820" member_type: VOTER last_known_addr { host: "127.13.138.131" port: 36585 } } peers { permanent_uuid: "44382c0039574de2a1581cb187abd87b" member_type: NON_VOTER last_known_addr { host: "127.13.138.132" port: 45221 } attrs { promote: true } } }
I20260630 12:40:23.325829 16983 raft_consensus.cc:2955] T 1bb98727555a43a984eda084132fe392 P 81a5c439e56e451fa008fb32915cf820 [term 1 FOLLOWER]: Committing config change with OpId 1.2: config changed from index -1 to 2, NON_VOTER 44382c0039574de2a1581cb187abd87b (127.13.138.132) added. New config: { opid_index: 2 OBSOLETE_local: false peers { permanent_uuid: "158892413df44654afc86399dd3ff00a" member_type: VOTER last_known_addr { host: "127.13.138.130" port: 46443 } } peers { permanent_uuid: "08f29212d5bb4e44a20dbe6402fdca47" member_type: VOTER last_known_addr { host: "127.13.138.129" port: 41031 } attrs { replace: true } } peers { permanent_uuid: "81a5c439e56e451fa008fb32915cf820" member_type: VOTER last_known_addr { host: "127.13.138.131" port: 36585 } } peers { permanent_uuid: "44382c0039574de2a1581cb187abd87b" member_type: NON_VOTER last_known_addr { host: "127.13.138.132" port: 45221 } attrs { promote: true } } }
I20260630 12:40:23.329308 16833 raft_consensus.cc:2955] T 1bb98727555a43a984eda084132fe392 P 08f29212d5bb4e44a20dbe6402fdca47 [term 1 FOLLOWER]: Committing config change with OpId 1.2: config changed from index -1 to 2, NON_VOTER 44382c0039574de2a1581cb187abd87b (127.13.138.132) added. New config: { opid_index: 2 OBSOLETE_local: false peers { permanent_uuid: "158892413df44654afc86399dd3ff00a" member_type: VOTER last_known_addr { host: "127.13.138.130" port: 46443 } } peers { permanent_uuid: "08f29212d5bb4e44a20dbe6402fdca47" member_type: VOTER last_known_addr { host: "127.13.138.129" port: 41031 } attrs { replace: true } } peers { permanent_uuid: "81a5c439e56e451fa008fb32915cf820" member_type: VOTER last_known_addr { host: "127.13.138.131" port: 36585 } } peers { permanent_uuid: "44382c0039574de2a1581cb187abd87b" member_type: NON_VOTER last_known_addr { host: "127.13.138.132" port: 45221 } attrs { promote: true } } }
I20260630 12:40:23.336688 16729 catalog_manager.cc:5697] T 1bb98727555a43a984eda084132fe392 P 158892413df44654afc86399dd3ff00a reported cstate change: config changed from index -1 to 2, NON_VOTER 44382c0039574de2a1581cb187abd87b (127.13.138.132) added. New cstate: current_term: 1 leader_uuid: "158892413df44654afc86399dd3ff00a" committed_config { opid_index: 2 OBSOLETE_local: false peers { permanent_uuid: "158892413df44654afc86399dd3ff00a" member_type: VOTER last_known_addr { host: "127.13.138.130" port: 46443 } health_report { overall_health: HEALTHY } } peers { permanent_uuid: "08f29212d5bb4e44a20dbe6402fdca47" member_type: VOTER last_known_addr { host: "127.13.138.129" port: 41031 } attrs { replace: true } health_report { overall_health: HEALTHY } } peers { permanent_uuid: "81a5c439e56e451fa008fb32915cf820" member_type: VOTER last_known_addr { host: "127.13.138.131" port: 36585 } health_report { overall_health: HEALTHY } } peers { permanent_uuid: "44382c0039574de2a1581cb187abd87b" member_type: NON_VOTER last_known_addr { host: "127.13.138.132" port: 45221 } attrs { promote: true } health_report { overall_health: UNKNOWN } } }
I20260630 12:40:23.352527 16833 consensus_queue.cc:237] T d34ee5a472994dc28bf86237ccb625d2 P 08f29212d5bb4e44a20dbe6402fdca47 [LEADER]: Queue going to LEADER mode. State: All replicated index: 0, Majority replicated index: 1, Committed index: 1, Last appended: 1.1, Last appended by leader: 0, Current term: 1, Majority size: 2, State: 0, Mode: LEADER, active raft config: opid_index: 2 OBSOLETE_local: false peers { permanent_uuid: "158892413df44654afc86399dd3ff00a" member_type: VOTER last_known_addr { host: "127.13.138.130" port: 46443 } } peers { permanent_uuid: "08f29212d5bb4e44a20dbe6402fdca47" member_type: VOTER last_known_addr { host: "127.13.138.129" port: 41031 } } peers { permanent_uuid: "81a5c439e56e451fa008fb32915cf820" member_type: VOTER last_known_addr { host: "127.13.138.131" port: 36585 } attrs { replace: true } } peers { permanent_uuid: "44382c0039574de2a1581cb187abd87b" member_type: NON_VOTER last_known_addr { host: "127.13.138.132" port: 45221 } attrs { promote: true } }
I20260630 12:40:23.358927 16983 raft_consensus.cc:1275] T d34ee5a472994dc28bf86237ccb625d2 P 81a5c439e56e451fa008fb32915cf820 [term 1 FOLLOWER]: Refusing update from remote peer 08f29212d5bb4e44a20dbe6402fdca47: Log matching property violated. Preceding OpId in replica: term: 1 index: 1. Preceding OpId from leader: term: 1 index: 2. (index mismatch)
I20260630 12:40:23.360344 17274 consensus_queue.cc:1048] T d34ee5a472994dc28bf86237ccb625d2 P 08f29212d5bb4e44a20dbe6402fdca47 [LEADER]: Connected to new peer: Peer: permanent_uuid: "81a5c439e56e451fa008fb32915cf820" member_type: VOTER last_known_addr { host: "127.13.138.131" port: 36585 } attrs { replace: true }, Status: LMP_MISMATCH, Last received: 0.0, Next index: 2, Last known committed idx: 1, Time since last communication: 0.000s
I20260630 12:40:23.360682 16907 raft_consensus.cc:1275] T d34ee5a472994dc28bf86237ccb625d2 P 158892413df44654afc86399dd3ff00a [term 1 FOLLOWER]: Refusing update from remote peer 08f29212d5bb4e44a20dbe6402fdca47: Log matching property violated. Preceding OpId in replica: term: 1 index: 1. Preceding OpId from leader: term: 1 index: 2. (index mismatch)
W20260630 12:40:23.362317 16799 consensus_peers.cc:597] T d34ee5a472994dc28bf86237ccb625d2 P 08f29212d5bb4e44a20dbe6402fdca47 -> Peer 44382c0039574de2a1581cb187abd87b (127.13.138.132:45221): Couldn't send request to peer 44382c0039574de2a1581cb187abd87b. Error code: TABLET_NOT_FOUND (6). Status: Not found: Tablet not found: d34ee5a472994dc28bf86237ccb625d2. This is attempt 1: this message will repeat every 5th retry.
I20260630 12:40:23.363101 17274 consensus_queue.cc:1048] T d34ee5a472994dc28bf86237ccb625d2 P 08f29212d5bb4e44a20dbe6402fdca47 [LEADER]: Connected to new peer: Peer: permanent_uuid: "158892413df44654afc86399dd3ff00a" member_type: VOTER last_known_addr { host: "127.13.138.130" port: 46443 }, Status: LMP_MISMATCH, Last received: 0.0, Next index: 2, Last known committed idx: 1, Time since last communication: 0.000s
I20260630 12:40:23.368321 17091 raft_consensus.cc:2955] T d34ee5a472994dc28bf86237ccb625d2 P 08f29212d5bb4e44a20dbe6402fdca47 [term 1 LEADER]: Committing config change with OpId 1.2: config changed from index -1 to 2, NON_VOTER 44382c0039574de2a1581cb187abd87b (127.13.138.132) added. New config: { opid_index: 2 OBSOLETE_local: false peers { permanent_uuid: "158892413df44654afc86399dd3ff00a" member_type: VOTER last_known_addr { host: "127.13.138.130" port: 46443 } } peers { permanent_uuid: "08f29212d5bb4e44a20dbe6402fdca47" member_type: VOTER last_known_addr { host: "127.13.138.129" port: 41031 } } peers { permanent_uuid: "81a5c439e56e451fa008fb32915cf820" member_type: VOTER last_known_addr { host: "127.13.138.131" port: 36585 } attrs { replace: true } } peers { permanent_uuid: "44382c0039574de2a1581cb187abd87b" member_type: NON_VOTER last_known_addr { host: "127.13.138.132" port: 45221 } attrs { promote: true } } }
