I20260630 12:40:14.870182 16832 raft_consensus.cc:515] T 76e4031807764ed6ad2b76fada353a3e P 8e05bb1b90654827b2c3d8fb3c46e821 [term 1 FOLLOWER]: Starting leader election with config: opid_index: -1 OBSOLETE_local: false peers { permanent_uuid: "82df401f64f644b79064a85e6106993a" member_type: VOTER last_known_addr { host: "127.13.173.193" port: 43065 } } peers { permanent_uuid: "8e05bb1b90654827b2c3d8fb3c46e821" member_type: VOTER last_known_addr { host: "127.13.173.194" port: 32941 } } peers { permanent_uuid: "afb633a8b2ee44559cb634bca359912b" member_type: VOTER last_known_addr { host: "127.13.173.195" port: 40235 } }
I20260630 12:40:14.871074 16829 consensus_queue.cc:237] T 3df2e4687ffc4a93bdb0d404b191cd9e P afb633a8b2ee44559cb634bca359912b [LEADER]: Queue going to LEADER mode. State: All replicated index: 0, Majority replicated index: 0, Committed index: 0, Last appended: 0.0, Last appended by leader: 0, Current term: 1, Majority size: 2, State: 0, Mode: LEADER, active raft config: opid_index: -1 OBSOLETE_local: false peers { permanent_uuid: "82df401f64f644b79064a85e6106993a" member_type: VOTER last_known_addr { host: "127.13.173.193" port: 43065 } } peers { permanent_uuid: "8e05bb1b90654827b2c3d8fb3c46e821" member_type: VOTER last_known_addr { host: "127.13.173.194" port: 32941 } } peers { permanent_uuid: "afb633a8b2ee44559cb634bca359912b" member_type: VOTER last_known_addr { host: "127.13.173.195" port: 40235 } }
I20260630 12:40:14.871660 16778 tablet_service.cc:1917] Received RequestConsensusVote() RPC: tablet_id: "76e4031807764ed6ad2b76fada353a3e" candidate_uuid: "8e05bb1b90654827b2c3d8fb3c46e821" candidate_term: 1 candidate_status { last_received { term: 0 index: 0 } } ignore_live_leader: false dest_uuid: "afb633a8b2ee44559cb634bca359912b" is_pre_election: true
I20260630 12:40:14.872295 16778 raft_consensus.cc:2468] T 76e4031807764ed6ad2b76fada353a3e P afb633a8b2ee44559cb634bca359912b [term 0 FOLLOWER]: Leader pre-election vote request: Granting yes vote for candidate 8e05bb1b90654827b2c3d8fb3c46e821 in term 0.
I20260630 12:40:14.873284 16832 leader_election.cc:290] T 76e4031807764ed6ad2b76fada353a3e P 8e05bb1b90654827b2c3d8fb3c46e821 [CANDIDATE]: Term 1 election: Requested vote from peers 82df401f64f644b79064a85e6106993a (127.13.173.193:43065), afb633a8b2ee44559cb634bca359912b (127.13.173.195:40235)
I20260630 12:40:14.874022 16629 tablet_service.cc:1917] Received RequestConsensusVote() RPC: tablet_id: "76e4031807764ed6ad2b76fada353a3e" candidate_uuid: "8e05bb1b90654827b2c3d8fb3c46e821" candidate_term: 1 candidate_status { last_received { term: 0 index: 0 } } ignore_live_leader: false dest_uuid: "82df401f64f644b79064a85e6106993a"
I20260630 12:40:14.874240 16778 tablet_service.cc:1917] Received RequestConsensusVote() RPC: tablet_id: "76e4031807764ed6ad2b76fada353a3e" candidate_uuid: "8e05bb1b90654827b2c3d8fb3c46e821" candidate_term: 1 candidate_status { last_received { term: 0 index: 0 } } ignore_live_leader: false dest_uuid: "afb633a8b2ee44559cb634bca359912b"
I20260630 12:40:14.874567 16629 raft_consensus.cc:3060] T 76e4031807764ed6ad2b76fada353a3e P 82df401f64f644b79064a85e6106993a [term 0 FOLLOWER]: Advancing to term 1
I20260630 12:40:14.874738 16778 raft_consensus.cc:3060] T 76e4031807764ed6ad2b76fada353a3e P afb633a8b2ee44559cb634bca359912b [term 0 FOLLOWER]: Advancing to term 1
I20260630 12:40:14.880957 16629 raft_consensus.cc:2468] T 76e4031807764ed6ad2b76fada353a3e P 82df401f64f644b79064a85e6106993a [term 1 FOLLOWER]: Leader election vote request: Granting yes vote for candidate 8e05bb1b90654827b2c3d8fb3c46e821 in term 1.
I20260630 12:40:14.881346 16778 raft_consensus.cc:2468] T 76e4031807764ed6ad2b76fada353a3e P afb633a8b2ee44559cb634bca359912b [term 1 FOLLOWER]: Leader election vote request: Granting yes vote for candidate 8e05bb1b90654827b2c3d8fb3c46e821 in term 1.
I20260630 12:40:14.882076 16669 leader_election.cc:304] T 76e4031807764ed6ad2b76fada353a3e P 8e05bb1b90654827b2c3d8fb3c46e821 [CANDIDATE]: Term 1 election: Election decided. Result: candidate won. Election summary: received 2 responses out of 3 voters: 2 yes votes; 0 no votes. yes voters: 82df401f64f644b79064a85e6106993a, 8e05bb1b90654827b2c3d8fb3c46e821; no voters: 
I20260630 12:40:14.883123 16832 raft_consensus.cc:2804] T 76e4031807764ed6ad2b76fada353a3e P 8e05bb1b90654827b2c3d8fb3c46e821 [term 1 FOLLOWER]: Leader election won for term 1
I20260630 12:40:14.884522 16832 raft_consensus.cc:697] T 76e4031807764ed6ad2b76fada353a3e P 8e05bb1b90654827b2c3d8fb3c46e821 [term 1 LEADER]: Becoming Leader. State: Replica: 8e05bb1b90654827b2c3d8fb3c46e821, State: Running, Role: LEADER
I20260630 12:40:14.885306 16832 consensus_queue.cc:237] T 76e4031807764ed6ad2b76fada353a3e P 8e05bb1b90654827b2c3d8fb3c46e821 [LEADER]: Queue going to LEADER mode. State: All replicated index: 0, Majority replicated index: 0, Committed index: 0, Last appended: 0.0, Last appended by leader: 0, Current term: 1, Majority size: 2, State: 0, Mode: LEADER, active raft config: opid_index: -1 OBSOLETE_local: false peers { permanent_uuid: "82df401f64f644b79064a85e6106993a" member_type: VOTER last_known_addr { host: "127.13.173.193" port: 43065 } } peers { permanent_uuid: "8e05bb1b90654827b2c3d8fb3c46e821" member_type: VOTER last_known_addr { host: "127.13.173.194" port: 32941 } } peers { permanent_uuid: "afb633a8b2ee44559cb634bca359912b" member_type: VOTER last_known_addr { host: "127.13.173.195" port: 40235 } }
I20260630 12:40:14.894136 16525 catalog_manager.cc:5697] T 76e4031807764ed6ad2b76fada353a3e P 8e05bb1b90654827b2c3d8fb3c46e821 reported cstate change: term changed from 0 to 1, leader changed from <none> to 8e05bb1b90654827b2c3d8fb3c46e821 (127.13.173.194). New cstate: current_term: 1 leader_uuid: "8e05bb1b90654827b2c3d8fb3c46e821" committed_config { opid_index: -1 OBSOLETE_local: false peers { permanent_uuid: "82df401f64f644b79064a85e6106993a" member_type: VOTER last_known_addr { host: "127.13.173.193" port: 43065 } health_report { overall_health: UNKNOWN } } peers { permanent_uuid: "8e05bb1b90654827b2c3d8fb3c46e821" member_type: VOTER last_known_addr { host: "127.13.173.194" port: 32941 } health_report { overall_health: HEALTHY } } peers { permanent_uuid: "afb633a8b2ee44559cb634bca359912b" member_type: VOTER last_known_addr { host: "127.13.173.195" port: 40235 } health_report { overall_health: UNKNOWN } } }
I20260630 12:40:14.895246 16527 catalog_manager.cc:5697] T 3df2e4687ffc4a93bdb0d404b191cd9e P afb633a8b2ee44559cb634bca359912b reported cstate change: term changed from 0 to 1, leader changed from <none> to afb633a8b2ee44559cb634bca359912b (127.13.173.195). New cstate: current_term: 1 leader_uuid: "afb633a8b2ee44559cb634bca359912b" committed_config { opid_index: -1 OBSOLETE_local: false peers { permanent_uuid: "82df401f64f644b79064a85e6106993a" member_type: VOTER last_known_addr { host: "127.13.173.193" port: 43065 } health_report { overall_health: UNKNOWN } } peers { permanent_uuid: "8e05bb1b90654827b2c3d8fb3c46e821" member_type: VOTER last_known_addr { host: "127.13.173.194" port: 32941 } health_report { overall_health: UNKNOWN } } peers { permanent_uuid: "afb633a8b2ee44559cb634bca359912b" member_type: VOTER last_known_addr { host: "127.13.173.195" port: 40235 } health_report { overall_health: HEALTHY } } }
I20260630 12:40:14.899360 16829 raft_consensus.cc:493] T ca9ed43a675b42a59e2e031e79727a59 P afb633a8b2ee44559cb634bca359912b [term 0 FOLLOWER]: Starting pre-election (no leader contacted us within the election timeout)
I20260630 12:40:14.899777 16829 raft_consensus.cc:515] T ca9ed43a675b42a59e2e031e79727a59 P afb633a8b2ee44559cb634bca359912b [term 0 FOLLOWER]: Starting pre-election with config: opid_index: -1 OBSOLETE_local: false peers { permanent_uuid: "afb633a8b2ee44559cb634bca359912b" member_type: VOTER last_known_addr { host: "127.13.173.195" port: 40235 } } peers { permanent_uuid: "8e05bb1b90654827b2c3d8fb3c46e821" member_type: VOTER last_known_addr { host: "127.13.173.194" port: 32941 } } peers { permanent_uuid: "82df401f64f644b79064a85e6106993a" member_type: VOTER last_known_addr { host: "127.13.173.193" port: 43065 } }
I20260630 12:40:14.902176 16704 tablet_service.cc:1917] Received RequestConsensusVote() RPC: tablet_id: "ca9ed43a675b42a59e2e031e79727a59" candidate_uuid: "afb633a8b2ee44559cb634bca359912b" candidate_term: 1 candidate_status { last_received { term: 0 index: 0 } } ignore_live_leader: false dest_uuid: "8e05bb1b90654827b2c3d8fb3c46e821" is_pre_election: true
I20260630 12:40:14.902424 16829 leader_election.cc:290] T ca9ed43a675b42a59e2e031e79727a59 P afb633a8b2ee44559cb634bca359912b [CANDIDATE]: Term 1 pre-election: Requested pre-vote from peers 8e05bb1b90654827b2c3d8fb3c46e821 (127.13.173.194:32941), 82df401f64f644b79064a85e6106993a (127.13.173.193:43065)
I20260630 12:40:14.902793 16704 raft_consensus.cc:2468] T ca9ed43a675b42a59e2e031e79727a59 P 8e05bb1b90654827b2c3d8fb3c46e821 [term 0 FOLLOWER]: Leader pre-election vote request: Granting yes vote for candidate afb633a8b2ee44559cb634bca359912b in term 0.
I20260630 12:40:14.903959 16742 leader_election.cc:304] T ca9ed43a675b42a59e2e031e79727a59 P afb633a8b2ee44559cb634bca359912b [CANDIDATE]: Term 1 pre-election: Election decided. Result: candidate won. Election summary: received 2 responses out of 3 voters: 2 yes votes; 0 no votes. yes voters: 8e05bb1b90654827b2c3d8fb3c46e821, afb633a8b2ee44559cb634bca359912b; no voters: 
I20260630 12:40:14.904680 16829 raft_consensus.cc:2804] T ca9ed43a675b42a59e2e031e79727a59 P afb633a8b2ee44559cb634bca359912b [term 0 FOLLOWER]: Leader pre-election won for term 1
I20260630 12:40:14.904155 16629 tablet_service.cc:1917] Received RequestConsensusVote() RPC: tablet_id: "ca9ed43a675b42a59e2e031e79727a59" candidate_uuid: "afb633a8b2ee44559cb634bca359912b" candidate_term: 1 candidate_status { last_received { term: 0 index: 0 } } ignore_live_leader: false dest_uuid: "82df401f64f644b79064a85e6106993a" is_pre_election: true
I20260630 12:40:14.905001 16829 raft_consensus.cc:493] T ca9ed43a675b42a59e2e031e79727a59 P afb633a8b2ee44559cb634bca359912b [term 0 FOLLOWER]: Starting leader election (no leader contacted us within the election timeout)
I20260630 12:40:14.905531 16629 raft_consensus.cc:2468] T ca9ed43a675b42a59e2e031e79727a59 P 82df401f64f644b79064a85e6106993a [term 0 FOLLOWER]: Leader pre-election vote request: Granting yes vote for candidate afb633a8b2ee44559cb634bca359912b in term 0.
I20260630 12:40:14.905531 16829 raft_consensus.cc:3060] T ca9ed43a675b42a59e2e031e79727a59 P afb633a8b2ee44559cb634bca359912b [term 0 FOLLOWER]: Advancing to term 1
I20260630 12:40:14.910208 16829 raft_consensus.cc:515] T ca9ed43a675b42a59e2e031e79727a59 P afb633a8b2ee44559cb634bca359912b [term 1 FOLLOWER]: Starting leader election with config: opid_index: -1 OBSOLETE_local: false peers { permanent_uuid: "afb633a8b2ee44559cb634bca359912b" member_type: VOTER last_known_addr { host: "127.13.173.195" port: 40235 } } peers { permanent_uuid: "8e05bb1b90654827b2c3d8fb3c46e821" member_type: VOTER last_known_addr { host: "127.13.173.194" port: 32941 } } peers { permanent_uuid: "82df401f64f644b79064a85e6106993a" member_type: VOTER last_known_addr { host: "127.13.173.193" port: 43065 } }
I20260630 12:40:14.911752 16829 leader_election.cc:290] T ca9ed43a675b42a59e2e031e79727a59 P afb633a8b2ee44559cb634bca359912b [CANDIDATE]: Term 1 election: Requested vote from peers 8e05bb1b90654827b2c3d8fb3c46e821 (127.13.173.194:32941), 82df401f64f644b79064a85e6106993a (127.13.173.193:43065)
I20260630 12:40:14.912364 16704 tablet_service.cc:1917] Received RequestConsensusVote() RPC: tablet_id: "ca9ed43a675b42a59e2e031e79727a59" candidate_uuid: "afb633a8b2ee44559cb634bca359912b" candidate_term: 1 candidate_status { last_received { term: 0 index: 0 } } ignore_live_leader: false dest_uuid: "8e05bb1b90654827b2c3d8fb3c46e821"
I20260630 12:40:14.912700 16629 tablet_service.cc:1917] Received RequestConsensusVote() RPC: tablet_id: "ca9ed43a675b42a59e2e031e79727a59" candidate_uuid: "afb633a8b2ee44559cb634bca359912b" candidate_term: 1 candidate_status { last_received { term: 0 index: 0 } } ignore_live_leader: false dest_uuid: "82df401f64f644b79064a85e6106993a"
I20260630 12:40:14.912883 16704 raft_consensus.cc:3060] T ca9ed43a675b42a59e2e031e79727a59 P 8e05bb1b90654827b2c3d8fb3c46e821 [term 0 FOLLOWER]: Advancing to term 1
I20260630 12:40:14.913219 16629 raft_consensus.cc:3060] T ca9ed43a675b42a59e2e031e79727a59 P 82df401f64f644b79064a85e6106993a [term 0 FOLLOWER]: Advancing to term 1
I20260630 12:40:14.917028 16704 raft_consensus.cc:2468] T ca9ed43a675b42a59e2e031e79727a59 P 8e05bb1b90654827b2c3d8fb3c46e821 [term 1 FOLLOWER]: Leader election vote request: Granting yes vote for candidate afb633a8b2ee44559cb634bca359912b in term 1.
I20260630 12:40:14.917358 16629 raft_consensus.cc:2468] T ca9ed43a675b42a59e2e031e79727a59 P 82df401f64f644b79064a85e6106993a [term 1 FOLLOWER]: Leader election vote request: Granting yes vote for candidate afb633a8b2ee44559cb634bca359912b in term 1.
I20260630 12:40:14.918027 16742 leader_election.cc:304] T ca9ed43a675b42a59e2e031e79727a59 P afb633a8b2ee44559cb634bca359912b [CANDIDATE]: Term 1 election: Election decided. Result: candidate won. Election summary: received 2 responses out of 3 voters: 2 yes votes; 0 no votes. yes voters: 8e05bb1b90654827b2c3d8fb3c46e821, afb633a8b2ee44559cb634bca359912b; no voters: 
I20260630 12:40:14.918738 16829 raft_consensus.cc:2804] T ca9ed43a675b42a59e2e031e79727a59 P afb633a8b2ee44559cb634bca359912b [term 1 FOLLOWER]: Leader election won for term 1
I20260630 12:40:14.919145 16829 raft_consensus.cc:697] T ca9ed43a675b42a59e2e031e79727a59 P afb633a8b2ee44559cb634bca359912b [term 1 LEADER]: Becoming Leader. State: Replica: afb633a8b2ee44559cb634bca359912b, State: Running, Role: LEADER
I20260630 12:40:14.919797 16829 consensus_queue.cc:237] T ca9ed43a675b42a59e2e031e79727a59 P afb633a8b2ee44559cb634bca359912b [LEADER]: Queue going to LEADER mode. State: All replicated index: 0, Majority replicated index: 0, Committed index: 0, Last appended: 0.0, Last appended by leader: 0, Current term: 1, Majority size: 2, State: 0, Mode: LEADER, active raft config: opid_index: -1 OBSOLETE_local: false peers { permanent_uuid: "afb633a8b2ee44559cb634bca359912b" member_type: VOTER last_known_addr { host: "127.13.173.195" port: 40235 } } peers { permanent_uuid: "8e05bb1b90654827b2c3d8fb3c46e821" member_type: VOTER last_known_addr { host: "127.13.173.194" port: 32941 } } peers { permanent_uuid: "82df401f64f644b79064a85e6106993a" member_type: VOTER last_known_addr { host: "127.13.173.193" port: 43065 } }
I20260630 12:40:14.926213 16527 catalog_manager.cc:5697] T ca9ed43a675b42a59e2e031e79727a59 P afb633a8b2ee44559cb634bca359912b reported cstate change: term changed from 0 to 1, leader changed from <none> to afb633a8b2ee44559cb634bca359912b (127.13.173.195). New cstate: current_term: 1 leader_uuid: "afb633a8b2ee44559cb634bca359912b" committed_config { opid_index: -1 OBSOLETE_local: false peers { permanent_uuid: "afb633a8b2ee44559cb634bca359912b" member_type: VOTER last_known_addr { host: "127.13.173.195" port: 40235 } health_report { overall_health: HEALTHY } } peers { permanent_uuid: "8e05bb1b90654827b2c3d8fb3c46e821" member_type: VOTER last_known_addr { host: "127.13.173.194" port: 32941 } health_report { overall_health: UNKNOWN } } peers { permanent_uuid: "82df401f64f644b79064a85e6106993a" member_type: VOTER last_known_addr { host: "127.13.173.193" port: 43065 } health_report { overall_health: UNKNOWN } } }
I20260630 12:40:14.994053 16580 auto_leader_rebalancer.cc:141] leader rebalance for table range_aware_auto_rebalancer_test
I20260630 12:40:14.998562 16580 auto_leader_rebalancer.cc:440] table: range_aware_auto_rebalancer_test, leader rebalance finish, leader transfer count: 0
I20260630 12:40:14.998948 16580 auto_leader_rebalancer.cc:515] All tables' leader rebalancing finished this round
I20260630 12:40:15.007805 14007 tablet_server.cc:179] TabletServer@127.13.173.193:0 shutting down...
I20260630 12:40:15.023499 14007 ts_tablet_manager.cc:1507] Shutting down tablet manager...
I20260630 12:40:15.024194 14007 tablet_replica.cc:333] T 76e4031807764ed6ad2b76fada353a3e P 82df401f64f644b79064a85e6106993a: stopping tablet replica
I20260630 12:40:15.024714 14007 raft_consensus.cc:2243] T 76e4031807764ed6ad2b76fada353a3e P 82df401f64f644b79064a85e6106993a [term 1 FOLLOWER]: Raft consensus shutting down.
I20260630 12:40:15.025091 14007 raft_consensus.cc:2272] T 76e4031807764ed6ad2b76fada353a3e P 82df401f64f644b79064a85e6106993a [term 1 FOLLOWER]: Raft consensus is shut down!
I20260630 12:40:15.027029 14007 tablet_replica.cc:333] T 3df2e4687ffc4a93bdb0d404b191cd9e P 82df401f64f644b79064a85e6106993a: stopping tablet replica
I20260630 12:40:15.027516 14007 raft_consensus.cc:2243] T 3df2e4687ffc4a93bdb0d404b191cd9e P 82df401f64f644b79064a85e6106993a [term 1 FOLLOWER]: Raft consensus shutting down.
I20260630 12:40:15.027869 14007 raft_consensus.cc:2272] T 3df2e4687ffc4a93bdb0d404b191cd9e P 82df401f64f644b79064a85e6106993a [term 1 FOLLOWER]: Raft consensus is shut down!
I20260630 12:40:15.029645 14007 tablet_replica.cc:333] T ca9ed43a675b42a59e2e031e79727a59 P 82df401f64f644b79064a85e6106993a: stopping tablet replica
I20260630 12:40:15.030117 14007 raft_consensus.cc:2243] T ca9ed43a675b42a59e2e031e79727a59 P 82df401f64f644b79064a85e6106993a [term 1 FOLLOWER]: Raft consensus shutting down.
I20260630 12:40:15.030462 14007 raft_consensus.cc:2272] T ca9ed43a675b42a59e2e031e79727a59 P 82df401f64f644b79064a85e6106993a [term 1 FOLLOWER]: Raft consensus is shut down!
I20260630 12:40:15.032140 14007 tablet_replica.cc:333] T b0ef9d2ba19d4bdfa909abca5c9e959a P 82df401f64f644b79064a85e6106993a: stopping tablet replica
I20260630 12:40:15.032624 14007 raft_consensus.cc:2243] T b0ef9d2ba19d4bdfa909abca5c9e959a P 82df401f64f644b79064a85e6106993a [term 1 LEADER]: Raft consensus shutting down.
I20260630 12:40:15.033136 14007 pending_rounds.cc:70] T b0ef9d2ba19d4bdfa909abca5c9e959a P 82df401f64f644b79064a85e6106993a: Trying to abort 1 pending ops.
I20260630 12:40:15.033331 14007 pending_rounds.cc:77] T b0ef9d2ba19d4bdfa909abca5c9e959a P 82df401f64f644b79064a85e6106993a: Aborting op as it isn't in flight: id { term: 1 index: 1 } timestamp: 7302443887797305344 op_type: NO_OP noop_request { }
I20260630 12:40:15.033736 14007 raft_consensus.cc:2889] T b0ef9d2ba19d4bdfa909abca5c9e959a P 82df401f64f644b79064a85e6106993a [term 1 LEADER]: NO_OP replication failed: Aborted: Op aborted
I20260630 12:40:15.034008 14007 raft_consensus.cc:2272] T b0ef9d2ba19d4bdfa909abca5c9e959a P 82df401f64f644b79064a85e6106993a [term 1 FOLLOWER]: Raft consensus is shut down!
I20260630 12:40:15.056368 14007 tablet_server.cc:196] TabletServer@127.13.173.193:0 shutdown complete.
I20260630 12:40:15.066363 14007 tablet_server.cc:179] TabletServer@127.13.173.194:0 shutting down...
I20260630 12:40:15.083709 14007 ts_tablet_manager.cc:1507] Shutting down tablet manager...
I20260630 12:40:15.084702 14007 tablet_replica.cc:333] T 3df2e4687ffc4a93bdb0d404b191cd9e P 8e05bb1b90654827b2c3d8fb3c46e821: stopping tablet replica
I20260630 12:40:15.085216 14007 raft_consensus.cc:2243] T 3df2e4687ffc4a93bdb0d404b191cd9e P 8e05bb1b90654827b2c3d8fb3c46e821 [term 1 FOLLOWER]: Raft consensus shutting down.
I20260630 12:40:15.085605 14007 raft_consensus.cc:2272] T 3df2e4687ffc4a93bdb0d404b191cd9e P 8e05bb1b90654827b2c3d8fb3c46e821 [term 1 FOLLOWER]: Raft consensus is shut down!
I20260630 12:40:15.087371 14007 tablet_replica.cc:333] T b0ef9d2ba19d4bdfa909abca5c9e959a P 8e05bb1b90654827b2c3d8fb3c46e821: stopping tablet replica
I20260630 12:40:15.087895 14007 raft_consensus.cc:2243] T b0ef9d2ba19d4bdfa909abca5c9e959a P 8e05bb1b90654827b2c3d8fb3c46e821 [term 0 FOLLOWER]: Raft consensus shutting down.
I20260630 12:40:15.088245 14007 raft_consensus.cc:2272] T b0ef9d2ba19d4bdfa909abca5c9e959a P 8e05bb1b90654827b2c3d8fb3c46e821 [term 0 FOLLOWER]: Raft consensus is shut down!
I20260630 12:40:15.090086 14007 tablet_replica.cc:333] T ca9ed43a675b42a59e2e031e79727a59 P 8e05bb1b90654827b2c3d8fb3c46e821: stopping tablet replica
I20260630 12:40:15.090559 14007 raft_consensus.cc:2243] T ca9ed43a675b42a59e2e031e79727a59 P 8e05bb1b90654827b2c3d8fb3c46e821 [term 1 FOLLOWER]: Raft consensus shutting down.
I20260630 12:40:15.090901 14007 raft_consensus.cc:2272] T ca9ed43a675b42a59e2e031e79727a59 P 8e05bb1b90654827b2c3d8fb3c46e821 [term 1 FOLLOWER]: Raft consensus is shut down!
I20260630 12:40:15.092567 14007 tablet_replica.cc:333] T 76e4031807764ed6ad2b76fada353a3e P 8e05bb1b90654827b2c3d8fb3c46e821: stopping tablet replica
I20260630 12:40:15.092963 14007 raft_consensus.cc:2243] T 76e4031807764ed6ad2b76fada353a3e P 8e05bb1b90654827b2c3d8fb3c46e821 [term 1 LEADER]: Raft consensus shutting down.
I20260630 12:40:15.093473 14007 pending_rounds.cc:70] T 76e4031807764ed6ad2b76fada353a3e P 8e05bb1b90654827b2c3d8fb3c46e821: Trying to abort 1 pending ops.
I20260630 12:40:15.093617 14007 pending_rounds.cc:77] T 76e4031807764ed6ad2b76fada353a3e P 8e05bb1b90654827b2c3d8fb3c46e821: Aborting op as it isn't in flight: id { term: 1 index: 1 } timestamp: 7302443888180051968 op_type: NO_OP noop_request { }
I20260630 12:40:15.093827 14007 raft_consensus.cc:2889] T 76e4031807764ed6ad2b76fada353a3e P 8e05bb1b90654827b2c3d8fb3c46e821 [term 1 LEADER]: NO_OP replication failed: Aborted: Op aborted
I20260630 12:40:15.094022 14007 raft_consensus.cc:2272] T 76e4031807764ed6ad2b76fada353a3e P 8e05bb1b90654827b2c3d8fb3c46e821 [term 1 FOLLOWER]: Raft consensus is shut down!
I20260630 12:40:15.114812 14007 tablet_server.cc:196] TabletServer@127.13.173.194:0 shutdown complete.
I20260630 12:40:15.124444 14007 tablet_server.cc:179] TabletServer@127.13.173.195:0 shutting down...
I20260630 12:40:15.139201 14007 ts_tablet_manager.cc:1507] Shutting down tablet manager...
I20260630 12:40:15.139941 14007 tablet_replica.cc:333] T 3df2e4687ffc4a93bdb0d404b191cd9e P afb633a8b2ee44559cb634bca359912b: stopping tablet replica
I20260630 12:40:15.140437 14007 raft_consensus.cc:2243] T 3df2e4687ffc4a93bdb0d404b191cd9e P afb633a8b2ee44559cb634bca359912b [term 1 LEADER]: Raft consensus shutting down.
I20260630 12:40:15.140939 14007 pending_rounds.cc:70] T 3df2e4687ffc4a93bdb0d404b191cd9e P afb633a8b2ee44559cb634bca359912b: Trying to abort 1 pending ops.
I20260630 12:40:15.141093 14007 pending_rounds.cc:77] T 3df2e4687ffc4a93bdb0d404b191cd9e P afb633a8b2ee44559cb634bca359912b: Aborting op as it isn't in flight: id { term: 1 index: 1 } timestamp: 7302443888122966016 op_type: NO_OP noop_request { }
I20260630 12:40:15.141304 14007 raft_consensus.cc:2889] T 3df2e4687ffc4a93bdb0d404b191cd9e P afb633a8b2ee44559cb634bca359912b [term 1 LEADER]: NO_OP replication failed: Aborted: Op aborted
I20260630 12:40:15.141592 14007 raft_consensus.cc:2272] T 3df2e4687ffc4a93bdb0d404b191cd9e P afb633a8b2ee44559cb634bca359912b [term 1 FOLLOWER]: Raft consensus is shut down!
I20260630 12:40:15.143469 14007 tablet_replica.cc:333] T 76e4031807764ed6ad2b76fada353a3e P afb633a8b2ee44559cb634bca359912b: stopping tablet replica
I20260630 12:40:15.143878 14007 raft_consensus.cc:2243] T 76e4031807764ed6ad2b76fada353a3e P afb633a8b2ee44559cb634bca359912b [term 1 FOLLOWER]: Raft consensus shutting down.
I20260630 12:40:15.144176 14007 raft_consensus.cc:2272] T 76e4031807764ed6ad2b76fada353a3e P afb633a8b2ee44559cb634bca359912b [term 1 FOLLOWER]: Raft consensus is shut down!
I20260630 12:40:15.145737 14007 tablet_replica.cc:333] T b0ef9d2ba19d4bdfa909abca5c9e959a P afb633a8b2ee44559cb634bca359912b: stopping tablet replica
I20260630 12:40:15.146157 14007 raft_consensus.cc:2243] T b0ef9d2ba19d4bdfa909abca5c9e959a P afb633a8b2ee44559cb634bca359912b [term 1 FOLLOWER]: Raft consensus shutting down.
I20260630 12:40:15.146440 14007 raft_consensus.cc:2272] T b0ef9d2ba19d4bdfa909abca5c9e959a P afb633a8b2ee44559cb634bca359912b [term 1 FOLLOWER]: Raft consensus is shut down!
I20260630 12:40:15.147967 14007 tablet_replica.cc:333] T ca9ed43a675b42a59e2e031e79727a59 P afb633a8b2ee44559cb634bca359912b: stopping tablet replica
I20260630 12:40:15.148350 14007 raft_consensus.cc:2243] T ca9ed43a675b42a59e2e031e79727a59 P afb633a8b2ee44559cb634bca359912b [term 1 LEADER]: Raft consensus shutting down.
I20260630 12:40:15.148801 14007 pending_rounds.cc:70] T ca9ed43a675b42a59e2e031e79727a59 P afb633a8b2ee44559cb634bca359912b: Trying to abort 1 pending ops.
I20260630 12:40:15.148957 14007 pending_rounds.cc:77] T ca9ed43a675b42a59e2e031e79727a59 P afb633a8b2ee44559cb634bca359912b: Aborting op as it isn't in flight: id { term: 1 index: 1 } timestamp: 7302443888317714432 op_type: NO_OP noop_request { }
I20260630 12:40:15.149163 14007 raft_consensus.cc:2889] T ca9ed43a675b42a59e2e031e79727a59 P afb633a8b2ee44559cb634bca359912b [term 1 LEADER]: NO_OP replication failed: Aborted: Op aborted
I20260630 12:40:15.149420 14007 raft_consensus.cc:2272] T ca9ed43a675b42a59e2e031e79727a59 P afb633a8b2ee44559cb634bca359912b [term 1 FOLLOWER]: Raft consensus is shut down!
I20260630 12:40:15.169716 14007 tablet_server.cc:196] TabletServer@127.13.173.195:0 shutdown complete.
I20260630 12:40:15.179378 14007 master.cc:562] Master@127.13.173.254:34769 shutting down...
I20260630 12:40:15.192646 14007 raft_consensus.cc:2243] T 00000000000000000000000000000000 P de9affc31bf24b43bc2d64c1233f4c04 [term 1 LEADER]: Raft consensus shutting down.
I20260630 12:40:15.193063 14007 raft_consensus.cc:2272] T 00000000000000000000000000000000 P de9affc31bf24b43bc2d64c1233f4c04 [term 1 FOLLOWER]: Raft consensus is shut down!
I20260630 12:40:15.193307 14007 tablet_replica.cc:333] T 00000000000000000000000000000000 P de9affc31bf24b43bc2d64c1233f4c04: stopping tablet replica
I20260630 12:40:15.210700 14007 master.cc:584] Master@127.13.173.254:34769 shutdown complete.
[       OK ] AutoRebalancerTest.RangeAwareBuildClusterInfoGroupsByRange (2372 ms)
[ RUN      ] AutoRebalancerTest.RangeAwareRebalancesNewRangeReplicas
I20260630 12:40:15.239014 14007 internal_mini_cluster.cc:156] Creating distributed mini masters. Addrs: 127.13.173.254:44067
I20260630 12:40:15.239909 14007 file_cache.cc:492] Constructed file cache file cache with capacity 419430
W20260630 12:40:15.244572 16854 instance_detector.cc:116] could not retrieve AWS instance metadata: Network error: curl error: HTTP response code said error: The requested URL returned error: 404
W20260630 12:40:15.244771 16855 instance_detector.cc:116] could not retrieve Azure instance metadata: Network error: curl error: HTTP response code said error: The requested URL returned error: 404
W20260630 12:40:15.246052 16857 instance_detector.cc:116] could not retrieve OpenStack instance metadata: Network error: curl error: HTTP response code said error: The requested URL returned error: 404
I20260630 12:40:15.246997 14007 server_base.cc:1061] running on GCE node
I20260630 12:40:15.247830 14007 hybrid_clock.cc:584] initializing the hybrid clock with 'system_unsync' time source
W20260630 12:40:15.248009 14007 system_unsync_time.cc:38] NTP support is disabled. Clock error bounds will not be accurate. This configuration is not suitable for distributed clusters.
I20260630 12:40:15.248116 14007 hybrid_clock.cc:648] HybridClock initialized: now 1782823215248105 us; error 0 us; skew 500 ppm
I20260630 12:40:15.248581 14007 server_base.cc:861] Flag tcmalloc_max_total_thread_cache_bytes is not working since tcmalloc is not enabled.
I20260630 12:40:15.250638 14007 webserver.cc:533] Webserver started at http://127.13.173.254:45569/ using document root <none> and password file <none>
I20260630 12:40:15.251032 14007 fs_manager.cc:362] Metadata directory not provided
I20260630 12:40:15.251173 14007 fs_manager.cc:368] Using write-ahead log directory (fs_wal_dir) as metadata directory
I20260630 12:40:15.251398 14007 server_base.cc:909] This appears to be a new deployment of Kudu; creating new FS layout
I20260630 12:40:15.252315 14007 fs_manager.cc:1068] Generated new instance metadata in path /tmp/dist-test-taskGQmnIN/test-tmp/auto_rebalancer-test.0.AutoRebalancerTest.RangeAwareRebalancesNewRangeReplicas.1782823135268212-14007-0/minicluster-data/master-0-root/instance:
uuid: "b79a9aff493d4d85ae3e283603c38bdb"
format_stamp: "Formatted at 2026-06-30 12:40:15 on dist-test-slave-f4x0"
I20260630 12:40:15.256253 14007 fs_manager.cc:696] Time spent creating directory manager: real 0.003s	user 0.003s	sys 0.002s
I20260630 12:40:15.259220 16862 log_block_manager.cc:4031] Time spent loading block containers with low live blocks: real 0.000s	user 0.000s	sys 0.000s
I20260630 12:40:15.259886 14007 fs_manager.cc:730] Time spent opening block manager: real 0.002s	user 0.001s	sys 0.000s
I20260630 12:40:15.260149 14007 fs_manager.cc:647] Opened local filesystem: /tmp/dist-test-taskGQmnIN/test-tmp/auto_rebalancer-test.0.AutoRebalancerTest.RangeAwareRebalancesNewRangeReplicas.1782823135268212-14007-0/minicluster-data/master-0-root
uuid: "b79a9aff493d4d85ae3e283603c38bdb"
format_stamp: "Formatted at 2026-06-30 12:40:15 on dist-test-slave-f4x0"
I20260630 12:40:15.260396 14007 fs_report.cc:389] FS layout report
--------------------
wal directory: /tmp/dist-test-taskGQmnIN/test-tmp/auto_rebalancer-test.0.AutoRebalancerTest.RangeAwareRebalancesNewRangeReplicas.1782823135268212-14007-0/minicluster-data/master-0-root
metadata directory: /tmp/dist-test-taskGQmnIN/test-tmp/auto_rebalancer-test.0.AutoRebalancerTest.RangeAwareRebalancesNewRangeReplicas.1782823135268212-14007-0/minicluster-data/master-0-root
1 data directories: /tmp/dist-test-taskGQmnIN/test-tmp/auto_rebalancer-test.0.AutoRebalancerTest.RangeAwareRebalancesNewRangeReplicas.1782823135268212-14007-0/minicluster-data/master-0-root/data
Total live blocks: 0
Total live bytes: 0
Total live bytes (after alignment): 0
Total number of LBM containers: 0 (0 full)
Did not check for missing blocks
Did not check for orphaned blocks
Total full LBM containers with extra space: 0 (0 repaired)
Total full LBM container extra space in bytes: 0 (0 repaired)
Total incomplete LBM containers: 0 (0 repaired)
Total LBM partial records: 0 (0 repaired)
Total corrupted LBM metadata records in RocksDB: 0 (0 repaired)
I20260630 12:40:15.271457 14007 rpc_server.cc:225] running with OpenSSL 1.1.1  11 Sep 2018
I20260630 12:40:15.272312 14007 kserver.cc:163] Server-wide thread pool size limit: 3276
I20260630 12:40:15.305773 14007 rpc_server.cc:307] RPC server started. Bound to: 127.13.173.254:44067
I20260630 12:40:15.305843 16913 acceptor_pool.cc:272] collecting diagnostics on the listening RPC socket 127.13.173.254:44067 every 8 connection(s)
I20260630 12:40:15.309240 16914 data_dirs.cc:400] Could only allocate 1 dirs of requested 3 for tablet 00000000000000000000000000000000. 1 dirs total, 0 dirs full, 0 dirs failed
I20260630 12:40:15.318183 16914 tablet_bootstrap.cc:492] T 00000000000000000000000000000000 P b79a9aff493d4d85ae3e283603c38bdb: Bootstrap starting.
I20260630 12:40:15.322006 16914 tablet_bootstrap.cc:654] T 00000000000000000000000000000000 P b79a9aff493d4d85ae3e283603c38bdb: Neither blocks nor log segments found. Creating new log.
I20260630 12:40:15.326789 16914 tablet_bootstrap.cc:492] T 00000000000000000000000000000000 P b79a9aff493d4d85ae3e283603c38bdb: No bootstrap required, opened a new log
I20260630 12:40:15.329389 16914 raft_consensus.cc:359] T 00000000000000000000000000000000 P b79a9aff493d4d85ae3e283603c38bdb [term 0 FOLLOWER]: Replica starting. Triggering 0 pending ops. Active config: opid_index: -1 OBSOLETE_local: true peers { permanent_uuid: "b79a9aff493d4d85ae3e283603c38bdb" member_type: VOTER }
I20260630 12:40:15.329919 16914 raft_consensus.cc:385] T 00000000000000000000000000000000 P b79a9aff493d4d85ae3e283603c38bdb [term 0 FOLLOWER]: Consensus starting up: Expiring failure detector timer to make a prompt election more likely
I20260630 12:40:15.330206 16914 raft_consensus.cc:740] T 00000000000000000000000000000000 P b79a9aff493d4d85ae3e283603c38bdb [term 0 FOLLOWER]: Becoming Follower/Learner. State: Replica: b79a9aff493d4d85ae3e283603c38bdb, State: Initialized, Role: FOLLOWER
I20260630 12:40:15.330730 16914 consensus_queue.cc:260] T 00000000000000000000000000000000 P b79a9aff493d4d85ae3e283603c38bdb [NON_LEADER]: Queue going to NON_LEADER mode. State: All replicated index: 0, Majority replicated index: 0, Committed index: 0, Last appended: 0.0, Last appended by leader: 0, Current term: 0, Majority size: -1, State: 0, Mode: NON_LEADER, active raft config: opid_index: -1 OBSOLETE_local: true peers { permanent_uuid: "b79a9aff493d4d85ae3e283603c38bdb" member_type: VOTER }
I20260630 12:40:15.331169 16914 raft_consensus.cc:399] T 00000000000000000000000000000000 P b79a9aff493d4d85ae3e283603c38bdb [term 0 FOLLOWER]: Only one voter in the Raft config. Triggering election immediately
I20260630 12:40:15.331436 16914 raft_consensus.cc:493] T 00000000000000000000000000000000 P b79a9aff493d4d85ae3e283603c38bdb [term 0 FOLLOWER]: Starting leader election (initial election of a single-replica configuration)
I20260630 12:40:15.331689 16914 raft_consensus.cc:3060] T 00000000000000000000000000000000 P b79a9aff493d4d85ae3e283603c38bdb [term 0 FOLLOWER]: Advancing to term 1
I20260630 12:40:15.335547 16914 raft_consensus.cc:515] T 00000000000000000000000000000000 P b79a9aff493d4d85ae3e283603c38bdb [term 1 FOLLOWER]: Starting leader election with config: opid_index: -1 OBSOLETE_local: true peers { permanent_uuid: "b79a9aff493d4d85ae3e283603c38bdb" member_type: VOTER }
I20260630 12:40:15.336016 16914 leader_election.cc:304] T 00000000000000000000000000000000 P b79a9aff493d4d85ae3e283603c38bdb [CANDIDATE]: Term 1 election: Election decided. Result: candidate won. Election summary: received 1 responses out of 1 voters: 1 yes votes; 0 no votes. yes voters: b79a9aff493d4d85ae3e283603c38bdb; no voters: 
I20260630 12:40:15.336989 16914 leader_election.cc:290] T 00000000000000000000000000000000 P b79a9aff493d4d85ae3e283603c38bdb [CANDIDATE]: Term 1 election: Requested vote from peers 
I20260630 12:40:15.337252 16917 raft_consensus.cc:2804] T 00000000000000000000000000000000 P b79a9aff493d4d85ae3e283603c38bdb [term 1 FOLLOWER]: Leader election won for term 1
I20260630 12:40:15.338562 16917 raft_consensus.cc:697] T 00000000000000000000000000000000 P b79a9aff493d4d85ae3e283603c38bdb [term 1 LEADER]: Becoming Leader. State: Replica: b79a9aff493d4d85ae3e283603c38bdb, State: Running, Role: LEADER
I20260630 12:40:15.339138 16917 consensus_queue.cc:237] T 00000000000000000000000000000000 P b79a9aff493d4d85ae3e283603c38bdb [LEADER]: Queue going to LEADER mode. State: All replicated index: 0, Majority replicated index: 0, Committed index: 0, Last appended: 0.0, Last appended by leader: 0, Current term: 1, Majority size: 1, State: 0, Mode: LEADER, active raft config: opid_index: -1 OBSOLETE_local: true peers { permanent_uuid: "b79a9aff493d4d85ae3e283603c38bdb" member_type: VOTER }
I20260630 12:40:15.339629 16914 sys_catalog.cc:565] T 00000000000000000000000000000000 P b79a9aff493d4d85ae3e283603c38bdb [sys.catalog]: configured and running, proceeding with master startup.
I20260630 12:40:15.341779 16918 sys_catalog.cc:455] T 00000000000000000000000000000000 P b79a9aff493d4d85ae3e283603c38bdb [sys.catalog]: SysCatalogTable state changed. Reason: RaftConsensus started. Latest consensus state: current_term: 1 leader_uuid: "b79a9aff493d4d85ae3e283603c38bdb" committed_config { opid_index: -1 OBSOLETE_local: true peers { permanent_uuid: "b79a9aff493d4d85ae3e283603c38bdb" member_type: VOTER } }
I20260630 12:40:15.341779 16919 sys_catalog.cc:455] T 00000000000000000000000000000000 P b79a9aff493d4d85ae3e283603c38bdb [sys.catalog]: SysCatalogTable state changed. Reason: New leader b79a9aff493d4d85ae3e283603c38bdb. Latest consensus state: current_term: 1 leader_uuid: "b79a9aff493d4d85ae3e283603c38bdb" committed_config { opid_index: -1 OBSOLETE_local: true peers { permanent_uuid: "b79a9aff493d4d85ae3e283603c38bdb" member_type: VOTER } }
I20260630 12:40:15.342553 16918 sys_catalog.cc:458] T 00000000000000000000000000000000 P b79a9aff493d4d85ae3e283603c38bdb [sys.catalog]: This master's current role is: LEADER
I20260630 12:40:15.342609 16919 sys_catalog.cc:458] T 00000000000000000000000000000000 P b79a9aff493d4d85ae3e283603c38bdb [sys.catalog]: This master's current role is: LEADER
I20260630 12:40:15.345276 16922 catalog_manager.cc:1511] Loading table and tablet metadata into memory...
I20260630 12:40:15.351235 16922 catalog_manager.cc:1520] Initializing Kudu cluster ID...
I20260630 12:40:15.353147 14007 internal_mini_cluster.cc:184] Waiting to initialize catalog manager on master 0
I20260630 12:40:15.359524 16922 catalog_manager.cc:1383] Generated new cluster ID: 16af6c9ab9cb4a079afccab388875b40
I20260630 12:40:15.359786 16922 catalog_manager.cc:1531] Initializing Kudu internal certificate authority...
I20260630 12:40:15.385303 16922 catalog_manager.cc:1406] Generated new certificate authority record
I20260630 12:40:15.386544 16922 catalog_manager.cc:1540] Loading token signing keys...
I20260630 12:40:15.396394 16922 catalog_manager.cc:6070] T 00000000000000000000000000000000 P b79a9aff493d4d85ae3e283603c38bdb: Generated new TSK 0
I20260630 12:40:15.396950 16922 catalog_manager.cc:1550] Initializing in-progress tserver states...
I20260630 12:40:15.419108 14007 file_cache.cc:492] Constructed file cache file cache with capacity 419430
W20260630 12:40:15.424291 16935 instance_detector.cc:116] could not retrieve AWS instance metadata: Network error: curl error: HTTP response code said error: The requested URL returned error: 404
W20260630 12:40:15.425225 16936 instance_detector.cc:116] could not retrieve Azure instance metadata: Network error: curl error: HTTP response code said error: The requested URL returned error: 404
W20260630 12:40:15.426772 16938 instance_detector.cc:116] could not retrieve OpenStack instance metadata: Network error: curl error: HTTP response code said error: The requested URL returned error: 404
I20260630 12:40:15.427459 14007 server_base.cc:1061] running on GCE node
I20260630 12:40:15.428224 14007 hybrid_clock.cc:584] initializing the hybrid clock with 'system_unsync' time source
W20260630 12:40:15.428438 14007 system_unsync_time.cc:38] NTP support is disabled. Clock error bounds will not be accurate. This configuration is not suitable for distributed clusters.
I20260630 12:40:15.428602 14007 hybrid_clock.cc:648] HybridClock initialized: now 1782823215428583 us; error 0 us; skew 500 ppm
I20260630 12:40:15.429080 14007 server_base.cc:861] Flag tcmalloc_max_total_thread_cache_bytes is not working since tcmalloc is not enabled.
I20260630 12:40:15.431129 14007 webserver.cc:533] Webserver started at http://127.13.173.193:44361/ using document root <none> and password file <none>
I20260630 12:40:15.431607 14007 fs_manager.cc:362] Metadata directory not provided
I20260630 12:40:15.431787 14007 fs_manager.cc:368] Using write-ahead log directory (fs_wal_dir) as metadata directory
I20260630 12:40:15.432058 14007 server_base.cc:909] This appears to be a new deployment of Kudu; creating new FS layout
I20260630 12:40:15.433046 14007 fs_manager.cc:1068] Generated new instance metadata in path /tmp/dist-test-taskGQmnIN/test-tmp/auto_rebalancer-test.0.AutoRebalancerTest.RangeAwareRebalancesNewRangeReplicas.1782823135268212-14007-0/minicluster-data/ts-0-root/instance:
uuid: "0e616a22654949158d5a8d3ac9c97088"
format_stamp: "Formatted at 2026-06-30 12:40:15 on dist-test-slave-f4x0"
I20260630 12:40:15.437005 14007 fs_manager.cc:696] Time spent creating directory manager: real 0.003s	user 0.003s	sys 0.000s
I20260630 12:40:15.440091 16943 log_block_manager.cc:4031] Time spent loading block containers with low live blocks: real 0.000s	user 0.000s	sys 0.000s
I20260630 12:40:15.440766 14007 fs_manager.cc:730] Time spent opening block manager: real 0.002s	user 0.000s	sys 0.002s
I20260630 12:40:15.441041 14007 fs_manager.cc:647] Opened local filesystem: /tmp/dist-test-taskGQmnIN/test-tmp/auto_rebalancer-test.0.AutoRebalancerTest.RangeAwareRebalancesNewRangeReplicas.1782823135268212-14007-0/minicluster-data/ts-0-root
uuid: "0e616a22654949158d5a8d3ac9c97088"
format_stamp: "Formatted at 2026-06-30 12:40:15 on dist-test-slave-f4x0"
I20260630 12:40:15.441303 14007 fs_report.cc:389] FS layout report
--------------------
wal directory: /tmp/dist-test-taskGQmnIN/test-tmp/auto_rebalancer-test.0.AutoRebalancerTest.RangeAwareRebalancesNewRangeReplicas.1782823135268212-14007-0/minicluster-data/ts-0-root
metadata directory: /tmp/dist-test-taskGQmnIN/test-tmp/auto_rebalancer-test.0.AutoRebalancerTest.RangeAwareRebalancesNewRangeReplicas.1782823135268212-14007-0/minicluster-data/ts-0-root
1 data directories: /tmp/dist-test-taskGQmnIN/test-tmp/auto_rebalancer-test.0.AutoRebalancerTest.RangeAwareRebalancesNewRangeReplicas.1782823135268212-14007-0/minicluster-data/ts-0-root/data
Total live blocks: 0
Total live bytes: 0
Total live bytes (after alignment): 0
Total number of LBM containers: 0 (0 full)
Did not check for missing blocks
Did not check for orphaned blocks
Total full LBM containers with extra space: 0 (0 repaired)
Total full LBM container extra space in bytes: 0 (0 repaired)
Total incomplete LBM containers: 0 (0 repaired)
Total LBM partial records: 0 (0 repaired)
Total corrupted LBM metadata records in RocksDB: 0 (0 repaired)
I20260630 12:40:15.454146 14007 rpc_server.cc:225] running with OpenSSL 1.1.1  11 Sep 2018
I20260630 12:40:15.455085 14007 kserver.cc:163] Server-wide thread pool size limit: 3276
I20260630 12:40:15.456317 14007 txn_system_client.cc:432] TxnSystemClient initialization is disabled...
I20260630 12:40:15.458453 14007 ts_tablet_manager.cc:585] Loaded tablet metadata (0 total tablets, 0 live tablets)
I20260630 12:40:15.458660 14007 ts_tablet_manager.cc:531] Time spent load tablet metadata: real 0.000s	user 0.000s	sys 0.000s
I20260630 12:40:15.458894 14007 ts_tablet_manager.cc:616] Registered 0 tablets
I20260630 12:40:15.459066 14007 ts_tablet_manager.cc:595] Time spent register tablets: real 0.000s	user 0.000s	sys 0.000s
I20260630 12:40:15.495098 14007 rpc_server.cc:307] RPC server started. Bound to: 127.13.173.193:42135
I20260630 12:40:15.495185 17005 acceptor_pool.cc:272] collecting diagnostics on the listening RPC socket 127.13.173.193:42135 every 8 connection(s)
I20260630 12:40:15.499644 14007 file_cache.cc:492] Constructed file cache file cache with capacity 419430
W20260630 12:40:15.506018 17010 instance_detector.cc:116] could not retrieve AWS instance metadata: Network error: curl error: HTTP response code said error: The requested URL returned error: 404
W20260630 12:40:15.507716 17011 instance_detector.cc:116] could not retrieve Azure instance metadata: Network error: curl error: HTTP response code said error: The requested URL returned error: 404
W20260630 12:40:15.509869 17013 instance_detector.cc:116] could not retrieve OpenStack instance metadata: Network error: curl error: HTTP response code said error: The requested URL returned error: 404
I20260630 12:40:15.510393 14007 server_base.cc:1061] running on GCE node
I20260630 12:40:15.511152 14007 hybrid_clock.cc:584] initializing the hybrid clock with 'system_unsync' time source
W20260630 12:40:15.511360 14007 system_unsync_time.cc:38] NTP support is disabled. Clock error bounds will not be accurate. This configuration is not suitable for distributed clusters.
I20260630 12:40:15.511605 14007 hybrid_clock.cc:648] HybridClock initialized: now 1782823215511584 us; error 0 us; skew 500 ppm
I20260630 12:40:15.511876 17006 heartbeater.cc:344] Connected to a master server at 127.13.173.254:44067
I20260630 12:40:15.512166 14007 server_base.cc:861] Flag tcmalloc_max_total_thread_cache_bytes is not working since tcmalloc is not enabled.
I20260630 12:40:15.512240 17006 heartbeater.cc:461] Registering TS with master...
I20260630 12:40:15.513006 17006 heartbeater.cc:507] Master 127.13.173.254:44067 requested a full tablet report, sending...
I20260630 12:40:15.514732 14007 webserver.cc:533] Webserver started at http://127.13.173.194:33337/ using document root <none> and password file <none>
I20260630 12:40:15.515180 16879 ts_manager.cc:194] Registered new tserver with Master: 0e616a22654949158d5a8d3ac9c97088 (127.13.173.193:42135)
I20260630 12:40:15.515375 14007 fs_manager.cc:362] Metadata directory not provided
I20260630 12:40:15.515642 14007 fs_manager.cc:368] Using write-ahead log directory (fs_wal_dir) as metadata directory
I20260630 12:40:15.515959 14007 server_base.cc:909] This appears to be a new deployment of Kudu; creating new FS layout
I20260630 12:40:15.517313 14007 fs_manager.cc:1068] Generated new instance metadata in path /tmp/dist-test-taskGQmnIN/test-tmp/auto_rebalancer-test.0.AutoRebalancerTest.RangeAwareRebalancesNewRangeReplicas.1782823135268212-14007-0/minicluster-data/ts-1-root/instance:
uuid: "538f7dc6a5854cb69d082afbda80d92e"
format_stamp: "Formatted at 2026-06-30 12:40:15 on dist-test-slave-f4x0"
I20260630 12:40:15.517510 16879 master_service.cc:502] Signed X509 certificate for tserver {username='slave'} at 127.0.0.1:39430
I20260630 12:40:15.521720 14007 fs_manager.cc:696] Time spent creating directory manager: real 0.004s	user 0.004s	sys 0.000s
I20260630 12:40:15.524585 17018 log_block_manager.cc:4031] Time spent loading block containers with low live blocks: real 0.000s	user 0.000s	sys 0.000s
I20260630 12:40:15.525298 14007 fs_manager.cc:730] Time spent opening block manager: real 0.002s	user 0.002s	sys 0.001s
I20260630 12:40:15.525630 14007 fs_manager.cc:647] Opened local filesystem: /tmp/dist-test-taskGQmnIN/test-tmp/auto_rebalancer-test.0.AutoRebalancerTest.RangeAwareRebalancesNewRangeReplicas.1782823135268212-14007-0/minicluster-data/ts-1-root
uuid: "538f7dc6a5854cb69d082afbda80d92e"
format_stamp: "Formatted at 2026-06-30 12:40:15 on dist-test-slave-f4x0"
I20260630 12:40:15.525897 14007 fs_report.cc:389] FS layout report
--------------------
wal directory: /tmp/dist-test-taskGQmnIN/test-tmp/auto_rebalancer-test.0.AutoRebalancerTest.RangeAwareRebalancesNewRangeReplicas.1782823135268212-14007-0/minicluster-data/ts-1-root
metadata directory: /tmp/dist-test-taskGQmnIN/test-tmp/auto_rebalancer-test.0.AutoRebalancerTest.RangeAwareRebalancesNewRangeReplicas.1782823135268212-14007-0/minicluster-data/ts-1-root
1 data directories: /tmp/dist-test-taskGQmnIN/test-tmp/auto_rebalancer-test.0.AutoRebalancerTest.RangeAwareRebalancesNewRangeReplicas.1782823135268212-14007-0/minicluster-data/ts-1-root/data
Total live blocks: 0
Total live bytes: 0
Total live bytes (after alignment): 0
Total number of LBM containers: 0 (0 full)
Did not check for missing blocks
Did not check for orphaned blocks
Total full LBM containers with extra space: 0 (0 repaired)
Total full LBM container extra space in bytes: 0 (0 repaired)
Total incomplete LBM containers: 0 (0 repaired)
Total LBM partial records: 0 (0 repaired)
Total corrupted LBM metadata records in RocksDB: 0 (0 repaired)
I20260630 12:40:15.561698 14007 rpc_server.cc:225] running with OpenSSL 1.1.1  11 Sep 2018
I20260630 12:40:15.562775 14007 kserver.cc:163] Server-wide thread pool size limit: 3276
I20260630 12:40:15.564090 14007 txn_system_client.cc:432] TxnSystemClient initialization is disabled...
I20260630 12:40:15.566280 14007 ts_tablet_manager.cc:585] Loaded tablet metadata (0 total tablets, 0 live tablets)
I20260630 12:40:15.566496 14007 ts_tablet_manager.cc:531] Time spent load tablet metadata: real 0.000s	user 0.000s	sys 0.000s
I20260630 12:40:15.566727 14007 ts_tablet_manager.cc:616] Registered 0 tablets
I20260630 12:40:15.566893 14007 ts_tablet_manager.cc:595] Time spent register tablets: real 0.000s	user 0.000s	sys 0.000s
I20260630 12:40:15.601626 14007 rpc_server.cc:307] RPC server started. Bound to: 127.13.173.194:37547
I20260630 12:40:15.601712 17080 acceptor_pool.cc:272] collecting diagnostics on the listening RPC socket 127.13.173.194:37547 every 8 connection(s)
I20260630 12:40:15.606186 14007 file_cache.cc:492] Constructed file cache file cache with capacity 419430
W20260630 12:40:15.612643 17084 instance_detector.cc:116] could not retrieve AWS instance metadata: Network error: curl error: HTTP response code said error: The requested URL returned error: 404
W20260630 12:40:15.614343 17085 instance_detector.cc:116] could not retrieve Azure instance metadata: Network error: curl error: HTTP response code said error: The requested URL returned error: 404
I20260630 12:40:15.617125 14007 server_base.cc:1061] running on GCE node
W20260630 12:40:15.617898 17087 instance_detector.cc:116] could not retrieve OpenStack instance metadata: Network error: curl error: HTTP response code said error: The requested URL returned error: 404
I20260630 12:40:15.618641 17081 heartbeater.cc:344] Connected to a master server at 127.13.173.254:44067
I20260630 12:40:15.618866 14007 hybrid_clock.cc:584] initializing the hybrid clock with 'system_unsync' time source
I20260630 12:40:15.619027 17081 heartbeater.cc:461] Registering TS with master...
W20260630 12:40:15.619128 14007 system_unsync_time.cc:38] NTP support is disabled. Clock error bounds will not be accurate. This configuration is not suitable for distributed clusters.
I20260630 12:40:15.619378 14007 hybrid_clock.cc:648] HybridClock initialized: now 1782823215619361 us; error 0 us; skew 500 ppm
I20260630 12:40:15.619871 17081 heartbeater.cc:507] Master 127.13.173.254:44067 requested a full tablet report, sending...
I20260630 12:40:15.620101 14007 server_base.cc:861] Flag tcmalloc_max_total_thread_cache_bytes is not working since tcmalloc is not enabled.
I20260630 12:40:15.622035 16879 ts_manager.cc:194] Registered new tserver with Master: 538f7dc6a5854cb69d082afbda80d92e (127.13.173.194:37547)
I20260630 12:40:15.623279 16879 master_service.cc:502] Signed X509 certificate for tserver {username='slave'} at 127.0.0.1:39444
