I20260630 12:41:04.366015 18886 ts_tablet_manager.cc:1434] T 226f49f0557a40ef862e72a9f3be9bb8 P 4980f1a5a2d4499a9b8468369c3d076a: Time spent starting tablet: real 0.016s	user 0.008s	sys 0.000s
I20260630 12:41:04.367480 18886 tablet_bootstrap.cc:492] T 70b36d57cf664b96ae5541a8097a757a P 4980f1a5a2d4499a9b8468369c3d076a: Bootstrap starting.
I20260630 12:41:04.372465 18892 leader_election.cc:290] T a8ecffe138fd499d8f09aa786fbeb84e P 18f446b88df04bfea769205138df232f [CANDIDATE]: Term 1 election: Requested vote from peers 4980f1a5a2d4499a9b8468369c3d076a (127.13.207.194:44115), fe3db84aebc44132888d79e5be27c306 (127.13.207.195:41411)
I20260630 12:41:04.373780 18892 raft_consensus.cc:2804] T a8ecffe138fd499d8f09aa786fbeb84e P 18f446b88df04bfea769205138df232f [term 1 FOLLOWER]: Leader election won for term 1
I20260630 12:41:04.374588 18892 raft_consensus.cc:697] T a8ecffe138fd499d8f09aa786fbeb84e P 18f446b88df04bfea769205138df232f [term 1 LEADER]: Becoming Leader. State: Replica: 18f446b88df04bfea769205138df232f, State: Running, Role: LEADER
I20260630 12:41:04.375774 18886 tablet_bootstrap.cc:654] T 70b36d57cf664b96ae5541a8097a757a P 4980f1a5a2d4499a9b8468369c3d076a: Neither blocks nor log segments found. Creating new log.
I20260630 12:41:04.376741 18892 consensus_queue.cc:237] T a8ecffe138fd499d8f09aa786fbeb84e P 18f446b88df04bfea769205138df232f [LEADER]: Queue going to LEADER mode. State: All replicated index: 0, Majority replicated index: 0, Committed index: 0, Last appended: 0.0, Last appended by leader: 0, Current term: 1, Majority size: 2, State: 0, Mode: LEADER, active raft config: opid_index: -1 OBSOLETE_local: false peers { permanent_uuid: "18f446b88df04bfea769205138df232f" member_type: VOTER last_known_addr { host: "127.13.207.193" port: 35237 } } peers { permanent_uuid: "4980f1a5a2d4499a9b8468369c3d076a" member_type: VOTER last_known_addr { host: "127.13.207.194" port: 44115 } } peers { permanent_uuid: "fe3db84aebc44132888d79e5be27c306" member_type: VOTER last_known_addr { host: "127.13.207.195" port: 41411 } }
I20260630 12:41:04.378837 18894 raft_consensus.cc:493] T fe9dc607175246768537832cc65e745a P 4980f1a5a2d4499a9b8468369c3d076a [term 0 FOLLOWER]: Starting pre-election (no leader contacted us within the election timeout)
I20260630 12:41:04.379743 18894 raft_consensus.cc:515] T fe9dc607175246768537832cc65e745a P 4980f1a5a2d4499a9b8468369c3d076a [term 0 FOLLOWER]: Starting pre-election with config: opid_index: -1 OBSOLETE_local: false peers { permanent_uuid: "18f446b88df04bfea769205138df232f" member_type: VOTER last_known_addr { host: "127.13.207.193" port: 35237 } } peers { permanent_uuid: "4980f1a5a2d4499a9b8468369c3d076a" member_type: VOTER last_known_addr { host: "127.13.207.194" port: 44115 } } peers { permanent_uuid: "fe3db84aebc44132888d79e5be27c306" member_type: VOTER last_known_addr { host: "127.13.207.195" port: 41411 } }
I20260630 12:41:04.386924 18887 tablet_bootstrap.cc:492] T 4f675dfb58c94004adfaacb11af79233 P fe3db84aebc44132888d79e5be27c306: No bootstrap required, opened a new log
I20260630 12:41:04.387575 18887 ts_tablet_manager.cc:1403] T 4f675dfb58c94004adfaacb11af79233 P fe3db84aebc44132888d79e5be27c306: Time spent bootstrapping tablet: real 0.046s	user 0.012s	sys 0.001s
I20260630 12:41:04.392097 18894 leader_election.cc:290] T fe9dc607175246768537832cc65e745a P 4980f1a5a2d4499a9b8468369c3d076a [CANDIDATE]: Term 1 pre-election: Requested pre-vote from peers 18f446b88df04bfea769205138df232f (127.13.207.193:35237), fe3db84aebc44132888d79e5be27c306 (127.13.207.195:41411)
I20260630 12:41:04.400784 18893 raft_consensus.cc:493] T 5ebb22b499d744fdade3182531559044 P fe3db84aebc44132888d79e5be27c306 [term 0 FOLLOWER]: Starting pre-election (no leader contacted us within the election timeout)
I20260630 12:41:04.401340 18893 raft_consensus.cc:515] T 5ebb22b499d744fdade3182531559044 P fe3db84aebc44132888d79e5be27c306 [term 0 FOLLOWER]: Starting pre-election with config: opid_index: -1 OBSOLETE_local: false peers { permanent_uuid: "4980f1a5a2d4499a9b8468369c3d076a" member_type: VOTER last_known_addr { host: "127.13.207.194" port: 44115 } } peers { permanent_uuid: "18f446b88df04bfea769205138df232f" member_type: VOTER last_known_addr { host: "127.13.207.193" port: 35237 } } peers { permanent_uuid: "fe3db84aebc44132888d79e5be27c306" member_type: VOTER last_known_addr { host: "127.13.207.195" port: 41411 } }
I20260630 12:41:04.407296 18893 leader_election.cc:290] T 5ebb22b499d744fdade3182531559044 P fe3db84aebc44132888d79e5be27c306 [CANDIDATE]: Term 1 pre-election: Requested pre-vote from peers 4980f1a5a2d4499a9b8468369c3d076a (127.13.207.194:44115), 18f446b88df04bfea769205138df232f (127.13.207.193:35237)
I20260630 12:41:04.447058 18887 raft_consensus.cc:359] T 4f675dfb58c94004adfaacb11af79233 P fe3db84aebc44132888d79e5be27c306 [term 0 FOLLOWER]: Replica starting. Triggering 0 pending ops. Active config: opid_index: -1 OBSOLETE_local: false peers { permanent_uuid: "18f446b88df04bfea769205138df232f" member_type: VOTER last_known_addr { host: "127.13.207.193" port: 35237 } } peers { permanent_uuid: "4980f1a5a2d4499a9b8468369c3d076a" member_type: VOTER last_known_addr { host: "127.13.207.194" port: 44115 } } peers { permanent_uuid: "fe3db84aebc44132888d79e5be27c306" member_type: VOTER last_known_addr { host: "127.13.207.195" port: 41411 } }
I20260630 12:41:04.448093 18887 raft_consensus.cc:385] T 4f675dfb58c94004adfaacb11af79233 P fe3db84aebc44132888d79e5be27c306 [term 0 FOLLOWER]: Consensus starting up: Expiring failure detector timer to make a prompt election more likely
I20260630 12:41:04.448522 18887 raft_consensus.cc:740] T 4f675dfb58c94004adfaacb11af79233 P fe3db84aebc44132888d79e5be27c306 [term 0 FOLLOWER]: Becoming Follower/Learner. State: Replica: fe3db84aebc44132888d79e5be27c306, State: Initialized, Role: FOLLOWER
I20260630 12:41:04.449657 18887 consensus_queue.cc:260] T 4f675dfb58c94004adfaacb11af79233 P fe3db84aebc44132888d79e5be27c306 [NON_LEADER]: Queue going to NON_LEADER mode. State: All replicated index: 0, Majority replicated index: 0, Committed index: 0, Last appended: 0.0, Last appended by leader: 0, Current term: 0, Majority size: -1, State: 0, Mode: NON_LEADER, active raft config: opid_index: -1 OBSOLETE_local: false peers { permanent_uuid: "18f446b88df04bfea769205138df232f" member_type: VOTER last_known_addr { host: "127.13.207.193" port: 35237 } } peers { permanent_uuid: "4980f1a5a2d4499a9b8468369c3d076a" member_type: VOTER last_known_addr { host: "127.13.207.194" port: 44115 } } peers { permanent_uuid: "fe3db84aebc44132888d79e5be27c306" member_type: VOTER last_known_addr { host: "127.13.207.195" port: 41411 } }
I20260630 12:41:04.452064 18910 raft_consensus.cc:493] T 5ebb22b499d744fdade3182531559044 P 18f446b88df04bfea769205138df232f [term 0 FOLLOWER]: Starting pre-election (no leader contacted us within the election timeout)
I20260630 12:41:04.452539 18910 raft_consensus.cc:515] T 5ebb22b499d744fdade3182531559044 P 18f446b88df04bfea769205138df232f [term 0 FOLLOWER]: Starting pre-election with config: opid_index: -1 OBSOLETE_local: false peers { permanent_uuid: "4980f1a5a2d4499a9b8468369c3d076a" member_type: VOTER last_known_addr { host: "127.13.207.194" port: 44115 } } peers { permanent_uuid: "18f446b88df04bfea769205138df232f" member_type: VOTER last_known_addr { host: "127.13.207.193" port: 35237 } } peers { permanent_uuid: "fe3db84aebc44132888d79e5be27c306" member_type: VOTER last_known_addr { host: "127.13.207.195" port: 41411 } }
I20260630 12:41:04.453336 18887 ts_tablet_manager.cc:1434] T 4f675dfb58c94004adfaacb11af79233 P fe3db84aebc44132888d79e5be27c306: Time spent starting tablet: real 0.065s	user 0.010s	sys 0.027s
I20260630 12:41:04.454433 18887 tablet_bootstrap.cc:492] T 70b36d57cf664b96ae5541a8097a757a P fe3db84aebc44132888d79e5be27c306: Bootstrap starting.
I20260630 12:41:04.455178 18910 leader_election.cc:290] T 5ebb22b499d744fdade3182531559044 P 18f446b88df04bfea769205138df232f [CANDIDATE]: Term 1 pre-election: Requested pre-vote from peers 4980f1a5a2d4499a9b8468369c3d076a (127.13.207.194:44115), fe3db84aebc44132888d79e5be27c306 (127.13.207.195:41411)
I20260630 12:41:04.455830 18841 tablet_service.cc:1917] Received RequestConsensusVote() RPC: tablet_id: "5ebb22b499d744fdade3182531559044" candidate_uuid: "18f446b88df04bfea769205138df232f" candidate_term: 1 candidate_status { last_received { term: 0 index: 0 } } ignore_live_leader: false dest_uuid: "fe3db84aebc44132888d79e5be27c306" is_pre_election: true
I20260630 12:41:04.458274 18841 raft_consensus.cc:2468] T 5ebb22b499d744fdade3182531559044 P fe3db84aebc44132888d79e5be27c306 [term 0 FOLLOWER]: Leader pre-election vote request: Granting yes vote for candidate 18f446b88df04bfea769205138df232f in term 0.
I20260630 12:41:04.457418 18886 tablet_bootstrap.cc:492] T 70b36d57cf664b96ae5541a8097a757a P 4980f1a5a2d4499a9b8468369c3d076a: No bootstrap required, opened a new log
I20260630 12:41:04.459554 18657 leader_election.cc:304] T 5ebb22b499d744fdade3182531559044 P 18f446b88df04bfea769205138df232f [CANDIDATE]: Term 1 pre-election: Election decided. Result: candidate won. Election summary: received 2 responses out of 3 voters: 2 yes votes; 0 no votes. yes voters: 18f446b88df04bfea769205138df232f, fe3db84aebc44132888d79e5be27c306; no voters: 
I20260630 12:41:04.459954 18886 ts_tablet_manager.cc:1403] T 70b36d57cf664b96ae5541a8097a757a P 4980f1a5a2d4499a9b8468369c3d076a: Time spent bootstrapping tablet: real 0.093s	user 0.030s	sys 0.017s
I20260630 12:41:04.460381 18910 raft_consensus.cc:2804] T 5ebb22b499d744fdade3182531559044 P 18f446b88df04bfea769205138df232f [term 0 FOLLOWER]: Leader pre-election won for term 1
I20260630 12:41:04.460747 18910 raft_consensus.cc:493] T 5ebb22b499d744fdade3182531559044 P 18f446b88df04bfea769205138df232f [term 0 FOLLOWER]: Starting leader election (no leader contacted us within the election timeout)
I20260630 12:41:04.460786 18893 raft_consensus.cc:493] T 226f49f0557a40ef862e72a9f3be9bb8 P fe3db84aebc44132888d79e5be27c306 [term 0 FOLLOWER]: Starting pre-election (no leader contacted us within the election timeout)
I20260630 12:41:04.461220 18910 raft_consensus.cc:3060] T 5ebb22b499d744fdade3182531559044 P 18f446b88df04bfea769205138df232f [term 0 FOLLOWER]: Advancing to term 1
I20260630 12:41:04.461323 18893 raft_consensus.cc:515] T 226f49f0557a40ef862e72a9f3be9bb8 P fe3db84aebc44132888d79e5be27c306 [term 0 FOLLOWER]: Starting pre-election with config: opid_index: -1 OBSOLETE_local: false peers { permanent_uuid: "18f446b88df04bfea769205138df232f" member_type: VOTER last_known_addr { host: "127.13.207.193" port: 35237 } } peers { permanent_uuid: "4980f1a5a2d4499a9b8468369c3d076a" member_type: VOTER last_known_addr { host: "127.13.207.194" port: 44115 } } peers { permanent_uuid: "fe3db84aebc44132888d79e5be27c306" member_type: VOTER last_known_addr { host: "127.13.207.195" port: 41411 } }
I20260630 12:41:04.464169 18893 leader_election.cc:290] T 226f49f0557a40ef862e72a9f3be9bb8 P fe3db84aebc44132888d79e5be27c306 [CANDIDATE]: Term 1 pre-election: Requested pre-vote from peers 18f446b88df04bfea769205138df232f (127.13.207.193:35237), 4980f1a5a2d4499a9b8468369c3d076a (127.13.207.194:44115)
I20260630 12:41:04.466037 18886 raft_consensus.cc:359] T 70b36d57cf664b96ae5541a8097a757a P 4980f1a5a2d4499a9b8468369c3d076a [term 0 FOLLOWER]: Replica starting. Triggering 0 pending ops. Active config: opid_index: -1 OBSOLETE_local: false peers { permanent_uuid: "18f446b88df04bfea769205138df232f" member_type: VOTER last_known_addr { host: "127.13.207.193" port: 35237 } } peers { permanent_uuid: "4980f1a5a2d4499a9b8468369c3d076a" member_type: VOTER last_known_addr { host: "127.13.207.194" port: 44115 } } peers { permanent_uuid: "fe3db84aebc44132888d79e5be27c306" member_type: VOTER last_known_addr { host: "127.13.207.195" port: 41411 } }
I20260630 12:41:04.466882 18886 raft_consensus.cc:385] T 70b36d57cf664b96ae5541a8097a757a P 4980f1a5a2d4499a9b8468369c3d076a [term 0 FOLLOWER]: Consensus starting up: Expiring failure detector timer to make a prompt election more likely
I20260630 12:41:04.467247 18886 raft_consensus.cc:740] T 70b36d57cf664b96ae5541a8097a757a P 4980f1a5a2d4499a9b8468369c3d076a [term 0 FOLLOWER]: Becoming Follower/Learner. State: Replica: 4980f1a5a2d4499a9b8468369c3d076a, State: Initialized, Role: FOLLOWER
I20260630 12:41:04.468082 18886 consensus_queue.cc:260] T 70b36d57cf664b96ae5541a8097a757a P 4980f1a5a2d4499a9b8468369c3d076a [NON_LEADER]: Queue going to NON_LEADER mode. State: All replicated index: 0, Majority replicated index: 0, Committed index: 0, Last appended: 0.0, Last appended by leader: 0, Current term: 0, Majority size: -1, State: 0, Mode: NON_LEADER, active raft config: opid_index: -1 OBSOLETE_local: false peers { permanent_uuid: "18f446b88df04bfea769205138df232f" member_type: VOTER last_known_addr { host: "127.13.207.193" port: 35237 } } peers { permanent_uuid: "4980f1a5a2d4499a9b8468369c3d076a" member_type: VOTER last_known_addr { host: "127.13.207.194" port: 44115 } } peers { permanent_uuid: "fe3db84aebc44132888d79e5be27c306" member_type: VOTER last_known_addr { host: "127.13.207.195" port: 41411 } }
I20260630 12:41:04.468941 18887 tablet_bootstrap.cc:654] T 70b36d57cf664b96ae5541a8097a757a P fe3db84aebc44132888d79e5be27c306: Neither blocks nor log segments found. Creating new log.
I20260630 12:41:04.469311 18910 raft_consensus.cc:515] T 5ebb22b499d744fdade3182531559044 P 18f446b88df04bfea769205138df232f [term 1 FOLLOWER]: Starting leader election with config: opid_index: -1 OBSOLETE_local: false peers { permanent_uuid: "4980f1a5a2d4499a9b8468369c3d076a" member_type: VOTER last_known_addr { host: "127.13.207.194" port: 44115 } } peers { permanent_uuid: "18f446b88df04bfea769205138df232f" member_type: VOTER last_known_addr { host: "127.13.207.193" port: 35237 } } peers { permanent_uuid: "fe3db84aebc44132888d79e5be27c306" member_type: VOTER last_known_addr { host: "127.13.207.195" port: 41411 } }
I20260630 12:41:04.486472 18885 tablet_bootstrap.cc:492] T fe9dc607175246768537832cc65e745a P 18f446b88df04bfea769205138df232f: No bootstrap required, opened a new log
I20260630 12:41:04.486953 18885 ts_tablet_manager.cc:1403] T fe9dc607175246768537832cc65e745a P 18f446b88df04bfea769205138df232f: Time spent bootstrapping tablet: real 0.149s	user 0.046s	sys 0.088s
I20260630 12:41:04.480209 18894 raft_consensus.cc:493] T 05393d03f9e74b0db976f7512df0a46a P 4980f1a5a2d4499a9b8468369c3d076a [term 0 FOLLOWER]: Starting pre-election (no leader contacted us within the election timeout)
I20260630 12:41:04.487813 18910 leader_election.cc:290] T 5ebb22b499d744fdade3182531559044 P 18f446b88df04bfea769205138df232f [CANDIDATE]: Term 1 election: Requested vote from peers 4980f1a5a2d4499a9b8468369c3d076a (127.13.207.194:44115), fe3db84aebc44132888d79e5be27c306 (127.13.207.195:41411)
I20260630 12:41:04.487730 18894 raft_consensus.cc:515] T 05393d03f9e74b0db976f7512df0a46a P 4980f1a5a2d4499a9b8468369c3d076a [term 0 FOLLOWER]: Starting pre-election with config: opid_index: -1 OBSOLETE_local: false peers { permanent_uuid: "18f446b88df04bfea769205138df232f" member_type: VOTER last_known_addr { host: "127.13.207.193" port: 35237 } } peers { permanent_uuid: "4980f1a5a2d4499a9b8468369c3d076a" member_type: VOTER last_known_addr { host: "127.13.207.194" port: 44115 } } peers { permanent_uuid: "fe3db84aebc44132888d79e5be27c306" member_type: VOTER last_known_addr { host: "127.13.207.195" port: 41411 } }
I20260630 12:41:04.488942 18910 raft_consensus.cc:493] T a5c6287995ed438394828a6a2ed033ee P 18f446b88df04bfea769205138df232f [term 0 FOLLOWER]: Starting pre-election (no leader contacted us within the election timeout)
I20260630 12:41:04.489359 18910 raft_consensus.cc:515] T a5c6287995ed438394828a6a2ed033ee P 18f446b88df04bfea769205138df232f [term 0 FOLLOWER]: Starting pre-election with config: opid_index: -1 OBSOLETE_local: false peers { permanent_uuid: "18f446b88df04bfea769205138df232f" member_type: VOTER last_known_addr { host: "127.13.207.193" port: 35237 } } peers { permanent_uuid: "4980f1a5a2d4499a9b8468369c3d076a" member_type: VOTER last_known_addr { host: "127.13.207.194" port: 44115 } } peers { permanent_uuid: "fe3db84aebc44132888d79e5be27c306" member_type: VOTER last_known_addr { host: "127.13.207.195" port: 41411 } }
I20260630 12:41:04.489943 18894 leader_election.cc:290] T 05393d03f9e74b0db976f7512df0a46a P 4980f1a5a2d4499a9b8468369c3d076a [CANDIDATE]: Term 1 pre-election: Requested pre-vote from peers 18f446b88df04bfea769205138df232f (127.13.207.193:35237), fe3db84aebc44132888d79e5be27c306 (127.13.207.195:41411)
I20260630 12:41:04.489837 18885 raft_consensus.cc:359] T fe9dc607175246768537832cc65e745a P 18f446b88df04bfea769205138df232f [term 0 FOLLOWER]: Replica starting. Triggering 0 pending ops. Active config: opid_index: -1 OBSOLETE_local: false peers { permanent_uuid: "18f446b88df04bfea769205138df232f" member_type: VOTER last_known_addr { host: "127.13.207.193" port: 35237 } } peers { permanent_uuid: "4980f1a5a2d4499a9b8468369c3d076a" member_type: VOTER last_known_addr { host: "127.13.207.194" port: 44115 } } peers { permanent_uuid: "fe3db84aebc44132888d79e5be27c306" member_type: VOTER last_known_addr { host: "127.13.207.195" port: 41411 } }
I20260630 12:41:04.490650 18885 raft_consensus.cc:385] T fe9dc607175246768537832cc65e745a P 18f446b88df04bfea769205138df232f [term 0 FOLLOWER]: Consensus starting up: Expiring failure detector timer to make a prompt election more likely
I20260630 12:41:04.489997 18590 catalog_manager.cc:5697] T a8ecffe138fd499d8f09aa786fbeb84e P 18f446b88df04bfea769205138df232f reported cstate change: term changed from 0 to 1, leader changed from <none> to 18f446b88df04bfea769205138df232f (127.13.207.193). New cstate: current_term: 1 leader_uuid: "18f446b88df04bfea769205138df232f" committed_config { opid_index: -1 OBSOLETE_local: false peers { permanent_uuid: "18f446b88df04bfea769205138df232f" member_type: VOTER last_known_addr { host: "127.13.207.193" port: 35237 } health_report { overall_health: HEALTHY } } peers { permanent_uuid: "4980f1a5a2d4499a9b8468369c3d076a" member_type: VOTER last_known_addr { host: "127.13.207.194" port: 44115 } health_report { overall_health: UNKNOWN } } peers { permanent_uuid: "fe3db84aebc44132888d79e5be27c306" member_type: VOTER last_known_addr { host: "127.13.207.195" port: 41411 } health_report { overall_health: UNKNOWN } } }
I20260630 12:41:04.490958 18885 raft_consensus.cc:740] T fe9dc607175246768537832cc65e745a P 18f446b88df04bfea769205138df232f [term 0 FOLLOWER]: Becoming Follower/Learner. State: Replica: 18f446b88df04bfea769205138df232f, State: Initialized, Role: FOLLOWER
I20260630 12:41:04.491493 18841 tablet_service.cc:1917] Received RequestConsensusVote() RPC: tablet_id: "5ebb22b499d744fdade3182531559044" candidate_uuid: "18f446b88df04bfea769205138df232f" candidate_term: 1 candidate_status { last_received { term: 0 index: 0 } } ignore_live_leader: false dest_uuid: "fe3db84aebc44132888d79e5be27c306"
I20260630 12:41:04.491734 18910 leader_election.cc:290] T a5c6287995ed438394828a6a2ed033ee P 18f446b88df04bfea769205138df232f [CANDIDATE]: Term 1 pre-election: Requested pre-vote from peers 4980f1a5a2d4499a9b8468369c3d076a (127.13.207.194:44115), fe3db84aebc44132888d79e5be27c306 (127.13.207.195:41411)
I20260630 12:41:04.492055 18841 raft_consensus.cc:3060] T 5ebb22b499d744fdade3182531559044 P fe3db84aebc44132888d79e5be27c306 [term 0 FOLLOWER]: Advancing to term 1
I20260630 12:41:04.491734 18885 consensus_queue.cc:260] T fe9dc607175246768537832cc65e745a P 18f446b88df04bfea769205138df232f [NON_LEADER]: Queue going to NON_LEADER mode. State: All replicated index: 0, Majority replicated index: 0, Committed index: 0, Last appended: 0.0, Last appended by leader: 0, Current term: 0, Majority size: -1, State: 0, Mode: NON_LEADER, active raft config: opid_index: -1 OBSOLETE_local: false peers { permanent_uuid: "18f446b88df04bfea769205138df232f" member_type: VOTER last_known_addr { host: "127.13.207.193" port: 35237 } } peers { permanent_uuid: "4980f1a5a2d4499a9b8468369c3d076a" member_type: VOTER last_known_addr { host: "127.13.207.194" port: 44115 } } peers { permanent_uuid: "fe3db84aebc44132888d79e5be27c306" member_type: VOTER last_known_addr { host: "127.13.207.195" port: 41411 } }
I20260630 12:41:04.494894 18885 ts_tablet_manager.cc:1434] T fe9dc607175246768537832cc65e745a P 18f446b88df04bfea769205138df232f: Time spent starting tablet: real 0.008s	user 0.007s	sys 0.000s
I20260630 12:41:04.496177 18885 tablet_bootstrap.cc:492] T 16ca7c3094ad4515a2a5f3ce32e9d3a1 P 18f446b88df04bfea769205138df232f: Bootstrap starting.
I20260630 12:41:04.500963 18840 tablet_service.cc:1917] Received RequestConsensusVote() RPC: tablet_id: "a5c6287995ed438394828a6a2ed033ee" candidate_uuid: "18f446b88df04bfea769205138df232f" candidate_term: 1 candidate_status { last_received { term: 0 index: 0 } } ignore_live_leader: false dest_uuid: "fe3db84aebc44132888d79e5be27c306" is_pre_election: true
I20260630 12:41:04.501847 18840 raft_consensus.cc:2468] T a5c6287995ed438394828a6a2ed033ee P fe3db84aebc44132888d79e5be27c306 [term 0 FOLLOWER]: Leader pre-election vote request: Granting yes vote for candidate 18f446b88df04bfea769205138df232f in term 0.
I20260630 12:41:04.503528 18657 leader_election.cc:304] T a5c6287995ed438394828a6a2ed033ee P 18f446b88df04bfea769205138df232f [CANDIDATE]: Term 1 pre-election: Election decided. Result: candidate won. Election summary: received 2 responses out of 3 voters: 2 yes votes; 0 no votes. yes voters: 18f446b88df04bfea769205138df232f, fe3db84aebc44132888d79e5be27c306; no voters: 
I20260630 12:41:04.504602 18910 raft_consensus.cc:2804] T a5c6287995ed438394828a6a2ed033ee P 18f446b88df04bfea769205138df232f [term 0 FOLLOWER]: Leader pre-election won for term 1
I20260630 12:41:04.505031 18910 raft_consensus.cc:493] T a5c6287995ed438394828a6a2ed033ee P 18f446b88df04bfea769205138df232f [term 0 FOLLOWER]: Starting leader election (no leader contacted us within the election timeout)
I20260630 12:41:04.505401 18910 raft_consensus.cc:3060] T a5c6287995ed438394828a6a2ed033ee P 18f446b88df04bfea769205138df232f [term 0 FOLLOWER]: Advancing to term 1
I20260630 12:41:04.515482 18885 tablet_bootstrap.cc:654] T 16ca7c3094ad4515a2a5f3ce32e9d3a1 P 18f446b88df04bfea769205138df232f: Neither blocks nor log segments found. Creating new log.
I20260630 12:41:04.523980 18910 raft_consensus.cc:515] T a5c6287995ed438394828a6a2ed033ee P 18f446b88df04bfea769205138df232f [term 1 FOLLOWER]: Starting leader election with config: opid_index: -1 OBSOLETE_local: false peers { permanent_uuid: "18f446b88df04bfea769205138df232f" member_type: VOTER last_known_addr { host: "127.13.207.193" port: 35237 } } peers { permanent_uuid: "4980f1a5a2d4499a9b8468369c3d076a" member_type: VOTER last_known_addr { host: "127.13.207.194" port: 44115 } } peers { permanent_uuid: "fe3db84aebc44132888d79e5be27c306" member_type: VOTER last_known_addr { host: "127.13.207.195" port: 41411 } }
I20260630 12:41:04.525460 18894 raft_consensus.cc:493] T 70b36d57cf664b96ae5541a8097a757a P 4980f1a5a2d4499a9b8468369c3d076a [term 0 FOLLOWER]: Starting pre-election (no leader contacted us within the election timeout)
I20260630 12:41:04.525974 18894 raft_consensus.cc:515] T 70b36d57cf664b96ae5541a8097a757a P 4980f1a5a2d4499a9b8468369c3d076a [term 0 FOLLOWER]: Starting pre-election with config: opid_index: -1 OBSOLETE_local: false peers { permanent_uuid: "18f446b88df04bfea769205138df232f" member_type: VOTER last_known_addr { host: "127.13.207.193" port: 35237 } } peers { permanent_uuid: "4980f1a5a2d4499a9b8468369c3d076a" member_type: VOTER last_known_addr { host: "127.13.207.194" port: 44115 } } peers { permanent_uuid: "fe3db84aebc44132888d79e5be27c306" member_type: VOTER last_known_addr { host: "127.13.207.195" port: 41411 } }
I20260630 12:41:04.528252 18894 leader_election.cc:290] T 70b36d57cf664b96ae5541a8097a757a P 4980f1a5a2d4499a9b8468369c3d076a [CANDIDATE]: Term 1 pre-election: Requested pre-vote from peers 18f446b88df04bfea769205138df232f (127.13.207.193:35237), fe3db84aebc44132888d79e5be27c306 (127.13.207.195:41411)
I20260630 12:41:04.529450 18841 raft_consensus.cc:2468] T 5ebb22b499d744fdade3182531559044 P fe3db84aebc44132888d79e5be27c306 [term 1 FOLLOWER]: Leader election vote request: Granting yes vote for candidate 18f446b88df04bfea769205138df232f in term 1.
I20260630 12:41:04.530825 18657 leader_election.cc:304] T 5ebb22b499d744fdade3182531559044 P 18f446b88df04bfea769205138df232f [CANDIDATE]: Term 1 election: Election decided. Result: candidate won. Election summary: received 2 responses out of 3 voters: 2 yes votes; 0 no votes. yes voters: 18f446b88df04bfea769205138df232f, fe3db84aebc44132888d79e5be27c306; no voters: 
I20260630 12:41:04.531651 18892 raft_consensus.cc:2804] T 5ebb22b499d744fdade3182531559044 P 18f446b88df04bfea769205138df232f [term 1 FOLLOWER]: Leader election won for term 1
I20260630 12:41:04.532361 18692 tablet_service.cc:1917] Received RequestConsensusVote() RPC: tablet_id: "5ebb22b499d744fdade3182531559044" candidate_uuid: "fe3db84aebc44132888d79e5be27c306" candidate_term: 1 candidate_status { last_received { term: 0 index: 0 } } ignore_live_leader: false dest_uuid: "18f446b88df04bfea769205138df232f" is_pre_election: true
I20260630 12:41:04.533123 18893 raft_consensus.cc:493] T 4f675dfb58c94004adfaacb11af79233 P fe3db84aebc44132888d79e5be27c306 [term 0 FOLLOWER]: Starting pre-election (no leader contacted us within the election timeout)
I20260630 12:41:04.533749 18893 raft_consensus.cc:515] T 4f675dfb58c94004adfaacb11af79233 P fe3db84aebc44132888d79e5be27c306 [term 0 FOLLOWER]: Starting pre-election with config: opid_index: -1 OBSOLETE_local: false peers { permanent_uuid: "18f446b88df04bfea769205138df232f" member_type: VOTER last_known_addr { host: "127.13.207.193" port: 35237 } } peers { permanent_uuid: "4980f1a5a2d4499a9b8468369c3d076a" member_type: VOTER last_known_addr { host: "127.13.207.194" port: 44115 } } peers { permanent_uuid: "fe3db84aebc44132888d79e5be27c306" member_type: VOTER last_known_addr { host: "127.13.207.195" port: 41411 } }
I20260630 12:41:04.534353 18691 tablet_service.cc:1917] Received RequestConsensusVote() RPC: tablet_id: "226f49f0557a40ef862e72a9f3be9bb8" candidate_uuid: "fe3db84aebc44132888d79e5be27c306" candidate_term: 1 candidate_status { last_received { term: 0 index: 0 } } ignore_live_leader: false dest_uuid: "18f446b88df04bfea769205138df232f" is_pre_election: true
I20260630 12:41:04.536283 18893 leader_election.cc:290] T 4f675dfb58c94004adfaacb11af79233 P fe3db84aebc44132888d79e5be27c306 [CANDIDATE]: Term 1 pre-election: Requested pre-vote from peers 18f446b88df04bfea769205138df232f (127.13.207.193:35237), 4980f1a5a2d4499a9b8468369c3d076a (127.13.207.194:44115)
W20260630 12:41:04.536599 18807 leader_election.cc:343] T 226f49f0557a40ef862e72a9f3be9bb8 P fe3db84aebc44132888d79e5be27c306 [CANDIDATE]: Term 1 pre-election: Tablet error from VoteRequest() call to peer 18f446b88df04bfea769205138df232f (127.13.207.193:35237): Illegal state: must be running to vote when last-logged opid is not known
I20260630 12:41:04.537653 18767 tablet_service.cc:1917] Received RequestConsensusVote() RPC: tablet_id: "5ebb22b499d744fdade3182531559044" candidate_uuid: "18f446b88df04bfea769205138df232f" candidate_term: 1 candidate_status { last_received { term: 0 index: 0 } } ignore_live_leader: false dest_uuid: "4980f1a5a2d4499a9b8468369c3d076a" is_pre_election: true
I20260630 12:41:04.537949 18691 tablet_service.cc:1917] Received RequestConsensusVote() RPC: tablet_id: "4f675dfb58c94004adfaacb11af79233" candidate_uuid: "fe3db84aebc44132888d79e5be27c306" candidate_term: 1 candidate_status { last_received { term: 0 index: 0 } } ignore_live_leader: false dest_uuid: "18f446b88df04bfea769205138df232f" is_pre_election: true
W20260630 12:41:04.538337 18804 outbound_call.cc:321] RPC callback for RPC call kudu.master.MasterService.TSHeartbeat -> {remote=127.13.207.254:41133, user_credentials={real_user=slave}} blocked reactor thread for 52616.4us
W20260630 12:41:04.539384 18807 leader_election.cc:343] T 4f675dfb58c94004adfaacb11af79233 P fe3db84aebc44132888d79e5be27c306 [CANDIDATE]: Term 1 pre-election: Tablet error from VoteRequest() call to peer 18f446b88df04bfea769205138df232f (127.13.207.193:35237): Illegal state: must be running to vote when last-logged opid is not known
I20260630 12:41:04.544268 18767 tablet_service.cc:1917] Received RequestConsensusVote() RPC: tablet_id: "5ebb22b499d744fdade3182531559044" candidate_uuid: "18f446b88df04bfea769205138df232f" candidate_term: 1 candidate_status { last_received { term: 0 index: 0 } } ignore_live_leader: false dest_uuid: "4980f1a5a2d4499a9b8468369c3d076a"
I20260630 12:41:04.545833 18767 tablet_service.cc:1917] Received RequestConsensusVote() RPC: tablet_id: "a5c6287995ed438394828a6a2ed033ee" candidate_uuid: "18f446b88df04bfea769205138df232f" candidate_term: 1 candidate_status { last_received { term: 0 index: 0 } } ignore_live_leader: false dest_uuid: "4980f1a5a2d4499a9b8468369c3d076a" is_pre_election: true
W20260630 12:41:04.547271 18655 leader_election.cc:343] T 5ebb22b499d744fdade3182531559044 P 18f446b88df04bfea769205138df232f [CANDIDATE]: Term 1 pre-election: Tablet error from VoteRequest() call to peer 4980f1a5a2d4499a9b8468369c3d076a (127.13.207.194:44115): Illegal state: must be running to vote when last-logged opid is not known
W20260630 12:41:04.548857 18655 leader_election.cc:343] T 5ebb22b499d744fdade3182531559044 P 18f446b88df04bfea769205138df232f [CANDIDATE]: Term 1 election: Tablet error from VoteRequest() call to peer 4980f1a5a2d4499a9b8468369c3d076a (127.13.207.194:44115): Illegal state: must be running to vote when last-logged opid is not known
I20260630 12:41:04.549477 18841 tablet_service.cc:1917] Received RequestConsensusVote() RPC: tablet_id: "a5c6287995ed438394828a6a2ed033ee" candidate_uuid: "18f446b88df04bfea769205138df232f" candidate_term: 1 candidate_status { last_received { term: 0 index: 0 } } ignore_live_leader: false dest_uuid: "fe3db84aebc44132888d79e5be27c306"
W20260630 12:41:04.549934 18655 leader_election.cc:343] T a5c6287995ed438394828a6a2ed033ee P 18f446b88df04bfea769205138df232f [CANDIDATE]: Term 1 pre-election: Tablet error from VoteRequest() call to peer 4980f1a5a2d4499a9b8468369c3d076a (127.13.207.194:44115): Illegal state: must be running to vote when last-logged opid is not known
I20260630 12:41:04.550086 18841 raft_consensus.cc:3060] T a5c6287995ed438394828a6a2ed033ee P fe3db84aebc44132888d79e5be27c306 [term 0 FOLLOWER]: Advancing to term 1
I20260630 12:41:04.551028 18894 raft_consensus.cc:493] T 226f49f0557a40ef862e72a9f3be9bb8 P 4980f1a5a2d4499a9b8468369c3d076a [term 0 FOLLOWER]: Starting pre-election (no leader contacted us within the election timeout)
I20260630 12:41:04.551479 18894 raft_consensus.cc:515] T 226f49f0557a40ef862e72a9f3be9bb8 P 4980f1a5a2d4499a9b8468369c3d076a [term 0 FOLLOWER]: Starting pre-election with config: opid_index: -1 OBSOLETE_local: false peers { permanent_uuid: "18f446b88df04bfea769205138df232f" member_type: VOTER last_known_addr { host: "127.13.207.193" port: 35237 } } peers { permanent_uuid: "4980f1a5a2d4499a9b8468369c3d076a" member_type: VOTER last_known_addr { host: "127.13.207.194" port: 44115 } } peers { permanent_uuid: "fe3db84aebc44132888d79e5be27c306" member_type: VOTER last_known_addr { host: "127.13.207.195" port: 41411 } }
I20260630 12:41:04.552384 18910 leader_election.cc:290] T a5c6287995ed438394828a6a2ed033ee P 18f446b88df04bfea769205138df232f [CANDIDATE]: Term 1 election: Requested vote from peers 4980f1a5a2d4499a9b8468369c3d076a (127.13.207.194:44115), fe3db84aebc44132888d79e5be27c306 (127.13.207.195:41411)
I20260630 12:41:04.553556 18894 leader_election.cc:290] T 226f49f0557a40ef862e72a9f3be9bb8 P 4980f1a5a2d4499a9b8468369c3d076a [CANDIDATE]: Term 1 pre-election: Requested pre-vote from peers 18f446b88df04bfea769205138df232f (127.13.207.193:35237), fe3db84aebc44132888d79e5be27c306 (127.13.207.195:41411)
I20260630 12:41:04.569379 18839 tablet_service.cc:1917] Received RequestConsensusVote() RPC: tablet_id: "05393d03f9e74b0db976f7512df0a46a" candidate_uuid: "4980f1a5a2d4499a9b8468369c3d076a" candidate_term: 1 candidate_status { last_received { term: 0 index: 0 } } ignore_live_leader: false dest_uuid: "fe3db84aebc44132888d79e5be27c306" is_pre_election: true
I20260630 12:41:04.562990 18892 raft_consensus.cc:697] T 5ebb22b499d744fdade3182531559044 P 18f446b88df04bfea769205138df232f [term 1 LEADER]: Becoming Leader. State: Replica: 18f446b88df04bfea769205138df232f, State: Running, Role: LEADER
I20260630 12:41:04.564182 18767 tablet_service.cc:1917] Received RequestConsensusVote() RPC: tablet_id: "a5c6287995ed438394828a6a2ed033ee" candidate_uuid: "18f446b88df04bfea769205138df232f" candidate_term: 1 candidate_status { last_received { term: 0 index: 0 } } ignore_live_leader: false dest_uuid: "4980f1a5a2d4499a9b8468369c3d076a"
I20260630 12:41:04.564667 18691 tablet_service.cc:1917] Received RequestConsensusVote() RPC: tablet_id: "fe9dc607175246768537832cc65e745a" candidate_uuid: "4980f1a5a2d4499a9b8468369c3d076a" candidate_term: 1 candidate_status { last_received { term: 0 index: 0 } } ignore_live_leader: false dest_uuid: "18f446b88df04bfea769205138df232f" is_pre_election: true
I20260630 12:41:04.571269 18691 raft_consensus.cc:2468] T fe9dc607175246768537832cc65e745a P 18f446b88df04bfea769205138df232f [term 0 FOLLOWER]: Leader pre-election vote request: Granting yes vote for candidate 4980f1a5a2d4499a9b8468369c3d076a in term 0.
I20260630 12:41:04.571513 18885 tablet_bootstrap.cc:492] T 16ca7c3094ad4515a2a5f3ce32e9d3a1 P 18f446b88df04bfea769205138df232f: No bootstrap required, opened a new log
I20260630 12:41:04.566231 18690 tablet_service.cc:1917] Received RequestConsensusVote() RPC: tablet_id: "05393d03f9e74b0db976f7512df0a46a" candidate_uuid: "4980f1a5a2d4499a9b8468369c3d076a" candidate_term: 1 candidate_status { last_received { term: 0 index: 0 } } ignore_live_leader: false dest_uuid: "18f446b88df04bfea769205138df232f" is_pre_election: true
I20260630 12:41:04.572009 18885 ts_tablet_manager.cc:1403] T 16ca7c3094ad4515a2a5f3ce32e9d3a1 P 18f446b88df04bfea769205138df232f: Time spent bootstrapping tablet: real 0.076s	user 0.030s	sys 0.035s
W20260630 12:41:04.573340 18655 leader_election.cc:343] T a5c6287995ed438394828a6a2ed033ee P 18f446b88df04bfea769205138df232f [CANDIDATE]: Term 1 election: Tablet error from VoteRequest() call to peer 4980f1a5a2d4499a9b8468369c3d076a (127.13.207.194:44115): Illegal state: must be running to vote when last-logged opid is not known
I20260630 12:41:04.568509 18688 tablet_service.cc:1917] Received RequestConsensusVote() RPC: tablet_id: "226f49f0557a40ef862e72a9f3be9bb8" candidate_uuid: "4980f1a5a2d4499a9b8468369c3d076a" candidate_term: 1 candidate_status { last_received { term: 0 index: 0 } } ignore_live_leader: false dest_uuid: "18f446b88df04bfea769205138df232f" is_pre_election: true
I20260630 12:41:04.567399 18689 tablet_service.cc:1917] Received RequestConsensusVote() RPC: tablet_id: "70b36d57cf664b96ae5541a8097a757a" candidate_uuid: "4980f1a5a2d4499a9b8468369c3d076a" candidate_term: 1 candidate_status { last_received { term: 0 index: 0 } } ignore_live_leader: false dest_uuid: "18f446b88df04bfea769205138df232f" is_pre_election: true
I20260630 12:41:04.567988 18840 tablet_service.cc:1917] Received RequestConsensusVote() RPC: tablet_id: "fe9dc607175246768537832cc65e745a" candidate_uuid: "4980f1a5a2d4499a9b8468369c3d076a" candidate_term: 1 candidate_status { last_received { term: 0 index: 0 } } ignore_live_leader: false dest_uuid: "fe3db84aebc44132888d79e5be27c306" is_pre_election: true
I20260630 12:41:04.574666 18733 leader_election.cc:304] T fe9dc607175246768537832cc65e745a P 4980f1a5a2d4499a9b8468369c3d076a [CANDIDATE]: Term 1 pre-election: Election decided. Result: candidate won. Election summary: received 2 responses out of 3 voters: 2 yes votes; 0 no votes. yes voters: 18f446b88df04bfea769205138df232f, 4980f1a5a2d4499a9b8468369c3d076a; no voters: 
I20260630 12:41:04.576365 18840 raft_consensus.cc:2468] T fe9dc607175246768537832cc65e745a P fe3db84aebc44132888d79e5be27c306 [term 0 FOLLOWER]: Leader pre-election vote request: Granting yes vote for candidate 4980f1a5a2d4499a9b8468369c3d076a in term 0.
I20260630 12:41:04.577121 18839 tablet_service.cc:1917] Received RequestConsensusVote() RPC: tablet_id: "70b36d57cf664b96ae5541a8097a757a" candidate_uuid: "4980f1a5a2d4499a9b8468369c3d076a" candidate_term: 1 candidate_status { last_received { term: 0 index: 0 } } ignore_live_leader: false dest_uuid: "fe3db84aebc44132888d79e5be27c306" is_pre_election: true
I20260630 12:41:04.577242 18689 raft_consensus.cc:2468] T 70b36d57cf664b96ae5541a8097a757a P 18f446b88df04bfea769205138df232f [term 0 FOLLOWER]: Leader pre-election vote request: Granting yes vote for candidate 4980f1a5a2d4499a9b8468369c3d076a in term 0.
I20260630 12:41:04.577407 18840 tablet_service.cc:1917] Received RequestConsensusVote() RPC: tablet_id: "226f49f0557a40ef862e72a9f3be9bb8" candidate_uuid: "4980f1a5a2d4499a9b8468369c3d076a" candidate_term: 1 candidate_status { last_received { term: 0 index: 0 } } ignore_live_leader: false dest_uuid: "fe3db84aebc44132888d79e5be27c306" is_pre_election: true
I20260630 12:41:04.577819 18841 raft_consensus.cc:2468] T a5c6287995ed438394828a6a2ed033ee P fe3db84aebc44132888d79e5be27c306 [term 1 FOLLOWER]: Leader election vote request: Granting yes vote for candidate 18f446b88df04bfea769205138df232f in term 1.
I20260630 12:41:04.578058 18840 raft_consensus.cc:2468] T 226f49f0557a40ef862e72a9f3be9bb8 P fe3db84aebc44132888d79e5be27c306 [term 0 FOLLOWER]: Leader pre-election vote request: Granting yes vote for candidate 4980f1a5a2d4499a9b8468369c3d076a in term 0.
I20260630 12:41:04.578380 18894 raft_consensus.cc:2804] T fe9dc607175246768537832cc65e745a P 4980f1a5a2d4499a9b8468369c3d076a [term 0 FOLLOWER]: Leader pre-election won for term 1
I20260630 12:41:04.578773 18894 raft_consensus.cc:493] T fe9dc607175246768537832cc65e745a P 4980f1a5a2d4499a9b8468369c3d076a [term 0 FOLLOWER]: Starting leader election (no leader contacted us within the election timeout)
I20260630 12:41:04.579020 18657 leader_election.cc:304] T a5c6287995ed438394828a6a2ed033ee P 18f446b88df04bfea769205138df232f [CANDIDATE]: Term 1 election: Election decided. Result: candidate won. Election summary: received 3 responses out of 3 voters: 2 yes votes; 1 no votes. yes voters: 18f446b88df04bfea769205138df232f, fe3db84aebc44132888d79e5be27c306; no voters: 4980f1a5a2d4499a9b8468369c3d076a
I20260630 12:41:04.579146 18894 raft_consensus.cc:3060] T fe9dc607175246768537832cc65e745a P 4980f1a5a2d4499a9b8468369c3d076a [term 0 FOLLOWER]: Advancing to term 1
I20260630 12:41:04.580179 18910 raft_consensus.cc:2804] T a5c6287995ed438394828a6a2ed033ee P 18f446b88df04bfea769205138df232f [term 1 FOLLOWER]: Leader election won for term 1
W20260630 12:41:04.579223 18732 leader_election.cc:343] T 05393d03f9e74b0db976f7512df0a46a P 4980f1a5a2d4499a9b8468369c3d076a [CANDIDATE]: Term 1 pre-election: Tablet error from VoteRequest() call to peer fe3db84aebc44132888d79e5be27c306 (127.13.207.195:41411): Illegal state: must be running to vote when last-logged opid is not known
I20260630 12:41:04.580838 18910 raft_consensus.cc:697] T a5c6287995ed438394828a6a2ed033ee P 18f446b88df04bfea769205138df232f [term 1 LEADER]: Becoming Leader. State: Replica: 18f446b88df04bfea769205138df232f, State: Running, Role: LEADER
I20260630 12:41:04.582458 18910 consensus_queue.cc:237] T a5c6287995ed438394828a6a2ed033ee P 18f446b88df04bfea769205138df232f [LEADER]: Queue going to LEADER mode. State: All replicated index: 0, Majority replicated index: 0, Committed index: 0, Last appended: 0.0, Last appended by leader: 0, Current term: 1, Majority size: 2, State: 0, Mode: LEADER, active raft config: opid_index: -1 OBSOLETE_local: false peers { permanent_uuid: "18f446b88df04bfea769205138df232f" member_type: VOTER last_known_addr { host: "127.13.207.193" port: 35237 } } peers { permanent_uuid: "4980f1a5a2d4499a9b8468369c3d076a" member_type: VOTER last_known_addr { host: "127.13.207.194" port: 44115 } } peers { permanent_uuid: "fe3db84aebc44132888d79e5be27c306" member_type: VOTER last_known_addr { host: "127.13.207.195" port: 41411 } }
I20260630 12:41:04.583043 18886 ts_tablet_manager.cc:1434] T 70b36d57cf664b96ae5541a8097a757a P 4980f1a5a2d4499a9b8468369c3d076a: Time spent starting tablet: real 0.123s	user 0.015s	sys 0.030s
I20260630 12:41:04.584075 18886 tablet_bootstrap.cc:492] T 269e752096634dfd9567ece6bca342fd P 4980f1a5a2d4499a9b8468369c3d076a: Bootstrap starting.
W20260630 12:41:04.585058 18732 leader_election.cc:343] T 70b36d57cf664b96ae5541a8097a757a P 4980f1a5a2d4499a9b8468369c3d076a [CANDIDATE]: Term 1 pre-election: Tablet error from VoteRequest() call to peer fe3db84aebc44132888d79e5be27c306 (127.13.207.195:41411): Illegal state: must be running to vote when last-logged opid is not known
I20260630 12:41:04.586853 18766 tablet_service.cc:1917] Received RequestConsensusVote() RPC: tablet_id: "226f49f0557a40ef862e72a9f3be9bb8" candidate_uuid: "fe3db84aebc44132888d79e5be27c306" candidate_term: 1 candidate_status { last_received { term: 0 index: 0 } } ignore_live_leader: false dest_uuid: "4980f1a5a2d4499a9b8468369c3d076a" is_pre_election: true
W20260630 12:41:04.587612 18733 leader_election.cc:343] T 05393d03f9e74b0db976f7512df0a46a P 4980f1a5a2d4499a9b8468369c3d076a [CANDIDATE]: Term 1 pre-election: Tablet error from VoteRequest() call to peer 18f446b88df04bfea769205138df232f (127.13.207.193:35237): Illegal state: must be running to vote when last-logged opid is not known
I20260630 12:41:04.587630 18923 raft_consensus.cc:493] T 39399d6d1a394c09ba997d2f637cd5ec P 18f446b88df04bfea769205138df232f [term 0 FOLLOWER]: Starting pre-election (no leader contacted us within the election timeout)
I20260630 12:41:04.589998 18767 tablet_service.cc:1917] Received RequestConsensusVote() RPC: tablet_id: "5ebb22b499d744fdade3182531559044" candidate_uuid: "fe3db84aebc44132888d79e5be27c306" candidate_term: 1 candidate_status { last_received { term: 0 index: 0 } } ignore_live_leader: false dest_uuid: "4980f1a5a2d4499a9b8468369c3d076a" is_pre_election: true
I20260630 12:41:04.587824 18766 raft_consensus.cc:2468] T 226f49f0557a40ef862e72a9f3be9bb8 P 4980f1a5a2d4499a9b8468369c3d076a [term 0 FOLLOWER]: Leader pre-election vote request: Granting yes vote for candidate fe3db84aebc44132888d79e5be27c306 in term 0.
I20260630 12:41:04.588482 18923 raft_consensus.cc:515] T 39399d6d1a394c09ba997d2f637cd5ec P 18f446b88df04bfea769205138df232f [term 0 FOLLOWER]: Starting pre-election with config: opid_index: -1 OBSOLETE_local: false peers { permanent_uuid: "18f446b88df04bfea769205138df232f" member_type: VOTER last_known_addr { host: "127.13.207.193" port: 35237 } } peers { permanent_uuid: "4980f1a5a2d4499a9b8468369c3d076a" member_type: VOTER last_known_addr { host: "127.13.207.194" port: 44115 } } peers { permanent_uuid: "fe3db84aebc44132888d79e5be27c306" member_type: VOTER last_known_addr { host: "127.13.207.195" port: 41411 } }
I20260630 12:41:04.604456 18923 leader_election.cc:290] T 39399d6d1a394c09ba997d2f637cd5ec P 18f446b88df04bfea769205138df232f [CANDIDATE]: Term 1 pre-election: Requested pre-vote from peers 4980f1a5a2d4499a9b8468369c3d076a (127.13.207.194:44115), fe3db84aebc44132888d79e5be27c306 (127.13.207.195:41411)
I20260630 12:41:04.588855 18765 tablet_service.cc:1917] Received RequestConsensusVote() RPC: tablet_id: "4f675dfb58c94004adfaacb11af79233" candidate_uuid: "fe3db84aebc44132888d79e5be27c306" candidate_term: 1 candidate_status { last_received { term: 0 index: 0 } } ignore_live_leader: false dest_uuid: "4980f1a5a2d4499a9b8468369c3d076a" is_pre_election: true
I20260630 12:41:04.605259 18765 raft_consensus.cc:2468] T 4f675dfb58c94004adfaacb11af79233 P 4980f1a5a2d4499a9b8468369c3d076a [term 0 FOLLOWER]: Leader pre-election vote request: Granting yes vote for candidate fe3db84aebc44132888d79e5be27c306 in term 0.
I20260630 12:41:04.588130 18733 leader_election.cc:304] T 05393d03f9e74b0db976f7512df0a46a P 4980f1a5a2d4499a9b8468369c3d076a [CANDIDATE]: Term 1 pre-election: Election decided. Result: candidate lost. Election summary: received 3 responses out of 3 voters: 1 yes votes; 2 no votes. yes voters: 4980f1a5a2d4499a9b8468369c3d076a; no voters: 18f446b88df04bfea769205138df232f, fe3db84aebc44132888d79e5be27c306
I20260630 12:41:04.605592 18841 tablet_service.cc:1917] Received RequestConsensusVote() RPC: tablet_id: "39399d6d1a394c09ba997d2f637cd5ec" candidate_uuid: "18f446b88df04bfea769205138df232f" candidate_term: 1 candidate_status { last_received { term: 0 index: 0 } } ignore_live_leader: false dest_uuid: "fe3db84aebc44132888d79e5be27c306" is_pre_election: true
I20260630 12:41:04.606858 18733 leader_election.cc:304] T 70b36d57cf664b96ae5541a8097a757a P 4980f1a5a2d4499a9b8468369c3d076a [CANDIDATE]: Term 1 pre-election: Election decided. Result: candidate won. Election summary: received 3 responses out of 3 voters: 2 yes votes; 1 no votes. yes voters: 18f446b88df04bfea769205138df232f, 4980f1a5a2d4499a9b8468369c3d076a; no voters: fe3db84aebc44132888d79e5be27c306
I20260630 12:41:04.606877 18919 raft_consensus.cc:2749] T 05393d03f9e74b0db976f7512df0a46a P 4980f1a5a2d4499a9b8468369c3d076a [term 0 FOLLOWER]: Leader pre-election lost for term 1. Reason: could not achieve majority
I20260630 12:41:04.585752 18732 leader_election.cc:304] T 226f49f0557a40ef862e72a9f3be9bb8 P 4980f1a5a2d4499a9b8468369c3d076a [CANDIDATE]: Term 1 pre-election: Election decided. Result: candidate won. Election summary: received 2 responses out of 3 voters: 2 yes votes; 0 no votes. yes voters: 4980f1a5a2d4499a9b8468369c3d076a, fe3db84aebc44132888d79e5be27c306; no voters: 
W20260630 12:41:04.608101 18657 leader_election.cc:343] T 39399d6d1a394c09ba997d2f637cd5ec P 18f446b88df04bfea769205138df232f [CANDIDATE]: Term 1 pre-election: Tablet error from VoteRequest() call to peer fe3db84aebc44132888d79e5be27c306 (127.13.207.195:41411): Illegal state: must be running to vote when last-logged opid is not known
I20260630 12:41:04.576603 18892 consensus_queue.cc:237] T 5ebb22b499d744fdade3182531559044 P 18f446b88df04bfea769205138df232f [LEADER]: Queue going to LEADER mode. State: All replicated index: 0, Majority replicated index: 0, Committed index: 0, Last appended: 0.0, Last appended by leader: 0, Current term: 1, Majority size: 2, State: 0, Mode: LEADER, active raft config: opid_index: -1 OBSOLETE_local: false peers { permanent_uuid: "4980f1a5a2d4499a9b8468369c3d076a" member_type: VOTER last_known_addr { host: "127.13.207.194" port: 44115 } } peers { permanent_uuid: "18f446b88df04bfea769205138df232f" member_type: VOTER last_known_addr { host: "127.13.207.193" port: 35237 } } peers { permanent_uuid: "fe3db84aebc44132888d79e5be27c306" member_type: VOTER last_known_addr { host: "127.13.207.195" port: 41411 } }
W20260630 12:41:04.608846 18804 leader_election.cc:343] T 5ebb22b499d744fdade3182531559044 P fe3db84aebc44132888d79e5be27c306 [CANDIDATE]: Term 1 pre-election: Tablet error from VoteRequest() call to peer 4980f1a5a2d4499a9b8468369c3d076a (127.13.207.194:44115): Illegal state: must be running to vote when last-logged opid is not known
I20260630 12:41:04.609551 18804 leader_election.cc:304] T 226f49f0557a40ef862e72a9f3be9bb8 P fe3db84aebc44132888d79e5be27c306 [CANDIDATE]: Term 1 pre-election: Election decided. Result: candidate won. Election summary: received 3 responses out of 3 voters: 2 yes votes; 1 no votes. yes voters: 4980f1a5a2d4499a9b8468369c3d076a, fe3db84aebc44132888d79e5be27c306; no voters: 18f446b88df04bfea769205138df232f
I20260630 12:41:04.609808 18765 tablet_service.cc:1917] Received RequestConsensusVote() RPC: tablet_id: "39399d6d1a394c09ba997d2f637cd5ec" candidate_uuid: "18f446b88df04bfea769205138df232f" candidate_term: 1 candidate_status { last_received { term: 0 index: 0 } } ignore_live_leader: false dest_uuid: "4980f1a5a2d4499a9b8468369c3d076a" is_pre_election: true
I20260630 12:41:04.608183 18919 raft_consensus.cc:2804] T 70b36d57cf664b96ae5541a8097a757a P 4980f1a5a2d4499a9b8468369c3d076a [term 0 FOLLOWER]: Leader pre-election won for term 1
I20260630 12:41:04.610672 18804 leader_election.cc:304] T 4f675dfb58c94004adfaacb11af79233 P fe3db84aebc44132888d79e5be27c306 [CANDIDATE]: Term 1 pre-election: Election decided. Result: candidate won. Election summary: received 3 responses out of 3 voters: 2 yes votes; 1 no votes. yes voters: 4980f1a5a2d4499a9b8468369c3d076a, fe3db84aebc44132888d79e5be27c306; no voters: 18f446b88df04bfea769205138df232f
I20260630 12:41:04.611445 18919 raft_consensus.cc:493] T 70b36d57cf664b96ae5541a8097a757a P 4980f1a5a2d4499a9b8468369c3d076a [term 0 FOLLOWER]: Starting leader election (no leader contacted us within the election timeout)
W20260630 12:41:04.612241 18655 leader_election.cc:343] T 39399d6d1a394c09ba997d2f637cd5ec P 18f446b88df04bfea769205138df232f [CANDIDATE]: Term 1 pre-election: Tablet error from VoteRequest() call to peer 4980f1a5a2d4499a9b8468369c3d076a (127.13.207.194:44115): Illegal state: must be running to vote when last-logged opid is not known
I20260630 12:41:04.612465 18919 raft_consensus.cc:3060] T 70b36d57cf664b96ae5541a8097a757a P 4980f1a5a2d4499a9b8468369c3d076a [term 0 FOLLOWER]: Advancing to term 1
I20260630 12:41:04.613175 18655 leader_election.cc:304] T 39399d6d1a394c09ba997d2f637cd5ec P 18f446b88df04bfea769205138df232f [CANDIDATE]: Term 1 pre-election: Election decided. Result: candidate lost. Election summary: received 3 responses out of 3 voters: 1 yes votes; 2 no votes. yes voters: 18f446b88df04bfea769205138df232f; no voters: 4980f1a5a2d4499a9b8468369c3d076a, fe3db84aebc44132888d79e5be27c306
