I20260630 12:39:13.781850 15142 leader_election.cc:304] T 00000000000000000000000000000000 P 375533e66a6148fba17d8264d7146d45 [CANDIDATE]: Term 2 pre-election: Election decided. Result: candidate lost. Election summary: received 3 responses out of 3 voters: 1 yes votes; 2 no votes. yes voters: 375533e66a6148fba17d8264d7146d45; no voters: 92acd7f0dff246fa9e4e57164dd19e88, f6321e17903642cea59b5766a124707e
I20260630 12:39:13.782488 15664 raft_consensus.cc:2749] T 00000000000000000000000000000000 P 375533e66a6148fba17d8264d7146d45 [term 1 FOLLOWER]: Leader pre-election lost for term 2. Reason: could not achieve majority
I20260630 12:39:14.083837 15667 raft_consensus.cc:493] T 00000000000000000000000000000000 P 92acd7f0dff246fa9e4e57164dd19e88 [term 1 FOLLOWER]: Starting pre-election (detected failure of leader f6321e17903642cea59b5766a124707e)
I20260630 12:39:14.084367 15667 raft_consensus.cc:515] T 00000000000000000000000000000000 P 92acd7f0dff246fa9e4e57164dd19e88 [term 1 FOLLOWER]: Starting pre-election with config: opid_index: -1 OBSOLETE_local: false peers { permanent_uuid: "375533e66a6148fba17d8264d7146d45" member_type: VOTER last_known_addr { host: "127.13.188.126" port: 36241 } } peers { permanent_uuid: "92acd7f0dff246fa9e4e57164dd19e88" member_type: VOTER last_known_addr { host: "127.13.188.125" port: 41805 } } peers { permanent_uuid: "f6321e17903642cea59b5766a124707e" member_type: VOTER last_known_addr { host: "127.13.188.124" port: 37675 } }
I20260630 12:39:14.086292 15667 leader_election.cc:290] T 00000000000000000000000000000000 P 92acd7f0dff246fa9e4e57164dd19e88 [CANDIDATE]: Term 2 pre-election: Requested pre-vote from peers 375533e66a6148fba17d8264d7146d45 (127.13.188.126:36241), f6321e17903642cea59b5766a124707e (127.13.188.124:37675)
I20260630 12:39:14.087411 15165 tablet_service.cc:1917] Received RequestConsensusVote() RPC: tablet_id: "00000000000000000000000000000000" candidate_uuid: "92acd7f0dff246fa9e4e57164dd19e88" candidate_term: 2 candidate_status { last_received { term: 1 index: 9 } } ignore_live_leader: false dest_uuid: "375533e66a6148fba17d8264d7146d45" is_pre_election: true
I20260630 12:39:14.088289 15165 raft_consensus.cc:2468] T 00000000000000000000000000000000 P 375533e66a6148fba17d8264d7146d45 [term 1 FOLLOWER]: Leader pre-election vote request: Granting yes vote for candidate 92acd7f0dff246fa9e4e57164dd19e88 in term 1.
I20260630 12:39:14.089735 15205 leader_election.cc:304] T 00000000000000000000000000000000 P 92acd7f0dff246fa9e4e57164dd19e88 [CANDIDATE]: Term 2 pre-election: Election decided. Result: candidate won. Election summary: received 2 responses out of 3 voters: 2 yes votes; 0 no votes. yes voters: 375533e66a6148fba17d8264d7146d45, 92acd7f0dff246fa9e4e57164dd19e88; no voters: 
I20260630 12:39:14.090657 15667 raft_consensus.cc:2804] T 00000000000000000000000000000000 P 92acd7f0dff246fa9e4e57164dd19e88 [term 1 FOLLOWER]: Leader pre-election won for term 2
I20260630 12:39:14.091096 15667 raft_consensus.cc:493] T 00000000000000000000000000000000 P 92acd7f0dff246fa9e4e57164dd19e88 [term 1 FOLLOWER]: Starting leader election (detected failure of leader f6321e17903642cea59b5766a124707e)
I20260630 12:39:14.091459 15667 raft_consensus.cc:3060] T 00000000000000000000000000000000 P 92acd7f0dff246fa9e4e57164dd19e88 [term 1 FOLLOWER]: Advancing to term 2
W20260630 12:39:14.093269 15207 leader_election.cc:336] T 00000000000000000000000000000000 P 92acd7f0dff246fa9e4e57164dd19e88 [CANDIDATE]: Term 2 pre-election: RPC error from VoteRequest() call to peer f6321e17903642cea59b5766a124707e (127.13.188.124:37675): Network error: Client connection negotiation failed: client connection to 127.13.188.124:37675: connect: Connection refused (error 111)
I20260630 12:39:14.097539 15667 raft_consensus.cc:515] T 00000000000000000000000000000000 P 92acd7f0dff246fa9e4e57164dd19e88 [term 2 FOLLOWER]: Starting leader election with config: opid_index: -1 OBSOLETE_local: false peers { permanent_uuid: "375533e66a6148fba17d8264d7146d45" member_type: VOTER last_known_addr { host: "127.13.188.126" port: 36241 } } peers { permanent_uuid: "92acd7f0dff246fa9e4e57164dd19e88" member_type: VOTER last_known_addr { host: "127.13.188.125" port: 41805 } } peers { permanent_uuid: "f6321e17903642cea59b5766a124707e" member_type: VOTER last_known_addr { host: "127.13.188.124" port: 37675 } }
I20260630 12:39:14.099777 15667 leader_election.cc:290] T 00000000000000000000000000000000 P 92acd7f0dff246fa9e4e57164dd19e88 [CANDIDATE]: Term 2 election: Requested vote from peers 375533e66a6148fba17d8264d7146d45 (127.13.188.126:36241), f6321e17903642cea59b5766a124707e (127.13.188.124:37675)
I20260630 12:39:14.100499 15165 tablet_service.cc:1917] Received RequestConsensusVote() RPC: tablet_id: "00000000000000000000000000000000" candidate_uuid: "92acd7f0dff246fa9e4e57164dd19e88" candidate_term: 2 candidate_status { last_received { term: 1 index: 9 } } ignore_live_leader: false dest_uuid: "375533e66a6148fba17d8264d7146d45"
I20260630 12:39:14.101150 15165 raft_consensus.cc:3060] T 00000000000000000000000000000000 P 375533e66a6148fba17d8264d7146d45 [term 1 FOLLOWER]: Advancing to term 2
W20260630 12:39:14.104106 15207 leader_election.cc:336] T 00000000000000000000000000000000 P 92acd7f0dff246fa9e4e57164dd19e88 [CANDIDATE]: Term 2 election: RPC error from VoteRequest() call to peer f6321e17903642cea59b5766a124707e (127.13.188.124:37675): Network error: Client connection negotiation failed: client connection to 127.13.188.124:37675: connect: Connection refused (error 111)
I20260630 12:39:14.106551 15165 raft_consensus.cc:2468] T 00000000000000000000000000000000 P 375533e66a6148fba17d8264d7146d45 [term 2 FOLLOWER]: Leader election vote request: Granting yes vote for candidate 92acd7f0dff246fa9e4e57164dd19e88 in term 2.
I20260630 12:39:14.107393 15205 leader_election.cc:304] T 00000000000000000000000000000000 P 92acd7f0dff246fa9e4e57164dd19e88 [CANDIDATE]: Term 2 election: Election decided. Result: candidate won. Election summary: received 3 responses out of 3 voters: 2 yes votes; 1 no votes. yes voters: 375533e66a6148fba17d8264d7146d45, 92acd7f0dff246fa9e4e57164dd19e88; no voters: f6321e17903642cea59b5766a124707e
I20260630 12:39:14.107991 15667 raft_consensus.cc:2804] T 00000000000000000000000000000000 P 92acd7f0dff246fa9e4e57164dd19e88 [term 2 FOLLOWER]: Leader election won for term 2
I20260630 12:39:14.108847 15667 raft_consensus.cc:697] T 00000000000000000000000000000000 P 92acd7f0dff246fa9e4e57164dd19e88 [term 2 LEADER]: Becoming Leader. State: Replica: 92acd7f0dff246fa9e4e57164dd19e88, State: Running, Role: LEADER
I20260630 12:39:14.109648 15667 consensus_queue.cc:237] T 00000000000000000000000000000000 P 92acd7f0dff246fa9e4e57164dd19e88 [LEADER]: Queue going to LEADER mode. State: All replicated index: 0, Majority replicated index: 9, Committed index: 9, Last appended: 1.9, Last appended by leader: 9, Current term: 2, Majority size: 2, State: 0, Mode: LEADER, active raft config: opid_index: -1 OBSOLETE_local: false peers { permanent_uuid: "375533e66a6148fba17d8264d7146d45" member_type: VOTER last_known_addr { host: "127.13.188.126" port: 36241 } } peers { permanent_uuid: "92acd7f0dff246fa9e4e57164dd19e88" member_type: VOTER last_known_addr { host: "127.13.188.125" port: 41805 } } peers { permanent_uuid: "f6321e17903642cea59b5766a124707e" member_type: VOTER last_known_addr { host: "127.13.188.124" port: 37675 } }
I20260630 12:39:14.114902 15670 sys_catalog.cc:455] T 00000000000000000000000000000000 P 92acd7f0dff246fa9e4e57164dd19e88 [sys.catalog]: SysCatalogTable state changed. Reason: New leader 92acd7f0dff246fa9e4e57164dd19e88. Latest consensus state: current_term: 2 leader_uuid: "92acd7f0dff246fa9e4e57164dd19e88" committed_config { opid_index: -1 OBSOLETE_local: false peers { permanent_uuid: "375533e66a6148fba17d8264d7146d45" member_type: VOTER last_known_addr { host: "127.13.188.126" port: 36241 } } peers { permanent_uuid: "92acd7f0dff246fa9e4e57164dd19e88" member_type: VOTER last_known_addr { host: "127.13.188.125" port: 41805 } } peers { permanent_uuid: "f6321e17903642cea59b5766a124707e" member_type: VOTER last_known_addr { host: "127.13.188.124" port: 37675 } } }
I20260630 12:39:14.115578 15670 sys_catalog.cc:458] T 00000000000000000000000000000000 P 92acd7f0dff246fa9e4e57164dd19e88 [sys.catalog]: This master's current role is: LEADER
I20260630 12:39:14.117048 15672 catalog_manager.cc:1511] Loading table and tablet metadata into memory...
I20260630 12:39:14.123325 15672 catalog_manager.cc:679] Loaded metadata for table test-workload [id=c0250c41b77f444e98164ac5cb3dc77e]
I20260630 12:39:14.127974 15672 tablet_loader.cc:96] loaded metadata for tablet 019c012e82674800a21352eb265fe9b0 (table test-workload [id=c0250c41b77f444e98164ac5cb3dc77e])
I20260630 12:39:14.128940 15672 tablet_loader.cc:96] loaded metadata for tablet 05ac707fb1ba4a4295fdb02be3d8aa04 (table test-workload [id=c0250c41b77f444e98164ac5cb3dc77e])
I20260630 12:39:14.129807 15672 tablet_loader.cc:96] loaded metadata for tablet 27bcd8fcb8b24fe4ad67619db4a06312 (table test-workload [id=c0250c41b77f444e98164ac5cb3dc77e])
I20260630 12:39:14.130769 15672 catalog_manager.cc:1520] Initializing Kudu cluster ID...
I20260630 12:39:14.133792 15672 catalog_manager.cc:1295] Loaded cluster ID: e2f11d6a60b5490b886afc1353dfbc1a
I20260630 12:39:14.134044 15672 catalog_manager.cc:1531] Initializing Kudu internal certificate authority...
I20260630 12:39:14.137583 15672 catalog_manager.cc:1540] Loading token signing keys...
I20260630 12:39:14.140950 15672 catalog_manager.cc:6081] T 00000000000000000000000000000000 P 92acd7f0dff246fa9e4e57164dd19e88: Loaded TSK: 0
I20260630 12:39:14.141851 15672 catalog_manager.cc:1550] Initializing in-progress tserver states...
I20260630 12:39:14.305702 15362 auto_leader_rebalancer.cc:141] leader rebalance for table test-workload
I20260630 12:39:14.307722 15362 auto_leader_rebalancer.cc:515] All tables' leader rebalancing finished this round
I20260630 12:39:14.337576 14065 tablet_server.cc:179] TabletServer@127.13.188.65:0 shutting down...
I20260630 12:39:14.360059 14065 ts_tablet_manager.cc:1507] Shutting down tablet manager...
I20260630 12:39:14.360762 14065 tablet_replica.cc:333] T 27bcd8fcb8b24fe4ad67619db4a06312 P 705c0f119bea4ccdb2fdc28934bb14d0: stopping tablet replica
I20260630 12:39:14.361281 14065 raft_consensus.cc:2243] T 27bcd8fcb8b24fe4ad67619db4a06312 P 705c0f119bea4ccdb2fdc28934bb14d0 [term 1 LEADER]: Raft consensus shutting down.
I20260630 12:39:14.361836 14065 raft_consensus.cc:2272] T 27bcd8fcb8b24fe4ad67619db4a06312 P 705c0f119bea4ccdb2fdc28934bb14d0 [term 1 FOLLOWER]: Raft consensus is shut down!
I20260630 12:39:14.380527 14065 tablet_server.cc:196] TabletServer@127.13.188.65:0 shutdown complete.
I20260630 12:39:14.391227 14065 tablet_server.cc:179] TabletServer@127.13.188.66:0 shutting down...
I20260630 12:39:14.413523 14065 ts_tablet_manager.cc:1507] Shutting down tablet manager...
I20260630 12:39:14.414453 14065 tablet_replica.cc:333] T 05ac707fb1ba4a4295fdb02be3d8aa04 P 72b3caff46c64f97b5cbe9e2628390c1: stopping tablet replica
I20260630 12:39:14.415098 14065 raft_consensus.cc:2243] T 05ac707fb1ba4a4295fdb02be3d8aa04 P 72b3caff46c64f97b5cbe9e2628390c1 [term 1 LEADER]: Raft consensus shutting down.
I20260630 12:39:14.415764 14065 raft_consensus.cc:2272] T 05ac707fb1ba4a4295fdb02be3d8aa04 P 72b3caff46c64f97b5cbe9e2628390c1 [term 1 FOLLOWER]: Raft consensus is shut down!
I20260630 12:39:14.434309 14065 tablet_server.cc:196] TabletServer@127.13.188.66:0 shutdown complete.
I20260630 12:39:14.443606 14065 tablet_server.cc:179] TabletServer@127.13.188.67:0 shutting down...
I20260630 12:39:14.464440 14065 ts_tablet_manager.cc:1507] Shutting down tablet manager...
I20260630 12:39:14.465207 14065 tablet_replica.cc:333] T 019c012e82674800a21352eb265fe9b0 P d51006abac1d42cba8a62c2cc313e626: stopping tablet replica
I20260630 12:39:14.465777 14065 raft_consensus.cc:2243] T 019c012e82674800a21352eb265fe9b0 P d51006abac1d42cba8a62c2cc313e626 [term 1 LEADER]: Raft consensus shutting down.
I20260630 12:39:14.466329 14065 raft_consensus.cc:2272] T 019c012e82674800a21352eb265fe9b0 P d51006abac1d42cba8a62c2cc313e626 [term 1 FOLLOWER]: Raft consensus is shut down!
I20260630 12:39:14.484798 14065 tablet_server.cc:196] TabletServer@127.13.188.67:0 shutdown complete.
I20260630 12:39:14.494535 14065 master.cc:562] Master@127.13.188.126:36241 shutting down...
I20260630 12:39:14.511490 14065 raft_consensus.cc:2243] T 00000000000000000000000000000000 P 375533e66a6148fba17d8264d7146d45 [term 2 FOLLOWER]: Raft consensus shutting down.
I20260630 12:39:14.512074 14065 raft_consensus.cc:2272] T 00000000000000000000000000000000 P 375533e66a6148fba17d8264d7146d45 [term 2 FOLLOWER]: Raft consensus is shut down!
I20260630 12:39:14.512409 14065 tablet_replica.cc:333] T 00000000000000000000000000000000 P 375533e66a6148fba17d8264d7146d45: stopping tablet replica
I20260630 12:39:14.530947 14065 master.cc:584] Master@127.13.188.126:36241 shutdown complete.
I20260630 12:39:14.544644 14065 master.cc:562] Master@127.13.188.125:41805 shutting down...
I20260630 12:39:14.561269 14065 raft_consensus.cc:2243] T 00000000000000000000000000000000 P 92acd7f0dff246fa9e4e57164dd19e88 [term 2 LEADER]: Raft consensus shutting down.
I20260630 12:39:14.561980 14065 pending_rounds.cc:70] T 00000000000000000000000000000000 P 92acd7f0dff246fa9e4e57164dd19e88: Trying to abort 1 pending ops.
I20260630 12:39:14.562279 14065 pending_rounds.cc:77] T 00000000000000000000000000000000 P 92acd7f0dff246fa9e4e57164dd19e88: Aborting op as it isn't in flight: id { term: 2 index: 10 } timestamp: 7302443639240179712 op_type: NO_OP noop_request { }
I20260630 12:39:14.562656 14065 raft_consensus.cc:2889] T 00000000000000000000000000000000 P 92acd7f0dff246fa9e4e57164dd19e88 [term 2 LEADER]: NO_OP replication failed: Aborted: Op aborted
I20260630 12:39:14.562942 14065 raft_consensus.cc:2272] T 00000000000000000000000000000000 P 92acd7f0dff246fa9e4e57164dd19e88 [term 2 FOLLOWER]: Raft consensus is shut down!
I20260630 12:39:14.563424 14065 tablet_replica.cc:333] T 00000000000000000000000000000000 P 92acd7f0dff246fa9e4e57164dd19e88: stopping tablet replica
I20260630 12:39:14.582587 14065 master.cc:584] Master@127.13.188.125:41805 shutdown complete.
[       OK ] AutoRebalancerTest.NextLeaderResumesAutoRebalancing (6779 ms)
[ RUN      ] AutoRebalancerTest.MovesScheduledIfAddTserver
I20260630 12:39:14.613652 14065 internal_mini_cluster.cc:156] Creating distributed mini masters. Addrs: 127.13.188.126:44347
I20260630 12:39:14.614756 14065 file_cache.cc:492] Constructed file cache file cache with capacity 419430
W20260630 12:39:14.620536 15673 instance_detector.cc:116] could not retrieve AWS instance metadata: Network error: curl error: HTTP response code said error: The requested URL returned error: 404
W20260630 12:39:14.620548 15674 instance_detector.cc:116] could not retrieve Azure instance metadata: Network error: curl error: HTTP response code said error: The requested URL returned error: 404
W20260630 12:39:14.621524 15676 instance_detector.cc:116] could not retrieve OpenStack instance metadata: Network error: curl error: HTTP response code said error: The requested URL returned error: 404
I20260630 12:39:14.621701 14065 server_base.cc:1061] running on GCE node
I20260630 12:39:14.622524 14065 hybrid_clock.cc:584] initializing the hybrid clock with 'system_unsync' time source
W20260630 12:39:14.622776 14065 system_unsync_time.cc:38] NTP support is disabled. Clock error bounds will not be accurate. This configuration is not suitable for distributed clusters.
I20260630 12:39:14.622964 14065 hybrid_clock.cc:648] HybridClock initialized: now 1782823154622929 us; error 0 us; skew 500 ppm
I20260630 12:39:14.623633 14065 server_base.cc:861] Flag tcmalloc_max_total_thread_cache_bytes is not working since tcmalloc is not enabled.
I20260630 12:39:14.625849 14065 webserver.cc:533] Webserver started at http://127.13.188.126:34625/ using document root <none> and password file <none>
I20260630 12:39:14.626314 14065 fs_manager.cc:362] Metadata directory not provided
I20260630 12:39:14.626500 14065 fs_manager.cc:368] Using write-ahead log directory (fs_wal_dir) as metadata directory
I20260630 12:39:14.626788 14065 server_base.cc:909] This appears to be a new deployment of Kudu; creating new FS layout
I20260630 12:39:14.627920 14065 fs_manager.cc:1068] Generated new instance metadata in path /tmp/dist-test-taskt5ntel/test-tmp/auto_rebalancer-test.0.AutoRebalancerTest.MovesScheduledIfAddTserver.1782823131612470-14065-0/minicluster-data/master-0-root/instance:
uuid: "7210f926831b4a5c80a68d5018f41aae"
format_stamp: "Formatted at 2026-06-30 12:39:14 on dist-test-slave-twh8"
I20260630 12:39:14.632247 14065 fs_manager.cc:696] Time spent creating directory manager: real 0.004s	user 0.005s	sys 0.000s
I20260630 12:39:14.635766 15681 log_block_manager.cc:4031] Time spent loading block containers with low live blocks: real 0.000s	user 0.000s	sys 0.000s
I20260630 12:39:14.636554 14065 fs_manager.cc:730] Time spent opening block manager: real 0.002s	user 0.003s	sys 0.000s
I20260630 12:39:14.636843 14065 fs_manager.cc:647] Opened local filesystem: /tmp/dist-test-taskt5ntel/test-tmp/auto_rebalancer-test.0.AutoRebalancerTest.MovesScheduledIfAddTserver.1782823131612470-14065-0/minicluster-data/master-0-root
uuid: "7210f926831b4a5c80a68d5018f41aae"
format_stamp: "Formatted at 2026-06-30 12:39:14 on dist-test-slave-twh8"
I20260630 12:39:14.637106 14065 fs_report.cc:389] FS layout report
--------------------
wal directory: /tmp/dist-test-taskt5ntel/test-tmp/auto_rebalancer-test.0.AutoRebalancerTest.MovesScheduledIfAddTserver.1782823131612470-14065-0/minicluster-data/master-0-root
metadata directory: /tmp/dist-test-taskt5ntel/test-tmp/auto_rebalancer-test.0.AutoRebalancerTest.MovesScheduledIfAddTserver.1782823131612470-14065-0/minicluster-data/master-0-root
1 data directories: /tmp/dist-test-taskt5ntel/test-tmp/auto_rebalancer-test.0.AutoRebalancerTest.MovesScheduledIfAddTserver.1782823131612470-14065-0/minicluster-data/master-0-root/data
Total live blocks: 0
Total live bytes: 0
Total live bytes (after alignment): 0
Total number of LBM containers: 0 (0 full)
Did not check for missing blocks
Did not check for orphaned blocks
Total full LBM containers with extra space: 0 (0 repaired)
Total full LBM container extra space in bytes: 0 (0 repaired)
Total incomplete LBM containers: 0 (0 repaired)
Total LBM partial records: 0 (0 repaired)
Total corrupted LBM metadata records in RocksDB: 0 (0 repaired)
I20260630 12:39:14.656213 14065 rpc_server.cc:225] running with OpenSSL 1.1.1  11 Sep 2018
I20260630 12:39:14.657502 14065 kserver.cc:163] Server-wide thread pool size limit: 3276
I20260630 12:39:14.695652 14065 rpc_server.cc:307] RPC server started. Bound to: 127.13.188.126:44347
I20260630 12:39:14.695749 15732 acceptor_pool.cc:272] collecting diagnostics on the listening RPC socket 127.13.188.126:44347 every 8 connection(s)
I20260630 12:39:14.699692 15733 data_dirs.cc:400] Could only allocate 1 dirs of requested 3 for tablet 00000000000000000000000000000000. 1 dirs total, 0 dirs full, 0 dirs failed
I20260630 12:39:14.709474 15733 tablet_bootstrap.cc:492] T 00000000000000000000000000000000 P 7210f926831b4a5c80a68d5018f41aae: Bootstrap starting.
I20260630 12:39:14.713863 15733 tablet_bootstrap.cc:654] T 00000000000000000000000000000000 P 7210f926831b4a5c80a68d5018f41aae: Neither blocks nor log segments found. Creating new log.
I20260630 12:39:14.717949 15733 tablet_bootstrap.cc:492] T 00000000000000000000000000000000 P 7210f926831b4a5c80a68d5018f41aae: No bootstrap required, opened a new log
I20260630 12:39:14.720059 15733 raft_consensus.cc:359] T 00000000000000000000000000000000 P 7210f926831b4a5c80a68d5018f41aae [term 0 FOLLOWER]: Replica starting. Triggering 0 pending ops. Active config: opid_index: -1 OBSOLETE_local: true peers { permanent_uuid: "7210f926831b4a5c80a68d5018f41aae" member_type: VOTER }
I20260630 12:39:14.720422 15733 raft_consensus.cc:385] T 00000000000000000000000000000000 P 7210f926831b4a5c80a68d5018f41aae [term 0 FOLLOWER]: Consensus starting up: Expiring failure detector timer to make a prompt election more likely
I20260630 12:39:14.720597 15733 raft_consensus.cc:740] T 00000000000000000000000000000000 P 7210f926831b4a5c80a68d5018f41aae [term 0 FOLLOWER]: Becoming Follower/Learner. State: Replica: 7210f926831b4a5c80a68d5018f41aae, State: Initialized, Role: FOLLOWER
I20260630 12:39:14.721077 15733 consensus_queue.cc:260] T 00000000000000000000000000000000 P 7210f926831b4a5c80a68d5018f41aae [NON_LEADER]: Queue going to NON_LEADER mode. State: All replicated index: 0, Majority replicated index: 0, Committed index: 0, Last appended: 0.0, Last appended by leader: 0, Current term: 0, Majority size: -1, State: 0, Mode: NON_LEADER, active raft config: opid_index: -1 OBSOLETE_local: true peers { permanent_uuid: "7210f926831b4a5c80a68d5018f41aae" member_type: VOTER }
I20260630 12:39:14.721467 15733 raft_consensus.cc:399] T 00000000000000000000000000000000 P 7210f926831b4a5c80a68d5018f41aae [term 0 FOLLOWER]: Only one voter in the Raft config. Triggering election immediately
I20260630 12:39:14.721643 15733 raft_consensus.cc:493] T 00000000000000000000000000000000 P 7210f926831b4a5c80a68d5018f41aae [term 0 FOLLOWER]: Starting leader election (initial election of a single-replica configuration)
I20260630 12:39:14.721853 15733 raft_consensus.cc:3060] T 00000000000000000000000000000000 P 7210f926831b4a5c80a68d5018f41aae [term 0 FOLLOWER]: Advancing to term 1
I20260630 12:39:14.725965 15733 raft_consensus.cc:515] T 00000000000000000000000000000000 P 7210f926831b4a5c80a68d5018f41aae [term 1 FOLLOWER]: Starting leader election with config: opid_index: -1 OBSOLETE_local: true peers { permanent_uuid: "7210f926831b4a5c80a68d5018f41aae" member_type: VOTER }
I20260630 12:39:14.726411 15733 leader_election.cc:304] T 00000000000000000000000000000000 P 7210f926831b4a5c80a68d5018f41aae [CANDIDATE]: Term 1 election: Election decided. Result: candidate won. Election summary: received 1 responses out of 1 voters: 1 yes votes; 0 no votes. yes voters: 7210f926831b4a5c80a68d5018f41aae; no voters: 
I20260630 12:39:14.727550 15733 leader_election.cc:290] T 00000000000000000000000000000000 P 7210f926831b4a5c80a68d5018f41aae [CANDIDATE]: Term 1 election: Requested vote from peers 
I20260630 12:39:14.727869 15736 raft_consensus.cc:2804] T 00000000000000000000000000000000 P 7210f926831b4a5c80a68d5018f41aae [term 1 FOLLOWER]: Leader election won for term 1
I20260630 12:39:14.729250 15736 raft_consensus.cc:697] T 00000000000000000000000000000000 P 7210f926831b4a5c80a68d5018f41aae [term 1 LEADER]: Becoming Leader. State: Replica: 7210f926831b4a5c80a68d5018f41aae, State: Running, Role: LEADER
I20260630 12:39:14.729924 15736 consensus_queue.cc:237] T 00000000000000000000000000000000 P 7210f926831b4a5c80a68d5018f41aae [LEADER]: Queue going to LEADER mode. State: All replicated index: 0, Majority replicated index: 0, Committed index: 0, Last appended: 0.0, Last appended by leader: 0, Current term: 1, Majority size: 1, State: 0, Mode: LEADER, active raft config: opid_index: -1 OBSOLETE_local: true peers { permanent_uuid: "7210f926831b4a5c80a68d5018f41aae" member_type: VOTER }
I20260630 12:39:14.730585 15733 sys_catalog.cc:565] T 00000000000000000000000000000000 P 7210f926831b4a5c80a68d5018f41aae [sys.catalog]: configured and running, proceeding with master startup.
I20260630 12:39:14.732906 15737 sys_catalog.cc:455] T 00000000000000000000000000000000 P 7210f926831b4a5c80a68d5018f41aae [sys.catalog]: SysCatalogTable state changed. Reason: RaftConsensus started. Latest consensus state: current_term: 1 leader_uuid: "7210f926831b4a5c80a68d5018f41aae" committed_config { opid_index: -1 OBSOLETE_local: true peers { permanent_uuid: "7210f926831b4a5c80a68d5018f41aae" member_type: VOTER } }
I20260630 12:39:14.733057 15738 sys_catalog.cc:455] T 00000000000000000000000000000000 P 7210f926831b4a5c80a68d5018f41aae [sys.catalog]: SysCatalogTable state changed. Reason: New leader 7210f926831b4a5c80a68d5018f41aae. Latest consensus state: current_term: 1 leader_uuid: "7210f926831b4a5c80a68d5018f41aae" committed_config { opid_index: -1 OBSOLETE_local: true peers { permanent_uuid: "7210f926831b4a5c80a68d5018f41aae" member_type: VOTER } }
I20260630 12:39:14.733569 15737 sys_catalog.cc:458] T 00000000000000000000000000000000 P 7210f926831b4a5c80a68d5018f41aae [sys.catalog]: This master's current role is: LEADER
I20260630 12:39:14.733641 15738 sys_catalog.cc:458] T 00000000000000000000000000000000 P 7210f926831b4a5c80a68d5018f41aae [sys.catalog]: This master's current role is: LEADER
I20260630 12:39:14.737172 15742 catalog_manager.cc:1511] Loading table and tablet metadata into memory...
I20260630 12:39:14.742139 15742 catalog_manager.cc:1520] Initializing Kudu cluster ID...
I20260630 12:39:14.746263 14065 internal_mini_cluster.cc:184] Waiting to initialize catalog manager on master 0
I20260630 12:39:14.751215 15742 catalog_manager.cc:1383] Generated new cluster ID: ff11ea52b27a4c7da6f373d7a2f7c325
I20260630 12:39:14.751507 15742 catalog_manager.cc:1531] Initializing Kudu internal certificate authority...
I20260630 12:39:14.777606 15742 catalog_manager.cc:1406] Generated new certificate authority record
I20260630 12:39:14.778903 15742 catalog_manager.cc:1540] Loading token signing keys...
I20260630 12:39:14.795167 15742 catalog_manager.cc:6070] T 00000000000000000000000000000000 P 7210f926831b4a5c80a68d5018f41aae: Generated new TSK 0
I20260630 12:39:14.795739 15742 catalog_manager.cc:1550] Initializing in-progress tserver states...
I20260630 12:39:14.812817 14065 file_cache.cc:492] Constructed file cache file cache with capacity 419430
W20260630 12:39:14.820539 15754 instance_detector.cc:116] could not retrieve AWS instance metadata: Network error: curl error: HTTP response code said error: The requested URL returned error: 404
W20260630 12:39:14.822047 15755 instance_detector.cc:116] could not retrieve Azure instance metadata: Network error: curl error: HTTP response code said error: The requested URL returned error: 404
W20260630 12:39:14.825032 15757 instance_detector.cc:116] could not retrieve OpenStack instance metadata: Network error: curl error: HTTP response code said error: The requested URL returned error: 404
I20260630 12:39:14.825106 14065 server_base.cc:1061] running on GCE node
I20260630 12:39:14.826407 14065 hybrid_clock.cc:584] initializing the hybrid clock with 'system_unsync' time source
W20260630 12:39:14.826713 14065 system_unsync_time.cc:38] NTP support is disabled. Clock error bounds will not be accurate. This configuration is not suitable for distributed clusters.
I20260630 12:39:14.826911 14065 hybrid_clock.cc:648] HybridClock initialized: now 1782823154826893 us; error 0 us; skew 500 ppm
I20260630 12:39:14.827590 14065 server_base.cc:861] Flag tcmalloc_max_total_thread_cache_bytes is not working since tcmalloc is not enabled.
I20260630 12:39:14.830091 14065 webserver.cc:533] Webserver started at http://127.13.188.65:46587/ using document root <none> and password file <none>
I20260630 12:39:14.830596 14065 fs_manager.cc:362] Metadata directory not provided
I20260630 12:39:14.830794 14065 fs_manager.cc:368] Using write-ahead log directory (fs_wal_dir) as metadata directory
I20260630 12:39:14.831116 14065 server_base.cc:909] This appears to be a new deployment of Kudu; creating new FS layout
I20260630 12:39:14.832255 14065 fs_manager.cc:1068] Generated new instance metadata in path /tmp/dist-test-taskt5ntel/test-tmp/auto_rebalancer-test.0.AutoRebalancerTest.MovesScheduledIfAddTserver.1782823131612470-14065-0/minicluster-data/ts-0-root/instance:
uuid: "8532d579177047d2a44acae35e1e4461"
format_stamp: "Formatted at 2026-06-30 12:39:14 on dist-test-slave-twh8"
I20260630 12:39:14.836591 14065 fs_manager.cc:696] Time spent creating directory manager: real 0.004s	user 0.005s	sys 0.000s
I20260630 12:39:14.839977 15762 log_block_manager.cc:4031] Time spent loading block containers with low live blocks: real 0.000s	user 0.000s	sys 0.000s
I20260630 12:39:14.840783 14065 fs_manager.cc:730] Time spent opening block manager: real 0.002s	user 0.003s	sys 0.000s
I20260630 12:39:14.841069 14065 fs_manager.cc:647] Opened local filesystem: /tmp/dist-test-taskt5ntel/test-tmp/auto_rebalancer-test.0.AutoRebalancerTest.MovesScheduledIfAddTserver.1782823131612470-14065-0/minicluster-data/ts-0-root
uuid: "8532d579177047d2a44acae35e1e4461"
format_stamp: "Formatted at 2026-06-30 12:39:14 on dist-test-slave-twh8"
I20260630 12:39:14.841356 14065 fs_report.cc:389] FS layout report
--------------------
wal directory: /tmp/dist-test-taskt5ntel/test-tmp/auto_rebalancer-test.0.AutoRebalancerTest.MovesScheduledIfAddTserver.1782823131612470-14065-0/minicluster-data/ts-0-root
metadata directory: /tmp/dist-test-taskt5ntel/test-tmp/auto_rebalancer-test.0.AutoRebalancerTest.MovesScheduledIfAddTserver.1782823131612470-14065-0/minicluster-data/ts-0-root
1 data directories: /tmp/dist-test-taskt5ntel/test-tmp/auto_rebalancer-test.0.AutoRebalancerTest.MovesScheduledIfAddTserver.1782823131612470-14065-0/minicluster-data/ts-0-root/data
Total live blocks: 0
Total live bytes: 0
Total live bytes (after alignment): 0
Total number of LBM containers: 0 (0 full)
Did not check for missing blocks
Did not check for orphaned blocks
Total full LBM containers with extra space: 0 (0 repaired)
Total full LBM container extra space in bytes: 0 (0 repaired)
Total incomplete LBM containers: 0 (0 repaired)
Total LBM partial records: 0 (0 repaired)
Total corrupted LBM metadata records in RocksDB: 0 (0 repaired)
I20260630 12:39:14.857112 14065 rpc_server.cc:225] running with OpenSSL 1.1.1  11 Sep 2018
I20260630 12:39:14.858258 14065 kserver.cc:163] Server-wide thread pool size limit: 3276
I20260630 12:39:14.859771 14065 txn_system_client.cc:432] TxnSystemClient initialization is disabled...
I20260630 12:39:14.861941 14065 ts_tablet_manager.cc:585] Loaded tablet metadata (0 total tablets, 0 live tablets)
I20260630 12:39:14.862157 14065 ts_tablet_manager.cc:531] Time spent load tablet metadata: real 0.000s	user 0.000s	sys 0.000s
I20260630 12:39:14.862396 14065 ts_tablet_manager.cc:616] Registered 0 tablets
I20260630 12:39:14.862579 14065 ts_tablet_manager.cc:595] Time spent register tablets: real 0.000s	user 0.000s	sys 0.000s
I20260630 12:39:14.902122 14065 rpc_server.cc:307] RPC server started. Bound to: 127.13.188.65:43163
I20260630 12:39:14.902184 15824 acceptor_pool.cc:272] collecting diagnostics on the listening RPC socket 127.13.188.65:43163 every 8 connection(s)
I20260630 12:39:14.906672 14065 file_cache.cc:492] Constructed file cache file cache with capacity 419430
W20260630 12:39:14.915047 15830 instance_detector.cc:116] could not retrieve Azure instance metadata: Network error: curl error: HTTP response code said error: The requested URL returned error: 404
W20260630 12:39:14.915091 15829 instance_detector.cc:116] could not retrieve AWS instance metadata: Network error: curl error: HTTP response code said error: The requested URL returned error: 404
I20260630 12:39:14.918437 14065 server_base.cc:1061] running on GCE node
W20260630 12:39:14.918475 15832 instance_detector.cc:116] could not retrieve OpenStack instance metadata: Network error: curl error: HTTP response code said error: The requested URL returned error: 404
I20260630 12:39:14.919538 14065 hybrid_clock.cc:584] initializing the hybrid clock with 'system_unsync' time source
W20260630 12:39:14.919781 14065 system_unsync_time.cc:38] NTP support is disabled. Clock error bounds will not be accurate. This configuration is not suitable for distributed clusters.
I20260630 12:39:14.919955 14065 hybrid_clock.cc:648] HybridClock initialized: now 1782823154919933 us; error 0 us; skew 500 ppm
I20260630 12:39:14.920434 14065 server_base.cc:861] Flag tcmalloc_max_total_thread_cache_bytes is not working since tcmalloc is not enabled.
I20260630 12:39:14.922739 14065 webserver.cc:533] Webserver started at http://127.13.188.66:41111/ using document root <none> and password file <none>
I20260630 12:39:14.923297 14065 fs_manager.cc:362] Metadata directory not provided
I20260630 12:39:14.923496 14065 fs_manager.cc:368] Using write-ahead log directory (fs_wal_dir) as metadata directory
I20260630 12:39:14.923847 14065 server_base.cc:909] This appears to be a new deployment of Kudu; creating new FS layout
I20260630 12:39:14.925275 14065 fs_manager.cc:1068] Generated new instance metadata in path /tmp/dist-test-taskt5ntel/test-tmp/auto_rebalancer-test.0.AutoRebalancerTest.MovesScheduledIfAddTserver.1782823131612470-14065-0/minicluster-data/ts-1-root/instance:
uuid: "a53cdf4833a24d15a44a5ed2fb50b86b"
format_stamp: "Formatted at 2026-06-30 12:39:14 on dist-test-slave-twh8"
I20260630 12:39:14.925956 15825 heartbeater.cc:344] Connected to a master server at 127.13.188.126:44347
I20260630 12:39:14.926303 15825 heartbeater.cc:461] Registering TS with master...
I20260630 12:39:14.926987 15825 heartbeater.cc:507] Master 127.13.188.126:44347 requested a full tablet report, sending...
I20260630 12:39:14.929219 15698 ts_manager.cc:194] Registered new tserver with Master: 8532d579177047d2a44acae35e1e4461 (127.13.188.65:43163)
I20260630 12:39:14.931285 14065 fs_manager.cc:696] Time spent creating directory manager: real 0.005s	user 0.002s	sys 0.005s
I20260630 12:39:14.931733 15698 master_service.cc:502] Signed X509 certificate for tserver {username='slave'} at 127.0.0.1:50666
I20260630 12:39:14.935607 15837 log_block_manager.cc:4031] Time spent loading block containers with low live blocks: real 0.000s	user 0.000s	sys 0.000s
I20260630 12:39:14.936436 14065 fs_manager.cc:730] Time spent opening block manager: real 0.002s	user 0.003s	sys 0.001s
I20260630 12:39:14.936725 14065 fs_manager.cc:647] Opened local filesystem: /tmp/dist-test-taskt5ntel/test-tmp/auto_rebalancer-test.0.AutoRebalancerTest.MovesScheduledIfAddTserver.1782823131612470-14065-0/minicluster-data/ts-1-root
uuid: "a53cdf4833a24d15a44a5ed2fb50b86b"
format_stamp: "Formatted at 2026-06-30 12:39:14 on dist-test-slave-twh8"
I20260630 12:39:14.937011 14065 fs_report.cc:389] FS layout report
--------------------
wal directory: /tmp/dist-test-taskt5ntel/test-tmp/auto_rebalancer-test.0.AutoRebalancerTest.MovesScheduledIfAddTserver.1782823131612470-14065-0/minicluster-data/ts-1-root
metadata directory: /tmp/dist-test-taskt5ntel/test-tmp/auto_rebalancer-test.0.AutoRebalancerTest.MovesScheduledIfAddTserver.1782823131612470-14065-0/minicluster-data/ts-1-root
1 data directories: /tmp/dist-test-taskt5ntel/test-tmp/auto_rebalancer-test.0.AutoRebalancerTest.MovesScheduledIfAddTserver.1782823131612470-14065-0/minicluster-data/ts-1-root/data
Total live blocks: 0
Total live bytes: 0
Total live bytes (after alignment): 0
Total number of LBM containers: 0 (0 full)
Did not check for missing blocks
Did not check for orphaned blocks
Total full LBM containers with extra space: 0 (0 repaired)
Total full LBM container extra space in bytes: 0 (0 repaired)
Total incomplete LBM containers: 0 (0 repaired)
Total LBM partial records: 0 (0 repaired)
Total corrupted LBM metadata records in RocksDB: 0 (0 repaired)
I20260630 12:39:14.971583 14065 rpc_server.cc:225] running with OpenSSL 1.1.1  11 Sep 2018
I20260630 12:39:14.972755 14065 kserver.cc:163] Server-wide thread pool size limit: 3276
I20260630 12:39:14.974259 14065 txn_system_client.cc:432] TxnSystemClient initialization is disabled...
I20260630 12:39:14.976645 14065 ts_tablet_manager.cc:585] Loaded tablet metadata (0 total tablets, 0 live tablets)
I20260630 12:39:14.976850 14065 ts_tablet_manager.cc:531] Time spent load tablet metadata: real 0.000s	user 0.000s	sys 0.000s
I20260630 12:39:14.977162 14065 ts_tablet_manager.cc:616] Registered 0 tablets
I20260630 12:39:14.977319 14065 ts_tablet_manager.cc:595] Time spent register tablets: real 0.000s	user 0.000s	sys 0.000s
I20260630 12:39:15.017863 14065 rpc_server.cc:307] RPC server started. Bound to: 127.13.188.66:35177
I20260630 12:39:15.017984 15899 acceptor_pool.cc:272] collecting diagnostics on the listening RPC socket 127.13.188.66:35177 every 8 connection(s)
I20260630 12:39:15.022972 14065 file_cache.cc:492] Constructed file cache file cache with capacity 419430
W20260630 12:39:15.030582 15903 instance_detector.cc:116] could not retrieve AWS instance metadata: Network error: curl error: HTTP response code said error: The requested URL returned error: 404
W20260630 12:39:15.032548 15904 instance_detector.cc:116] could not retrieve Azure instance metadata: Network error: curl error: HTTP response code said error: The requested URL returned error: 404
I20260630 12:39:15.036897 14065 server_base.cc:1061] running on GCE node
W20260630 12:39:15.037289 15906 instance_detector.cc:116] could not retrieve OpenStack instance metadata: Network error: curl error: HTTP response code said error: The requested URL returned error: 404
I20260630 12:39:15.037688 15900 heartbeater.cc:344] Connected to a master server at 127.13.188.126:44347
I20260630 12:39:15.038173 15900 heartbeater.cc:461] Registering TS with master...
I20260630 12:39:15.038602 14065 hybrid_clock.cc:584] initializing the hybrid clock with 'system_unsync' time source
W20260630 12:39:15.038897 14065 system_unsync_time.cc:38] NTP support is disabled. Clock error bounds will not be accurate. This configuration is not suitable for distributed clusters.
I20260630 12:39:15.039137 14065 hybrid_clock.cc:648] HybridClock initialized: now 1782823155039115 us; error 0 us; skew 500 ppm
I20260630 12:39:15.039137 15900 heartbeater.cc:507] Master 127.13.188.126:44347 requested a full tablet report, sending...
I20260630 12:39:15.039996 14065 server_base.cc:861] Flag tcmalloc_max_total_thread_cache_bytes is not working since tcmalloc is not enabled.
I20260630 12:39:15.041652 15698 ts_manager.cc:194] Registered new tserver with Master: a53cdf4833a24d15a44a5ed2fb50b86b (127.13.188.66:35177)
I20260630 12:39:15.042783 14065 webserver.cc:533] Webserver started at http://127.13.188.67:34599/ using document root <none> and password file <none>
I20260630 12:39:15.043428 14065 fs_manager.cc:362] Metadata directory not provided
I20260630 12:39:15.043502 15698 master_service.cc:502] Signed X509 certificate for tserver {username='slave'} at 127.0.0.1:50680
I20260630 12:39:15.043727 14065 fs_manager.cc:368] Using write-ahead log directory (fs_wal_dir) as metadata directory
I20260630 12:39:15.044086 14065 server_base.cc:909] This appears to be a new deployment of Kudu; creating new FS layout
I20260630 12:39:15.045547 14065 fs_manager.cc:1068] Generated new instance metadata in path /tmp/dist-test-taskt5ntel/test-tmp/auto_rebalancer-test.0.AutoRebalancerTest.MovesScheduledIfAddTserver.1782823131612470-14065-0/minicluster-data/ts-2-root/instance:
uuid: "8def0be59cc048188d1daae359567832"
format_stamp: "Formatted at 2026-06-30 12:39:15 on dist-test-slave-twh8"
I20260630 12:39:15.049993 14065 fs_manager.cc:696] Time spent creating directory manager: real 0.004s	user 0.005s	sys 0.000s
I20260630 12:39:15.053171 15911 log_block_manager.cc:4031] Time spent loading block containers with low live blocks: real 0.000s	user 0.000s	sys 0.000s
I20260630 12:39:15.053912 14065 fs_manager.cc:730] Time spent opening block manager: real 0.002s	user 0.002s	sys 0.000s
I20260630 12:39:15.054163 14065 fs_manager.cc:647] Opened local filesystem: /tmp/dist-test-taskt5ntel/test-tmp/auto_rebalancer-test.0.AutoRebalancerTest.MovesScheduledIfAddTserver.1782823131612470-14065-0/minicluster-data/ts-2-root
uuid: "8def0be59cc048188d1daae359567832"
format_stamp: "Formatted at 2026-06-30 12:39:15 on dist-test-slave-twh8"
I20260630 12:39:15.054396 14065 fs_report.cc:389] FS layout report
--------------------
wal directory: /tmp/dist-test-taskt5ntel/test-tmp/auto_rebalancer-test.0.AutoRebalancerTest.MovesScheduledIfAddTserver.1782823131612470-14065-0/minicluster-data/ts-2-root
metadata directory: /tmp/dist-test-taskt5ntel/test-tmp/auto_rebalancer-test.0.AutoRebalancerTest.MovesScheduledIfAddTserver.1782823131612470-14065-0/minicluster-data/ts-2-root
1 data directories: /tmp/dist-test-taskt5ntel/test-tmp/auto_rebalancer-test.0.AutoRebalancerTest.MovesScheduledIfAddTserver.1782823131612470-14065-0/minicluster-data/ts-2-root/data
Total live blocks: 0
Total live bytes: 0
Total live bytes (after alignment): 0
Total number of LBM containers: 0 (0 full)
Did not check for missing blocks
Did not check for orphaned blocks
Total full LBM containers with extra space: 0 (0 repaired)
Total full LBM container extra space in bytes: 0 (0 repaired)
Total incomplete LBM containers: 0 (0 repaired)
Total LBM partial records: 0 (0 repaired)
Total corrupted LBM metadata records in RocksDB: 0 (0 repaired)
I20260630 12:39:15.074582 14065 rpc_server.cc:225] running with OpenSSL 1.1.1  11 Sep 2018
I20260630 12:39:15.075728 14065 kserver.cc:163] Server-wide thread pool size limit: 3276
I20260630 12:39:15.077131 14065 txn_system_client.cc:432] TxnSystemClient initialization is disabled...
I20260630 12:39:15.079420 14065 ts_tablet_manager.cc:585] Loaded tablet metadata (0 total tablets, 0 live tablets)
I20260630 12:39:15.079605 14065 ts_tablet_manager.cc:531] Time spent load tablet metadata: real 0.000s	user 0.000s	sys 0.000s
I20260630 12:39:15.079888 14065 ts_tablet_manager.cc:616] Registered 0 tablets
I20260630 12:39:15.080061 14065 ts_tablet_manager.cc:595] Time spent register tablets: real 0.000s	user 0.000s	sys 0.000s
I20260630 12:39:15.117374 14065 rpc_server.cc:307] RPC server started. Bound to: 127.13.188.67:36743
I20260630 12:39:15.117472 15973 acceptor_pool.cc:272] collecting diagnostics on the listening RPC socket 127.13.188.67:36743 every 8 connection(s)
I20260630 12:39:15.131490 15974 heartbeater.cc:344] Connected to a master server at 127.13.188.126:44347
I20260630 12:39:15.131901 15974 heartbeater.cc:461] Registering TS with master...
I20260630 12:39:15.132722 15974 heartbeater.cc:507] Master 127.13.188.126:44347 requested a full tablet report, sending...
I20260630 12:39:15.134521 15698 ts_manager.cc:194] Registered new tserver with Master: 8def0be59cc048188d1daae359567832 (127.13.188.67:36743)
I20260630 12:39:15.135185 14065 internal_mini_cluster.cc:371] 3 TS(s) registered with all masters after 0.014534009s
I20260630 12:39:15.135998 15698 master_service.cc:502] Signed X509 certificate for tserver {username='slave'} at 127.0.0.1:50696
I20260630 12:39:15.934662 15825 heartbeater.cc:499] Master 127.13.188.126:44347 was elected leader, sending a full tablet report...
I20260630 12:39:16.046291 15900 heartbeater.cc:499] Master 127.13.188.126:44347 was elected leader, sending a full tablet report...
I20260630 12:39:16.138712 15974 heartbeater.cc:499] Master 127.13.188.126:44347 was elected leader, sending a full tablet report...
I20260630 12:39:16.189405 15698 catalog_manager.cc:2283] Servicing CreateTable request from {username='slave'} at 127.0.0.1:50706:
name: "test-workload"
schema {
  columns {
    name: "key"
    type: INT32
    is_key: true
    is_nullable: false
    encoding: AUTO_ENCODING
    compression: DEFAULT_COMPRESSION
    cfile_block_size: 0
    immutable: false
  }
  columns {
    name: "int_val"
    type: INT32
    is_key: false
    is_nullable: false
    encoding: AUTO_ENCODING
    compression: DEFAULT_COMPRESSION
    cfile_block_size: 0
    immutable: false
  }
  columns {
    name: "string_val"
    type: STRING
    is_key: false
    is_nullable: true
    encoding: AUTO_ENCODING
    compression: DEFAULT_COMPRESSION
    cfile_block_size: 0
    immutable: false
  }
}
num_replicas: 3
split_rows_range_bounds {
  rows: "\004\001\000\377\377\377?""\004\001\000\377\377\377?"
  indirect_data: """"
}
partition_schema {
  range_schema {
    columns {
      name: "key"
    }
  }
}
W20260630 12:39:16.191622 15698 catalog_manager.cc:7077] The number of live tablet servers is not enough to re-replicate a tablet replica of the newly created table test-workload in case of a server failure: 4 tablet servers would be needed, 3 are available. Consider bringing up more tablet servers.
I20260630 12:39:16.239202 15790 tablet_service.cc:1511] Processing CreateTablet for tablet 27b523bbe5f24c19963a62eb273979f4 (DEFAULT_TABLE table=test-workload [id=6ab1578252114db68a76f6c582eab886]), partition=RANGE (key) PARTITION VALUES < 1073741823
I20260630 12:39:16.240756 15790 data_dirs.cc:400] Could only allocate 1 dirs of requested 3 for tablet 27b523bbe5f24c19963a62eb273979f4. 1 dirs total, 0 dirs full, 0 dirs failed
I20260630 12:39:16.243678 15789 tablet_service.cc:1511] Processing CreateTablet for tablet 794f7f9ee5354f0c9d67f6a17996d8d3 (DEFAULT_TABLE table=test-workload [id=6ab1578252114db68a76f6c582eab886]), partition=RANGE (key) PARTITION 1073741823 <= VALUES
I20260630 12:39:16.245137 15789 data_dirs.cc:400] Could only allocate 1 dirs of requested 3 for tablet 794f7f9ee5354f0c9d67f6a17996d8d3. 1 dirs total, 0 dirs full, 0 dirs failed
I20260630 12:39:16.244823 15938 tablet_service.cc:1511] Processing CreateTablet for tablet 794f7f9ee5354f0c9d67f6a17996d8d3 (DEFAULT_TABLE table=test-workload [id=6ab1578252114db68a76f6c582eab886]), partition=RANGE (key) PARTITION 1073741823 <= VALUES
I20260630 12:39:16.246115 15938 data_dirs.cc:400] Could only allocate 1 dirs of requested 3 for tablet 794f7f9ee5354f0c9d67f6a17996d8d3. 1 dirs total, 0 dirs full, 0 dirs failed
I20260630 12:39:16.243678 15939 tablet_service.cc:1511] Processing CreateTablet for tablet 27b523bbe5f24c19963a62eb273979f4 (DEFAULT_TABLE table=test-workload [id=6ab1578252114db68a76f6c582eab886]), partition=RANGE (key) PARTITION VALUES < 1073741823
I20260630 12:39:16.249315 15939 data_dirs.cc:400] Could only allocate 1 dirs of requested 3 for tablet 27b523bbe5f24c19963a62eb273979f4. 1 dirs total, 0 dirs full, 0 dirs failed
I20260630 12:39:16.250865 15865 tablet_service.cc:1511] Processing CreateTablet for tablet 27b523bbe5f24c19963a62eb273979f4 (DEFAULT_TABLE table=test-workload [id=6ab1578252114db68a76f6c582eab886]), partition=RANGE (key) PARTITION VALUES < 1073741823
I20260630 12:39:16.252182 15865 data_dirs.cc:400] Could only allocate 1 dirs of requested 3 for tablet 27b523bbe5f24c19963a62eb273979f4. 1 dirs total, 0 dirs full, 0 dirs failed
I20260630 12:39:16.265578 15995 tablet_bootstrap.cc:492] T 794f7f9ee5354f0c9d67f6a17996d8d3 P 8def0be59cc048188d1daae359567832: Bootstrap starting.
I20260630 12:39:16.266542 15864 tablet_service.cc:1511] Processing CreateTablet for tablet 794f7f9ee5354f0c9d67f6a17996d8d3 (DEFAULT_TABLE table=test-workload [id=6ab1578252114db68a76f6c582eab886]), partition=RANGE (key) PARTITION 1073741823 <= VALUES
I20260630 12:39:16.268566 15864 data_dirs.cc:400] Could only allocate 1 dirs of requested 3 for tablet 794f7f9ee5354f0c9d67f6a17996d8d3. 1 dirs total, 0 dirs full, 0 dirs failed
I20260630 12:39:16.267251 15994 tablet_bootstrap.cc:492] T 794f7f9ee5354f0c9d67f6a17996d8d3 P 8532d579177047d2a44acae35e1e4461: Bootstrap starting.
I20260630 12:39:16.273685 15995 tablet_bootstrap.cc:654] T 794f7f9ee5354f0c9d67f6a17996d8d3 P 8def0be59cc048188d1daae359567832: Neither blocks nor log segments found. Creating new log.
I20260630 12:39:16.281550 15994 tablet_bootstrap.cc:654] T 794f7f9ee5354f0c9d67f6a17996d8d3 P 8532d579177047d2a44acae35e1e4461: Neither blocks nor log segments found. Creating new log.
I20260630 12:39:16.286051 15995 tablet_bootstrap.cc:492] T 794f7f9ee5354f0c9d67f6a17996d8d3 P 8def0be59cc048188d1daae359567832: No bootstrap required, opened a new log
I20260630 12:39:16.286599 15995 ts_tablet_manager.cc:1403] T 794f7f9ee5354f0c9d67f6a17996d8d3 P 8def0be59cc048188d1daae359567832: Time spent bootstrapping tablet: real 0.021s	user 0.004s	sys 0.014s
I20260630 12:39:16.290230 15997 tablet_bootstrap.cc:492] T 27b523bbe5f24c19963a62eb273979f4 P a53cdf4833a24d15a44a5ed2fb50b86b: Bootstrap starting.
I20260630 12:39:16.289868 15995 raft_consensus.cc:359] T 794f7f9ee5354f0c9d67f6a17996d8d3 P 8def0be59cc048188d1daae359567832 [term 0 FOLLOWER]: Replica starting. Triggering 0 pending ops. Active config: opid_index: -1 OBSOLETE_local: false peers { permanent_uuid: "8532d579177047d2a44acae35e1e4461" member_type: VOTER last_known_addr { host: "127.13.188.65" port: 43163 } } peers { permanent_uuid: "a53cdf4833a24d15a44a5ed2fb50b86b" member_type: VOTER last_known_addr { host: "127.13.188.66" port: 35177 } } peers { permanent_uuid: "8def0be59cc048188d1daae359567832" member_type: VOTER last_known_addr { host: "127.13.188.67" port: 36743 } }
I20260630 12:39:16.290807 15995 raft_consensus.cc:385] T 794f7f9ee5354f0c9d67f6a17996d8d3 P 8def0be59cc048188d1daae359567832 [term 0 FOLLOWER]: Consensus starting up: Expiring failure detector timer to make a prompt election more likely
I20260630 12:39:16.291105 15995 raft_consensus.cc:740] T 794f7f9ee5354f0c9d67f6a17996d8d3 P 8def0be59cc048188d1daae359567832 [term 0 FOLLOWER]: Becoming Follower/Learner. State: Replica: 8def0be59cc048188d1daae359567832, State: Initialized, Role: FOLLOWER
I20260630 12:39:16.291903 15995 consensus_queue.cc:260] T 794f7f9ee5354f0c9d67f6a17996d8d3 P 8def0be59cc048188d1daae359567832 [NON_LEADER]: Queue going to NON_LEADER mode. State: All replicated index: 0, Majority replicated index: 0, Committed index: 0, Last appended: 0.0, Last appended by leader: 0, Current term: 0, Majority size: -1, State: 0, Mode: NON_LEADER, active raft config: opid_index: -1 OBSOLETE_local: false peers { permanent_uuid: "8532d579177047d2a44acae35e1e4461" member_type: VOTER last_known_addr { host: "127.13.188.65" port: 43163 } } peers { permanent_uuid: "a53cdf4833a24d15a44a5ed2fb50b86b" member_type: VOTER last_known_addr { host: "127.13.188.66" port: 35177 } } peers { permanent_uuid: "8def0be59cc048188d1daae359567832" member_type: VOTER last_known_addr { host: "127.13.188.67" port: 36743 } }
