I20260630 12:40:27.425134 17439 consensus_queue.cc:237] T 48bb1cdb13174b869fb4d1d86244a603 P 90ff83cd0ec54f7891b162547cdabad8 [LEADER]: Queue going to LEADER mode. State: All replicated index: 0, Majority replicated index: 2, Committed index: 2, Last appended: 1.2, Last appended by leader: 0, Current term: 1, Majority size: 3, State: 0, Mode: LEADER, active raft config: opid_index: 3 OBSOLETE_local: false peers { permanent_uuid: "e409ffdcf17c434080de3d5ed8620cda" member_type: VOTER last_known_addr { host: "127.13.158.65" port: 38635 } attrs { replace: true } } peers { permanent_uuid: "4f78cc0030d54946b437476de5b932ea" member_type: VOTER last_known_addr { host: "127.13.158.66" port: 43453 } } peers { permanent_uuid: "90ff83cd0ec54f7891b162547cdabad8" member_type: VOTER last_known_addr { host: "127.13.158.67" port: 42561 } } peers { permanent_uuid: "a6f3520f0b2e4a269ce3f932ef93fc2a" member_type: VOTER last_known_addr { host: "127.13.158.68" port: 43327 } attrs { promote: false } }
I20260630 12:40:27.431694 17038 raft_consensus.cc:1275] T 48bb1cdb13174b869fb4d1d86244a603 P 4f78cc0030d54946b437476de5b932ea [term 1 FOLLOWER]: Refusing update from remote peer 90ff83cd0ec54f7891b162547cdabad8: Log matching property violated. Preceding OpId in replica: term: 1 index: 2. Preceding OpId from leader: term: 1 index: 3. (index mismatch)
I20260630 12:40:27.431813 17260 raft_consensus.cc:1275] T 48bb1cdb13174b869fb4d1d86244a603 P a6f3520f0b2e4a269ce3f932ef93fc2a [term 1 LEARNER]: Refusing update from remote peer 90ff83cd0ec54f7891b162547cdabad8: Log matching property violated. Preceding OpId in replica: term: 1 index: 2. Preceding OpId from leader: term: 1 index: 3. (index mismatch)
I20260630 12:40:27.433393 16960 raft_consensus.cc:1275] T 48bb1cdb13174b869fb4d1d86244a603 P e409ffdcf17c434080de3d5ed8620cda [term 1 FOLLOWER]: Refusing update from remote peer 90ff83cd0ec54f7891b162547cdabad8: Log matching property violated. Preceding OpId in replica: term: 1 index: 2. Preceding OpId from leader: term: 1 index: 3. (index mismatch)
I20260630 12:40:27.433341 17439 consensus_queue.cc:1048] T 48bb1cdb13174b869fb4d1d86244a603 P 90ff83cd0ec54f7891b162547cdabad8 [LEADER]: Connected to new peer: Peer: permanent_uuid: "a6f3520f0b2e4a269ce3f932ef93fc2a" member_type: VOTER last_known_addr { host: "127.13.158.68" port: 43327 } attrs { promote: false }, Status: LMP_MISMATCH, Last received: 0.0, Next index: 3, Last known committed idx: 2, Time since last communication: 0.001s
I20260630 12:40:27.434405 17437 consensus_queue.cc:1048] T 48bb1cdb13174b869fb4d1d86244a603 P 90ff83cd0ec54f7891b162547cdabad8 [LEADER]: Connected to new peer: Peer: permanent_uuid: "4f78cc0030d54946b437476de5b932ea" member_type: VOTER last_known_addr { host: "127.13.158.66" port: 43453 }, Status: LMP_MISMATCH, Last received: 0.0, Next index: 3, Last known committed idx: 2, Time since last communication: 0.000s
I20260630 12:40:27.435264 17429 consensus_queue.cc:1048] T 48bb1cdb13174b869fb4d1d86244a603 P 90ff83cd0ec54f7891b162547cdabad8 [LEADER]: Connected to new peer: Peer: permanent_uuid: "e409ffdcf17c434080de3d5ed8620cda" member_type: VOTER last_known_addr { host: "127.13.158.65" port: 38635 } attrs { replace: true }, Status: LMP_MISMATCH, Last received: 0.0, Next index: 3, Last known committed idx: 2, Time since last communication: 0.000s
I20260630 12:40:27.447680 17437 raft_consensus.cc:2955] T 48bb1cdb13174b869fb4d1d86244a603 P 90ff83cd0ec54f7891b162547cdabad8 [term 1 LEADER]: Committing config change with OpId 1.3: config changed from index 2 to 3, a6f3520f0b2e4a269ce3f932ef93fc2a (127.13.158.68) changed from NON_VOTER to VOTER. New config: { opid_index: 3 OBSOLETE_local: false peers { permanent_uuid: "e409ffdcf17c434080de3d5ed8620cda" member_type: VOTER last_known_addr { host: "127.13.158.65" port: 38635 } attrs { replace: true } } peers { permanent_uuid: "4f78cc0030d54946b437476de5b932ea" member_type: VOTER last_known_addr { host: "127.13.158.66" port: 43453 } } peers { permanent_uuid: "90ff83cd0ec54f7891b162547cdabad8" member_type: VOTER last_known_addr { host: "127.13.158.67" port: 42561 } } peers { permanent_uuid: "a6f3520f0b2e4a269ce3f932ef93fc2a" member_type: VOTER last_known_addr { host: "127.13.158.68" port: 43327 } attrs { promote: false } } }
I20260630 12:40:27.449177 17038 raft_consensus.cc:2955] T 48bb1cdb13174b869fb4d1d86244a603 P 4f78cc0030d54946b437476de5b932ea [term 1 FOLLOWER]: Committing config change with OpId 1.3: config changed from index 2 to 3, a6f3520f0b2e4a269ce3f932ef93fc2a (127.13.158.68) changed from NON_VOTER to VOTER. New config: { opid_index: 3 OBSOLETE_local: false peers { permanent_uuid: "e409ffdcf17c434080de3d5ed8620cda" member_type: VOTER last_known_addr { host: "127.13.158.65" port: 38635 } attrs { replace: true } } peers { permanent_uuid: "4f78cc0030d54946b437476de5b932ea" member_type: VOTER last_known_addr { host: "127.13.158.66" port: 43453 } } peers { permanent_uuid: "90ff83cd0ec54f7891b162547cdabad8" member_type: VOTER last_known_addr { host: "127.13.158.67" port: 42561 } } peers { permanent_uuid: "a6f3520f0b2e4a269ce3f932ef93fc2a" member_type: VOTER last_known_addr { host: "127.13.158.68" port: 43327 } attrs { promote: false } } }
I20260630 12:40:27.449885 16960 raft_consensus.cc:2955] T 48bb1cdb13174b869fb4d1d86244a603 P e409ffdcf17c434080de3d5ed8620cda [term 1 FOLLOWER]: Committing config change with OpId 1.3: config changed from index 2 to 3, a6f3520f0b2e4a269ce3f932ef93fc2a (127.13.158.68) changed from NON_VOTER to VOTER. New config: { opid_index: 3 OBSOLETE_local: false peers { permanent_uuid: "e409ffdcf17c434080de3d5ed8620cda" member_type: VOTER last_known_addr { host: "127.13.158.65" port: 38635 } attrs { replace: true } } peers { permanent_uuid: "4f78cc0030d54946b437476de5b932ea" member_type: VOTER last_known_addr { host: "127.13.158.66" port: 43453 } } peers { permanent_uuid: "90ff83cd0ec54f7891b162547cdabad8" member_type: VOTER last_known_addr { host: "127.13.158.67" port: 42561 } } peers { permanent_uuid: "a6f3520f0b2e4a269ce3f932ef93fc2a" member_type: VOTER last_known_addr { host: "127.13.158.68" port: 43327 } attrs { promote: false } } }
I20260630 12:40:27.459734 17260 raft_consensus.cc:2955] T 48bb1cdb13174b869fb4d1d86244a603 P a6f3520f0b2e4a269ce3f932ef93fc2a [term 1 FOLLOWER]: Committing config change with OpId 1.3: config changed from index 2 to 3, a6f3520f0b2e4a269ce3f932ef93fc2a (127.13.158.68) changed from NON_VOTER to VOTER. New config: { opid_index: 3 OBSOLETE_local: false peers { permanent_uuid: "e409ffdcf17c434080de3d5ed8620cda" member_type: VOTER last_known_addr { host: "127.13.158.65" port: 38635 } attrs { replace: true } } peers { permanent_uuid: "4f78cc0030d54946b437476de5b932ea" member_type: VOTER last_known_addr { host: "127.13.158.66" port: 43453 } } peers { permanent_uuid: "90ff83cd0ec54f7891b162547cdabad8" member_type: VOTER last_known_addr { host: "127.13.158.67" port: 42561 } } peers { permanent_uuid: "a6f3520f0b2e4a269ce3f932ef93fc2a" member_type: VOTER last_known_addr { host: "127.13.158.68" port: 43327 } attrs { promote: false } } }
I20260630 12:40:27.464250 16860 catalog_manager.cc:5697] T 48bb1cdb13174b869fb4d1d86244a603 P 90ff83cd0ec54f7891b162547cdabad8 reported cstate change: config changed from index 2 to 3, a6f3520f0b2e4a269ce3f932ef93fc2a (127.13.158.68) changed from NON_VOTER to VOTER. New cstate: current_term: 1 leader_uuid: "90ff83cd0ec54f7891b162547cdabad8" committed_config { opid_index: 3 OBSOLETE_local: false peers { permanent_uuid: "e409ffdcf17c434080de3d5ed8620cda" member_type: VOTER last_known_addr { host: "127.13.158.65" port: 38635 } attrs { replace: true } health_report { overall_health: HEALTHY } } peers { permanent_uuid: "4f78cc0030d54946b437476de5b932ea" member_type: VOTER last_known_addr { host: "127.13.158.66" port: 43453 } health_report { overall_health: HEALTHY } } peers { permanent_uuid: "90ff83cd0ec54f7891b162547cdabad8" member_type: VOTER last_known_addr { host: "127.13.158.67" port: 42561 } health_report { overall_health: HEALTHY } } peers { permanent_uuid: "a6f3520f0b2e4a269ce3f932ef93fc2a" member_type: VOTER last_known_addr { host: "127.13.158.68" port: 43327 } attrs { promote: false } health_report { overall_health: HEALTHY } } }
I20260630 12:40:27.475718 17437 raft_consensus.cc:1064] T 960c1fa3adec419ca2f56ecd98e19c41 P 90ff83cd0ec54f7891b162547cdabad8: attempting to promote NON_VOTER a6f3520f0b2e4a269ce3f932ef93fc2a to VOTER
W20260630 12:40:27.476110 17437 raft_consensus.cc:1068] T 960c1fa3adec419ca2f56ecd98e19c41 P 90ff83cd0ec54f7891b162547cdabad8: Unable to promote non-voter a6f3520f0b2e4a269ce3f932ef93fc2a: Service unavailable: leader transfer in progress
I20260630 12:40:27.485365 17112 consensus_queue.cc:237] T 48bb1cdb13174b869fb4d1d86244a603 P 90ff83cd0ec54f7891b162547cdabad8 [LEADER]: Queue going to LEADER mode. State: All replicated index: 0, Majority replicated index: 3, Committed index: 3, Last appended: 1.3, Last appended by leader: 0, Current term: 1, Majority size: 2, State: 0, Mode: LEADER, active raft config: opid_index: 4 OBSOLETE_local: false peers { permanent_uuid: "4f78cc0030d54946b437476de5b932ea" member_type: VOTER last_known_addr { host: "127.13.158.66" port: 43453 } } peers { permanent_uuid: "90ff83cd0ec54f7891b162547cdabad8" member_type: VOTER last_known_addr { host: "127.13.158.67" port: 42561 } } peers { permanent_uuid: "a6f3520f0b2e4a269ce3f932ef93fc2a" member_type: VOTER last_known_addr { host: "127.13.158.68" port: 43327 } attrs { promote: false } }
I20260630 12:40:27.497462 17038 raft_consensus.cc:1275] T 48bb1cdb13174b869fb4d1d86244a603 P 4f78cc0030d54946b437476de5b932ea [term 1 FOLLOWER]: Refusing update from remote peer 90ff83cd0ec54f7891b162547cdabad8: Log matching property violated. Preceding OpId in replica: term: 1 index: 3. Preceding OpId from leader: term: 1 index: 4. (index mismatch)
I20260630 12:40:27.497462 17260 raft_consensus.cc:1275] T 48bb1cdb13174b869fb4d1d86244a603 P a6f3520f0b2e4a269ce3f932ef93fc2a [term 1 FOLLOWER]: Refusing update from remote peer 90ff83cd0ec54f7891b162547cdabad8: Log matching property violated. Preceding OpId in replica: term: 1 index: 3. Preceding OpId from leader: term: 1 index: 4. (index mismatch)
I20260630 12:40:27.499001 17429 consensus_queue.cc:1048] T 48bb1cdb13174b869fb4d1d86244a603 P 90ff83cd0ec54f7891b162547cdabad8 [LEADER]: Connected to new peer: Peer: permanent_uuid: "4f78cc0030d54946b437476de5b932ea" member_type: VOTER last_known_addr { host: "127.13.158.66" port: 43453 }, Status: LMP_MISMATCH, Last received: 0.0, Next index: 4, Last known committed idx: 3, Time since last communication: 0.002s
I20260630 12:40:27.502795 17429 consensus_queue.cc:1048] T 48bb1cdb13174b869fb4d1d86244a603 P 90ff83cd0ec54f7891b162547cdabad8 [LEADER]: Connected to new peer: Peer: permanent_uuid: "a6f3520f0b2e4a269ce3f932ef93fc2a" member_type: VOTER last_known_addr { host: "127.13.158.68" port: 43327 } attrs { promote: false }, Status: LMP_MISMATCH, Last received: 0.0, Next index: 4, Last known committed idx: 3, Time since last communication: 0.001s
I20260630 12:40:27.509620 17437 raft_consensus.cc:2955] T 48bb1cdb13174b869fb4d1d86244a603 P 90ff83cd0ec54f7891b162547cdabad8 [term 1 LEADER]: Committing config change with OpId 1.4: config changed from index 3 to 4, VOTER e409ffdcf17c434080de3d5ed8620cda (127.13.158.65) evicted. New config: { opid_index: 4 OBSOLETE_local: false peers { permanent_uuid: "4f78cc0030d54946b437476de5b932ea" member_type: VOTER last_known_addr { host: "127.13.158.66" port: 43453 } } peers { permanent_uuid: "90ff83cd0ec54f7891b162547cdabad8" member_type: VOTER last_known_addr { host: "127.13.158.67" port: 42561 } } peers { permanent_uuid: "a6f3520f0b2e4a269ce3f932ef93fc2a" member_type: VOTER last_known_addr { host: "127.13.158.68" port: 43327 } attrs { promote: false } } }
I20260630 12:40:27.515053 17260 raft_consensus.cc:2955] T 48bb1cdb13174b869fb4d1d86244a603 P a6f3520f0b2e4a269ce3f932ef93fc2a [term 1 FOLLOWER]: Committing config change with OpId 1.4: config changed from index 3 to 4, VOTER e409ffdcf17c434080de3d5ed8620cda (127.13.158.65) evicted. New config: { opid_index: 4 OBSOLETE_local: false peers { permanent_uuid: "4f78cc0030d54946b437476de5b932ea" member_type: VOTER last_known_addr { host: "127.13.158.66" port: 43453 } } peers { permanent_uuid: "90ff83cd0ec54f7891b162547cdabad8" member_type: VOTER last_known_addr { host: "127.13.158.67" port: 42561 } } peers { permanent_uuid: "a6f3520f0b2e4a269ce3f932ef93fc2a" member_type: VOTER last_known_addr { host: "127.13.158.68" port: 43327 } attrs { promote: false } } }
I20260630 12:40:27.511369 17038 raft_consensus.cc:2955] T 48bb1cdb13174b869fb4d1d86244a603 P 4f78cc0030d54946b437476de5b932ea [term 1 FOLLOWER]: Committing config change with OpId 1.4: config changed from index 3 to 4, VOTER e409ffdcf17c434080de3d5ed8620cda (127.13.158.65) evicted. New config: { opid_index: 4 OBSOLETE_local: false peers { permanent_uuid: "4f78cc0030d54946b437476de5b932ea" member_type: VOTER last_known_addr { host: "127.13.158.66" port: 43453 } } peers { permanent_uuid: "90ff83cd0ec54f7891b162547cdabad8" member_type: VOTER last_known_addr { host: "127.13.158.67" port: 42561 } } peers { permanent_uuid: "a6f3520f0b2e4a269ce3f932ef93fc2a" member_type: VOTER last_known_addr { host: "127.13.158.68" port: 43327 } attrs { promote: false } } }
I20260630 12:40:27.524156 16846 catalog_manager.cc:5210] ChangeConfig:REMOVE_PEER RPC for tablet 48bb1cdb13174b869fb4d1d86244a603 with cas_config_opid_index 3: ChangeConfig:REMOVE_PEER succeeded (attempt 1)
I20260630 12:40:27.528828 16859 catalog_manager.cc:5697] T 48bb1cdb13174b869fb4d1d86244a603 P a6f3520f0b2e4a269ce3f932ef93fc2a reported cstate change: config changed from index 3 to 4, VOTER e409ffdcf17c434080de3d5ed8620cda (127.13.158.65) evicted. New cstate: current_term: 1 leader_uuid: "90ff83cd0ec54f7891b162547cdabad8" committed_config { opid_index: 4 OBSOLETE_local: false peers { permanent_uuid: "4f78cc0030d54946b437476de5b932ea" member_type: VOTER last_known_addr { host: "127.13.158.66" port: 43453 } } peers { permanent_uuid: "90ff83cd0ec54f7891b162547cdabad8" member_type: VOTER last_known_addr { host: "127.13.158.67" port: 42561 } } peers { permanent_uuid: "a6f3520f0b2e4a269ce3f932ef93fc2a" member_type: VOTER last_known_addr { host: "127.13.158.68" port: 43327 } attrs { promote: false } } }
I20260630 12:40:27.535405 17446 raft_consensus.cc:1064] T 686604ca05dd4c0db3eaef9bc20c6230 P 4f78cc0030d54946b437476de5b932ea: attempting to promote NON_VOTER a6f3520f0b2e4a269ce3f932ef93fc2a to VOTER
I20260630 12:40:27.537956 17446 consensus_queue.cc:237] T 686604ca05dd4c0db3eaef9bc20c6230 P 4f78cc0030d54946b437476de5b932ea [LEADER]: Queue going to LEADER mode. State: All replicated index: 0, Majority replicated index: 2, Committed index: 2, Last appended: 1.2, Last appended by leader: 0, Current term: 1, Majority size: 3, State: 0, Mode: LEADER, active raft config: opid_index: 3 OBSOLETE_local: false peers { permanent_uuid: "e409ffdcf17c434080de3d5ed8620cda" member_type: VOTER last_known_addr { host: "127.13.158.65" port: 38635 } } peers { permanent_uuid: "4f78cc0030d54946b437476de5b932ea" member_type: VOTER last_known_addr { host: "127.13.158.66" port: 43453 } } peers { permanent_uuid: "90ff83cd0ec54f7891b162547cdabad8" member_type: VOTER last_known_addr { host: "127.13.158.67" port: 42561 } attrs { replace: true } } peers { permanent_uuid: "a6f3520f0b2e4a269ce3f932ef93fc2a" member_type: VOTER last_known_addr { host: "127.13.158.68" port: 43327 } attrs { promote: false } }
I20260630 12:40:27.551419 16948 tablet_service.cc:1558] Processing DeleteTablet for tablet 48bb1cdb13174b869fb4d1d86244a603 with delete_type TABLET_DATA_TOMBSTONED (TS e409ffdcf17c434080de3d5ed8620cda not found in new config with opid_index 4) from {username='slave'} at 127.0.0.1:57332
I20260630 12:40:27.566270 17495 tablet_replica.cc:333] T 48bb1cdb13174b869fb4d1d86244a603 P e409ffdcf17c434080de3d5ed8620cda: stopping tablet replica
I20260630 12:40:27.570227 17495 raft_consensus.cc:2243] T 48bb1cdb13174b869fb4d1d86244a603 P e409ffdcf17c434080de3d5ed8620cda [term 1 FOLLOWER]: Raft consensus shutting down.
I20260630 12:40:27.571041 17495 raft_consensus.cc:2272] T 48bb1cdb13174b869fb4d1d86244a603 P e409ffdcf17c434080de3d5ed8620cda [term 1 FOLLOWER]: Raft consensus is shut down!
I20260630 12:40:27.576028 17495 ts_tablet_manager.cc:1916] T 48bb1cdb13174b869fb4d1d86244a603 P e409ffdcf17c434080de3d5ed8620cda: Deleting tablet data with delete state TABLET_DATA_TOMBSTONED
I20260630 12:40:27.579593 17112 raft_consensus.cc:1275] T 686604ca05dd4c0db3eaef9bc20c6230 P 90ff83cd0ec54f7891b162547cdabad8 [term 1 FOLLOWER]: Refusing update from remote peer 4f78cc0030d54946b437476de5b932ea: Log matching property violated. Preceding OpId in replica: term: 1 index: 2. Preceding OpId from leader: term: 1 index: 3. (index mismatch)
I20260630 12:40:27.579908 17260 raft_consensus.cc:1275] T 686604ca05dd4c0db3eaef9bc20c6230 P a6f3520f0b2e4a269ce3f932ef93fc2a [term 1 LEARNER]: Refusing update from remote peer 4f78cc0030d54946b437476de5b932ea: Log matching property violated. Preceding OpId in replica: term: 1 index: 2. Preceding OpId from leader: term: 1 index: 3. (index mismatch)
I20260630 12:40:27.581362 16960 raft_consensus.cc:1275] T 686604ca05dd4c0db3eaef9bc20c6230 P e409ffdcf17c434080de3d5ed8620cda [term 1 FOLLOWER]: Refusing update from remote peer 4f78cc0030d54946b437476de5b932ea: Log matching property violated. Preceding OpId in replica: term: 1 index: 2. Preceding OpId from leader: term: 1 index: 3. (index mismatch)
I20260630 12:40:27.582654 17492 consensus_queue.cc:1048] T 686604ca05dd4c0db3eaef9bc20c6230 P 4f78cc0030d54946b437476de5b932ea [LEADER]: Connected to new peer: Peer: permanent_uuid: "a6f3520f0b2e4a269ce3f932ef93fc2a" member_type: VOTER last_known_addr { host: "127.13.158.68" port: 43327 } attrs { promote: false }, Status: LMP_MISMATCH, Last received: 0.0, Next index: 3, Last known committed idx: 2, Time since last communication: 0.000s
I20260630 12:40:27.583434 17493 consensus_queue.cc:1048] T 686604ca05dd4c0db3eaef9bc20c6230 P 4f78cc0030d54946b437476de5b932ea [LEADER]: Connected to new peer: Peer: permanent_uuid: "90ff83cd0ec54f7891b162547cdabad8" member_type: VOTER last_known_addr { host: "127.13.158.67" port: 42561 } attrs { replace: true }, Status: LMP_MISMATCH, Last received: 0.0, Next index: 3, Last known committed idx: 2, Time since last communication: 0.000s
I20260630 12:40:27.588179 17429 raft_consensus.cc:993] T 960c1fa3adec419ca2f56ecd98e19c41 P 90ff83cd0ec54f7891b162547cdabad8: : Instructing follower 4f78cc0030d54946b437476de5b932ea to start an election
I20260630 12:40:27.588605 17429 raft_consensus.cc:1081] T 960c1fa3adec419ca2f56ecd98e19c41 P 90ff83cd0ec54f7891b162547cdabad8 [term 1 LEADER]: Signalling peer 4f78cc0030d54946b437476de5b932ea to start an election
I20260630 12:40:27.590232 17491 consensus_queue.cc:1048] T 686604ca05dd4c0db3eaef9bc20c6230 P 4f78cc0030d54946b437476de5b932ea [LEADER]: Connected to new peer: Peer: permanent_uuid: "e409ffdcf17c434080de3d5ed8620cda" member_type: VOTER last_known_addr { host: "127.13.158.65" port: 38635 }, Status: LMP_MISMATCH, Last received: 0.0, Next index: 3, Last known committed idx: 2, Time since last communication: 0.000s
I20260630 12:40:27.598032 17038 tablet_service.cc:2044] Received Run Leader Election RPC: tablet_id: "960c1fa3adec419ca2f56ecd98e19c41"
dest_uuid: "4f78cc0030d54946b437476de5b932ea"
 from {username='slave'} at 127.0.0.1:46218
I20260630 12:40:27.598387 17495 ts_tablet_manager.cc:1929] T 48bb1cdb13174b869fb4d1d86244a603 P e409ffdcf17c434080de3d5ed8620cda: tablet deleted with delete type TABLET_DATA_TOMBSTONED: last-logged OpId 1.3
I20260630 12:40:27.598644 17038 raft_consensus.cc:493] T 960c1fa3adec419ca2f56ecd98e19c41 P 4f78cc0030d54946b437476de5b932ea [term 1 FOLLOWER]: Starting forced leader election (received explicit request)
I20260630 12:40:27.598711 17495 log.cc:1199] T 48bb1cdb13174b869fb4d1d86244a603 P e409ffdcf17c434080de3d5ed8620cda: Deleting WAL directory at /tmp/dist-test-tasktc5wR0/test-tmp/auto_rebalancer-test.0.AutoRebalancerTest.RangeAwareRebalancesNewRangeReplicas.1782823130550407-13945-0/minicluster-data/ts-0-root/wals/48bb1cdb13174b869fb4d1d86244a603
I20260630 12:40:27.599160 17038 raft_consensus.cc:3060] T 960c1fa3adec419ca2f56ecd98e19c41 P 4f78cc0030d54946b437476de5b932ea [term 1 FOLLOWER]: Advancing to term 2
I20260630 12:40:27.600728 16846 catalog_manager.cc:5028] TS e409ffdcf17c434080de3d5ed8620cda (127.13.158.65:38635): tablet 48bb1cdb13174b869fb4d1d86244a603 (table range_aware_rebalance_new_range [id=2db484150c414e09ba62ac603af2f543]) successfully deleted
I20260630 12:40:27.605027 17482 raft_consensus.cc:1064] T ade7949a403745219b1a1a93e07b407c P e409ffdcf17c434080de3d5ed8620cda: attempting to promote NON_VOTER 4f78cc0030d54946b437476de5b932ea to VOTER
I20260630 12:40:27.607359 17482 consensus_queue.cc:237] T ade7949a403745219b1a1a93e07b407c P e409ffdcf17c434080de3d5ed8620cda [LEADER]: Queue going to LEADER mode. State: All replicated index: 0, Majority replicated index: 2, Committed index: 2, Last appended: 1.2, Last appended by leader: 0, Current term: 1, Majority size: 3, State: 0, Mode: LEADER, active raft config: opid_index: 3 OBSOLETE_local: false peers { permanent_uuid: "90ff83cd0ec54f7891b162547cdabad8" member_type: VOTER last_known_addr { host: "127.13.158.67" port: 42561 } } peers { permanent_uuid: "e409ffdcf17c434080de3d5ed8620cda" member_type: VOTER last_known_addr { host: "127.13.158.65" port: 38635 } } peers { permanent_uuid: "a6f3520f0b2e4a269ce3f932ef93fc2a" member_type: VOTER last_known_addr { host: "127.13.158.68" port: 43327 } attrs { replace: true } } peers { permanent_uuid: "4f78cc0030d54946b437476de5b932ea" member_type: VOTER last_known_addr { host: "127.13.158.66" port: 43453 } attrs { promote: false } }
I20260630 12:40:27.613354 17038 raft_consensus.cc:515] T 960c1fa3adec419ca2f56ecd98e19c41 P 4f78cc0030d54946b437476de5b932ea [term 2 FOLLOWER]: Starting forced leader election with config: opid_index: 2 OBSOLETE_local: false peers { permanent_uuid: "4f78cc0030d54946b437476de5b932ea" member_type: VOTER last_known_addr { host: "127.13.158.66" port: 43453 } attrs { replace: true } } peers { permanent_uuid: "e409ffdcf17c434080de3d5ed8620cda" member_type: VOTER last_known_addr { host: "127.13.158.65" port: 38635 } } peers { permanent_uuid: "90ff83cd0ec54f7891b162547cdabad8" member_type: VOTER last_known_addr { host: "127.13.158.67" port: 42561 } } peers { permanent_uuid: "a6f3520f0b2e4a269ce3f932ef93fc2a" member_type: NON_VOTER last_known_addr { host: "127.13.158.68" port: 43327 } attrs { promote: true } }
I20260630 12:40:27.616093 16963 tablet_service.cc:1917] Received RequestConsensusVote() RPC: tablet_id: "960c1fa3adec419ca2f56ecd98e19c41" candidate_uuid: "4f78cc0030d54946b437476de5b932ea" candidate_term: 2 candidate_status { last_received { term: 1 index: 2 } } ignore_live_leader: true dest_uuid: "e409ffdcf17c434080de3d5ed8620cda"
I20260630 12:40:27.616605 16963 raft_consensus.cc:3060] T 960c1fa3adec419ca2f56ecd98e19c41 P e409ffdcf17c434080de3d5ed8620cda [term 1 FOLLOWER]: Advancing to term 2
I20260630 12:40:27.622563 16963 raft_consensus.cc:2468] T 960c1fa3adec419ca2f56ecd98e19c41 P e409ffdcf17c434080de3d5ed8620cda [term 2 FOLLOWER]: Leader election vote request: Granting yes vote for candidate 4f78cc0030d54946b437476de5b932ea in term 2.
I20260630 12:40:27.623674 17002 leader_election.cc:304] T 960c1fa3adec419ca2f56ecd98e19c41 P 4f78cc0030d54946b437476de5b932ea [CANDIDATE]: Term 2 election: Election decided. Result: candidate won. Election summary: received 2 responses out of 3 voters: 2 yes votes; 0 no votes. yes voters: 4f78cc0030d54946b437476de5b932ea, e409ffdcf17c434080de3d5ed8620cda; no voters: 
I20260630 12:40:27.624445 17491 raft_consensus.cc:2804] T 960c1fa3adec419ca2f56ecd98e19c41 P 4f78cc0030d54946b437476de5b932ea [term 2 FOLLOWER]: Leader election won for term 2
I20260630 12:40:27.626129 17491 raft_consensus.cc:697] T 960c1fa3adec419ca2f56ecd98e19c41 P 4f78cc0030d54946b437476de5b932ea [term 2 LEADER]: Becoming Leader. State: Replica: 4f78cc0030d54946b437476de5b932ea, State: Running, Role: LEADER
I20260630 12:40:27.626950 17491 consensus_queue.cc:237] T 960c1fa3adec419ca2f56ecd98e19c41 P 4f78cc0030d54946b437476de5b932ea [LEADER]: Queue going to LEADER mode. State: All replicated index: 0, Majority replicated index: 2, Committed index: 2, Last appended: 1.2, Last appended by leader: 2, Current term: 2, Majority size: 2, State: 0, Mode: LEADER, active raft config: opid_index: 2 OBSOLETE_local: false peers { permanent_uuid: "4f78cc0030d54946b437476de5b932ea" member_type: VOTER last_known_addr { host: "127.13.158.66" port: 43453 } attrs { replace: true } } peers { permanent_uuid: "e409ffdcf17c434080de3d5ed8620cda" member_type: VOTER last_known_addr { host: "127.13.158.65" port: 38635 } } peers { permanent_uuid: "90ff83cd0ec54f7891b162547cdabad8" member_type: VOTER last_known_addr { host: "127.13.158.67" port: 42561 } } peers { permanent_uuid: "a6f3520f0b2e4a269ce3f932ef93fc2a" member_type: NON_VOTER last_known_addr { host: "127.13.158.68" port: 43327 } attrs { promote: true } }
I20260630 12:40:27.642870 16858 catalog_manager.cc:5697] T 960c1fa3adec419ca2f56ecd98e19c41 P 4f78cc0030d54946b437476de5b932ea reported cstate change: term changed from 1 to 2, leader changed from 90ff83cd0ec54f7891b162547cdabad8 (127.13.158.67) to 4f78cc0030d54946b437476de5b932ea (127.13.158.66). New cstate: current_term: 2 leader_uuid: "4f78cc0030d54946b437476de5b932ea" committed_config { opid_index: 2 OBSOLETE_local: false peers { permanent_uuid: "4f78cc0030d54946b437476de5b932ea" member_type: VOTER last_known_addr { host: "127.13.158.66" port: 43453 } attrs { replace: true } health_report { overall_health: HEALTHY } } peers { permanent_uuid: "e409ffdcf17c434080de3d5ed8620cda" member_type: VOTER last_known_addr { host: "127.13.158.65" port: 38635 } health_report { overall_health: UNKNOWN } } peers { permanent_uuid: "90ff83cd0ec54f7891b162547cdabad8" member_type: VOTER last_known_addr { host: "127.13.158.67" port: 42561 } health_report { overall_health: UNKNOWN } } peers { permanent_uuid: "a6f3520f0b2e4a269ce3f932ef93fc2a" member_type: NON_VOTER last_known_addr { host: "127.13.158.68" port: 43327 } attrs { promote: true } health_report { overall_health: UNKNOWN } } }
I20260630 12:40:27.646327 17110 tablet_service.cc:1917] Received RequestConsensusVote() RPC: tablet_id: "960c1fa3adec419ca2f56ecd98e19c41" candidate_uuid: "4f78cc0030d54946b437476de5b932ea" candidate_term: 2 candidate_status { last_received { term: 1 index: 2 } } ignore_live_leader: true dest_uuid: "90ff83cd0ec54f7891b162547cdabad8"
I20260630 12:40:27.647157 17110 raft_consensus.cc:3055] T 960c1fa3adec419ca2f56ecd98e19c41 P 90ff83cd0ec54f7891b162547cdabad8 [term 1 LEADER]: Stepping down as leader of term 1
I20260630 12:40:27.647557 17110 raft_consensus.cc:740] T 960c1fa3adec419ca2f56ecd98e19c41 P 90ff83cd0ec54f7891b162547cdabad8 [term 1 LEADER]: Becoming Follower/Learner. State: Replica: 90ff83cd0ec54f7891b162547cdabad8, State: Running, Role: LEADER
I20260630 12:40:27.648382 17260 raft_consensus.cc:1275] T ade7949a403745219b1a1a93e07b407c P a6f3520f0b2e4a269ce3f932ef93fc2a [term 1 FOLLOWER]: Refusing update from remote peer e409ffdcf17c434080de3d5ed8620cda: Log matching property violated. Preceding OpId in replica: term: 1 index: 2. Preceding OpId from leader: term: 1 index: 3. (index mismatch)
I20260630 12:40:27.648609 17110 consensus_queue.cc:260] T 960c1fa3adec419ca2f56ecd98e19c41 P 90ff83cd0ec54f7891b162547cdabad8 [NON_LEADER]: Queue going to NON_LEADER mode. State: All replicated index: 0, Majority replicated index: 2, Committed index: 2, Last appended: 1.2, Last appended by leader: 2, Current term: 1, Majority size: -1, State: 0, Mode: NON_LEADER, active raft config: opid_index: 2 OBSOLETE_local: false peers { permanent_uuid: "4f78cc0030d54946b437476de5b932ea" member_type: VOTER last_known_addr { host: "127.13.158.66" port: 43453 } attrs { replace: true } } peers { permanent_uuid: "e409ffdcf17c434080de3d5ed8620cda" member_type: VOTER last_known_addr { host: "127.13.158.65" port: 38635 } } peers { permanent_uuid: "90ff83cd0ec54f7891b162547cdabad8" member_type: VOTER last_known_addr { host: "127.13.158.67" port: 42561 } } peers { permanent_uuid: "a6f3520f0b2e4a269ce3f932ef93fc2a" member_type: NON_VOTER last_known_addr { host: "127.13.158.68" port: 43327 } attrs { promote: true } }
I20260630 12:40:27.649842 17479 consensus_queue.cc:1048] T ade7949a403745219b1a1a93e07b407c P e409ffdcf17c434080de3d5ed8620cda [LEADER]: Connected to new peer: Peer: permanent_uuid: "a6f3520f0b2e4a269ce3f932ef93fc2a" member_type: VOTER last_known_addr { host: "127.13.158.68" port: 43327 } attrs { replace: true }, Status: LMP_MISMATCH, Last received: 0.0, Next index: 3, Last known committed idx: 2, Time since last communication: 0.000s
I20260630 12:40:27.650636 17110 raft_consensus.cc:3060] T 960c1fa3adec419ca2f56ecd98e19c41 P 90ff83cd0ec54f7891b162547cdabad8 [term 1 FOLLOWER]: Advancing to term 2
I20260630 12:40:27.658108 17036 raft_consensus.cc:1275] T ade7949a403745219b1a1a93e07b407c P 4f78cc0030d54946b437476de5b932ea [term 1 LEARNER]: Refusing update from remote peer e409ffdcf17c434080de3d5ed8620cda: Log matching property violated. Preceding OpId in replica: term: 1 index: 2. Preceding OpId from leader: term: 1 index: 3. (index mismatch)
I20260630 12:40:27.659247 17111 raft_consensus.cc:1275] T ade7949a403745219b1a1a93e07b407c P 90ff83cd0ec54f7891b162547cdabad8 [term 1 FOLLOWER]: Refusing update from remote peer e409ffdcf17c434080de3d5ed8620cda: Log matching property violated. Preceding OpId in replica: term: 1 index: 2. Preceding OpId from leader: term: 1 index: 3. (index mismatch)
I20260630 12:40:27.660260 17479 consensus_queue.cc:1048] T ade7949a403745219b1a1a93e07b407c P e409ffdcf17c434080de3d5ed8620cda [LEADER]: Connected to new peer: Peer: permanent_uuid: "4f78cc0030d54946b437476de5b932ea" member_type: VOTER last_known_addr { host: "127.13.158.66" port: 43453 } attrs { promote: false }, Status: LMP_MISMATCH, Last received: 0.0, Next index: 3, Last known committed idx: 2, Time since last communication: 0.000s
I20260630 12:40:27.661669 17481 consensus_queue.cc:1048] T ade7949a403745219b1a1a93e07b407c P e409ffdcf17c434080de3d5ed8620cda [LEADER]: Connected to new peer: Peer: permanent_uuid: "90ff83cd0ec54f7891b162547cdabad8" member_type: VOTER last_known_addr { host: "127.13.158.67" port: 42561 }, Status: LMP_MISMATCH, Last received: 0.0, Next index: 3, Last known committed idx: 2, Time since last communication: 0.000s
I20260630 12:40:27.664285 17036 tablet_service.cc:2072] Received LeaderStepDown RPC: tablet_id: "960c1fa3adec419ca2f56ecd98e19c41"
dest_uuid: "4f78cc0030d54946b437476de5b932ea"
mode: GRACEFUL
 from {username='slave'} at 127.0.0.1:46210
I20260630 12:40:27.661125 17110 raft_consensus.cc:2468] T 960c1fa3adec419ca2f56ecd98e19c41 P 90ff83cd0ec54f7891b162547cdabad8 [term 2 FOLLOWER]: Leader election vote request: Granting yes vote for candidate 4f78cc0030d54946b437476de5b932ea in term 2.
I20260630 12:40:27.667850 17492 raft_consensus.cc:2955] T 686604ca05dd4c0db3eaef9bc20c6230 P 4f78cc0030d54946b437476de5b932ea [term 1 LEADER]: Committing config change with OpId 1.3: config changed from index 2 to 3, a6f3520f0b2e4a269ce3f932ef93fc2a (127.13.158.68) changed from NON_VOTER to VOTER. New config: { opid_index: 3 OBSOLETE_local: false peers { permanent_uuid: "e409ffdcf17c434080de3d5ed8620cda" member_type: VOTER last_known_addr { host: "127.13.158.65" port: 38635 } } peers { permanent_uuid: "4f78cc0030d54946b437476de5b932ea" member_type: VOTER last_known_addr { host: "127.13.158.66" port: 43453 } } peers { permanent_uuid: "90ff83cd0ec54f7891b162547cdabad8" member_type: VOTER last_known_addr { host: "127.13.158.67" port: 42561 } attrs { replace: true } } peers { permanent_uuid: "a6f3520f0b2e4a269ce3f932ef93fc2a" member_type: VOTER last_known_addr { host: "127.13.158.68" port: 43327 } attrs { promote: false } } }
I20260630 12:40:27.669657 17112 raft_consensus.cc:2955] T 686604ca05dd4c0db3eaef9bc20c6230 P 90ff83cd0ec54f7891b162547cdabad8 [term 1 FOLLOWER]: Committing config change with OpId 1.3: config changed from index 2 to 3, a6f3520f0b2e4a269ce3f932ef93fc2a (127.13.158.68) changed from NON_VOTER to VOTER. New config: { opid_index: 3 OBSOLETE_local: false peers { permanent_uuid: "e409ffdcf17c434080de3d5ed8620cda" member_type: VOTER last_known_addr { host: "127.13.158.65" port: 38635 } } peers { permanent_uuid: "4f78cc0030d54946b437476de5b932ea" member_type: VOTER last_known_addr { host: "127.13.158.66" port: 43453 } } peers { permanent_uuid: "90ff83cd0ec54f7891b162547cdabad8" member_type: VOTER last_known_addr { host: "127.13.158.67" port: 42561 } attrs { replace: true } } peers { permanent_uuid: "a6f3520f0b2e4a269ce3f932ef93fc2a" member_type: VOTER last_known_addr { host: "127.13.158.68" port: 43327 } attrs { promote: false } } }
I20260630 12:40:27.669734 16960 raft_consensus.cc:2955] T 686604ca05dd4c0db3eaef9bc20c6230 P e409ffdcf17c434080de3d5ed8620cda [term 1 FOLLOWER]: Committing config change with OpId 1.3: config changed from index 2 to 3, a6f3520f0b2e4a269ce3f932ef93fc2a (127.13.158.68) changed from NON_VOTER to VOTER. New config: { opid_index: 3 OBSOLETE_local: false peers { permanent_uuid: "e409ffdcf17c434080de3d5ed8620cda" member_type: VOTER last_known_addr { host: "127.13.158.65" port: 38635 } } peers { permanent_uuid: "4f78cc0030d54946b437476de5b932ea" member_type: VOTER last_known_addr { host: "127.13.158.66" port: 43453 } } peers { permanent_uuid: "90ff83cd0ec54f7891b162547cdabad8" member_type: VOTER last_known_addr { host: "127.13.158.67" port: 42561 } attrs { replace: true } } peers { permanent_uuid: "a6f3520f0b2e4a269ce3f932ef93fc2a" member_type: VOTER last_known_addr { host: "127.13.158.68" port: 43327 } attrs { promote: false } } }
I20260630 12:40:27.666541 17036 raft_consensus.cc:606] T 960c1fa3adec419ca2f56ecd98e19c41 P 4f78cc0030d54946b437476de5b932ea [term 2 LEADER]: Received request to transfer leadership
I20260630 12:40:27.677578 17037 tablet_service.cc:2072] Received LeaderStepDown RPC: tablet_id: "960c1fa3adec419ca2f56ecd98e19c41"
dest_uuid: "4f78cc0030d54946b437476de5b932ea"
mode: GRACEFUL
 from {username='slave'} at 127.0.0.1:46210
I20260630 12:40:27.678117 17037 raft_consensus.cc:606] T 960c1fa3adec419ca2f56ecd98e19c41 P 4f78cc0030d54946b437476de5b932ea [term 2 LEADER]: Received request to transfer leadership
W20260630 12:40:27.680951 16845 proxy.cc:239] Call had error, refreshing address and retrying: Remote error: Service unavailable: leadership transfer for 960c1fa3adec419ca2f56ecd98e19c41 already in progress [suppressed 4 similar messages]
I20260630 12:40:27.683701 16858 catalog_manager.cc:5697] T 686604ca05dd4c0db3eaef9bc20c6230 P 90ff83cd0ec54f7891b162547cdabad8 reported cstate change: config changed from index 2 to 3, a6f3520f0b2e4a269ce3f932ef93fc2a (127.13.158.68) changed from NON_VOTER to VOTER. New cstate: current_term: 1 leader_uuid: "4f78cc0030d54946b437476de5b932ea" committed_config { opid_index: 3 OBSOLETE_local: false peers { permanent_uuid: "e409ffdcf17c434080de3d5ed8620cda" member_type: VOTER last_known_addr { host: "127.13.158.65" port: 38635 } } peers { permanent_uuid: "4f78cc0030d54946b437476de5b932ea" member_type: VOTER last_known_addr { host: "127.13.158.66" port: 43453 } } peers { permanent_uuid: "90ff83cd0ec54f7891b162547cdabad8" member_type: VOTER last_known_addr { host: "127.13.158.67" port: 42561 } attrs { replace: true } } peers { permanent_uuid: "a6f3520f0b2e4a269ce3f932ef93fc2a" member_type: VOTER last_known_addr { host: "127.13.158.68" port: 43327 } attrs { promote: false } } }
I20260630 12:40:27.687376 17037 tablet_service.cc:2072] Received LeaderStepDown RPC: tablet_id: "960c1fa3adec419ca2f56ecd98e19c41"
dest_uuid: "4f78cc0030d54946b437476de5b932ea"
mode: GRACEFUL
 from {username='slave'} at 127.0.0.1:46210
I20260630 12:40:27.687906 17037 raft_consensus.cc:606] T 960c1fa3adec419ca2f56ecd98e19c41 P 4f78cc0030d54946b437476de5b932ea [term 2 LEADER]: Received request to transfer leadership
I20260630 12:40:27.661904 17038 leader_election.cc:290] T 960c1fa3adec419ca2f56ecd98e19c41 P 4f78cc0030d54946b437476de5b932ea [CANDIDATE]: Term 2 election: Requested vote from peers e409ffdcf17c434080de3d5ed8620cda (127.13.158.65:38635), 90ff83cd0ec54f7891b162547cdabad8 (127.13.158.67:42561)
I20260630 12:40:27.703627 17260 raft_consensus.cc:2955] T 686604ca05dd4c0db3eaef9bc20c6230 P a6f3520f0b2e4a269ce3f932ef93fc2a [term 1 FOLLOWER]: Committing config change with OpId 1.3: config changed from index 2 to 3, a6f3520f0b2e4a269ce3f932ef93fc2a (127.13.158.68) changed from NON_VOTER to VOTER. New config: { opid_index: 3 OBSOLETE_local: false peers { permanent_uuid: "e409ffdcf17c434080de3d5ed8620cda" member_type: VOTER last_known_addr { host: "127.13.158.65" port: 38635 } } peers { permanent_uuid: "4f78cc0030d54946b437476de5b932ea" member_type: VOTER last_known_addr { host: "127.13.158.66" port: 43453 } } peers { permanent_uuid: "90ff83cd0ec54f7891b162547cdabad8" member_type: VOTER last_known_addr { host: "127.13.158.67" port: 42561 } attrs { replace: true } } peers { permanent_uuid: "a6f3520f0b2e4a269ce3f932ef93fc2a" member_type: VOTER last_known_addr { host: "127.13.158.68" port: 43327 } attrs { promote: false } } }
I20260630 12:40:27.700132 17481 raft_consensus.cc:2955] T ade7949a403745219b1a1a93e07b407c P e409ffdcf17c434080de3d5ed8620cda [term 1 LEADER]: Committing config change with OpId 1.3: config changed from index 2 to 3, 4f78cc0030d54946b437476de5b932ea (127.13.158.66) changed from NON_VOTER to VOTER. New config: { opid_index: 3 OBSOLETE_local: false peers { permanent_uuid: "90ff83cd0ec54f7891b162547cdabad8" member_type: VOTER last_known_addr { host: "127.13.158.67" port: 42561 } } peers { permanent_uuid: "e409ffdcf17c434080de3d5ed8620cda" member_type: VOTER last_known_addr { host: "127.13.158.65" port: 38635 } } peers { permanent_uuid: "a6f3520f0b2e4a269ce3f932ef93fc2a" member_type: VOTER last_known_addr { host: "127.13.158.68" port: 43327 } attrs { replace: true } } peers { permanent_uuid: "4f78cc0030d54946b437476de5b932ea" member_type: VOTER last_known_addr { host: "127.13.158.66" port: 43453 } attrs { promote: false } } }
I20260630 12:40:27.705647 17110 raft_consensus.cc:2955] T ade7949a403745219b1a1a93e07b407c P 90ff83cd0ec54f7891b162547cdabad8 [term 1 FOLLOWER]: Committing config change with OpId 1.3: config changed from index 2 to 3, 4f78cc0030d54946b437476de5b932ea (127.13.158.66) changed from NON_VOTER to VOTER. New config: { opid_index: 3 OBSOLETE_local: false peers { permanent_uuid: "90ff83cd0ec54f7891b162547cdabad8" member_type: VOTER last_known_addr { host: "127.13.158.67" port: 42561 } } peers { permanent_uuid: "e409ffdcf17c434080de3d5ed8620cda" member_type: VOTER last_known_addr { host: "127.13.158.65" port: 38635 } } peers { permanent_uuid: "a6f3520f0b2e4a269ce3f932ef93fc2a" member_type: VOTER last_known_addr { host: "127.13.158.68" port: 43327 } attrs { replace: true } } peers { permanent_uuid: "4f78cc0030d54946b437476de5b932ea" member_type: VOTER last_known_addr { host: "127.13.158.66" port: 43453 } attrs { promote: false } } }
I20260630 12:40:27.709600 17038 raft_consensus.cc:2955] T ade7949a403745219b1a1a93e07b407c P 4f78cc0030d54946b437476de5b932ea [term 1 FOLLOWER]: Committing config change with OpId 1.3: config changed from index 2 to 3, 4f78cc0030d54946b437476de5b932ea (127.13.158.66) changed from NON_VOTER to VOTER. New config: { opid_index: 3 OBSOLETE_local: false peers { permanent_uuid: "90ff83cd0ec54f7891b162547cdabad8" member_type: VOTER last_known_addr { host: "127.13.158.67" port: 42561 } } peers { permanent_uuid: "e409ffdcf17c434080de3d5ed8620cda" member_type: VOTER last_known_addr { host: "127.13.158.65" port: 38635 } } peers { permanent_uuid: "a6f3520f0b2e4a269ce3f932ef93fc2a" member_type: VOTER last_known_addr { host: "127.13.158.68" port: 43327 } attrs { replace: true } } peers { permanent_uuid: "4f78cc0030d54946b437476de5b932ea" member_type: VOTER last_known_addr { host: "127.13.158.66" port: 43453 } attrs { promote: false } } }
I20260630 12:40:27.712831 17036 consensus_queue.cc:237] T 686604ca05dd4c0db3eaef9bc20c6230 P 4f78cc0030d54946b437476de5b932ea [LEADER]: Queue going to LEADER mode. State: All replicated index: 0, Majority replicated index: 3, Committed index: 3, Last appended: 1.3, Last appended by leader: 0, Current term: 1, Majority size: 2, State: 0, Mode: LEADER, active raft config: opid_index: 4 OBSOLETE_local: false peers { permanent_uuid: "e409ffdcf17c434080de3d5ed8620cda" member_type: VOTER last_known_addr { host: "127.13.158.65" port: 38635 } } peers { permanent_uuid: "4f78cc0030d54946b437476de5b932ea" member_type: VOTER last_known_addr { host: "127.13.158.66" port: 43453 } } peers { permanent_uuid: "a6f3520f0b2e4a269ce3f932ef93fc2a" member_type: VOTER last_known_addr { host: "127.13.158.68" port: 43327 } attrs { promote: false } }
I20260630 12:40:27.714538 17262 raft_consensus.cc:2955] T ade7949a403745219b1a1a93e07b407c P a6f3520f0b2e4a269ce3f932ef93fc2a [term 1 FOLLOWER]: Committing config change with OpId 1.3: config changed from index 2 to 3, 4f78cc0030d54946b437476de5b932ea (127.13.158.66) changed from NON_VOTER to VOTER. New config: { opid_index: 3 OBSOLETE_local: false peers { permanent_uuid: "90ff83cd0ec54f7891b162547cdabad8" member_type: VOTER last_known_addr { host: "127.13.158.67" port: 42561 } } peers { permanent_uuid: "e409ffdcf17c434080de3d5ed8620cda" member_type: VOTER last_known_addr { host: "127.13.158.65" port: 38635 } } peers { permanent_uuid: "a6f3520f0b2e4a269ce3f932ef93fc2a" member_type: VOTER last_known_addr { host: "127.13.158.68" port: 43327 } attrs { replace: true } } peers { permanent_uuid: "4f78cc0030d54946b437476de5b932ea" member_type: VOTER last_known_addr { host: "127.13.158.66" port: 43453 } attrs { promote: false } } }
I20260630 12:40:27.721087 16960 raft_consensus.cc:1275] T 686604ca05dd4c0db3eaef9bc20c6230 P e409ffdcf17c434080de3d5ed8620cda [term 1 FOLLOWER]: Refusing update from remote peer 4f78cc0030d54946b437476de5b932ea: Log matching property violated. Preceding OpId in replica: term: 1 index: 3. Preceding OpId from leader: term: 1 index: 4. (index mismatch)
I20260630 12:40:27.721238 16858 catalog_manager.cc:5697] T ade7949a403745219b1a1a93e07b407c P e409ffdcf17c434080de3d5ed8620cda reported cstate change: config changed from index 2 to 3, 4f78cc0030d54946b437476de5b932ea (127.13.158.66) changed from NON_VOTER to VOTER. New cstate: current_term: 1 leader_uuid: "e409ffdcf17c434080de3d5ed8620cda" committed_config { opid_index: 3 OBSOLETE_local: false peers { permanent_uuid: "90ff83cd0ec54f7891b162547cdabad8" member_type: VOTER last_known_addr { host: "127.13.158.67" port: 42561 } health_report { overall_health: HEALTHY } } peers { permanent_uuid: "e409ffdcf17c434080de3d5ed8620cda" member_type: VOTER last_known_addr { host: "127.13.158.65" port: 38635 } health_report { overall_health: HEALTHY } } peers { permanent_uuid: "a6f3520f0b2e4a269ce3f932ef93fc2a" member_type: VOTER last_known_addr { host: "127.13.158.68" port: 43327 } attrs { replace: true } health_report { overall_health: HEALTHY } } peers { permanent_uuid: "4f78cc0030d54946b437476de5b932ea" member_type: VOTER last_known_addr { host: "127.13.158.66" port: 43453 } attrs { promote: false } health_report { overall_health: HEALTHY } } }
I20260630 12:40:27.722632 17491 consensus_queue.cc:1048] T 686604ca05dd4c0db3eaef9bc20c6230 P 4f78cc0030d54946b437476de5b932ea [LEADER]: Connected to new peer: Peer: permanent_uuid: "e409ffdcf17c434080de3d5ed8620cda" member_type: VOTER last_known_addr { host: "127.13.158.65" port: 38635 }, Status: LMP_MISMATCH, Last received: 0.0, Next index: 4, Last known committed idx: 3, Time since last communication: 0.000s
I20260630 12:40:27.726336 17261 raft_consensus.cc:1275] T 686604ca05dd4c0db3eaef9bc20c6230 P a6f3520f0b2e4a269ce3f932ef93fc2a [term 1 FOLLOWER]: Refusing update from remote peer 4f78cc0030d54946b437476de5b932ea: Log matching property violated. Preceding OpId in replica: term: 1 index: 3. Preceding OpId from leader: term: 1 index: 4. (index mismatch)
I20260630 12:40:27.730011 17493 consensus_queue.cc:1048] T 686604ca05dd4c0db3eaef9bc20c6230 P 4f78cc0030d54946b437476de5b932ea [LEADER]: Connected to new peer: Peer: permanent_uuid: "a6f3520f0b2e4a269ce3f932ef93fc2a" member_type: VOTER last_known_addr { host: "127.13.158.68" port: 43327 } attrs { promote: false }, Status: LMP_MISMATCH, Last received: 0.0, Next index: 4, Last known committed idx: 3, Time since last communication: 0.000s
I20260630 12:40:27.730732 17492 raft_consensus.cc:2955] T 686604ca05dd4c0db3eaef9bc20c6230 P 4f78cc0030d54946b437476de5b932ea [term 1 LEADER]: Committing config change with OpId 1.4: config changed from index 3 to 4, VOTER 90ff83cd0ec54f7891b162547cdabad8 (127.13.158.67) evicted. New config: { opid_index: 4 OBSOLETE_local: false peers { permanent_uuid: "e409ffdcf17c434080de3d5ed8620cda" member_type: VOTER last_known_addr { host: "127.13.158.65" port: 38635 } } peers { permanent_uuid: "4f78cc0030d54946b437476de5b932ea" member_type: VOTER last_known_addr { host: "127.13.158.66" port: 43453 } } peers { permanent_uuid: "a6f3520f0b2e4a269ce3f932ef93fc2a" member_type: VOTER last_known_addr { host: "127.13.158.68" port: 43327 } attrs { promote: false } } }
I20260630 12:40:27.734695 17261 raft_consensus.cc:2955] T 686604ca05dd4c0db3eaef9bc20c6230 P a6f3520f0b2e4a269ce3f932ef93fc2a [term 1 FOLLOWER]: Committing config change with OpId 1.4: config changed from index 3 to 4, VOTER 90ff83cd0ec54f7891b162547cdabad8 (127.13.158.67) evicted. New config: { opid_index: 4 OBSOLETE_local: false peers { permanent_uuid: "e409ffdcf17c434080de3d5ed8620cda" member_type: VOTER last_known_addr { host: "127.13.158.65" port: 38635 } } peers { permanent_uuid: "4f78cc0030d54946b437476de5b932ea" member_type: VOTER last_known_addr { host: "127.13.158.66" port: 43453 } } peers { permanent_uuid: "a6f3520f0b2e4a269ce3f932ef93fc2a" member_type: VOTER last_known_addr { host: "127.13.158.68" port: 43327 } attrs { promote: false } } }
I20260630 12:40:27.735080 16960 raft_consensus.cc:2955] T 686604ca05dd4c0db3eaef9bc20c6230 P e409ffdcf17c434080de3d5ed8620cda [term 1 FOLLOWER]: Committing config change with OpId 1.4: config changed from index 3 to 4, VOTER 90ff83cd0ec54f7891b162547cdabad8 (127.13.158.67) evicted. New config: { opid_index: 4 OBSOLETE_local: false peers { permanent_uuid: "e409ffdcf17c434080de3d5ed8620cda" member_type: VOTER last_known_addr { host: "127.13.158.65" port: 38635 } } peers { permanent_uuid: "4f78cc0030d54946b437476de5b932ea" member_type: VOTER last_known_addr { host: "127.13.158.66" port: 43453 } } peers { permanent_uuid: "a6f3520f0b2e4a269ce3f932ef93fc2a" member_type: VOTER last_known_addr { host: "127.13.158.68" port: 43327 } attrs { promote: false } } }
I20260630 12:40:27.748387 16845 catalog_manager.cc:5210] ChangeConfig:REMOVE_PEER RPC for tablet 686604ca05dd4c0db3eaef9bc20c6230 with cas_config_opid_index 3: ChangeConfig:REMOVE_PEER succeeded (attempt 1)
I20260630 12:40:27.752275 16963 consensus_queue.cc:237] T ade7949a403745219b1a1a93e07b407c P e409ffdcf17c434080de3d5ed8620cda [LEADER]: Queue going to LEADER mode. State: All replicated index: 0, Majority replicated index: 3, Committed index: 3, Last appended: 1.3, Last appended by leader: 0, Current term: 1, Majority size: 2, State: 0, Mode: LEADER, active raft config: opid_index: 4 OBSOLETE_local: false peers { permanent_uuid: "90ff83cd0ec54f7891b162547cdabad8" member_type: VOTER last_known_addr { host: "127.13.158.67" port: 42561 } } peers { permanent_uuid: "e409ffdcf17c434080de3d5ed8620cda" member_type: VOTER last_known_addr { host: "127.13.158.65" port: 38635 } } peers { permanent_uuid: "4f78cc0030d54946b437476de5b932ea" member_type: VOTER last_known_addr { host: "127.13.158.66" port: 43453 } attrs { promote: false } }
I20260630 12:40:27.752211 16861 catalog_manager.cc:5697] T 686604ca05dd4c0db3eaef9bc20c6230 P 4f78cc0030d54946b437476de5b932ea reported cstate change: config changed from index 3 to 4, VOTER 90ff83cd0ec54f7891b162547cdabad8 (127.13.158.67) evicted. New cstate: current_term: 1 leader_uuid: "4f78cc0030d54946b437476de5b932ea" committed_config { opid_index: 4 OBSOLETE_local: false peers { permanent_uuid: "e409ffdcf17c434080de3d5ed8620cda" member_type: VOTER last_known_addr { host: "127.13.158.65" port: 38635 } health_report { overall_health: HEALTHY } } peers { permanent_uuid: "4f78cc0030d54946b437476de5b932ea" member_type: VOTER last_known_addr { host: "127.13.158.66" port: 43453 } health_report { overall_health: HEALTHY } } peers { permanent_uuid: "a6f3520f0b2e4a269ce3f932ef93fc2a" member_type: VOTER last_known_addr { host: "127.13.158.68" port: 43327 } attrs { promote: false } health_report { overall_health: UNKNOWN } } }
I20260630 12:40:27.758917 17036 raft_consensus.cc:1275] T ade7949a403745219b1a1a93e07b407c P 4f78cc0030d54946b437476de5b932ea [term 1 FOLLOWER]: Refusing update from remote peer e409ffdcf17c434080de3d5ed8620cda: Log matching property violated. Preceding OpId in replica: term: 1 index: 3. Preceding OpId from leader: term: 1 index: 4. (index mismatch)
I20260630 12:40:27.759014 17110 raft_consensus.cc:1275] T ade7949a403745219b1a1a93e07b407c P 90ff83cd0ec54f7891b162547cdabad8 [term 1 FOLLOWER]: Refusing update from remote peer e409ffdcf17c434080de3d5ed8620cda: Log matching property violated. Preceding OpId in replica: term: 1 index: 3. Preceding OpId from leader: term: 1 index: 4. (index mismatch)
