W20260630 12:40:24.987623 13811 system_unsync_time.cc:38] NTP support is disabled. Clock error bounds will not be accurate. This configuration is not suitable for distributed clusters.
I20260630 12:40:24.987782 17641 heartbeater.cc:461] Registering TS with master...
I20260630 12:40:24.987839 13811 hybrid_clock.cc:648] HybridClock initialized: now 1782823224987820 us; error 0 us; skew 500 ppm
I20260630 12:40:24.988691 13811 server_base.cc:861] Flag tcmalloc_max_total_thread_cache_bytes is not working since tcmalloc is not enabled.
I20260630 12:40:24.988723 17641 heartbeater.cc:507] Master 127.13.124.254:37759 requested a full tablet report, sending...
I20260630 12:40:24.991228 17439 ts_manager.cc:194] Registered new tserver with Master: 6347a814eb664b2dbdbb4b06813afcf6 (127.13.124.194:39365)
I20260630 12:40:24.991554 13811 webserver.cc:533] Webserver started at http://127.13.124.195:44009/ using document root <none> and password file <none>
I20260630 12:40:24.992048 13811 fs_manager.cc:362] Metadata directory not provided
I20260630 12:40:24.992255 13811 fs_manager.cc:368] Using write-ahead log directory (fs_wal_dir) as metadata directory
I20260630 12:40:24.992512 13811 server_base.cc:909] This appears to be a new deployment of Kudu; creating new FS layout
I20260630 12:40:24.992836 17439 master_service.cc:502] Signed X509 certificate for tserver {username='slave'} at 127.0.0.1:38760
I20260630 12:40:24.993813 13811 fs_manager.cc:1068] Generated new instance metadata in path /tmp/dist-test-task5K_Kjq/test-tmp/auto_rebalancer-test.0.AutoRebalancerTest.NoReplicaMovesIfLocationLoadSkewedByOne.1782823130616817-13811-0/minicluster-data/ts-2-root/instance:
uuid: "86df7ab60571410fa983b753bd1e7197"
format_stamp: "Formatted at 2026-06-30 12:40:24 on dist-test-slave-0dvn"
I20260630 12:40:24.998049 13811 fs_manager.cc:696] Time spent creating directory manager: real 0.004s	user 0.003s	sys 0.001s
I20260630 12:40:25.001036 17652 log_block_manager.cc:4031] Time spent loading block containers with low live blocks: real 0.000s	user 0.000s	sys 0.000s
I20260630 12:40:25.001765 13811 fs_manager.cc:730] Time spent opening block manager: real 0.002s	user 0.002s	sys 0.001s
I20260630 12:40:25.002039 13811 fs_manager.cc:647] Opened local filesystem: /tmp/dist-test-task5K_Kjq/test-tmp/auto_rebalancer-test.0.AutoRebalancerTest.NoReplicaMovesIfLocationLoadSkewedByOne.1782823130616817-13811-0/minicluster-data/ts-2-root
uuid: "86df7ab60571410fa983b753bd1e7197"
format_stamp: "Formatted at 2026-06-30 12:40:24 on dist-test-slave-0dvn"
I20260630 12:40:25.002339 13811 fs_report.cc:389] FS layout report
--------------------
wal directory: /tmp/dist-test-task5K_Kjq/test-tmp/auto_rebalancer-test.0.AutoRebalancerTest.NoReplicaMovesIfLocationLoadSkewedByOne.1782823130616817-13811-0/minicluster-data/ts-2-root
metadata directory: /tmp/dist-test-task5K_Kjq/test-tmp/auto_rebalancer-test.0.AutoRebalancerTest.NoReplicaMovesIfLocationLoadSkewedByOne.1782823130616817-13811-0/minicluster-data/ts-2-root
1 data directories: /tmp/dist-test-task5K_Kjq/test-tmp/auto_rebalancer-test.0.AutoRebalancerTest.NoReplicaMovesIfLocationLoadSkewedByOne.1782823130616817-13811-0/minicluster-data/ts-2-root/data
Total live blocks: 0
Total live bytes: 0
Total live bytes (after alignment): 0
Total number of LBM containers: 0 (0 full)
Did not check for missing blocks
Did not check for orphaned blocks
Total full LBM containers with extra space: 0 (0 repaired)
Total full LBM container extra space in bytes: 0 (0 repaired)
Total incomplete LBM containers: 0 (0 repaired)
Total LBM partial records: 0 (0 repaired)
Total corrupted LBM metadata records in RocksDB: 0 (0 repaired)
I20260630 12:40:25.019001 13811 rpc_server.cc:225] running with OpenSSL 1.1.1  11 Sep 2018
I20260630 12:40:25.020294 13811 kserver.cc:163] Server-wide thread pool size limit: 3276
I20260630 12:40:25.021790 13811 txn_system_client.cc:432] TxnSystemClient initialization is disabled...
I20260630 12:40:25.023886 13811 ts_tablet_manager.cc:585] Loaded tablet metadata (0 total tablets, 0 live tablets)
I20260630 12:40:25.024117 13811 ts_tablet_manager.cc:531] Time spent load tablet metadata: real 0.000s	user 0.000s	sys 0.000s
I20260630 12:40:25.024346 13811 ts_tablet_manager.cc:616] Registered 0 tablets
I20260630 12:40:25.024549 13811 ts_tablet_manager.cc:595] Time spent register tablets: real 0.000s	user 0.000s	sys 0.000s
I20260630 12:40:25.064338 13811 rpc_server.cc:307] RPC server started. Bound to: 127.13.124.195:33279
I20260630 12:40:25.064443 17714 acceptor_pool.cc:272] collecting diagnostics on the listening RPC socket 127.13.124.195:33279 every 8 connection(s)
I20260630 12:40:25.068979 13811 file_cache.cc:492] Constructed file cache file cache with capacity 419430
W20260630 12:40:25.075914 17718 instance_detector.cc:116] could not retrieve AWS instance metadata: Network error: curl error: HTTP response code said error: The requested URL returned error: 404
W20260630 12:40:25.077663 17719 instance_detector.cc:116] could not retrieve Azure instance metadata: Network error: curl error: HTTP response code said error: The requested URL returned error: 404
I20260630 12:40:25.080857 13811 server_base.cc:1061] running on GCE node
W20260630 12:40:25.081421 17721 instance_detector.cc:116] could not retrieve OpenStack instance metadata: Network error: curl error: HTTP response code said error: The requested URL returned error: 404
I20260630 12:40:25.081902 17715 heartbeater.cc:344] Connected to a master server at 127.13.124.254:37759
I20260630 12:40:25.082332 17715 heartbeater.cc:461] Registering TS with master...
I20260630 12:40:25.082388 13811 hybrid_clock.cc:584] initializing the hybrid clock with 'system_unsync' time source
W20260630 12:40:25.082708 13811 system_unsync_time.cc:38] NTP support is disabled. Clock error bounds will not be accurate. This configuration is not suitable for distributed clusters.
I20260630 12:40:25.082890 13811 hybrid_clock.cc:648] HybridClock initialized: now 1782823225082873 us; error 0 us; skew 500 ppm
I20260630 12:40:25.083184 17715 heartbeater.cc:507] Master 127.13.124.254:37759 requested a full tablet report, sending...
I20260630 12:40:25.083499 13811 server_base.cc:861] Flag tcmalloc_max_total_thread_cache_bytes is not working since tcmalloc is not enabled.
I20260630 12:40:25.085448 17439 ts_manager.cc:194] Registered new tserver with Master: 86df7ab60571410fa983b753bd1e7197 (127.13.124.195:33279)
I20260630 12:40:25.086285 13811 webserver.cc:533] Webserver started at http://127.13.124.196:41901/ using document root <none> and password file <none>
I20260630 12:40:25.086911 13811 fs_manager.cc:362] Metadata directory not provided
I20260630 12:40:25.087138 13811 fs_manager.cc:368] Using write-ahead log directory (fs_wal_dir) as metadata directory
I20260630 12:40:25.087273 17439 master_service.cc:502] Signed X509 certificate for tserver {username='slave'} at 127.0.0.1:38768
I20260630 12:40:25.087457 13811 server_base.cc:909] This appears to be a new deployment of Kudu; creating new FS layout
I20260630 12:40:25.088910 13811 fs_manager.cc:1068] Generated new instance metadata in path /tmp/dist-test-task5K_Kjq/test-tmp/auto_rebalancer-test.0.AutoRebalancerTest.NoReplicaMovesIfLocationLoadSkewedByOne.1782823130616817-13811-0/minicluster-data/ts-3-root/instance:
uuid: "fc019184f70346e4a76e47cfd1d39c01"
format_stamp: "Formatted at 2026-06-30 12:40:25 on dist-test-slave-0dvn"
I20260630 12:40:25.093133 13811 fs_manager.cc:696] Time spent creating directory manager: real 0.004s	user 0.006s	sys 0.000s
I20260630 12:40:25.096177 17726 log_block_manager.cc:4031] Time spent loading block containers with low live blocks: real 0.000s	user 0.000s	sys 0.000s
I20260630 12:40:25.096873 13811 fs_manager.cc:730] Time spent opening block manager: real 0.002s	user 0.002s	sys 0.000s
I20260630 12:40:25.097175 13811 fs_manager.cc:647] Opened local filesystem: /tmp/dist-test-task5K_Kjq/test-tmp/auto_rebalancer-test.0.AutoRebalancerTest.NoReplicaMovesIfLocationLoadSkewedByOne.1782823130616817-13811-0/minicluster-data/ts-3-root
uuid: "fc019184f70346e4a76e47cfd1d39c01"
format_stamp: "Formatted at 2026-06-30 12:40:25 on dist-test-slave-0dvn"
I20260630 12:40:25.097556 13811 fs_report.cc:389] FS layout report
--------------------
wal directory: /tmp/dist-test-task5K_Kjq/test-tmp/auto_rebalancer-test.0.AutoRebalancerTest.NoReplicaMovesIfLocationLoadSkewedByOne.1782823130616817-13811-0/minicluster-data/ts-3-root
metadata directory: /tmp/dist-test-task5K_Kjq/test-tmp/auto_rebalancer-test.0.AutoRebalancerTest.NoReplicaMovesIfLocationLoadSkewedByOne.1782823130616817-13811-0/minicluster-data/ts-3-root
1 data directories: /tmp/dist-test-task5K_Kjq/test-tmp/auto_rebalancer-test.0.AutoRebalancerTest.NoReplicaMovesIfLocationLoadSkewedByOne.1782823130616817-13811-0/minicluster-data/ts-3-root/data
Total live blocks: 0
Total live bytes: 0
Total live bytes (after alignment): 0
Total number of LBM containers: 0 (0 full)
Did not check for missing blocks
Did not check for orphaned blocks
Total full LBM containers with extra space: 0 (0 repaired)
Total full LBM container extra space in bytes: 0 (0 repaired)
Total incomplete LBM containers: 0 (0 repaired)
Total LBM partial records: 0 (0 repaired)
Total corrupted LBM metadata records in RocksDB: 0 (0 repaired)
I20260630 12:40:25.120962 13811 rpc_server.cc:225] running with OpenSSL 1.1.1  11 Sep 2018
I20260630 12:40:25.122201 13811 kserver.cc:163] Server-wide thread pool size limit: 3276
I20260630 12:40:25.123627 13811 txn_system_client.cc:432] TxnSystemClient initialization is disabled...
I20260630 12:40:25.125910 13811 ts_tablet_manager.cc:585] Loaded tablet metadata (0 total tablets, 0 live tablets)
I20260630 12:40:25.126143 13811 ts_tablet_manager.cc:531] Time spent load tablet metadata: real 0.000s	user 0.000s	sys 0.000s
I20260630 12:40:25.126389 13811 ts_tablet_manager.cc:616] Registered 0 tablets
I20260630 12:40:25.126564 13811 ts_tablet_manager.cc:595] Time spent register tablets: real 0.000s	user 0.000s	sys 0.000s
I20260630 12:40:25.164894 13811 rpc_server.cc:307] RPC server started. Bound to: 127.13.124.196:44733
I20260630 12:40:25.164994 17788 acceptor_pool.cc:272] collecting diagnostics on the listening RPC socket 127.13.124.196:44733 every 8 connection(s)
I20260630 12:40:25.178918 17789 heartbeater.cc:344] Connected to a master server at 127.13.124.254:37759
I20260630 12:40:25.179253 17789 heartbeater.cc:461] Registering TS with master...
I20260630 12:40:25.179988 17789 heartbeater.cc:507] Master 127.13.124.254:37759 requested a full tablet report, sending...
I20260630 12:40:25.182025 17439 ts_manager.cc:194] Registered new tserver with Master: fc019184f70346e4a76e47cfd1d39c01 (127.13.124.196:44733)
I20260630 12:40:25.182267 13811 internal_mini_cluster.cc:371] 4 TS(s) registered with all masters after 0.014265093s
I20260630 12:40:25.183854 17439 master_service.cc:502] Signed X509 certificate for tserver {username='slave'} at 127.0.0.1:38784
I20260630 12:40:25.917114 17566 heartbeater.cc:499] Master 127.13.124.254:37759 was elected leader, sending a full tablet report...
I20260630 12:40:25.995261 17641 heartbeater.cc:499] Master 127.13.124.254:37759 was elected leader, sending a full tablet report...
I20260630 12:40:26.089879 17715 heartbeater.cc:499] Master 127.13.124.254:37759 was elected leader, sending a full tablet report...
I20260630 12:40:26.186543 17789 heartbeater.cc:499] Master 127.13.124.254:37759 was elected leader, sending a full tablet report...
I20260630 12:40:26.251658 17439 catalog_manager.cc:2283] Servicing CreateTable request from {username='slave'} at 127.0.0.1:38814:
name: "test-workload"
schema {
  columns {
    name: "key"
    type: INT32
    is_key: true
    is_nullable: false
    encoding: AUTO_ENCODING
    compression: DEFAULT_COMPRESSION
    cfile_block_size: 0
    immutable: false
  }
  columns {
    name: "int_val"
    type: INT32
    is_key: false
    is_nullable: false
    encoding: AUTO_ENCODING
    compression: DEFAULT_COMPRESSION
    cfile_block_size: 0
    immutable: false
  }
  columns {
    name: "string_val"
    type: STRING
    is_key: false
    is_nullable: true
    encoding: AUTO_ENCODING
    compression: DEFAULT_COMPRESSION
    cfile_block_size: 0
    immutable: false
  }
}
num_replicas: 3
split_rows_range_bounds {
}
partition_schema {
  range_schema {
    columns {
      name: "key"
    }
  }
}
I20260630 12:40:26.301797 17531 tablet_service.cc:1511] Processing CreateTablet for tablet 645377b682624ec596ea89cea31ce433 (DEFAULT_TABLE table=test-workload [id=bc8734563b2343dea265f528223247fc]), partition=RANGE (key) PARTITION UNBOUNDED
I20260630 12:40:26.303184 17531 data_dirs.cc:400] Could only allocate 1 dirs of requested 3 for tablet 645377b682624ec596ea89cea31ce433. 1 dirs total, 0 dirs full, 0 dirs failed
I20260630 12:40:26.308583 17606 tablet_service.cc:1511] Processing CreateTablet for tablet 645377b682624ec596ea89cea31ce433 (DEFAULT_TABLE table=test-workload [id=bc8734563b2343dea265f528223247fc]), partition=RANGE (key) PARTITION UNBOUNDED
I20260630 12:40:26.309909 17606 data_dirs.cc:400] Could only allocate 1 dirs of requested 3 for tablet 645377b682624ec596ea89cea31ce433. 1 dirs total, 0 dirs full, 0 dirs failed
I20260630 12:40:26.310003 17680 tablet_service.cc:1511] Processing CreateTablet for tablet 645377b682624ec596ea89cea31ce433 (DEFAULT_TABLE table=test-workload [id=bc8734563b2343dea265f528223247fc]), partition=RANGE (key) PARTITION UNBOUNDED
I20260630 12:40:26.311167 17680 data_dirs.cc:400] Could only allocate 1 dirs of requested 3 for tablet 645377b682624ec596ea89cea31ce433. 1 dirs total, 0 dirs full, 0 dirs failed
I20260630 12:40:26.322521 17810 tablet_bootstrap.cc:492] T 645377b682624ec596ea89cea31ce433 P 91c4920d5eb845ca8530900622f7ed97: Bootstrap starting.
I20260630 12:40:26.326743 17811 tablet_bootstrap.cc:492] T 645377b682624ec596ea89cea31ce433 P 6347a814eb664b2dbdbb4b06813afcf6: Bootstrap starting.
I20260630 12:40:26.328485 17812 tablet_bootstrap.cc:492] T 645377b682624ec596ea89cea31ce433 P 86df7ab60571410fa983b753bd1e7197: Bootstrap starting.
I20260630 12:40:26.331094 17810 tablet_bootstrap.cc:654] T 645377b682624ec596ea89cea31ce433 P 91c4920d5eb845ca8530900622f7ed97: Neither blocks nor log segments found. Creating new log.
I20260630 12:40:26.333518 17811 tablet_bootstrap.cc:654] T 645377b682624ec596ea89cea31ce433 P 6347a814eb664b2dbdbb4b06813afcf6: Neither blocks nor log segments found. Creating new log.
I20260630 12:40:26.335523 17812 tablet_bootstrap.cc:654] T 645377b682624ec596ea89cea31ce433 P 86df7ab60571410fa983b753bd1e7197: Neither blocks nor log segments found. Creating new log.
I20260630 12:40:26.337255 17810 tablet_bootstrap.cc:492] T 645377b682624ec596ea89cea31ce433 P 91c4920d5eb845ca8530900622f7ed97: No bootstrap required, opened a new log
I20260630 12:40:26.337865 17810 ts_tablet_manager.cc:1403] T 645377b682624ec596ea89cea31ce433 P 91c4920d5eb845ca8530900622f7ed97: Time spent bootstrapping tablet: real 0.016s	user 0.009s	sys 0.004s
I20260630 12:40:26.339288 17811 tablet_bootstrap.cc:492] T 645377b682624ec596ea89cea31ce433 P 6347a814eb664b2dbdbb4b06813afcf6: No bootstrap required, opened a new log
I20260630 12:40:26.339766 17811 ts_tablet_manager.cc:1403] T 645377b682624ec596ea89cea31ce433 P 6347a814eb664b2dbdbb4b06813afcf6: Time spent bootstrapping tablet: real 0.013s	user 0.005s	sys 0.006s
I20260630 12:40:26.341112 17812 tablet_bootstrap.cc:492] T 645377b682624ec596ea89cea31ce433 P 86df7ab60571410fa983b753bd1e7197: No bootstrap required, opened a new log
I20260630 12:40:26.340898 17810 raft_consensus.cc:359] T 645377b682624ec596ea89cea31ce433 P 91c4920d5eb845ca8530900622f7ed97 [term 0 FOLLOWER]: Replica starting. Triggering 0 pending ops. Active config: opid_index: -1 OBSOLETE_local: false peers { permanent_uuid: "91c4920d5eb845ca8530900622f7ed97" member_type: VOTER last_known_addr { host: "127.13.124.193" port: 45997 } } peers { permanent_uuid: "6347a814eb664b2dbdbb4b06813afcf6" member_type: VOTER last_known_addr { host: "127.13.124.194" port: 39365 } } peers { permanent_uuid: "86df7ab60571410fa983b753bd1e7197" member_type: VOTER last_known_addr { host: "127.13.124.195" port: 33279 } }
I20260630 12:40:26.341660 17812 ts_tablet_manager.cc:1403] T 645377b682624ec596ea89cea31ce433 P 86df7ab60571410fa983b753bd1e7197: Time spent bootstrapping tablet: real 0.014s	user 0.009s	sys 0.004s
I20260630 12:40:26.341840 17810 raft_consensus.cc:385] T 645377b682624ec596ea89cea31ce433 P 91c4920d5eb845ca8530900622f7ed97 [term 0 FOLLOWER]: Consensus starting up: Expiring failure detector timer to make a prompt election more likely
I20260630 12:40:26.342227 17810 raft_consensus.cc:740] T 645377b682624ec596ea89cea31ce433 P 91c4920d5eb845ca8530900622f7ed97 [term 0 FOLLOWER]: Becoming Follower/Learner. State: Replica: 91c4920d5eb845ca8530900622f7ed97, State: Initialized, Role: FOLLOWER
I20260630 12:40:26.342582 17811 raft_consensus.cc:359] T 645377b682624ec596ea89cea31ce433 P 6347a814eb664b2dbdbb4b06813afcf6 [term 0 FOLLOWER]: Replica starting. Triggering 0 pending ops. Active config: opid_index: -1 OBSOLETE_local: false peers { permanent_uuid: "91c4920d5eb845ca8530900622f7ed97" member_type: VOTER last_known_addr { host: "127.13.124.193" port: 45997 } } peers { permanent_uuid: "6347a814eb664b2dbdbb4b06813afcf6" member_type: VOTER last_known_addr { host: "127.13.124.194" port: 39365 } } peers { permanent_uuid: "86df7ab60571410fa983b753bd1e7197" member_type: VOTER last_known_addr { host: "127.13.124.195" port: 33279 } }
I20260630 12:40:26.343380 17811 raft_consensus.cc:385] T 645377b682624ec596ea89cea31ce433 P 6347a814eb664b2dbdbb4b06813afcf6 [term 0 FOLLOWER]: Consensus starting up: Expiring failure detector timer to make a prompt election more likely
I20260630 12:40:26.343194 17810 consensus_queue.cc:260] T 645377b682624ec596ea89cea31ce433 P 91c4920d5eb845ca8530900622f7ed97 [NON_LEADER]: Queue going to NON_LEADER mode. State: All replicated index: 0, Majority replicated index: 0, Committed index: 0, Last appended: 0.0, Last appended by leader: 0, Current term: 0, Majority size: -1, State: 0, Mode: NON_LEADER, active raft config: opid_index: -1 OBSOLETE_local: false peers { permanent_uuid: "91c4920d5eb845ca8530900622f7ed97" member_type: VOTER last_known_addr { host: "127.13.124.193" port: 45997 } } peers { permanent_uuid: "6347a814eb664b2dbdbb4b06813afcf6" member_type: VOTER last_known_addr { host: "127.13.124.194" port: 39365 } } peers { permanent_uuid: "86df7ab60571410fa983b753bd1e7197" member_type: VOTER last_known_addr { host: "127.13.124.195" port: 33279 } }
I20260630 12:40:26.343709 17811 raft_consensus.cc:740] T 645377b682624ec596ea89cea31ce433 P 6347a814eb664b2dbdbb4b06813afcf6 [term 0 FOLLOWER]: Becoming Follower/Learner. State: Replica: 6347a814eb664b2dbdbb4b06813afcf6, State: Initialized, Role: FOLLOWER
I20260630 12:40:26.344520 17812 raft_consensus.cc:359] T 645377b682624ec596ea89cea31ce433 P 86df7ab60571410fa983b753bd1e7197 [term 0 FOLLOWER]: Replica starting. Triggering 0 pending ops. Active config: opid_index: -1 OBSOLETE_local: false peers { permanent_uuid: "91c4920d5eb845ca8530900622f7ed97" member_type: VOTER last_known_addr { host: "127.13.124.193" port: 45997 } } peers { permanent_uuid: "6347a814eb664b2dbdbb4b06813afcf6" member_type: VOTER last_known_addr { host: "127.13.124.194" port: 39365 } } peers { permanent_uuid: "86df7ab60571410fa983b753bd1e7197" member_type: VOTER last_known_addr { host: "127.13.124.195" port: 33279 } }
I20260630 12:40:26.344637 17811 consensus_queue.cc:260] T 645377b682624ec596ea89cea31ce433 P 6347a814eb664b2dbdbb4b06813afcf6 [NON_LEADER]: Queue going to NON_LEADER mode. State: All replicated index: 0, Majority replicated index: 0, Committed index: 0, Last appended: 0.0, Last appended by leader: 0, Current term: 0, Majority size: -1, State: 0, Mode: NON_LEADER, active raft config: opid_index: -1 OBSOLETE_local: false peers { permanent_uuid: "91c4920d5eb845ca8530900622f7ed97" member_type: VOTER last_known_addr { host: "127.13.124.193" port: 45997 } } peers { permanent_uuid: "6347a814eb664b2dbdbb4b06813afcf6" member_type: VOTER last_known_addr { host: "127.13.124.194" port: 39365 } } peers { permanent_uuid: "86df7ab60571410fa983b753bd1e7197" member_type: VOTER last_known_addr { host: "127.13.124.195" port: 33279 } }
I20260630 12:40:26.345310 17812 raft_consensus.cc:385] T 645377b682624ec596ea89cea31ce433 P 86df7ab60571410fa983b753bd1e7197 [term 0 FOLLOWER]: Consensus starting up: Expiring failure detector timer to make a prompt election more likely
I20260630 12:40:26.345784 17812 raft_consensus.cc:740] T 645377b682624ec596ea89cea31ce433 P 86df7ab60571410fa983b753bd1e7197 [term 0 FOLLOWER]: Becoming Follower/Learner. State: Replica: 86df7ab60571410fa983b753bd1e7197, State: Initialized, Role: FOLLOWER
I20260630 12:40:26.346742 17812 consensus_queue.cc:260] T 645377b682624ec596ea89cea31ce433 P 86df7ab60571410fa983b753bd1e7197 [NON_LEADER]: Queue going to NON_LEADER mode. State: All replicated index: 0, Majority replicated index: 0, Committed index: 0, Last appended: 0.0, Last appended by leader: 0, Current term: 0, Majority size: -1, State: 0, Mode: NON_LEADER, active raft config: opid_index: -1 OBSOLETE_local: false peers { permanent_uuid: "91c4920d5eb845ca8530900622f7ed97" member_type: VOTER last_known_addr { host: "127.13.124.193" port: 45997 } } peers { permanent_uuid: "6347a814eb664b2dbdbb4b06813afcf6" member_type: VOTER last_known_addr { host: "127.13.124.194" port: 39365 } } peers { permanent_uuid: "86df7ab60571410fa983b753bd1e7197" member_type: VOTER last_known_addr { host: "127.13.124.195" port: 33279 } }
I20260630 12:40:26.348126 17810 ts_tablet_manager.cc:1434] T 645377b682624ec596ea89cea31ce433 P 91c4920d5eb845ca8530900622f7ed97: Time spent starting tablet: real 0.010s	user 0.008s	sys 0.000s
I20260630 12:40:26.350721 17812 ts_tablet_manager.cc:1434] T 645377b682624ec596ea89cea31ce433 P 86df7ab60571410fa983b753bd1e7197: Time spent starting tablet: real 0.009s	user 0.006s	sys 0.001s
I20260630 12:40:26.353164 17811 ts_tablet_manager.cc:1434] T 645377b682624ec596ea89cea31ce433 P 6347a814eb664b2dbdbb4b06813afcf6: Time spent starting tablet: real 0.013s	user 0.007s	sys 0.007s
I20260630 12:40:26.388460 17816 raft_consensus.cc:493] T 645377b682624ec596ea89cea31ce433 P 91c4920d5eb845ca8530900622f7ed97 [term 0 FOLLOWER]: Starting pre-election (no leader contacted us within the election timeout)
I20260630 12:40:26.388934 17816 raft_consensus.cc:515] T 645377b682624ec596ea89cea31ce433 P 91c4920d5eb845ca8530900622f7ed97 [term 0 FOLLOWER]: Starting pre-election with config: opid_index: -1 OBSOLETE_local: false peers { permanent_uuid: "91c4920d5eb845ca8530900622f7ed97" member_type: VOTER last_known_addr { host: "127.13.124.193" port: 45997 } } peers { permanent_uuid: "6347a814eb664b2dbdbb4b06813afcf6" member_type: VOTER last_known_addr { host: "127.13.124.194" port: 39365 } } peers { permanent_uuid: "86df7ab60571410fa983b753bd1e7197" member_type: VOTER last_known_addr { host: "127.13.124.195" port: 33279 } }
I20260630 12:40:26.394865 17816 leader_election.cc:290] T 645377b682624ec596ea89cea31ce433 P 91c4920d5eb845ca8530900622f7ed97 [CANDIDATE]: Term 1 pre-election: Requested pre-vote from peers 6347a814eb664b2dbdbb4b06813afcf6 (127.13.124.194:39365), 86df7ab60571410fa983b753bd1e7197 (127.13.124.195:33279)
I20260630 12:40:26.402109 17616 tablet_service.cc:1917] Received RequestConsensusVote() RPC: tablet_id: "645377b682624ec596ea89cea31ce433" candidate_uuid: "91c4920d5eb845ca8530900622f7ed97" candidate_term: 1 candidate_status { last_received { term: 0 index: 0 } } ignore_live_leader: false dest_uuid: "6347a814eb664b2dbdbb4b06813afcf6" is_pre_election: true
I20260630 12:40:26.402190 17690 tablet_service.cc:1917] Received RequestConsensusVote() RPC: tablet_id: "645377b682624ec596ea89cea31ce433" candidate_uuid: "91c4920d5eb845ca8530900622f7ed97" candidate_term: 1 candidate_status { last_received { term: 0 index: 0 } } ignore_live_leader: false dest_uuid: "86df7ab60571410fa983b753bd1e7197" is_pre_election: true
I20260630 12:40:26.402844 17616 raft_consensus.cc:2468] T 645377b682624ec596ea89cea31ce433 P 6347a814eb664b2dbdbb4b06813afcf6 [term 0 FOLLOWER]: Leader pre-election vote request: Granting yes vote for candidate 91c4920d5eb845ca8530900622f7ed97 in term 0.
I20260630 12:40:26.402895 17690 raft_consensus.cc:2468] T 645377b682624ec596ea89cea31ce433 P 86df7ab60571410fa983b753bd1e7197 [term 0 FOLLOWER]: Leader pre-election vote request: Granting yes vote for candidate 91c4920d5eb845ca8530900622f7ed97 in term 0.
I20260630 12:40:26.404241 17504 leader_election.cc:304] T 645377b682624ec596ea89cea31ce433 P 91c4920d5eb845ca8530900622f7ed97 [CANDIDATE]: Term 1 pre-election: Election decided. Result: candidate won. Election summary: received 2 responses out of 3 voters: 2 yes votes; 0 no votes. yes voters: 86df7ab60571410fa983b753bd1e7197, 91c4920d5eb845ca8530900622f7ed97; no voters: 
I20260630 12:40:26.404850 17816 raft_consensus.cc:2804] T 645377b682624ec596ea89cea31ce433 P 91c4920d5eb845ca8530900622f7ed97 [term 0 FOLLOWER]: Leader pre-election won for term 1
I20260630 12:40:26.405138 17816 raft_consensus.cc:493] T 645377b682624ec596ea89cea31ce433 P 91c4920d5eb845ca8530900622f7ed97 [term 0 FOLLOWER]: Starting leader election (no leader contacted us within the election timeout)
I20260630 12:40:26.405457 17816 raft_consensus.cc:3060] T 645377b682624ec596ea89cea31ce433 P 91c4920d5eb845ca8530900622f7ed97 [term 0 FOLLOWER]: Advancing to term 1
I20260630 12:40:26.410704 17816 raft_consensus.cc:515] T 645377b682624ec596ea89cea31ce433 P 91c4920d5eb845ca8530900622f7ed97 [term 1 FOLLOWER]: Starting leader election with config: opid_index: -1 OBSOLETE_local: false peers { permanent_uuid: "91c4920d5eb845ca8530900622f7ed97" member_type: VOTER last_known_addr { host: "127.13.124.193" port: 45997 } } peers { permanent_uuid: "6347a814eb664b2dbdbb4b06813afcf6" member_type: VOTER last_known_addr { host: "127.13.124.194" port: 39365 } } peers { permanent_uuid: "86df7ab60571410fa983b753bd1e7197" member_type: VOTER last_known_addr { host: "127.13.124.195" port: 33279 } }
I20260630 12:40:26.412194 17816 leader_election.cc:290] T 645377b682624ec596ea89cea31ce433 P 91c4920d5eb845ca8530900622f7ed97 [CANDIDATE]: Term 1 election: Requested vote from peers 6347a814eb664b2dbdbb4b06813afcf6 (127.13.124.194:39365), 86df7ab60571410fa983b753bd1e7197 (127.13.124.195:33279)
I20260630 12:40:26.412992 17616 tablet_service.cc:1917] Received RequestConsensusVote() RPC: tablet_id: "645377b682624ec596ea89cea31ce433" candidate_uuid: "91c4920d5eb845ca8530900622f7ed97" candidate_term: 1 candidate_status { last_received { term: 0 index: 0 } } ignore_live_leader: false dest_uuid: "6347a814eb664b2dbdbb4b06813afcf6"
I20260630 12:40:26.413157 17690 tablet_service.cc:1917] Received RequestConsensusVote() RPC: tablet_id: "645377b682624ec596ea89cea31ce433" candidate_uuid: "91c4920d5eb845ca8530900622f7ed97" candidate_term: 1 candidate_status { last_received { term: 0 index: 0 } } ignore_live_leader: false dest_uuid: "86df7ab60571410fa983b753bd1e7197"
I20260630 12:40:26.413620 17616 raft_consensus.cc:3060] T 645377b682624ec596ea89cea31ce433 P 6347a814eb664b2dbdbb4b06813afcf6 [term 0 FOLLOWER]: Advancing to term 1
I20260630 12:40:26.413652 17690 raft_consensus.cc:3060] T 645377b682624ec596ea89cea31ce433 P 86df7ab60571410fa983b753bd1e7197 [term 0 FOLLOWER]: Advancing to term 1
I20260630 12:40:26.420730 17690 raft_consensus.cc:2468] T 645377b682624ec596ea89cea31ce433 P 86df7ab60571410fa983b753bd1e7197 [term 1 FOLLOWER]: Leader election vote request: Granting yes vote for candidate 91c4920d5eb845ca8530900622f7ed97 in term 1.
I20260630 12:40:26.420794 17616 raft_consensus.cc:2468] T 645377b682624ec596ea89cea31ce433 P 6347a814eb664b2dbdbb4b06813afcf6 [term 1 FOLLOWER]: Leader election vote request: Granting yes vote for candidate 91c4920d5eb845ca8530900622f7ed97 in term 1.
I20260630 12:40:26.421876 17504 leader_election.cc:304] T 645377b682624ec596ea89cea31ce433 P 91c4920d5eb845ca8530900622f7ed97 [CANDIDATE]: Term 1 election: Election decided. Result: candidate won. Election summary: received 2 responses out of 3 voters: 2 yes votes; 0 no votes. yes voters: 86df7ab60571410fa983b753bd1e7197, 91c4920d5eb845ca8530900622f7ed97; no voters: 
I20260630 12:40:26.422638 17816 raft_consensus.cc:2804] T 645377b682624ec596ea89cea31ce433 P 91c4920d5eb845ca8530900622f7ed97 [term 1 FOLLOWER]: Leader election won for term 1
I20260630 12:40:26.423686 17816 raft_consensus.cc:697] T 645377b682624ec596ea89cea31ce433 P 91c4920d5eb845ca8530900622f7ed97 [term 1 LEADER]: Becoming Leader. State: Replica: 91c4920d5eb845ca8530900622f7ed97, State: Running, Role: LEADER
I20260630 12:40:26.424515 17816 consensus_queue.cc:237] T 645377b682624ec596ea89cea31ce433 P 91c4920d5eb845ca8530900622f7ed97 [LEADER]: Queue going to LEADER mode. State: All replicated index: 0, Majority replicated index: 0, Committed index: 0, Last appended: 0.0, Last appended by leader: 0, Current term: 1, Majority size: 2, State: 0, Mode: LEADER, active raft config: opid_index: -1 OBSOLETE_local: false peers { permanent_uuid: "91c4920d5eb845ca8530900622f7ed97" member_type: VOTER last_known_addr { host: "127.13.124.193" port: 45997 } } peers { permanent_uuid: "6347a814eb664b2dbdbb4b06813afcf6" member_type: VOTER last_known_addr { host: "127.13.124.194" port: 39365 } } peers { permanent_uuid: "86df7ab60571410fa983b753bd1e7197" member_type: VOTER last_known_addr { host: "127.13.124.195" port: 33279 } }
I20260630 12:40:26.432008 17437 catalog_manager.cc:5697] T 645377b682624ec596ea89cea31ce433 P 91c4920d5eb845ca8530900622f7ed97 reported cstate change: term changed from 0 to 1, leader changed from <none> to 91c4920d5eb845ca8530900622f7ed97 (127.13.124.193). New cstate: current_term: 1 leader_uuid: "91c4920d5eb845ca8530900622f7ed97" committed_config { opid_index: -1 OBSOLETE_local: false peers { permanent_uuid: "91c4920d5eb845ca8530900622f7ed97" member_type: VOTER last_known_addr { host: "127.13.124.193" port: 45997 } health_report { overall_health: HEALTHY } } peers { permanent_uuid: "6347a814eb664b2dbdbb4b06813afcf6" member_type: VOTER last_known_addr { host: "127.13.124.194" port: 39365 } health_report { overall_health: UNKNOWN } } peers { permanent_uuid: "86df7ab60571410fa983b753bd1e7197" member_type: VOTER last_known_addr { host: "127.13.124.195" port: 33279 } health_report { overall_health: UNKNOWN } } }
I20260630 12:40:26.739496 17492 auto_leader_rebalancer.cc:141] leader rebalance for table test-workload
I20260630 12:40:26.740793 17492 auto_leader_rebalancer.cc:440] table: test-workload, leader rebalance finish, leader transfer count: 0
I20260630 12:40:26.741122 17492 auto_leader_rebalancer.cc:515] All tables' leader rebalancing finished this round
I20260630 12:40:26.930184 17816 consensus_queue.cc:1048] T 645377b682624ec596ea89cea31ce433 P 91c4920d5eb845ca8530900622f7ed97 [LEADER]: Connected to new peer: Peer: permanent_uuid: "6347a814eb664b2dbdbb4b06813afcf6" member_type: VOTER last_known_addr { host: "127.13.124.194" port: 39365 }, Status: LMP_MISMATCH, Last received: 0.0, Next index: 1, Last known committed idx: 0, Time since last communication: 0.000s
I20260630 12:40:26.943267 17825 consensus_queue.cc:1048] T 645377b682624ec596ea89cea31ce433 P 91c4920d5eb845ca8530900622f7ed97 [LEADER]: Connected to new peer: Peer: permanent_uuid: "86df7ab60571410fa983b753bd1e7197" member_type: VOTER last_known_addr { host: "127.13.124.195" port: 33279 }, Status: LMP_MISMATCH, Last received: 0.0, Next index: 1, Last known committed idx: 0, Time since last communication: 0.000s
I20260630 12:40:28.742080 17492 auto_leader_rebalancer.cc:141] leader rebalance for table test-workload
I20260630 12:40:28.743393 17492 auto_leader_rebalancer.cc:440] table: test-workload, leader rebalance finish, leader transfer count: 0
I20260630 12:40:28.743696 17492 auto_leader_rebalancer.cc:515] All tables' leader rebalancing finished this round
W20260630 12:40:29.113183 17785 debug-util.cc:398] Leaking SignalData structure 0x7b0800084d20 after lost signal to thread 13814
W20260630 12:40:29.114364 17785 debug-util.cc:398] Leaking SignalData structure 0x7b0800244de0 after lost signal to thread 17473
W20260630 12:40:29.115500 17785 debug-util.cc:398] Leaking SignalData structure 0x7b0800094e80 after lost signal to thread 17565
W20260630 12:40:29.116268 17785 debug-util.cc:398] Leaking SignalData structure 0x7b08002257c0 after lost signal to thread 17640
W20260630 12:40:29.117000 17785 debug-util.cc:398] Leaking SignalData structure 0x7b08000c2480 after lost signal to thread 17714
W20260630 12:40:29.117813 17785 debug-util.cc:398] Leaking SignalData structure 0x7b080013f800 after lost signal to thread 17788
I20260630 12:40:30.744660 17492 auto_leader_rebalancer.cc:141] leader rebalance for table test-workload
I20260630 12:40:30.746230 17492 auto_leader_rebalancer.cc:440] table: test-workload, leader rebalance finish, leader transfer count: 0
I20260630 12:40:30.746563 17492 auto_leader_rebalancer.cc:515] All tables' leader rebalancing finished this round
I20260630 12:40:32.747705 17492 auto_leader_rebalancer.cc:141] leader rebalance for table test-workload
I20260630 12:40:32.749109 17492 auto_leader_rebalancer.cc:440] table: test-workload, leader rebalance finish, leader transfer count: 0
I20260630 12:40:32.749377 17492 auto_leader_rebalancer.cc:515] All tables' leader rebalancing finished this round
I20260630 12:40:34.750589 17492 auto_leader_rebalancer.cc:141] leader rebalance for table test-workload
I20260630 12:40:34.751983 17492 auto_leader_rebalancer.cc:440] table: test-workload, leader rebalance finish, leader transfer count: 0
I20260630 12:40:34.752275 17492 auto_leader_rebalancer.cc:515] All tables' leader rebalancing finished this round
I20260630 12:40:36.753634 17492 auto_leader_rebalancer.cc:141] leader rebalance for table test-workload
I20260630 12:40:36.755275 17492 auto_leader_rebalancer.cc:440] table: test-workload, leader rebalance finish, leader transfer count: 0
I20260630 12:40:36.755628 17492 auto_leader_rebalancer.cc:515] All tables' leader rebalancing finished this round
I20260630 12:40:36.773902 13811 tablet_server.cc:179] TabletServer@127.13.124.193:0 shutting down...
I20260630 12:40:36.810065 13811 ts_tablet_manager.cc:1507] Shutting down tablet manager...
I20260630 12:40:36.810891 13811 tablet_replica.cc:333] T 645377b682624ec596ea89cea31ce433 P 91c4920d5eb845ca8530900622f7ed97: stopping tablet replica
I20260630 12:40:36.811479 13811 raft_consensus.cc:2243] T 645377b682624ec596ea89cea31ce433 P 91c4920d5eb845ca8530900622f7ed97 [term 1 LEADER]: Raft consensus shutting down.
I20260630 12:40:36.812497 13811 raft_consensus.cc:2272] T 645377b682624ec596ea89cea31ce433 P 91c4920d5eb845ca8530900622f7ed97 [term 1 FOLLOWER]: Raft consensus is shut down!
I20260630 12:40:36.835515 13811 tablet_server.cc:196] TabletServer@127.13.124.193:0 shutdown complete.
I20260630 12:40:36.853108 13811 tablet_server.cc:179] TabletServer@127.13.124.194:0 shutting down...
I20260630 12:40:36.877684 13811 ts_tablet_manager.cc:1507] Shutting down tablet manager...
I20260630 12:40:36.878479 13811 tablet_replica.cc:333] T 645377b682624ec596ea89cea31ce433 P 6347a814eb664b2dbdbb4b06813afcf6: stopping tablet replica
I20260630 12:40:36.879115 13811 raft_consensus.cc:2243] T 645377b682624ec596ea89cea31ce433 P 6347a814eb664b2dbdbb4b06813afcf6 [term 1 FOLLOWER]: Raft consensus shutting down.
I20260630 12:40:36.879725 13811 raft_consensus.cc:2272] T 645377b682624ec596ea89cea31ce433 P 6347a814eb664b2dbdbb4b06813afcf6 [term 1 FOLLOWER]: Raft consensus is shut down!
I20260630 12:40:36.901805 13811 tablet_server.cc:196] TabletServer@127.13.124.194:0 shutdown complete.
I20260630 12:40:36.913621 13811 tablet_server.cc:179] TabletServer@127.13.124.195:0 shutting down...
I20260630 12:40:36.939069 13811 ts_tablet_manager.cc:1507] Shutting down tablet manager...
I20260630 12:40:36.939822 13811 tablet_replica.cc:333] T 645377b682624ec596ea89cea31ce433 P 86df7ab60571410fa983b753bd1e7197: stopping tablet replica
I20260630 12:40:36.940384 13811 raft_consensus.cc:2243] T 645377b682624ec596ea89cea31ce433 P 86df7ab60571410fa983b753bd1e7197 [term 1 FOLLOWER]: Raft consensus shutting down.
I20260630 12:40:36.940881 13811 raft_consensus.cc:2272] T 645377b682624ec596ea89cea31ce433 P 86df7ab60571410fa983b753bd1e7197 [term 1 FOLLOWER]: Raft consensus is shut down!
I20260630 12:40:36.961366 13811 tablet_server.cc:196] TabletServer@127.13.124.195:0 shutdown complete.
I20260630 12:40:36.974035 13811 tablet_server.cc:179] TabletServer@127.13.124.196:0 shutting down...
I20260630 12:40:36.998946 13811 ts_tablet_manager.cc:1507] Shutting down tablet manager...
I20260630 12:40:37.033967 13811 tablet_server.cc:196] TabletServer@127.13.124.196:0 shutdown complete.
I20260630 12:40:37.044787 13811 master.cc:562] Master@127.13.124.254:37759 shutting down...
I20260630 12:40:37.071566 13811 raft_consensus.cc:2243] T 00000000000000000000000000000000 P 59754e491e404d65b0b6cbb0727ca6b7 [term 1 LEADER]: Raft consensus shutting down.
I20260630 12:40:37.072315 13811 raft_consensus.cc:2272] T 00000000000000000000000000000000 P 59754e491e404d65b0b6cbb0727ca6b7 [term 1 FOLLOWER]: Raft consensus is shut down!
I20260630 12:40:37.072830 13811 tablet_replica.cc:333] T 00000000000000000000000000000000 P 59754e491e404d65b0b6cbb0727ca6b7: stopping tablet replica
I20260630 12:40:37.094973 13811 master.cc:584] Master@127.13.124.254:37759 shutdown complete.
[       OK ] AutoRebalancerTest.NoReplicaMovesIfLocationLoadSkewedByOne (12536 ms)
[ RUN      ] AutoRebalancerTest.NoReplicaMovesIfCannotFixPlacementPolicy
I20260630 12:40:37.142093 13811 internal_mini_cluster.cc:156] Creating distributed mini masters. Addrs: 127.13.124.254:33301
I20260630 12:40:37.143855 13811 file_cache.cc:492] Constructed file cache file cache with capacity 419430
W20260630 12:40:37.150228 17837 instance_detector.cc:116] could not retrieve AWS instance metadata: Network error: curl error: HTTP response code said error: The requested URL returned error: 404
W20260630 12:40:37.150309 17838 instance_detector.cc:116] could not retrieve Azure instance metadata: Network error: curl error: HTTP response code said error: The requested URL returned error: 404
W20260630 12:40:37.151494 17840 instance_detector.cc:116] could not retrieve OpenStack instance metadata: Network error: curl error: HTTP response code said error: The requested URL returned error: 404
I20260630 12:40:37.152801 13811 server_base.cc:1061] running on GCE node
I20260630 12:40:37.153751 13811 hybrid_clock.cc:584] initializing the hybrid clock with 'system_unsync' time source
W20260630 12:40:37.153970 13811 system_unsync_time.cc:38] NTP support is disabled. Clock error bounds will not be accurate. This configuration is not suitable for distributed clusters.
I20260630 12:40:37.154145 13811 hybrid_clock.cc:648] HybridClock initialized: now 1782823237154128 us; error 0 us; skew 500 ppm
I20260630 12:40:37.154650 13811 server_base.cc:861] Flag tcmalloc_max_total_thread_cache_bytes is not working since tcmalloc is not enabled.
I20260630 12:40:37.157662 13811 webserver.cc:533] Webserver started at http://127.13.124.254:42271/ using document root <none> and password file <none>
I20260630 12:40:37.158190 13811 fs_manager.cc:362] Metadata directory not provided
I20260630 12:40:37.158407 13811 fs_manager.cc:368] Using write-ahead log directory (fs_wal_dir) as metadata directory
I20260630 12:40:37.158704 13811 server_base.cc:909] This appears to be a new deployment of Kudu; creating new FS layout
I20260630 12:40:37.159950 13811 fs_manager.cc:1068] Generated new instance metadata in path /tmp/dist-test-task5K_Kjq/test-tmp/auto_rebalancer-test.0.AutoRebalancerTest.NoReplicaMovesIfCannotFixPlacementPolicy.1782823130616817-13811-0/minicluster-data/master-0-root/instance:
uuid: "aba58519d52842fa9b883912f3ad20d3"
format_stamp: "Formatted at 2026-06-30 12:40:37 on dist-test-slave-0dvn"
I20260630 12:40:37.164783 13811 fs_manager.cc:696] Time spent creating directory manager: real 0.004s	user 0.006s	sys 0.000s
I20260630 12:40:37.168609 17845 log_block_manager.cc:4031] Time spent loading block containers with low live blocks: real 0.000s	user 0.000s	sys 0.000s
I20260630 12:40:37.169904 13811 fs_manager.cc:730] Time spent opening block manager: real 0.003s	user 0.003s	sys 0.000s
I20260630 12:40:37.170253 13811 fs_manager.cc:647] Opened local filesystem: /tmp/dist-test-task5K_Kjq/test-tmp/auto_rebalancer-test.0.AutoRebalancerTest.NoReplicaMovesIfCannotFixPlacementPolicy.1782823130616817-13811-0/minicluster-data/master-0-root
uuid: "aba58519d52842fa9b883912f3ad20d3"
format_stamp: "Formatted at 2026-06-30 12:40:37 on dist-test-slave-0dvn"
I20260630 12:40:37.170564 13811 fs_report.cc:389] FS layout report
--------------------
wal directory: /tmp/dist-test-task5K_Kjq/test-tmp/auto_rebalancer-test.0.AutoRebalancerTest.NoReplicaMovesIfCannotFixPlacementPolicy.1782823130616817-13811-0/minicluster-data/master-0-root
metadata directory: /tmp/dist-test-task5K_Kjq/test-tmp/auto_rebalancer-test.0.AutoRebalancerTest.NoReplicaMovesIfCannotFixPlacementPolicy.1782823130616817-13811-0/minicluster-data/master-0-root
1 data directories: /tmp/dist-test-task5K_Kjq/test-tmp/auto_rebalancer-test.0.AutoRebalancerTest.NoReplicaMovesIfCannotFixPlacementPolicy.1782823130616817-13811-0/minicluster-data/master-0-root/data
Total live blocks: 0
Total live bytes: 0
Total live bytes (after alignment): 0
Total number of LBM containers: 0 (0 full)
Did not check for missing blocks
Did not check for orphaned blocks
Total full LBM containers with extra space: 0 (0 repaired)
Total full LBM container extra space in bytes: 0 (0 repaired)
Total incomplete LBM containers: 0 (0 repaired)
Total LBM partial records: 0 (0 repaired)
Total corrupted LBM metadata records in RocksDB: 0 (0 repaired)
I20260630 12:40:37.182483 13811 rpc_server.cc:225] running with OpenSSL 1.1.1  11 Sep 2018
I20260630 12:40:37.184001 13811 kserver.cc:163] Server-wide thread pool size limit: 3276
I20260630 12:40:37.233218 13811 rpc_server.cc:307] RPC server started. Bound to: 127.13.124.254:33301
I20260630 12:40:37.233302 17896 acceptor_pool.cc:272] collecting diagnostics on the listening RPC socket 127.13.124.254:33301 every 8 connection(s)
I20260630 12:40:37.238005 17897 data_dirs.cc:400] Could only allocate 1 dirs of requested 3 for tablet 00000000000000000000000000000000. 1 dirs total, 0 dirs full, 0 dirs failed
I20260630 12:40:37.248560 17897 tablet_bootstrap.cc:492] T 00000000000000000000000000000000 P aba58519d52842fa9b883912f3ad20d3: Bootstrap starting.
I20260630 12:40:37.253748 17897 tablet_bootstrap.cc:654] T 00000000000000000000000000000000 P aba58519d52842fa9b883912f3ad20d3: Neither blocks nor log segments found. Creating new log.
I20260630 12:40:37.258277 17897 tablet_bootstrap.cc:492] T 00000000000000000000000000000000 P aba58519d52842fa9b883912f3ad20d3: No bootstrap required, opened a new log
I20260630 12:40:37.260375 17897 raft_consensus.cc:359] T 00000000000000000000000000000000 P aba58519d52842fa9b883912f3ad20d3 [term 0 FOLLOWER]: Replica starting. Triggering 0 pending ops. Active config: opid_index: -1 OBSOLETE_local: true peers { permanent_uuid: "aba58519d52842fa9b883912f3ad20d3" member_type: VOTER }
I20260630 12:40:37.260771 17897 raft_consensus.cc:385] T 00000000000000000000000000000000 P aba58519d52842fa9b883912f3ad20d3 [term 0 FOLLOWER]: Consensus starting up: Expiring failure detector timer to make a prompt election more likely
I20260630 12:40:37.261035 17897 raft_consensus.cc:740] T 00000000000000000000000000000000 P aba58519d52842fa9b883912f3ad20d3 [term 0 FOLLOWER]: Becoming Follower/Learner. State: Replica: aba58519d52842fa9b883912f3ad20d3, State: Initialized, Role: FOLLOWER
I20260630 12:40:37.261656 17897 consensus_queue.cc:260] T 00000000000000000000000000000000 P aba58519d52842fa9b883912f3ad20d3 [NON_LEADER]: Queue going to NON_LEADER mode. State: All replicated index: 0, Majority replicated index: 0, Committed index: 0, Last appended: 0.0, Last appended by leader: 0, Current term: 0, Majority size: -1, State: 0, Mode: NON_LEADER, active raft config: opid_index: -1 OBSOLETE_local: true peers { permanent_uuid: "aba58519d52842fa9b883912f3ad20d3" member_type: VOTER }
I20260630 12:40:37.262138 17897 raft_consensus.cc:399] T 00000000000000000000000000000000 P aba58519d52842fa9b883912f3ad20d3 [term 0 FOLLOWER]: Only one voter in the Raft config. Triggering election immediately
I20260630 12:40:37.262364 17897 raft_consensus.cc:493] T 00000000000000000000000000000000 P aba58519d52842fa9b883912f3ad20d3 [term 0 FOLLOWER]: Starting leader election (initial election of a single-replica configuration)
I20260630 12:40:37.262647 17897 raft_consensus.cc:3060] T 00000000000000000000000000000000 P aba58519d52842fa9b883912f3ad20d3 [term 0 FOLLOWER]: Advancing to term 1
I20260630 12:40:37.267490 17897 raft_consensus.cc:515] T 00000000000000000000000000000000 P aba58519d52842fa9b883912f3ad20d3 [term 1 FOLLOWER]: Starting leader election with config: opid_index: -1 OBSOLETE_local: true peers { permanent_uuid: "aba58519d52842fa9b883912f3ad20d3" member_type: VOTER }
I20260630 12:40:37.268002 17897 leader_election.cc:304] T 00000000000000000000000000000000 P aba58519d52842fa9b883912f3ad20d3 [CANDIDATE]: Term 1 election: Election decided. Result: candidate won. Election summary: received 1 responses out of 1 voters: 1 yes votes; 0 no votes. yes voters: aba58519d52842fa9b883912f3ad20d3; no voters: 
I20260630 12:40:37.269160 17897 leader_election.cc:290] T 00000000000000000000000000000000 P aba58519d52842fa9b883912f3ad20d3 [CANDIDATE]: Term 1 election: Requested vote from peers 
I20260630 12:40:37.269773 17900 raft_consensus.cc:2804] T 00000000000000000000000000000000 P aba58519d52842fa9b883912f3ad20d3 [term 1 FOLLOWER]: Leader election won for term 1
I20260630 12:40:37.271324 17900 raft_consensus.cc:697] T 00000000000000000000000000000000 P aba58519d52842fa9b883912f3ad20d3 [term 1 LEADER]: Becoming Leader. State: Replica: aba58519d52842fa9b883912f3ad20d3, State: Running, Role: LEADER
I20260630 12:40:37.272081 17897 sys_catalog.cc:565] T 00000000000000000000000000000000 P aba58519d52842fa9b883912f3ad20d3 [sys.catalog]: configured and running, proceeding with master startup.
I20260630 12:40:37.272060 17900 consensus_queue.cc:237] T 00000000000000000000000000000000 P aba58519d52842fa9b883912f3ad20d3 [LEADER]: Queue going to LEADER mode. State: All replicated index: 0, Majority replicated index: 0, Committed index: 0, Last appended: 0.0, Last appended by leader: 0, Current term: 1, Majority size: 1, State: 0, Mode: LEADER, active raft config: opid_index: -1 OBSOLETE_local: true peers { permanent_uuid: "aba58519d52842fa9b883912f3ad20d3" member_type: VOTER }
I20260630 12:40:37.278196 17902 sys_catalog.cc:455] T 00000000000000000000000000000000 P aba58519d52842fa9b883912f3ad20d3 [sys.catalog]: SysCatalogTable state changed. Reason: New leader aba58519d52842fa9b883912f3ad20d3. Latest consensus state: current_term: 1 leader_uuid: "aba58519d52842fa9b883912f3ad20d3" committed_config { opid_index: -1 OBSOLETE_local: true peers { permanent_uuid: "aba58519d52842fa9b883912f3ad20d3" member_type: VOTER } }
I20260630 12:40:37.278539 17901 sys_catalog.cc:455] T 00000000000000000000000000000000 P aba58519d52842fa9b883912f3ad20d3 [sys.catalog]: SysCatalogTable state changed. Reason: RaftConsensus started. Latest consensus state: current_term: 1 leader_uuid: "aba58519d52842fa9b883912f3ad20d3" committed_config { opid_index: -1 OBSOLETE_local: true peers { permanent_uuid: "aba58519d52842fa9b883912f3ad20d3" member_type: VOTER } }
I20260630 12:40:37.279026 17902 sys_catalog.cc:458] T 00000000000000000000000000000000 P aba58519d52842fa9b883912f3ad20d3 [sys.catalog]: This master's current role is: LEADER
I20260630 12:40:37.279047 17901 sys_catalog.cc:458] T 00000000000000000000000000000000 P aba58519d52842fa9b883912f3ad20d3 [sys.catalog]: This master's current role is: LEADER
I20260630 12:40:37.282246 17910 catalog_manager.cc:1511] Loading table and tablet metadata into memory...
I20260630 12:40:37.290922 17910 catalog_manager.cc:1520] Initializing Kudu cluster ID...
I20260630 12:40:37.292033 13811 internal_mini_cluster.cc:184] Waiting to initialize catalog manager on master 0
I20260630 12:40:37.301119 17910 catalog_manager.cc:1383] Generated new cluster ID: caf882cb9c9240babf1a647fd168e475
I20260630 12:40:37.301476 17910 catalog_manager.cc:1531] Initializing Kudu internal certificate authority...
I20260630 12:40:37.318346 17910 catalog_manager.cc:1406] Generated new certificate authority record
I20260630 12:40:37.319587 17910 catalog_manager.cc:1540] Loading token signing keys...
I20260630 12:40:37.331794 17910 catalog_manager.cc:6070] T 00000000000000000000000000000000 P aba58519d52842fa9b883912f3ad20d3: Generated new TSK 0
I20260630 12:40:37.332393 17910 catalog_manager.cc:1550] Initializing in-progress tserver states...
I20260630 12:40:37.359016 13811 file_cache.cc:492] Constructed file cache file cache with capacity 419430
W20260630 12:40:37.365841 17918 instance_detector.cc:116] could not retrieve AWS instance metadata: Network error: curl error: HTTP response code said error: The requested URL returned error: 404
W20260630 12:40:37.367076 17919 instance_detector.cc:116] could not retrieve Azure instance metadata: Network error: curl error: HTTP response code said error: The requested URL returned error: 404
I20260630 12:40:37.369622 13811 server_base.cc:1061] running on GCE node
W20260630 12:40:37.369719 17921 instance_detector.cc:116] could not retrieve OpenStack instance metadata: Network error: curl error: HTTP response code said error: The requested URL returned error: 404
I20260630 12:40:37.370935 13811 hybrid_clock.cc:584] initializing the hybrid clock with 'system_unsync' time source
