I20260630 12:38:57.205817 14444 hybrid_clock.cc:648] HybridClock initialized: now 1782823137205787 us; error 0 us; skew 500 ppm
I20260630 12:38:57.206327 14444 server_base.cc:861] Flag tcmalloc_max_total_thread_cache_bytes is not working since tcmalloc is not enabled.
I20260630 12:38:57.208559 14444 webserver.cc:533] Webserver started at http://127.14.27.62:38935/ using document root <none> and password file <none>
I20260630 12:38:57.209221 14444 fs_manager.cc:362] Metadata directory not provided
I20260630 12:38:57.209409 14444 fs_manager.cc:368] Using write-ahead log directory (fs_wal_dir) as metadata directory
I20260630 12:38:57.209679 14444 server_base.cc:909] This appears to be a new deployment of Kudu; creating new FS layout
I20260630 12:38:57.210702 14444 fs_manager.cc:1068] Generated new instance metadata in path /tmp/dist-test-taskQ6ditk/test-tmp/auto_rebalancer-test.0.AutoRebalancerTest.AutoRebalancingTurnOffAndOn.1782823130105889-14444-0/minicluster-data/master-0-root/instance:
uuid: "bd3f66c382cf4c5ca0a684c65a963b43"
format_stamp: "Formatted at 2026-06-30 12:38:57 on dist-test-slave-vp4m"
I20260630 12:38:57.215032 14444 fs_manager.cc:696] Time spent creating directory manager: real 0.004s	user 0.006s	sys 0.000s
I20260630 12:38:57.218307 14994 log_block_manager.cc:4031] Time spent loading block containers with low live blocks: real 0.000s	user 0.000s	sys 0.000s
I20260630 12:38:57.219007 14444 fs_manager.cc:730] Time spent opening block manager: real 0.002s	user 0.001s	sys 0.000s
I20260630 12:38:57.219319 14444 fs_manager.cc:647] Opened local filesystem: /tmp/dist-test-taskQ6ditk/test-tmp/auto_rebalancer-test.0.AutoRebalancerTest.AutoRebalancingTurnOffAndOn.1782823130105889-14444-0/minicluster-data/master-0-root
uuid: "bd3f66c382cf4c5ca0a684c65a963b43"
format_stamp: "Formatted at 2026-06-30 12:38:57 on dist-test-slave-vp4m"
I20260630 12:38:57.219566 14444 fs_report.cc:389] FS layout report
--------------------
wal directory: /tmp/dist-test-taskQ6ditk/test-tmp/auto_rebalancer-test.0.AutoRebalancerTest.AutoRebalancingTurnOffAndOn.1782823130105889-14444-0/minicluster-data/master-0-root
metadata directory: /tmp/dist-test-taskQ6ditk/test-tmp/auto_rebalancer-test.0.AutoRebalancerTest.AutoRebalancingTurnOffAndOn.1782823130105889-14444-0/minicluster-data/master-0-root
1 data directories: /tmp/dist-test-taskQ6ditk/test-tmp/auto_rebalancer-test.0.AutoRebalancerTest.AutoRebalancingTurnOffAndOn.1782823130105889-14444-0/minicluster-data/master-0-root/data
Total live blocks: 0
Total live bytes: 0
Total live bytes (after alignment): 0
Total number of LBM containers: 0 (0 full)
Did not check for missing blocks
Did not check for orphaned blocks
Total full LBM containers with extra space: 0 (0 repaired)
Total full LBM container extra space in bytes: 0 (0 repaired)
Total incomplete LBM containers: 0 (0 repaired)
Total LBM partial records: 0 (0 repaired)
Total corrupted LBM metadata records in RocksDB: 0 (0 repaired)
I20260630 12:38:57.234133 14444 rpc_server.cc:225] running with OpenSSL 1.1.1  11 Sep 2018
I20260630 12:38:57.235146 14444 kserver.cc:163] Server-wide thread pool size limit: 3276
I20260630 12:38:57.268997 14444 rpc_server.cc:307] RPC server started. Bound to: 127.14.27.62:39739
I20260630 12:38:57.269126 15045 acceptor_pool.cc:272] collecting diagnostics on the listening RPC socket 127.14.27.62:39739 every 8 connection(s)
I20260630 12:38:57.272756 15046 data_dirs.cc:400] Could only allocate 1 dirs of requested 3 for tablet 00000000000000000000000000000000. 1 dirs total, 0 dirs full, 0 dirs failed
I20260630 12:38:57.282687 15046 tablet_bootstrap.cc:492] T 00000000000000000000000000000000 P bd3f66c382cf4c5ca0a684c65a963b43: Bootstrap starting.
I20260630 12:38:57.286821 15046 tablet_bootstrap.cc:654] T 00000000000000000000000000000000 P bd3f66c382cf4c5ca0a684c65a963b43: Neither blocks nor log segments found. Creating new log.
I20260630 12:38:57.290612 15046 tablet_bootstrap.cc:492] T 00000000000000000000000000000000 P bd3f66c382cf4c5ca0a684c65a963b43: No bootstrap required, opened a new log
I20260630 12:38:57.292519 15046 raft_consensus.cc:359] T 00000000000000000000000000000000 P bd3f66c382cf4c5ca0a684c65a963b43 [term 0 FOLLOWER]: Replica starting. Triggering 0 pending ops. Active config: opid_index: -1 OBSOLETE_local: true peers { permanent_uuid: "bd3f66c382cf4c5ca0a684c65a963b43" member_type: VOTER }
I20260630 12:38:57.292934 15046 raft_consensus.cc:385] T 00000000000000000000000000000000 P bd3f66c382cf4c5ca0a684c65a963b43 [term 0 FOLLOWER]: Consensus starting up: Expiring failure detector timer to make a prompt election more likely
I20260630 12:38:57.293110 15046 raft_consensus.cc:740] T 00000000000000000000000000000000 P bd3f66c382cf4c5ca0a684c65a963b43 [term 0 FOLLOWER]: Becoming Follower/Learner. State: Replica: bd3f66c382cf4c5ca0a684c65a963b43, State: Initialized, Role: FOLLOWER
I20260630 12:38:57.293701 15046 consensus_queue.cc:260] T 00000000000000000000000000000000 P bd3f66c382cf4c5ca0a684c65a963b43 [NON_LEADER]: Queue going to NON_LEADER mode. State: All replicated index: 0, Majority replicated index: 0, Committed index: 0, Last appended: 0.0, Last appended by leader: 0, Current term: 0, Majority size: -1, State: 0, Mode: NON_LEADER, active raft config: opid_index: -1 OBSOLETE_local: true peers { permanent_uuid: "bd3f66c382cf4c5ca0a684c65a963b43" member_type: VOTER }
I20260630 12:38:57.294112 15046 raft_consensus.cc:399] T 00000000000000000000000000000000 P bd3f66c382cf4c5ca0a684c65a963b43 [term 0 FOLLOWER]: Only one voter in the Raft config. Triggering election immediately
I20260630 12:38:57.294301 15046 raft_consensus.cc:493] T 00000000000000000000000000000000 P bd3f66c382cf4c5ca0a684c65a963b43 [term 0 FOLLOWER]: Starting leader election (initial election of a single-replica configuration)
I20260630 12:38:57.294508 15046 raft_consensus.cc:3060] T 00000000000000000000000000000000 P bd3f66c382cf4c5ca0a684c65a963b43 [term 0 FOLLOWER]: Advancing to term 1
I20260630 12:38:57.298569 15046 raft_consensus.cc:515] T 00000000000000000000000000000000 P bd3f66c382cf4c5ca0a684c65a963b43 [term 1 FOLLOWER]: Starting leader election with config: opid_index: -1 OBSOLETE_local: true peers { permanent_uuid: "bd3f66c382cf4c5ca0a684c65a963b43" member_type: VOTER }
I20260630 12:38:57.299059 15046 leader_election.cc:304] T 00000000000000000000000000000000 P bd3f66c382cf4c5ca0a684c65a963b43 [CANDIDATE]: Term 1 election: Election decided. Result: candidate won. Election summary: received 1 responses out of 1 voters: 1 yes votes; 0 no votes. yes voters: bd3f66c382cf4c5ca0a684c65a963b43; no voters: 
I20260630 12:38:57.300084 15046 leader_election.cc:290] T 00000000000000000000000000000000 P bd3f66c382cf4c5ca0a684c65a963b43 [CANDIDATE]: Term 1 election: Requested vote from peers 
I20260630 12:38:57.300441 15049 raft_consensus.cc:2804] T 00000000000000000000000000000000 P bd3f66c382cf4c5ca0a684c65a963b43 [term 1 FOLLOWER]: Leader election won for term 1
I20260630 12:38:57.301928 15049 raft_consensus.cc:697] T 00000000000000000000000000000000 P bd3f66c382cf4c5ca0a684c65a963b43 [term 1 LEADER]: Becoming Leader. State: Replica: bd3f66c382cf4c5ca0a684c65a963b43, State: Running, Role: LEADER
I20260630 12:38:57.302619 15049 consensus_queue.cc:237] T 00000000000000000000000000000000 P bd3f66c382cf4c5ca0a684c65a963b43 [LEADER]: Queue going to LEADER mode. State: All replicated index: 0, Majority replicated index: 0, Committed index: 0, Last appended: 0.0, Last appended by leader: 0, Current term: 1, Majority size: 1, State: 0, Mode: LEADER, active raft config: opid_index: -1 OBSOLETE_local: true peers { permanent_uuid: "bd3f66c382cf4c5ca0a684c65a963b43" member_type: VOTER }
I20260630 12:38:57.303081 15046 sys_catalog.cc:565] T 00000000000000000000000000000000 P bd3f66c382cf4c5ca0a684c65a963b43 [sys.catalog]: configured and running, proceeding with master startup.
I20260630 12:38:57.305697 15051 sys_catalog.cc:455] T 00000000000000000000000000000000 P bd3f66c382cf4c5ca0a684c65a963b43 [sys.catalog]: SysCatalogTable state changed. Reason: New leader bd3f66c382cf4c5ca0a684c65a963b43. Latest consensus state: current_term: 1 leader_uuid: "bd3f66c382cf4c5ca0a684c65a963b43" committed_config { opid_index: -1 OBSOLETE_local: true peers { permanent_uuid: "bd3f66c382cf4c5ca0a684c65a963b43" member_type: VOTER } }
I20260630 12:38:57.305740 15050 sys_catalog.cc:455] T 00000000000000000000000000000000 P bd3f66c382cf4c5ca0a684c65a963b43 [sys.catalog]: SysCatalogTable state changed. Reason: RaftConsensus started. Latest consensus state: current_term: 1 leader_uuid: "bd3f66c382cf4c5ca0a684c65a963b43" committed_config { opid_index: -1 OBSOLETE_local: true peers { permanent_uuid: "bd3f66c382cf4c5ca0a684c65a963b43" member_type: VOTER } }
I20260630 12:38:57.306588 15051 sys_catalog.cc:458] T 00000000000000000000000000000000 P bd3f66c382cf4c5ca0a684c65a963b43 [sys.catalog]: This master's current role is: LEADER
I20260630 12:38:57.306730 15050 sys_catalog.cc:458] T 00000000000000000000000000000000 P bd3f66c382cf4c5ca0a684c65a963b43 [sys.catalog]: This master's current role is: LEADER
I20260630 12:38:57.312193 15055 catalog_manager.cc:1511] Loading table and tablet metadata into memory...
I20260630 12:38:57.318269 15055 catalog_manager.cc:1520] Initializing Kudu cluster ID...
I20260630 12:38:57.319269 14444 internal_mini_cluster.cc:184] Waiting to initialize catalog manager on master 0
I20260630 12:38:57.327476 15055 catalog_manager.cc:1383] Generated new cluster ID: 52f090f55c8b4fbeba0ef901e76add36
I20260630 12:38:57.327816 15055 catalog_manager.cc:1531] Initializing Kudu internal certificate authority...
I20260630 12:38:57.343287 15055 catalog_manager.cc:1406] Generated new certificate authority record
I20260630 12:38:57.344499 15055 catalog_manager.cc:1540] Loading token signing keys...
I20260630 12:38:57.363950 15055 catalog_manager.cc:6070] T 00000000000000000000000000000000 P bd3f66c382cf4c5ca0a684c65a963b43: Generated new TSK 0
I20260630 12:38:57.364573 15055 catalog_manager.cc:1550] Initializing in-progress tserver states...
I20260630 12:38:57.386332 14444 file_cache.cc:492] Constructed file cache file cache with capacity 419430
W20260630 12:38:57.391687 15067 instance_detector.cc:116] could not retrieve AWS instance metadata: Network error: curl error: HTTP response code said error: The requested URL returned error: 404
W20260630 12:38:57.392740 15068 instance_detector.cc:116] could not retrieve Azure instance metadata: Network error: curl error: HTTP response code said error: The requested URL returned error: 404
W20260630 12:38:57.394279 15070 instance_detector.cc:116] could not retrieve OpenStack instance metadata: Network error: curl error: HTTP response code said error: The requested URL returned error: 404
I20260630 12:38:57.394976 14444 server_base.cc:1061] running on GCE node
I20260630 12:38:57.395780 14444 hybrid_clock.cc:584] initializing the hybrid clock with 'system_unsync' time source
W20260630 12:38:57.395996 14444 system_unsync_time.cc:38] NTP support is disabled. Clock error bounds will not be accurate. This configuration is not suitable for distributed clusters.
I20260630 12:38:57.396173 14444 hybrid_clock.cc:648] HybridClock initialized: now 1782823137396152 us; error 0 us; skew 500 ppm
I20260630 12:38:57.396734 14444 server_base.cc:861] Flag tcmalloc_max_total_thread_cache_bytes is not working since tcmalloc is not enabled.
I20260630 12:38:57.398921 14444 webserver.cc:533] Webserver started at http://127.14.27.1:33965/ using document root <none> and password file <none>
I20260630 12:38:57.399389 14444 fs_manager.cc:362] Metadata directory not provided
I20260630 12:38:57.399549 14444 fs_manager.cc:368] Using write-ahead log directory (fs_wal_dir) as metadata directory
I20260630 12:38:57.399863 14444 server_base.cc:909] This appears to be a new deployment of Kudu; creating new FS layout
I20260630 12:38:57.401001 14444 fs_manager.cc:1068] Generated new instance metadata in path /tmp/dist-test-taskQ6ditk/test-tmp/auto_rebalancer-test.0.AutoRebalancerTest.AutoRebalancingTurnOffAndOn.1782823130105889-14444-0/minicluster-data/ts-0-root/instance:
uuid: "682d17157bc64e66bec659ad1a056151"
format_stamp: "Formatted at 2026-06-30 12:38:57 on dist-test-slave-vp4m"
I20260630 12:38:57.405807 14444 fs_manager.cc:696] Time spent creating directory manager: real 0.004s	user 0.003s	sys 0.002s
I20260630 12:38:57.409092 15075 log_block_manager.cc:4031] Time spent loading block containers with low live blocks: real 0.000s	user 0.000s	sys 0.000s
I20260630 12:38:57.409883 14444 fs_manager.cc:730] Time spent opening block manager: real 0.002s	user 0.001s	sys 0.002s
I20260630 12:38:57.410205 14444 fs_manager.cc:647] Opened local filesystem: /tmp/dist-test-taskQ6ditk/test-tmp/auto_rebalancer-test.0.AutoRebalancerTest.AutoRebalancingTurnOffAndOn.1782823130105889-14444-0/minicluster-data/ts-0-root
uuid: "682d17157bc64e66bec659ad1a056151"
format_stamp: "Formatted at 2026-06-30 12:38:57 on dist-test-slave-vp4m"
I20260630 12:38:57.410668 14444 fs_report.cc:389] FS layout report
--------------------
wal directory: /tmp/dist-test-taskQ6ditk/test-tmp/auto_rebalancer-test.0.AutoRebalancerTest.AutoRebalancingTurnOffAndOn.1782823130105889-14444-0/minicluster-data/ts-0-root
metadata directory: /tmp/dist-test-taskQ6ditk/test-tmp/auto_rebalancer-test.0.AutoRebalancerTest.AutoRebalancingTurnOffAndOn.1782823130105889-14444-0/minicluster-data/ts-0-root
1 data directories: /tmp/dist-test-taskQ6ditk/test-tmp/auto_rebalancer-test.0.AutoRebalancerTest.AutoRebalancingTurnOffAndOn.1782823130105889-14444-0/minicluster-data/ts-0-root/data
Total live blocks: 0
Total live bytes: 0
Total live bytes (after alignment): 0
Total number of LBM containers: 0 (0 full)
Did not check for missing blocks
Did not check for orphaned blocks
Total full LBM containers with extra space: 0 (0 repaired)
Total full LBM container extra space in bytes: 0 (0 repaired)
Total incomplete LBM containers: 0 (0 repaired)
Total LBM partial records: 0 (0 repaired)
Total corrupted LBM metadata records in RocksDB: 0 (0 repaired)
I20260630 12:38:57.423581 14444 rpc_server.cc:225] running with OpenSSL 1.1.1  11 Sep 2018
I20260630 12:38:57.424598 14444 kserver.cc:163] Server-wide thread pool size limit: 3276
I20260630 12:38:57.426082 14444 txn_system_client.cc:432] TxnSystemClient initialization is disabled...
I20260630 12:38:57.428340 14444 ts_tablet_manager.cc:585] Loaded tablet metadata (0 total tablets, 0 live tablets)
I20260630 12:38:57.428570 14444 ts_tablet_manager.cc:531] Time spent load tablet metadata: real 0.000s	user 0.000s	sys 0.000s
I20260630 12:38:57.428869 14444 ts_tablet_manager.cc:616] Registered 0 tablets
I20260630 12:38:57.429045 14444 ts_tablet_manager.cc:595] Time spent register tablets: real 0.000s	user 0.000s	sys 0.000s
I20260630 12:38:57.465155 14444 rpc_server.cc:307] RPC server started. Bound to: 127.14.27.1:36541
I20260630 12:38:57.465219 15137 acceptor_pool.cc:272] collecting diagnostics on the listening RPC socket 127.14.27.1:36541 every 8 connection(s)
I20260630 12:38:57.469889 14444 file_cache.cc:492] Constructed file cache file cache with capacity 419430
W20260630 12:38:57.476665 15142 instance_detector.cc:116] could not retrieve AWS instance metadata: Network error: curl error: HTTP response code said error: The requested URL returned error: 404
W20260630 12:38:57.478312 15143 instance_detector.cc:116] could not retrieve Azure instance metadata: Network error: curl error: HTTP response code said error: The requested URL returned error: 404
I20260630 12:38:57.480351 14444 server_base.cc:1061] running on GCE node
W20260630 12:38:57.481107 15145 instance_detector.cc:116] could not retrieve OpenStack instance metadata: Network error: curl error: HTTP response code said error: The requested URL returned error: 404
I20260630 12:38:57.482034 14444 hybrid_clock.cc:584] initializing the hybrid clock with 'system_unsync' time source
W20260630 12:38:57.482270 14444 system_unsync_time.cc:38] NTP support is disabled. Clock error bounds will not be accurate. This configuration is not suitable for distributed clusters.
I20260630 12:38:57.482466 14444 hybrid_clock.cc:648] HybridClock initialized: now 1782823137482434 us; error 0 us; skew 500 ppm
I20260630 12:38:57.482978 14444 server_base.cc:861] Flag tcmalloc_max_total_thread_cache_bytes is not working since tcmalloc is not enabled.
I20260630 12:38:57.485493 15138 heartbeater.cc:344] Connected to a master server at 127.14.27.62:39739
I20260630 12:38:57.485914 15138 heartbeater.cc:461] Registering TS with master...
I20260630 12:38:57.485932 14444 webserver.cc:533] Webserver started at http://127.14.27.2:36265/ using document root <none> and password file <none>
I20260630 12:38:57.486606 14444 fs_manager.cc:362] Metadata directory not provided
I20260630 12:38:57.486815 14444 fs_manager.cc:368] Using write-ahead log directory (fs_wal_dir) as metadata directory
I20260630 12:38:57.486783 15138 heartbeater.cc:507] Master 127.14.27.62:39739 requested a full tablet report, sending...
I20260630 12:38:57.487380 14444 server_base.cc:909] This appears to be a new deployment of Kudu; creating new FS layout
I20260630 12:38:57.488713 14444 fs_manager.cc:1068] Generated new instance metadata in path /tmp/dist-test-taskQ6ditk/test-tmp/auto_rebalancer-test.0.AutoRebalancerTest.AutoRebalancingTurnOffAndOn.1782823130105889-14444-0/minicluster-data/ts-1-root/instance:
uuid: "619a8473689948c58eeb4a4a5f05c98f"
format_stamp: "Formatted at 2026-06-30 12:38:57 on dist-test-slave-vp4m"
I20260630 12:38:57.489363 15011 ts_manager.cc:194] Registered new tserver with Master: 682d17157bc64e66bec659ad1a056151 (127.14.27.1:36541)
I20260630 12:38:57.491710 15011 master_service.cc:502] Signed X509 certificate for tserver {username='slave'} at 127.0.0.1:45960
I20260630 12:38:57.494590 14444 fs_manager.cc:696] Time spent creating directory manager: real 0.005s	user 0.005s	sys 0.000s
I20260630 12:38:57.497901 15150 log_block_manager.cc:4031] Time spent loading block containers with low live blocks: real 0.000s	user 0.000s	sys 0.000s
I20260630 12:38:57.498689 14444 fs_manager.cc:730] Time spent opening block manager: real 0.002s	user 0.003s	sys 0.000s
I20260630 12:38:57.498986 14444 fs_manager.cc:647] Opened local filesystem: /tmp/dist-test-taskQ6ditk/test-tmp/auto_rebalancer-test.0.AutoRebalancerTest.AutoRebalancingTurnOffAndOn.1782823130105889-14444-0/minicluster-data/ts-1-root
uuid: "619a8473689948c58eeb4a4a5f05c98f"
format_stamp: "Formatted at 2026-06-30 12:38:57 on dist-test-slave-vp4m"
I20260630 12:38:57.499269 14444 fs_report.cc:389] FS layout report
--------------------
wal directory: /tmp/dist-test-taskQ6ditk/test-tmp/auto_rebalancer-test.0.AutoRebalancerTest.AutoRebalancingTurnOffAndOn.1782823130105889-14444-0/minicluster-data/ts-1-root
metadata directory: /tmp/dist-test-taskQ6ditk/test-tmp/auto_rebalancer-test.0.AutoRebalancerTest.AutoRebalancingTurnOffAndOn.1782823130105889-14444-0/minicluster-data/ts-1-root
1 data directories: /tmp/dist-test-taskQ6ditk/test-tmp/auto_rebalancer-test.0.AutoRebalancerTest.AutoRebalancingTurnOffAndOn.1782823130105889-14444-0/minicluster-data/ts-1-root/data
Total live blocks: 0
Total live bytes: 0
Total live bytes (after alignment): 0
Total number of LBM containers: 0 (0 full)
Did not check for missing blocks
Did not check for orphaned blocks
Total full LBM containers with extra space: 0 (0 repaired)
Total full LBM container extra space in bytes: 0 (0 repaired)
Total incomplete LBM containers: 0 (0 repaired)
Total LBM partial records: 0 (0 repaired)
Total corrupted LBM metadata records in RocksDB: 0 (0 repaired)
I20260630 12:38:57.521148 14444 rpc_server.cc:225] running with OpenSSL 1.1.1  11 Sep 2018
I20260630 12:38:57.522185 14444 kserver.cc:163] Server-wide thread pool size limit: 3276
I20260630 12:38:57.523485 14444 txn_system_client.cc:432] TxnSystemClient initialization is disabled...
I20260630 12:38:57.525664 14444 ts_tablet_manager.cc:585] Loaded tablet metadata (0 total tablets, 0 live tablets)
I20260630 12:38:57.525898 14444 ts_tablet_manager.cc:531] Time spent load tablet metadata: real 0.000s	user 0.000s	sys 0.000s
I20260630 12:38:57.526129 14444 ts_tablet_manager.cc:616] Registered 0 tablets
I20260630 12:38:57.526298 14444 ts_tablet_manager.cc:595] Time spent register tablets: real 0.000s	user 0.000s	sys 0.000s
I20260630 12:38:57.562661 14444 rpc_server.cc:307] RPC server started. Bound to: 127.14.27.2:39687
I20260630 12:38:57.562744 15212 acceptor_pool.cc:272] collecting diagnostics on the listening RPC socket 127.14.27.2:39687 every 8 connection(s)
I20260630 12:38:57.567384 14444 file_cache.cc:492] Constructed file cache file cache with capacity 419430
W20260630 12:38:57.574165 15216 instance_detector.cc:116] could not retrieve AWS instance metadata: Network error: curl error: HTTP response code said error: The requested URL returned error: 404
W20260630 12:38:57.576797 15217 instance_detector.cc:116] could not retrieve Azure instance metadata: Network error: curl error: HTTP response code said error: The requested URL returned error: 404
I20260630 12:38:57.576992 14444 server_base.cc:1061] running on GCE node
W20260630 12:38:57.578336 15219 instance_detector.cc:116] could not retrieve OpenStack instance metadata: Network error: curl error: HTTP response code said error: The requested URL returned error: 404
I20260630 12:38:57.579352 14444 hybrid_clock.cc:584] initializing the hybrid clock with 'system_unsync' time source
W20260630 12:38:57.579574 14444 system_unsync_time.cc:38] NTP support is disabled. Clock error bounds will not be accurate. This configuration is not suitable for distributed clusters.
I20260630 12:38:57.579787 14444 hybrid_clock.cc:648] HybridClock initialized: now 1782823137579751 us; error 0 us; skew 500 ppm
I20260630 12:38:57.580284 14444 server_base.cc:861] Flag tcmalloc_max_total_thread_cache_bytes is not working since tcmalloc is not enabled.
I20260630 12:38:57.580617 15213 heartbeater.cc:344] Connected to a master server at 127.14.27.62:39739
I20260630 12:38:57.581081 15213 heartbeater.cc:461] Registering TS with master...
I20260630 12:38:57.581946 15213 heartbeater.cc:507] Master 127.14.27.62:39739 requested a full tablet report, sending...
I20260630 12:38:57.583207 14444 webserver.cc:533] Webserver started at http://127.14.27.3:38545/ using document root <none> and password file <none>
I20260630 12:38:57.583806 14444 fs_manager.cc:362] Metadata directory not provided
I20260630 12:38:57.584028 14444 fs_manager.cc:368] Using write-ahead log directory (fs_wal_dir) as metadata directory
I20260630 12:38:57.584200 15011 ts_manager.cc:194] Registered new tserver with Master: 619a8473689948c58eeb4a4a5f05c98f (127.14.27.2:39687)
I20260630 12:38:57.584303 14444 server_base.cc:909] This appears to be a new deployment of Kudu; creating new FS layout
I20260630 12:38:57.585630 15011 master_service.cc:502] Signed X509 certificate for tserver {username='slave'} at 127.0.0.1:45972
I20260630 12:38:57.585611 14444 fs_manager.cc:1068] Generated new instance metadata in path /tmp/dist-test-taskQ6ditk/test-tmp/auto_rebalancer-test.0.AutoRebalancerTest.AutoRebalancingTurnOffAndOn.1782823130105889-14444-0/minicluster-data/ts-2-root/instance:
uuid: "b11bde610eda43a0b4ac5704396bfa85"
format_stamp: "Formatted at 2026-06-30 12:38:57 on dist-test-slave-vp4m"
I20260630 12:38:57.590335 14444 fs_manager.cc:696] Time spent creating directory manager: real 0.004s	user 0.004s	sys 0.000s
I20260630 12:38:57.593415 15224 log_block_manager.cc:4031] Time spent loading block containers with low live blocks: real 0.000s	user 0.000s	sys 0.000s
I20260630 12:38:57.594230 14444 fs_manager.cc:730] Time spent opening block manager: real 0.002s	user 0.003s	sys 0.000s
I20260630 12:38:57.594537 14444 fs_manager.cc:647] Opened local filesystem: /tmp/dist-test-taskQ6ditk/test-tmp/auto_rebalancer-test.0.AutoRebalancerTest.AutoRebalancingTurnOffAndOn.1782823130105889-14444-0/minicluster-data/ts-2-root
uuid: "b11bde610eda43a0b4ac5704396bfa85"
format_stamp: "Formatted at 2026-06-30 12:38:57 on dist-test-slave-vp4m"
I20260630 12:38:57.594833 14444 fs_report.cc:389] FS layout report
--------------------
wal directory: /tmp/dist-test-taskQ6ditk/test-tmp/auto_rebalancer-test.0.AutoRebalancerTest.AutoRebalancingTurnOffAndOn.1782823130105889-14444-0/minicluster-data/ts-2-root
metadata directory: /tmp/dist-test-taskQ6ditk/test-tmp/auto_rebalancer-test.0.AutoRebalancerTest.AutoRebalancingTurnOffAndOn.1782823130105889-14444-0/minicluster-data/ts-2-root
1 data directories: /tmp/dist-test-taskQ6ditk/test-tmp/auto_rebalancer-test.0.AutoRebalancerTest.AutoRebalancingTurnOffAndOn.1782823130105889-14444-0/minicluster-data/ts-2-root/data
Total live blocks: 0
Total live bytes: 0
Total live bytes (after alignment): 0
Total number of LBM containers: 0 (0 full)
Did not check for missing blocks
Did not check for orphaned blocks
Total full LBM containers with extra space: 0 (0 repaired)
Total full LBM container extra space in bytes: 0 (0 repaired)
Total incomplete LBM containers: 0 (0 repaired)
Total LBM partial records: 0 (0 repaired)
Total corrupted LBM metadata records in RocksDB: 0 (0 repaired)
I20260630 12:38:57.616950 14444 rpc_server.cc:225] running with OpenSSL 1.1.1  11 Sep 2018
I20260630 12:38:57.618050 14444 kserver.cc:163] Server-wide thread pool size limit: 3276
I20260630 12:38:57.619457 14444 txn_system_client.cc:432] TxnSystemClient initialization is disabled...
I20260630 12:38:57.621883 14444 ts_tablet_manager.cc:585] Loaded tablet metadata (0 total tablets, 0 live tablets)
I20260630 12:38:57.622135 14444 ts_tablet_manager.cc:531] Time spent load tablet metadata: real 0.000s	user 0.000s	sys 0.000s
I20260630 12:38:57.622373 14444 ts_tablet_manager.cc:616] Registered 0 tablets
I20260630 12:38:57.622555 14444 ts_tablet_manager.cc:595] Time spent register tablets: real 0.000s	user 0.000s	sys 0.000s
I20260630 12:38:57.658565 14444 rpc_server.cc:307] RPC server started. Bound to: 127.14.27.3:45117
I20260630 12:38:57.658664 15286 acceptor_pool.cc:272] collecting diagnostics on the listening RPC socket 127.14.27.3:45117 every 8 connection(s)
I20260630 12:38:57.672143 15287 heartbeater.cc:344] Connected to a master server at 127.14.27.62:39739
I20260630 12:38:57.672539 15287 heartbeater.cc:461] Registering TS with master...
I20260630 12:38:57.673305 15287 heartbeater.cc:507] Master 127.14.27.62:39739 requested a full tablet report, sending...
I20260630 12:38:57.675289 15011 ts_manager.cc:194] Registered new tserver with Master: b11bde610eda43a0b4ac5704396bfa85 (127.14.27.3:45117)
I20260630 12:38:57.676055 14444 internal_mini_cluster.cc:371] 3 TS(s) registered with all masters after 0.014439008s
I20260630 12:38:57.676574 15011 master_service.cc:502] Signed X509 certificate for tserver {username='slave'} at 127.0.0.1:45976
I20260630 12:38:58.494432 15138 heartbeater.cc:499] Master 127.14.27.62:39739 was elected leader, sending a full tablet report...
I20260630 12:38:58.588165 15213 heartbeater.cc:499] Master 127.14.27.62:39739 was elected leader, sending a full tablet report...
I20260630 12:38:58.679320 15287 heartbeater.cc:499] Master 127.14.27.62:39739 was elected leader, sending a full tablet report...
I20260630 12:38:58.730775 15011 catalog_manager.cc:2283] Servicing CreateTable request from {username='slave'} at 127.0.0.1:33054:
name: "test-workload"
schema {
  columns {
    name: "key"
    type: INT32
    is_key: true
    is_nullable: false
    encoding: AUTO_ENCODING
    compression: DEFAULT_COMPRESSION
    cfile_block_size: 0
    immutable: false
  }
  columns {
    name: "int_val"
    type: INT32
    is_key: false
    is_nullable: false
    encoding: AUTO_ENCODING
    compression: DEFAULT_COMPRESSION
    cfile_block_size: 0
    immutable: false
  }
  columns {
    name: "string_val"
    type: STRING
    is_key: false
    is_nullable: true
    encoding: AUTO_ENCODING
    compression: DEFAULT_COMPRESSION
    cfile_block_size: 0
    immutable: false
  }
}
num_replicas: 3
split_rows_range_bounds {
  rows: "\004\001\000\377\377\377\017\004\001\000\376\377\377\037\004\001\000\375\377\377/\004\001\000\374\377\377?\004\001\000\373\377\377O\004\001\000\372\377\377_\004\001\000\371\377\377o""\004\001\000\377\377\377\017\004\001\000\376\377\377\037\004\001\000\375\377\377/\004\001\000\374\377\377?\004\001\000\373\377\377O\004\001\000\372\377\377_\004\001\000\371\377\377o"
  indirect_data: """"
}
partition_schema {
  range_schema {
    columns {
      name: "key"
    }
  }
}
W20260630 12:38:58.733270 15011 catalog_manager.cc:7077] The number of live tablet servers is not enough to re-replicate a tablet replica of the newly created table test-workload in case of a server failure: 4 tablet servers would be needed, 3 are available. Consider bringing up more tablet servers.
I20260630 12:38:58.799032 15252 tablet_service.cc:1511] Processing CreateTablet for tablet 52622c57cbef4993bf7005f6debaad46 (DEFAULT_TABLE table=test-workload [id=b10b6f3d9b47497da6dfff6bf030630a]), partition=RANGE (key) PARTITION VALUES < 268435455
I20260630 12:38:58.800426 15252 data_dirs.cc:400] Could only allocate 1 dirs of requested 3 for tablet 52622c57cbef4993bf7005f6debaad46. 1 dirs total, 0 dirs full, 0 dirs failed
I20260630 12:38:58.800293 15102 tablet_service.cc:1511] Processing CreateTablet for tablet de2ed4132687463ba59fe718a5fa8d6d (DEFAULT_TABLE table=test-workload [id=b10b6f3d9b47497da6dfff6bf030630a]), partition=RANGE (key) PARTITION 268435455 <= VALUES < 536870910
I20260630 12:38:58.801754 15102 data_dirs.cc:400] Could only allocate 1 dirs of requested 3 for tablet de2ed4132687463ba59fe718a5fa8d6d. 1 dirs total, 0 dirs full, 0 dirs failed
I20260630 12:38:58.802063 15251 tablet_service.cc:1511] Processing CreateTablet for tablet de2ed4132687463ba59fe718a5fa8d6d (DEFAULT_TABLE table=test-workload [id=b10b6f3d9b47497da6dfff6bf030630a]), partition=RANGE (key) PARTITION 268435455 <= VALUES < 536870910
I20260630 12:38:58.803413 15251 data_dirs.cc:400] Could only allocate 1 dirs of requested 3 for tablet de2ed4132687463ba59fe718a5fa8d6d. 1 dirs total, 0 dirs full, 0 dirs failed
I20260630 12:38:58.805732 15103 tablet_service.cc:1511] Processing CreateTablet for tablet 52622c57cbef4993bf7005f6debaad46 (DEFAULT_TABLE table=test-workload [id=b10b6f3d9b47497da6dfff6bf030630a]), partition=RANGE (key) PARTITION VALUES < 268435455
I20260630 12:38:58.807032 15103 data_dirs.cc:400] Could only allocate 1 dirs of requested 3 for tablet 52622c57cbef4993bf7005f6debaad46. 1 dirs total, 0 dirs full, 0 dirs failed
I20260630 12:38:58.807865 15101 tablet_service.cc:1511] Processing CreateTablet for tablet 37cf704836a6460fb1350d948e756f0d (DEFAULT_TABLE table=test-workload [id=b10b6f3d9b47497da6dfff6bf030630a]), partition=RANGE (key) PARTITION 536870910 <= VALUES < 805306365
I20260630 12:38:58.810534 15100 tablet_service.cc:1511] Processing CreateTablet for tablet 3e01cf2b736e48f6a581b9a01a5e7b4e (DEFAULT_TABLE table=test-workload [id=b10b6f3d9b47497da6dfff6bf030630a]), partition=RANGE (key) PARTITION 805306365 <= VALUES < 1073741820
I20260630 12:38:58.812780 15099 tablet_service.cc:1511] Processing CreateTablet for tablet 90637796ba4145dbaa245e58b9598bd8 (DEFAULT_TABLE table=test-workload [id=b10b6f3d9b47497da6dfff6bf030630a]), partition=RANGE (key) PARTITION 1073741820 <= VALUES < 1342177275
I20260630 12:38:58.809230 15101 data_dirs.cc:400] Could only allocate 1 dirs of requested 3 for tablet 37cf704836a6460fb1350d948e756f0d. 1 dirs total, 0 dirs full, 0 dirs failed
I20260630 12:38:58.814404 15249 tablet_service.cc:1511] Processing CreateTablet for tablet 3e01cf2b736e48f6a581b9a01a5e7b4e (DEFAULT_TABLE table=test-workload [id=b10b6f3d9b47497da6dfff6bf030630a]), partition=RANGE (key) PARTITION 805306365 <= VALUES < 1073741820
I20260630 12:38:58.814899 15099 data_dirs.cc:400] Could only allocate 1 dirs of requested 3 for tablet 90637796ba4145dbaa245e58b9598bd8. 1 dirs total, 0 dirs full, 0 dirs failed
I20260630 12:38:58.815742 15249 data_dirs.cc:400] Could only allocate 1 dirs of requested 3 for tablet 3e01cf2b736e48f6a581b9a01a5e7b4e. 1 dirs total, 0 dirs full, 0 dirs failed
I20260630 12:38:58.817806 15248 tablet_service.cc:1511] Processing CreateTablet for tablet 90637796ba4145dbaa245e58b9598bd8 (DEFAULT_TABLE table=test-workload [id=b10b6f3d9b47497da6dfff6bf030630a]), partition=RANGE (key) PARTITION 1073741820 <= VALUES < 1342177275
I20260630 12:38:58.812692 15250 tablet_service.cc:1511] Processing CreateTablet for tablet 37cf704836a6460fb1350d948e756f0d (DEFAULT_TABLE table=test-workload [id=b10b6f3d9b47497da6dfff6bf030630a]), partition=RANGE (key) PARTITION 536870910 <= VALUES < 805306365
I20260630 12:38:58.821529 15247 tablet_service.cc:1511] Processing CreateTablet for tablet cf1c51ecf5354df4873ed1d3c525f1c4 (DEFAULT_TABLE table=test-workload [id=b10b6f3d9b47497da6dfff6bf030630a]), partition=RANGE (key) PARTITION 1342177275 <= VALUES < 1610612730
I20260630 12:38:58.821837 15098 tablet_service.cc:1511] Processing CreateTablet for tablet cf1c51ecf5354df4873ed1d3c525f1c4 (DEFAULT_TABLE table=test-workload [id=b10b6f3d9b47497da6dfff6bf030630a]), partition=RANGE (key) PARTITION 1342177275 <= VALUES < 1610612730
I20260630 12:38:58.823055 15098 data_dirs.cc:400] Could only allocate 1 dirs of requested 3 for tablet cf1c51ecf5354df4873ed1d3c525f1c4. 1 dirs total, 0 dirs full, 0 dirs failed
I20260630 12:38:58.824967 15248 data_dirs.cc:400] Could only allocate 1 dirs of requested 3 for tablet 90637796ba4145dbaa245e58b9598bd8. 1 dirs total, 0 dirs full, 0 dirs failed
I20260630 12:38:58.825781 15097 tablet_service.cc:1511] Processing CreateTablet for tablet f653a71e4162472a99de9e5d13df3ff0 (DEFAULT_TABLE table=test-workload [id=b10b6f3d9b47497da6dfff6bf030630a]), partition=RANGE (key) PARTITION 1610612730 <= VALUES < 1879048185
I20260630 12:38:58.827167 15097 data_dirs.cc:400] Could only allocate 1 dirs of requested 3 for tablet f653a71e4162472a99de9e5d13df3ff0. 1 dirs total, 0 dirs full, 0 dirs failed
I20260630 12:38:58.829018 15250 data_dirs.cc:400] Could only allocate 1 dirs of requested 3 for tablet 37cf704836a6460fb1350d948e756f0d. 1 dirs total, 0 dirs full, 0 dirs failed
I20260630 12:38:58.833112 15100 data_dirs.cc:400] Could only allocate 1 dirs of requested 3 for tablet 3e01cf2b736e48f6a581b9a01a5e7b4e. 1 dirs total, 0 dirs full, 0 dirs failed
I20260630 12:38:58.833364 15096 tablet_service.cc:1511] Processing CreateTablet for tablet 4bdf61b11acf48969e75cc5ff8cfa8b0 (DEFAULT_TABLE table=test-workload [id=b10b6f3d9b47497da6dfff6bf030630a]), partition=RANGE (key) PARTITION 1879048185 <= VALUES
I20260630 12:38:58.834651 15096 data_dirs.cc:400] Could only allocate 1 dirs of requested 3 for tablet 4bdf61b11acf48969e75cc5ff8cfa8b0. 1 dirs total, 0 dirs full, 0 dirs failed
I20260630 12:38:58.837091 15247 data_dirs.cc:400] Could only allocate 1 dirs of requested 3 for tablet cf1c51ecf5354df4873ed1d3c525f1c4. 1 dirs total, 0 dirs full, 0 dirs failed
I20260630 12:38:58.842291 15246 tablet_service.cc:1511] Processing CreateTablet for tablet f653a71e4162472a99de9e5d13df3ff0 (DEFAULT_TABLE table=test-workload [id=b10b6f3d9b47497da6dfff6bf030630a]), partition=RANGE (key) PARTITION 1610612730 <= VALUES < 1879048185
I20260630 12:38:58.843470 15246 data_dirs.cc:400] Could only allocate 1 dirs of requested 3 for tablet f653a71e4162472a99de9e5d13df3ff0. 1 dirs total, 0 dirs full, 0 dirs failed
I20260630 12:38:58.849915 15245 tablet_service.cc:1511] Processing CreateTablet for tablet 4bdf61b11acf48969e75cc5ff8cfa8b0 (DEFAULT_TABLE table=test-workload [id=b10b6f3d9b47497da6dfff6bf030630a]), partition=RANGE (key) PARTITION 1879048185 <= VALUES
I20260630 12:38:58.851503 15245 data_dirs.cc:400] Could only allocate 1 dirs of requested 3 for tablet 4bdf61b11acf48969e75cc5ff8cfa8b0. 1 dirs total, 0 dirs full, 0 dirs failed
I20260630 12:38:58.858657 15178 tablet_service.cc:1511] Processing CreateTablet for tablet 52622c57cbef4993bf7005f6debaad46 (DEFAULT_TABLE table=test-workload [id=b10b6f3d9b47497da6dfff6bf030630a]), partition=RANGE (key) PARTITION VALUES < 268435455
I20260630 12:38:58.860025 15178 data_dirs.cc:400] Could only allocate 1 dirs of requested 3 for tablet 52622c57cbef4993bf7005f6debaad46. 1 dirs total, 0 dirs full, 0 dirs failed
I20260630 12:38:58.863554 15175 tablet_service.cc:1511] Processing CreateTablet for tablet 3e01cf2b736e48f6a581b9a01a5e7b4e (DEFAULT_TABLE table=test-workload [id=b10b6f3d9b47497da6dfff6bf030630a]), partition=RANGE (key) PARTITION 805306365 <= VALUES < 1073741820
I20260630 12:38:58.864988 15175 data_dirs.cc:400] Could only allocate 1 dirs of requested 3 for tablet 3e01cf2b736e48f6a581b9a01a5e7b4e. 1 dirs total, 0 dirs full, 0 dirs failed
I20260630 12:38:58.868916 15173 tablet_service.cc:1511] Processing CreateTablet for tablet cf1c51ecf5354df4873ed1d3c525f1c4 (DEFAULT_TABLE table=test-workload [id=b10b6f3d9b47497da6dfff6bf030630a]), partition=RANGE (key) PARTITION 1342177275 <= VALUES < 1610612730
I20260630 12:38:58.869691 15174 tablet_service.cc:1511] Processing CreateTablet for tablet 90637796ba4145dbaa245e58b9598bd8 (DEFAULT_TABLE table=test-workload [id=b10b6f3d9b47497da6dfff6bf030630a]), partition=RANGE (key) PARTITION 1073741820 <= VALUES < 1342177275
I20260630 12:38:58.873200 15173 data_dirs.cc:400] Could only allocate 1 dirs of requested 3 for tablet cf1c51ecf5354df4873ed1d3c525f1c4. 1 dirs total, 0 dirs full, 0 dirs failed
I20260630 12:38:58.862521 15177 tablet_service.cc:1511] Processing CreateTablet for tablet de2ed4132687463ba59fe718a5fa8d6d (DEFAULT_TABLE table=test-workload [id=b10b6f3d9b47497da6dfff6bf030630a]), partition=RANGE (key) PARTITION 268435455 <= VALUES < 536870910
I20260630 12:38:58.877847 15307 tablet_bootstrap.cc:492] T 52622c57cbef4993bf7005f6debaad46 P b11bde610eda43a0b4ac5704396bfa85: Bootstrap starting.
I20260630 12:38:58.877797 15171 tablet_service.cc:1511] Processing CreateTablet for tablet 4bdf61b11acf48969e75cc5ff8cfa8b0 (DEFAULT_TABLE table=test-workload [id=b10b6f3d9b47497da6dfff6bf030630a]), partition=RANGE (key) PARTITION 1879048185 <= VALUES
I20260630 12:38:58.878540 15172 tablet_service.cc:1511] Processing CreateTablet for tablet f653a71e4162472a99de9e5d13df3ff0 (DEFAULT_TABLE table=test-workload [id=b10b6f3d9b47497da6dfff6bf030630a]), partition=RANGE (key) PARTITION 1610612730 <= VALUES < 1879048185
I20260630 12:38:58.880471 15176 tablet_service.cc:1511] Processing CreateTablet for tablet 37cf704836a6460fb1350d948e756f0d (DEFAULT_TABLE table=test-workload [id=b10b6f3d9b47497da6dfff6bf030630a]), partition=RANGE (key) PARTITION 536870910 <= VALUES < 805306365
I20260630 12:38:58.883365 15174 data_dirs.cc:400] Could only allocate 1 dirs of requested 3 for tablet 90637796ba4145dbaa245e58b9598bd8. 1 dirs total, 0 dirs full, 0 dirs failed
I20260630 12:38:58.886469 15177 data_dirs.cc:400] Could only allocate 1 dirs of requested 3 for tablet de2ed4132687463ba59fe718a5fa8d6d. 1 dirs total, 0 dirs full, 0 dirs failed
I20260630 12:38:58.889941 15172 data_dirs.cc:400] Could only allocate 1 dirs of requested 3 for tablet f653a71e4162472a99de9e5d13df3ff0. 1 dirs total, 0 dirs full, 0 dirs failed
I20260630 12:38:58.891426 15176 data_dirs.cc:400] Could only allocate 1 dirs of requested 3 for tablet 37cf704836a6460fb1350d948e756f0d. 1 dirs total, 0 dirs full, 0 dirs failed
I20260630 12:38:58.912765 15171 data_dirs.cc:400] Could only allocate 1 dirs of requested 3 for tablet 4bdf61b11acf48969e75cc5ff8cfa8b0. 1 dirs total, 0 dirs full, 0 dirs failed
I20260630 12:38:58.923508 15307 tablet_bootstrap.cc:654] T 52622c57cbef4993bf7005f6debaad46 P b11bde610eda43a0b4ac5704396bfa85: Neither blocks nor log segments found. Creating new log.
I20260630 12:38:58.929380 15308 tablet_bootstrap.cc:492] T de2ed4132687463ba59fe718a5fa8d6d P 619a8473689948c58eeb4a4a5f05c98f: Bootstrap starting.
I20260630 12:38:58.945436 15309 tablet_bootstrap.cc:492] T 37cf704836a6460fb1350d948e756f0d P 682d17157bc64e66bec659ad1a056151: Bootstrap starting.
I20260630 12:38:58.959723 15308 tablet_bootstrap.cc:654] T de2ed4132687463ba59fe718a5fa8d6d P 619a8473689948c58eeb4a4a5f05c98f: Neither blocks nor log segments found. Creating new log.
I20260630 12:38:58.976696 15309 tablet_bootstrap.cc:654] T 37cf704836a6460fb1350d948e756f0d P 682d17157bc64e66bec659ad1a056151: Neither blocks nor log segments found. Creating new log.
I20260630 12:38:58.977680 15307 tablet_bootstrap.cc:492] T 52622c57cbef4993bf7005f6debaad46 P b11bde610eda43a0b4ac5704396bfa85: No bootstrap required, opened a new log
I20260630 12:38:58.978132 15307 ts_tablet_manager.cc:1403] T 52622c57cbef4993bf7005f6debaad46 P b11bde610eda43a0b4ac5704396bfa85: Time spent bootstrapping tablet: real 0.101s	user 0.013s	sys 0.001s
I20260630 12:38:58.980458 15307 raft_consensus.cc:359] T 52622c57cbef4993bf7005f6debaad46 P b11bde610eda43a0b4ac5704396bfa85 [term 0 FOLLOWER]: Replica starting. Triggering 0 pending ops. Active config: opid_index: -1 OBSOLETE_local: false peers { permanent_uuid: "b11bde610eda43a0b4ac5704396bfa85" member_type: VOTER last_known_addr { host: "127.14.27.3" port: 45117 } } peers { permanent_uuid: "682d17157bc64e66bec659ad1a056151" member_type: VOTER last_known_addr { host: "127.14.27.1" port: 36541 } } peers { permanent_uuid: "619a8473689948c58eeb4a4a5f05c98f" member_type: VOTER last_known_addr { host: "127.14.27.2" port: 39687 } }
I20260630 12:38:58.981202 15307 raft_consensus.cc:385] T 52622c57cbef4993bf7005f6debaad46 P b11bde610eda43a0b4ac5704396bfa85 [term 0 FOLLOWER]: Consensus starting up: Expiring failure detector timer to make a prompt election more likely
I20260630 12:38:58.981494 15307 raft_consensus.cc:740] T 52622c57cbef4993bf7005f6debaad46 P b11bde610eda43a0b4ac5704396bfa85 [term 0 FOLLOWER]: Becoming Follower/Learner. State: Replica: b11bde610eda43a0b4ac5704396bfa85, State: Initialized, Role: FOLLOWER
I20260630 12:38:58.982690 15309 tablet_bootstrap.cc:492] T 37cf704836a6460fb1350d948e756f0d P 682d17157bc64e66bec659ad1a056151: No bootstrap required, opened a new log
I20260630 12:38:58.982246 15307 consensus_queue.cc:260] T 52622c57cbef4993bf7005f6debaad46 P b11bde610eda43a0b4ac5704396bfa85 [NON_LEADER]: Queue going to NON_LEADER mode. State: All replicated index: 0, Majority replicated index: 0, Committed index: 0, Last appended: 0.0, Last appended by leader: 0, Current term: 0, Majority size: -1, State: 0, Mode: NON_LEADER, active raft config: opid_index: -1 OBSOLETE_local: false peers { permanent_uuid: "b11bde610eda43a0b4ac5704396bfa85" member_type: VOTER last_known_addr { host: "127.14.27.3" port: 45117 } } peers { permanent_uuid: "682d17157bc64e66bec659ad1a056151" member_type: VOTER last_known_addr { host: "127.14.27.1" port: 36541 } } peers { permanent_uuid: "619a8473689948c58eeb4a4a5f05c98f" member_type: VOTER last_known_addr { host: "127.14.27.2" port: 39687 } }
I20260630 12:38:58.983148 15308 tablet_bootstrap.cc:492] T de2ed4132687463ba59fe718a5fa8d6d P 619a8473689948c58eeb4a4a5f05c98f: No bootstrap required, opened a new log
I20260630 12:38:58.983155 15309 ts_tablet_manager.cc:1403] T 37cf704836a6460fb1350d948e756f0d P 682d17157bc64e66bec659ad1a056151: Time spent bootstrapping tablet: real 0.038s	user 0.010s	sys 0.000s
I20260630 12:38:58.983765 15308 ts_tablet_manager.cc:1403] T de2ed4132687463ba59fe718a5fa8d6d P 619a8473689948c58eeb4a4a5f05c98f: Time spent bootstrapping tablet: real 0.055s	user 0.007s	sys 0.004s
I20260630 12:38:58.986193 15309 raft_consensus.cc:359] T 37cf704836a6460fb1350d948e756f0d P 682d17157bc64e66bec659ad1a056151 [term 0 FOLLOWER]: Replica starting. Triggering 0 pending ops. Active config: opid_index: -1 OBSOLETE_local: false peers { permanent_uuid: "682d17157bc64e66bec659ad1a056151" member_type: VOTER last_known_addr { host: "127.14.27.1" port: 36541 } } peers { permanent_uuid: "619a8473689948c58eeb4a4a5f05c98f" member_type: VOTER last_known_addr { host: "127.14.27.2" port: 39687 } } peers { permanent_uuid: "b11bde610eda43a0b4ac5704396bfa85" member_type: VOTER last_known_addr { host: "127.14.27.3" port: 45117 } }
I20260630 12:38:58.986358 15308 raft_consensus.cc:359] T de2ed4132687463ba59fe718a5fa8d6d P 619a8473689948c58eeb4a4a5f05c98f [term 0 FOLLOWER]: Replica starting. Triggering 0 pending ops. Active config: opid_index: -1 OBSOLETE_local: false peers { permanent_uuid: "682d17157bc64e66bec659ad1a056151" member_type: VOTER last_known_addr { host: "127.14.27.1" port: 36541 } } peers { permanent_uuid: "619a8473689948c58eeb4a4a5f05c98f" member_type: VOTER last_known_addr { host: "127.14.27.2" port: 39687 } } peers { permanent_uuid: "b11bde610eda43a0b4ac5704396bfa85" member_type: VOTER last_known_addr { host: "127.14.27.3" port: 45117 } }
I20260630 12:38:58.987030 15308 raft_consensus.cc:385] T de2ed4132687463ba59fe718a5fa8d6d P 619a8473689948c58eeb4a4a5f05c98f [term 0 FOLLOWER]: Consensus starting up: Expiring failure detector timer to make a prompt election more likely
I20260630 12:38:58.987001 15309 raft_consensus.cc:385] T 37cf704836a6460fb1350d948e756f0d P 682d17157bc64e66bec659ad1a056151 [term 0 FOLLOWER]: Consensus starting up: Expiring failure detector timer to make a prompt election more likely
I20260630 12:38:58.987473 15308 raft_consensus.cc:740] T de2ed4132687463ba59fe718a5fa8d6d P 619a8473689948c58eeb4a4a5f05c98f [term 0 FOLLOWER]: Becoming Follower/Learner. State: Replica: 619a8473689948c58eeb4a4a5f05c98f, State: Initialized, Role: FOLLOWER
I20260630 12:38:58.987522 15309 raft_consensus.cc:740] T 37cf704836a6460fb1350d948e756f0d P 682d17157bc64e66bec659ad1a056151 [term 0 FOLLOWER]: Becoming Follower/Learner. State: Replica: 682d17157bc64e66bec659ad1a056151, State: Initialized, Role: FOLLOWER
I20260630 12:38:58.988381 15309 consensus_queue.cc:260] T 37cf704836a6460fb1350d948e756f0d P 682d17157bc64e66bec659ad1a056151 [NON_LEADER]: Queue going to NON_LEADER mode. State: All replicated index: 0, Majority replicated index: 0, Committed index: 0, Last appended: 0.0, Last appended by leader: 0, Current term: 0, Majority size: -1, State: 0, Mode: NON_LEADER, active raft config: opid_index: -1 OBSOLETE_local: false peers { permanent_uuid: "682d17157bc64e66bec659ad1a056151" member_type: VOTER last_known_addr { host: "127.14.27.1" port: 36541 } } peers { permanent_uuid: "619a8473689948c58eeb4a4a5f05c98f" member_type: VOTER last_known_addr { host: "127.14.27.2" port: 39687 } } peers { permanent_uuid: "b11bde610eda43a0b4ac5704396bfa85" member_type: VOTER last_known_addr { host: "127.14.27.3" port: 45117 } }
I20260630 12:38:58.988469 15308 consensus_queue.cc:260] T de2ed4132687463ba59fe718a5fa8d6d P 619a8473689948c58eeb4a4a5f05c98f [NON_LEADER]: Queue going to NON_LEADER mode. State: All replicated index: 0, Majority replicated index: 0, Committed index: 0, Last appended: 0.0, Last appended by leader: 0, Current term: 0, Majority size: -1, State: 0, Mode: NON_LEADER, active raft config: opid_index: -1 OBSOLETE_local: false peers { permanent_uuid: "682d17157bc64e66bec659ad1a056151" member_type: VOTER last_known_addr { host: "127.14.27.1" port: 36541 } } peers { permanent_uuid: "619a8473689948c58eeb4a4a5f05c98f" member_type: VOTER last_known_addr { host: "127.14.27.2" port: 39687 } } peers { permanent_uuid: "b11bde610eda43a0b4ac5704396bfa85" member_type: VOTER last_known_addr { host: "127.14.27.3" port: 45117 } }
I20260630 12:38:58.991495 15307 ts_tablet_manager.cc:1434] T 52622c57cbef4993bf7005f6debaad46 P b11bde610eda43a0b4ac5704396bfa85: Time spent starting tablet: real 0.013s	user 0.000s	sys 0.013s
I20260630 12:38:58.991740 15308 ts_tablet_manager.cc:1434] T de2ed4132687463ba59fe718a5fa8d6d P 619a8473689948c58eeb4a4a5f05c98f: Time spent starting tablet: real 0.008s	user 0.003s	sys 0.004s
I20260630 12:38:58.992197 15309 ts_tablet_manager.cc:1434] T 37cf704836a6460fb1350d948e756f0d P 682d17157bc64e66bec659ad1a056151: Time spent starting tablet: real 0.008s	user 0.007s	sys 0.000s
I20260630 12:38:58.993052 15309 tablet_bootstrap.cc:492] T cf1c51ecf5354df4873ed1d3c525f1c4 P 682d17157bc64e66bec659ad1a056151: Bootstrap starting.
I20260630 12:38:58.994170 15307 tablet_bootstrap.cc:492] T f653a71e4162472a99de9e5d13df3ff0 P b11bde610eda43a0b4ac5704396bfa85: Bootstrap starting.
I20260630 12:38:58.995738 15308 tablet_bootstrap.cc:492] T 4bdf61b11acf48969e75cc5ff8cfa8b0 P 619a8473689948c58eeb4a4a5f05c98f: Bootstrap starting.
I20260630 12:38:59.000104 15307 tablet_bootstrap.cc:654] T f653a71e4162472a99de9e5d13df3ff0 P b11bde610eda43a0b4ac5704396bfa85: Neither blocks nor log segments found. Creating new log.
I20260630 12:38:59.001881 15308 tablet_bootstrap.cc:654] T 4bdf61b11acf48969e75cc5ff8cfa8b0 P 619a8473689948c58eeb4a4a5f05c98f: Neither blocks nor log segments found. Creating new log.
I20260630 12:38:59.012887 15309 tablet_bootstrap.cc:654] T cf1c51ecf5354df4873ed1d3c525f1c4 P 682d17157bc64e66bec659ad1a056151: Neither blocks nor log segments found. Creating new log.
I20260630 12:38:59.014683 15308 tablet_bootstrap.cc:492] T 4bdf61b11acf48969e75cc5ff8cfa8b0 P 619a8473689948c58eeb4a4a5f05c98f: No bootstrap required, opened a new log
I20260630 12:38:59.015777 15308 ts_tablet_manager.cc:1403] T 4bdf61b11acf48969e75cc5ff8cfa8b0 P 619a8473689948c58eeb4a4a5f05c98f: Time spent bootstrapping tablet: real 0.020s	user 0.013s	sys 0.005s
I20260630 12:38:59.017546 15307 tablet_bootstrap.cc:492] T f653a71e4162472a99de9e5d13df3ff0 P b11bde610eda43a0b4ac5704396bfa85: No bootstrap required, opened a new log
I20260630 12:38:59.017607 15309 tablet_bootstrap.cc:492] T cf1c51ecf5354df4873ed1d3c525f1c4 P 682d17157bc64e66bec659ad1a056151: No bootstrap required, opened a new log
I20260630 12:38:59.018010 15307 ts_tablet_manager.cc:1403] T f653a71e4162472a99de9e5d13df3ff0 P b11bde610eda43a0b4ac5704396bfa85: Time spent bootstrapping tablet: real 0.024s	user 0.014s	sys 0.008s
