wal directory: /tmp/dist-test-taskA1fBN5/test-tmp/auto_rebalancer-test.0.AutoRebalancerTest.NextLeaderResumesAutoRebalancing.1782821478893626-431-0/minicluster-data/master-0-root
metadata directory: /tmp/dist-test-taskA1fBN5/test-tmp/auto_rebalancer-test.0.AutoRebalancerTest.NextLeaderResumesAutoRebalancing.1782821478893626-431-0/minicluster-data/master-0-root
1 data directories: /tmp/dist-test-taskA1fBN5/test-tmp/auto_rebalancer-test.0.AutoRebalancerTest.NextLeaderResumesAutoRebalancing.1782821478893626-431-0/minicluster-data/master-0-root/data
Total live blocks: 0
Total live bytes: 0
Total live bytes (after alignment): 0
Total number of LBM containers: 0 (0 full)
Did not check for missing blocks
Did not check for orphaned blocks
Total full LBM containers with extra space: 0 (0 repaired)
Total full LBM container extra space in bytes: 0 (0 repaired)
Total incomplete LBM containers: 0 (0 repaired)
Total LBM partial records: 0 (0 repaired)
Total corrupted LBM metadata records in RocksDB: 0 (0 repaired)
I20260630 12:11:37.065086   431 rpc_server.cc:225] running with OpenSSL 1.1.1  11 Sep 2018
I20260630 12:11:37.066319   431 kserver.cc:163] Server-wide thread pool size limit: 3276
I20260630 12:11:37.103443   431 rpc_server.cc:307] RPC server started. Bound to: 127.0.107.254:38477
I20260630 12:11:37.103533  1596 acceptor_pool.cc:272] collecting diagnostics on the listening RPC socket 127.0.107.254:38477 every 8 connection(s)
I20260630 12:11:37.107398  1597 data_dirs.cc:400] Could only allocate 1 dirs of requested 3 for tablet 00000000000000000000000000000000. 1 dirs total, 0 dirs full, 0 dirs failed
I20260630 12:11:37.107667   431 file_cache.cc:492] Constructed file cache file cache with capacity 419430
W20260630 12:11:37.113817  1599 instance_detector.cc:116] could not retrieve AWS instance metadata: Network error: curl error: HTTP response code said error: The requested URL returned error: 404
I20260630 12:11:37.114890  1597 sys_catalog.cc:422] member_type: VOTER last_known_addr { host: "127.0.107.254" port: 38477 } has no permanent_uuid. Determining permanent_uuid...
W20260630 12:11:37.115751  1600 instance_detector.cc:116] could not retrieve Azure instance metadata: Network error: curl error: HTTP response code said error: The requested URL returned error: 404
I20260630 12:11:37.117976   431 server_base.cc:1061] running on GCE node
W20260630 12:11:37.119138  1602 instance_detector.cc:116] could not retrieve OpenStack instance metadata: Network error: curl error: HTTP response code said error: The requested URL returned error: 404
I20260630 12:11:37.120151   431 hybrid_clock.cc:584] initializing the hybrid clock with 'system_unsync' time source
W20260630 12:11:37.120414   431 system_unsync_time.cc:38] NTP support is disabled. Clock error bounds will not be accurate. This configuration is not suitable for distributed clusters.
I20260630 12:11:37.120595   431 hybrid_clock.cc:648] HybridClock initialized: now 1782821497120580 us; error 0 us; skew 500 ppm
I20260630 12:11:37.121249   431 server_base.cc:861] Flag tcmalloc_max_total_thread_cache_bytes is not working since tcmalloc is not enabled.
I20260630 12:11:37.123971   431 webserver.cc:533] Webserver started at http://127.0.107.253:34401/ using document root <none> and password file <none>
I20260630 12:11:37.124577   431 fs_manager.cc:362] Metadata directory not provided
I20260630 12:11:37.124785   431 fs_manager.cc:368] Using write-ahead log directory (fs_wal_dir) as metadata directory
I20260630 12:11:37.125047   431 server_base.cc:909] This appears to be a new deployment of Kudu; creating new FS layout
I20260630 12:11:37.126283   431 fs_manager.cc:1068] Generated new instance metadata in path /tmp/dist-test-taskA1fBN5/test-tmp/auto_rebalancer-test.0.AutoRebalancerTest.NextLeaderResumesAutoRebalancing.1782821478893626-431-0/minicluster-data/master-1-root/instance:
uuid: "651998822bbb41fd9ae14d8502358412"
format_stamp: "Formatted at 2026-06-30 12:11:37 on dist-test-slave-cpnt"
I20260630 12:11:37.129552  1597 sys_catalog.cc:422] member_type: VOTER last_known_addr { host: "127.0.107.253" port: 43119 } has no permanent_uuid. Determining permanent_uuid...
I20260630 12:11:37.132114   431 fs_manager.cc:696] Time spent creating directory manager: real 0.005s	user 0.005s	sys 0.000s
W20260630 12:11:37.135375  1597 consensus_peers.cc:760] Error getting permanent uuid from config peer 127.0.107.253:43119: Network error: Client connection negotiation failed: client connection to 127.0.107.253:43119: connect: Connection refused (error 111)
I20260630 12:11:37.136097  1610 log_block_manager.cc:4031] Time spent loading block containers with low live blocks: real 0.000s	user 0.000s	sys 0.000s
I20260630 12:11:37.136865   431 fs_manager.cc:730] Time spent opening block manager: real 0.003s	user 0.003s	sys 0.001s
I20260630 12:11:37.137153   431 fs_manager.cc:647] Opened local filesystem: /tmp/dist-test-taskA1fBN5/test-tmp/auto_rebalancer-test.0.AutoRebalancerTest.NextLeaderResumesAutoRebalancing.1782821478893626-431-0/minicluster-data/master-1-root
uuid: "651998822bbb41fd9ae14d8502358412"
format_stamp: "Formatted at 2026-06-30 12:11:37 on dist-test-slave-cpnt"
I20260630 12:11:37.137436   431 fs_report.cc:389] FS layout report
--------------------
wal directory: /tmp/dist-test-taskA1fBN5/test-tmp/auto_rebalancer-test.0.AutoRebalancerTest.NextLeaderResumesAutoRebalancing.1782821478893626-431-0/minicluster-data/master-1-root
metadata directory: /tmp/dist-test-taskA1fBN5/test-tmp/auto_rebalancer-test.0.AutoRebalancerTest.NextLeaderResumesAutoRebalancing.1782821478893626-431-0/minicluster-data/master-1-root
1 data directories: /tmp/dist-test-taskA1fBN5/test-tmp/auto_rebalancer-test.0.AutoRebalancerTest.NextLeaderResumesAutoRebalancing.1782821478893626-431-0/minicluster-data/master-1-root/data
Total live blocks: 0
Total live bytes: 0
Total live bytes (after alignment): 0
Total number of LBM containers: 0 (0 full)
Did not check for missing blocks
Did not check for orphaned blocks
Total full LBM containers with extra space: 0 (0 repaired)
Total full LBM container extra space in bytes: 0 (0 repaired)
Total incomplete LBM containers: 0 (0 repaired)
Total LBM partial records: 0 (0 repaired)
Total corrupted LBM metadata records in RocksDB: 0 (0 repaired)
I20260630 12:11:37.149343   431 rpc_server.cc:225] running with OpenSSL 1.1.1  11 Sep 2018
I20260630 12:11:37.150470   431 kserver.cc:163] Server-wide thread pool size limit: 3276
I20260630 12:11:37.180946  1597 consensus_peers.cc:770] Retrying to get permanent uuid for remote peer: member_type: VOTER last_known_addr { host: "127.0.107.253" port: 43119 } attempt: 1
W20260630 12:11:37.186131  1597 consensus_peers.cc:760] Error getting permanent uuid from config peer 127.0.107.253:43119: Network error: Client connection negotiation failed: client connection to 127.0.107.253:43119: connect: Connection refused (error 111)
I20260630 12:11:37.189338   431 rpc_server.cc:307] RPC server started. Bound to: 127.0.107.253:43119
I20260630 12:11:37.189436  1661 acceptor_pool.cc:272] collecting diagnostics on the listening RPC socket 127.0.107.253:43119 every 8 connection(s)
I20260630 12:11:37.193184  1662 data_dirs.cc:400] Could only allocate 1 dirs of requested 3 for tablet 00000000000000000000000000000000. 1 dirs total, 0 dirs full, 0 dirs failed
I20260630 12:11:37.193282   431 file_cache.cc:492] Constructed file cache file cache with capacity 419430
W20260630 12:11:37.199116  1665 instance_detector.cc:116] could not retrieve Azure instance metadata: Network error: curl error: HTTP response code said error: The requested URL returned error: 404
W20260630 12:11:37.199052  1664 instance_detector.cc:116] could not retrieve AWS instance metadata: Network error: curl error: HTTP response code said error: The requested URL returned error: 404
I20260630 12:11:37.200547  1662 sys_catalog.cc:422] member_type: VOTER last_known_addr { host: "127.0.107.254" port: 38477 } has no permanent_uuid. Determining permanent_uuid...
W20260630 12:11:37.203248  1667 instance_detector.cc:116] could not retrieve OpenStack instance metadata: Network error: curl error: HTTP response code said error: The requested URL returned error: 404
I20260630 12:11:37.204780   431 server_base.cc:1061] running on GCE node
I20260630 12:11:37.205806   431 hybrid_clock.cc:584] initializing the hybrid clock with 'system_unsync' time source
W20260630 12:11:37.206086   431 system_unsync_time.cc:38] NTP support is disabled. Clock error bounds will not be accurate. This configuration is not suitable for distributed clusters.
I20260630 12:11:37.206275   431 hybrid_clock.cc:648] HybridClock initialized: now 1782821497206260 us; error 0 us; skew 500 ppm
I20260630 12:11:37.206862   431 server_base.cc:861] Flag tcmalloc_max_total_thread_cache_bytes is not working since tcmalloc is not enabled.
I20260630 12:11:37.210095   431 webserver.cc:533] Webserver started at http://127.0.107.252:44821/ using document root <none> and password file <none>
I20260630 12:11:37.210762   431 fs_manager.cc:362] Metadata directory not provided
I20260630 12:11:37.211035   431 fs_manager.cc:368] Using write-ahead log directory (fs_wal_dir) as metadata directory
I20260630 12:11:37.211369   431 server_base.cc:909] This appears to be a new deployment of Kudu; creating new FS layout
I20260630 12:11:37.212746   431 fs_manager.cc:1068] Generated new instance metadata in path /tmp/dist-test-taskA1fBN5/test-tmp/auto_rebalancer-test.0.AutoRebalancerTest.NextLeaderResumesAutoRebalancing.1782821478893626-431-0/minicluster-data/master-2-root/instance:
uuid: "53315522b0c84247a0a0e977884dcd14"
format_stamp: "Formatted at 2026-06-30 12:11:37 on dist-test-slave-cpnt"
I20260630 12:11:37.214387  1662 sys_catalog.cc:422] member_type: VOTER last_known_addr { host: "127.0.107.253" port: 43119 } has no permanent_uuid. Determining permanent_uuid...
I20260630 12:11:37.218364   431 fs_manager.cc:696] Time spent creating directory manager: real 0.005s	user 0.007s	sys 0.000s
I20260630 12:11:37.222628  1674 log_block_manager.cc:4031] Time spent loading block containers with low live blocks: real 0.000s	user 0.000s	sys 0.000s
I20260630 12:11:37.224009   431 fs_manager.cc:730] Time spent opening block manager: real 0.003s	user 0.004s	sys 0.000s
I20260630 12:11:37.224347   431 fs_manager.cc:647] Opened local filesystem: /tmp/dist-test-taskA1fBN5/test-tmp/auto_rebalancer-test.0.AutoRebalancerTest.NextLeaderResumesAutoRebalancing.1782821478893626-431-0/minicluster-data/master-2-root
uuid: "53315522b0c84247a0a0e977884dcd14"
format_stamp: "Formatted at 2026-06-30 12:11:37 on dist-test-slave-cpnt"
I20260630 12:11:37.224628   431 fs_report.cc:389] FS layout report
--------------------
wal directory: /tmp/dist-test-taskA1fBN5/test-tmp/auto_rebalancer-test.0.AutoRebalancerTest.NextLeaderResumesAutoRebalancing.1782821478893626-431-0/minicluster-data/master-2-root
metadata directory: /tmp/dist-test-taskA1fBN5/test-tmp/auto_rebalancer-test.0.AutoRebalancerTest.NextLeaderResumesAutoRebalancing.1782821478893626-431-0/minicluster-data/master-2-root
1 data directories: /tmp/dist-test-taskA1fBN5/test-tmp/auto_rebalancer-test.0.AutoRebalancerTest.NextLeaderResumesAutoRebalancing.1782821478893626-431-0/minicluster-data/master-2-root/data
Total live blocks: 0
Total live bytes: 0
Total live bytes (after alignment): 0
Total number of LBM containers: 0 (0 full)
Did not check for missing blocks
Did not check for orphaned blocks
Total full LBM containers with extra space: 0 (0 repaired)
Total full LBM container extra space in bytes: 0 (0 repaired)
Total incomplete LBM containers: 0 (0 repaired)
Total LBM partial records: 0 (0 repaired)
Total corrupted LBM metadata records in RocksDB: 0 (0 repaired)
I20260630 12:11:37.227113  1662 sys_catalog.cc:422] member_type: VOTER last_known_addr { host: "127.0.107.252" port: 45893 } has no permanent_uuid. Determining permanent_uuid...
W20260630 12:11:37.233453  1662 consensus_peers.cc:760] Error getting permanent uuid from config peer 127.0.107.252:45893: Network error: Client connection negotiation failed: client connection to 127.0.107.252:45893: connect: Connection refused (error 111)
I20260630 12:11:37.234710  1597 consensus_peers.cc:770] Retrying to get permanent uuid for remote peer: member_type: VOTER last_known_addr { host: "127.0.107.253" port: 43119 } attempt: 2
I20260630 12:11:37.239478   431 rpc_server.cc:225] running with OpenSSL 1.1.1  11 Sep 2018
I20260630 12:11:37.240922   431 kserver.cc:163] Server-wide thread pool size limit: 3276
I20260630 12:11:37.245767  1597 sys_catalog.cc:422] member_type: VOTER last_known_addr { host: "127.0.107.252" port: 45893 } has no permanent_uuid. Determining permanent_uuid...
W20260630 12:11:37.250592  1597 consensus_peers.cc:760] Error getting permanent uuid from config peer 127.0.107.252:45893: Network error: Client connection negotiation failed: client connection to 127.0.107.252:45893: connect: Connection refused (error 111)
I20260630 12:11:37.278045  1662 consensus_peers.cc:770] Retrying to get permanent uuid for remote peer: member_type: VOTER last_known_addr { host: "127.0.107.252" port: 45893 } attempt: 1
I20260630 12:11:37.280107   431 rpc_server.cc:307] RPC server started. Bound to: 127.0.107.252:45893
I20260630 12:11:37.280223  1726 acceptor_pool.cc:272] collecting diagnostics on the listening RPC socket 127.0.107.252:45893 every 8 connection(s)
I20260630 12:11:37.283946   431 internal_mini_cluster.cc:184] Waiting to initialize catalog manager on master 0
I20260630 12:11:37.284952  1728 data_dirs.cc:400] Could only allocate 1 dirs of requested 3 for tablet 00000000000000000000000000000000. 1 dirs total, 0 dirs full, 0 dirs failed
I20260630 12:11:37.293687  1728 sys_catalog.cc:422] member_type: VOTER last_known_addr { host: "127.0.107.254" port: 38477 } has no permanent_uuid. Determining permanent_uuid...
I20260630 12:11:37.295156  1597 consensus_peers.cc:770] Retrying to get permanent uuid for remote peer: member_type: VOTER last_known_addr { host: "127.0.107.252" port: 45893 } attempt: 1
I20260630 12:11:37.302068  1662 tablet_bootstrap.cc:492] T 00000000000000000000000000000000 P 651998822bbb41fd9ae14d8502358412: Bootstrap starting.
I20260630 12:11:37.309412  1662 tablet_bootstrap.cc:654] T 00000000000000000000000000000000 P 651998822bbb41fd9ae14d8502358412: Neither blocks nor log segments found. Creating new log.
I20260630 12:11:37.309464  1728 sys_catalog.cc:422] member_type: VOTER last_known_addr { host: "127.0.107.253" port: 43119 } has no permanent_uuid. Determining permanent_uuid...
I20260630 12:11:37.314880  1597 tablet_bootstrap.cc:492] T 00000000000000000000000000000000 P c8115dd608534b069c1aca51e6a15678: Bootstrap starting.
I20260630 12:11:37.315493  1662 tablet_bootstrap.cc:492] T 00000000000000000000000000000000 P 651998822bbb41fd9ae14d8502358412: No bootstrap required, opened a new log
I20260630 12:11:37.318222  1662 raft_consensus.cc:359] T 00000000000000000000000000000000 P 651998822bbb41fd9ae14d8502358412 [term 0 FOLLOWER]: Replica starting. Triggering 0 pending ops. Active config: opid_index: -1 OBSOLETE_local: false peers { permanent_uuid: "c8115dd608534b069c1aca51e6a15678" member_type: VOTER last_known_addr { host: "127.0.107.254" port: 38477 } } peers { permanent_uuid: "651998822bbb41fd9ae14d8502358412" member_type: VOTER last_known_addr { host: "127.0.107.253" port: 43119 } } peers { permanent_uuid: "53315522b0c84247a0a0e977884dcd14" member_type: VOTER last_known_addr { host: "127.0.107.252" port: 45893 } }
I20260630 12:11:37.319095  1662 raft_consensus.cc:385] T 00000000000000000000000000000000 P 651998822bbb41fd9ae14d8502358412 [term 0 FOLLOWER]: Consensus starting up: Expiring failure detector timer to make a prompt election more likely
I20260630 12:11:37.319389  1662 raft_consensus.cc:740] T 00000000000000000000000000000000 P 651998822bbb41fd9ae14d8502358412 [term 0 FOLLOWER]: Becoming Follower/Learner. State: Replica: 651998822bbb41fd9ae14d8502358412, State: Initialized, Role: FOLLOWER
I20260630 12:11:37.320209  1662 consensus_queue.cc:260] T 00000000000000000000000000000000 P 651998822bbb41fd9ae14d8502358412 [NON_LEADER]: Queue going to NON_LEADER mode. State: All replicated index: 0, Majority replicated index: 0, Committed index: 0, Last appended: 0.0, Last appended by leader: 0, Current term: 0, Majority size: -1, State: 0, Mode: NON_LEADER, active raft config: opid_index: -1 OBSOLETE_local: false peers { permanent_uuid: "c8115dd608534b069c1aca51e6a15678" member_type: VOTER last_known_addr { host: "127.0.107.254" port: 38477 } } peers { permanent_uuid: "651998822bbb41fd9ae14d8502358412" member_type: VOTER last_known_addr { host: "127.0.107.253" port: 43119 } } peers { permanent_uuid: "53315522b0c84247a0a0e977884dcd14" member_type: VOTER last_known_addr { host: "127.0.107.252" port: 45893 } }
I20260630 12:11:37.321596  1597 tablet_bootstrap.cc:654] T 00000000000000000000000000000000 P c8115dd608534b069c1aca51e6a15678: Neither blocks nor log segments found. Creating new log.
I20260630 12:11:37.323199  1728 sys_catalog.cc:422] member_type: VOTER last_known_addr { host: "127.0.107.252" port: 45893 } has no permanent_uuid. Determining permanent_uuid...
I20260630 12:11:37.323096  1732 sys_catalog.cc:455] T 00000000000000000000000000000000 P 651998822bbb41fd9ae14d8502358412 [sys.catalog]: SysCatalogTable state changed. Reason: RaftConsensus started. Latest consensus state: current_term: 0 committed_config { opid_index: -1 OBSOLETE_local: false peers { permanent_uuid: "c8115dd608534b069c1aca51e6a15678" member_type: VOTER last_known_addr { host: "127.0.107.254" port: 38477 } } peers { permanent_uuid: "651998822bbb41fd9ae14d8502358412" member_type: VOTER last_known_addr { host: "127.0.107.253" port: 43119 } } peers { permanent_uuid: "53315522b0c84247a0a0e977884dcd14" member_type: VOTER last_known_addr { host: "127.0.107.252" port: 45893 } } }
I20260630 12:11:37.323988  1732 sys_catalog.cc:458] T 00000000000000000000000000000000 P 651998822bbb41fd9ae14d8502358412 [sys.catalog]: This master's current role is: FOLLOWER
I20260630 12:11:37.324915  1662 sys_catalog.cc:565] T 00000000000000000000000000000000 P 651998822bbb41fd9ae14d8502358412 [sys.catalog]: configured and running, proceeding with master startup.
I20260630 12:11:37.327368  1597 tablet_bootstrap.cc:492] T 00000000000000000000000000000000 P c8115dd608534b069c1aca51e6a15678: No bootstrap required, opened a new log
I20260630 12:11:37.330314  1597 raft_consensus.cc:359] T 00000000000000000000000000000000 P c8115dd608534b069c1aca51e6a15678 [term 0 FOLLOWER]: Replica starting. Triggering 0 pending ops. Active config: opid_index: -1 OBSOLETE_local: false peers { permanent_uuid: "c8115dd608534b069c1aca51e6a15678" member_type: VOTER last_known_addr { host: "127.0.107.254" port: 38477 } } peers { permanent_uuid: "651998822bbb41fd9ae14d8502358412" member_type: VOTER last_known_addr { host: "127.0.107.253" port: 43119 } } peers { permanent_uuid: "53315522b0c84247a0a0e977884dcd14" member_type: VOTER last_known_addr { host: "127.0.107.252" port: 45893 } }
I20260630 12:11:37.331182  1597 raft_consensus.cc:385] T 00000000000000000000000000000000 P c8115dd608534b069c1aca51e6a15678 [term 0 FOLLOWER]: Consensus starting up: Expiring failure detector timer to make a prompt election more likely
I20260630 12:11:37.331504  1597 raft_consensus.cc:740] T 00000000000000000000000000000000 P c8115dd608534b069c1aca51e6a15678 [term 0 FOLLOWER]: Becoming Follower/Learner. State: Replica: c8115dd608534b069c1aca51e6a15678, State: Initialized, Role: FOLLOWER
I20260630 12:11:37.332242  1597 consensus_queue.cc:260] T 00000000000000000000000000000000 P c8115dd608534b069c1aca51e6a15678 [NON_LEADER]: Queue going to NON_LEADER mode. State: All replicated index: 0, Majority replicated index: 0, Committed index: 0, Last appended: 0.0, Last appended by leader: 0, Current term: 0, Majority size: -1, State: 0, Mode: NON_LEADER, active raft config: opid_index: -1 OBSOLETE_local: false peers { permanent_uuid: "c8115dd608534b069c1aca51e6a15678" member_type: VOTER last_known_addr { host: "127.0.107.254" port: 38477 } } peers { permanent_uuid: "651998822bbb41fd9ae14d8502358412" member_type: VOTER last_known_addr { host: "127.0.107.253" port: 43119 } } peers { permanent_uuid: "53315522b0c84247a0a0e977884dcd14" member_type: VOTER last_known_addr { host: "127.0.107.252" port: 45893 } }
I20260630 12:11:37.334676  1738 sys_catalog.cc:455] T 00000000000000000000000000000000 P c8115dd608534b069c1aca51e6a15678 [sys.catalog]: SysCatalogTable state changed. Reason: RaftConsensus started. Latest consensus state: current_term: 0 committed_config { opid_index: -1 OBSOLETE_local: false peers { permanent_uuid: "c8115dd608534b069c1aca51e6a15678" member_type: VOTER last_known_addr { host: "127.0.107.254" port: 38477 } } peers { permanent_uuid: "651998822bbb41fd9ae14d8502358412" member_type: VOTER last_known_addr { host: "127.0.107.253" port: 43119 } } peers { permanent_uuid: "53315522b0c84247a0a0e977884dcd14" member_type: VOTER last_known_addr { host: "127.0.107.252" port: 45893 } } }
I20260630 12:11:37.336148  1597 sys_catalog.cc:565] T 00000000000000000000000000000000 P c8115dd608534b069c1aca51e6a15678 [sys.catalog]: configured and running, proceeding with master startup.
I20260630 12:11:37.335866  1738 sys_catalog.cc:458] T 00000000000000000000000000000000 P c8115dd608534b069c1aca51e6a15678 [sys.catalog]: This master's current role is: FOLLOWER
I20260630 12:11:37.347584  1728 tablet_bootstrap.cc:492] T 00000000000000000000000000000000 P 53315522b0c84247a0a0e977884dcd14: Bootstrap starting.
I20260630 12:11:37.354240   431 internal_mini_cluster.cc:184] Waiting to initialize catalog manager on master 1
I20260630 12:11:37.355892  1728 tablet_bootstrap.cc:654] T 00000000000000000000000000000000 P 53315522b0c84247a0a0e977884dcd14: Neither blocks nor log segments found. Creating new log.
I20260630 12:11:37.360659   431 internal_mini_cluster.cc:184] Waiting to initialize catalog manager on master 2
W20260630 12:11:37.360949  1754 catalog_manager.cc:1594] T 00000000000000000000000000000000 P c8115dd608534b069c1aca51e6a15678: loading cluster ID for follower catalog manager: Not found: cluster ID entry not found
W20260630 12:11:37.361328  1754 catalog_manager.cc:883] Not found: cluster ID entry not found: failed to prepare follower catalog manager, will retry
I20260630 12:11:37.361719  1728 tablet_bootstrap.cc:492] T 00000000000000000000000000000000 P 53315522b0c84247a0a0e977884dcd14: No bootstrap required, opened a new log
W20260630 12:11:37.365024  1757 catalog_manager.cc:1594] T 00000000000000000000000000000000 P 651998822bbb41fd9ae14d8502358412: loading cluster ID for follower catalog manager: Not found: cluster ID entry not found
I20260630 12:11:37.364748  1728 raft_consensus.cc:359] T 00000000000000000000000000000000 P 53315522b0c84247a0a0e977884dcd14 [term 0 FOLLOWER]: Replica starting. Triggering 0 pending ops. Active config: opid_index: -1 OBSOLETE_local: false peers { permanent_uuid: "c8115dd608534b069c1aca51e6a15678" member_type: VOTER last_known_addr { host: "127.0.107.254" port: 38477 } } peers { permanent_uuid: "651998822bbb41fd9ae14d8502358412" member_type: VOTER last_known_addr { host: "127.0.107.253" port: 43119 } } peers { permanent_uuid: "53315522b0c84247a0a0e977884dcd14" member_type: VOTER last_known_addr { host: "127.0.107.252" port: 45893 } }
W20260630 12:11:37.365377  1757 catalog_manager.cc:883] Not found: cluster ID entry not found: failed to prepare follower catalog manager, will retry
I20260630 12:11:37.365494  1728 raft_consensus.cc:385] T 00000000000000000000000000000000 P 53315522b0c84247a0a0e977884dcd14 [term 0 FOLLOWER]: Consensus starting up: Expiring failure detector timer to make a prompt election more likely
I20260630 12:11:37.365813  1728 raft_consensus.cc:740] T 00000000000000000000000000000000 P 53315522b0c84247a0a0e977884dcd14 [term 0 FOLLOWER]: Becoming Follower/Learner. State: Replica: 53315522b0c84247a0a0e977884dcd14, State: Initialized, Role: FOLLOWER
I20260630 12:11:37.366350  1728 consensus_queue.cc:260] T 00000000000000000000000000000000 P 53315522b0c84247a0a0e977884dcd14 [NON_LEADER]: Queue going to NON_LEADER mode. State: All replicated index: 0, Majority replicated index: 0, Committed index: 0, Last appended: 0.0, Last appended by leader: 0, Current term: 0, Majority size: -1, State: 0, Mode: NON_LEADER, active raft config: opid_index: -1 OBSOLETE_local: false peers { permanent_uuid: "c8115dd608534b069c1aca51e6a15678" member_type: VOTER last_known_addr { host: "127.0.107.254" port: 38477 } } peers { permanent_uuid: "651998822bbb41fd9ae14d8502358412" member_type: VOTER last_known_addr { host: "127.0.107.253" port: 43119 } } peers { permanent_uuid: "53315522b0c84247a0a0e977884dcd14" member_type: VOTER last_known_addr { host: "127.0.107.252" port: 45893 } }
I20260630 12:11:37.368054  1758 sys_catalog.cc:455] T 00000000000000000000000000000000 P 53315522b0c84247a0a0e977884dcd14 [sys.catalog]: SysCatalogTable state changed. Reason: RaftConsensus started. Latest consensus state: current_term: 0 committed_config { opid_index: -1 OBSOLETE_local: false peers { permanent_uuid: "c8115dd608534b069c1aca51e6a15678" member_type: VOTER last_known_addr { host: "127.0.107.254" port: 38477 } } peers { permanent_uuid: "651998822bbb41fd9ae14d8502358412" member_type: VOTER last_known_addr { host: "127.0.107.253" port: 43119 } } peers { permanent_uuid: "53315522b0c84247a0a0e977884dcd14" member_type: VOTER last_known_addr { host: "127.0.107.252" port: 45893 } } }
I20260630 12:11:37.368652  1758 sys_catalog.cc:458] T 00000000000000000000000000000000 P 53315522b0c84247a0a0e977884dcd14 [sys.catalog]: This master's current role is: FOLLOWER
I20260630 12:11:37.369201  1728 sys_catalog.cc:565] T 00000000000000000000000000000000 P 53315522b0c84247a0a0e977884dcd14 [sys.catalog]: configured and running, proceeding with master startup.
I20260630 12:11:37.380720   431 file_cache.cc:492] Constructed file cache file cache with capacity 419430
W20260630 12:11:37.382884  1769 catalog_manager.cc:1594] T 00000000000000000000000000000000 P 53315522b0c84247a0a0e977884dcd14: loading cluster ID for follower catalog manager: Not found: cluster ID entry not found
W20260630 12:11:37.383241  1769 catalog_manager.cc:883] Not found: cluster ID entry not found: failed to prepare follower catalog manager, will retry
W20260630 12:11:37.387286  1770 instance_detector.cc:116] could not retrieve AWS instance metadata: Network error: curl error: HTTP response code said error: The requested URL returned error: 404
W20260630 12:11:37.388113  1771 instance_detector.cc:116] could not retrieve Azure instance metadata: Network error: curl error: HTTP response code said error: The requested URL returned error: 404
I20260630 12:11:37.390192   431 server_base.cc:1061] running on GCE node
W20260630 12:11:37.390359  1773 instance_detector.cc:116] could not retrieve OpenStack instance metadata: Network error: curl error: HTTP response code said error: The requested URL returned error: 404
I20260630 12:11:37.391402   431 hybrid_clock.cc:584] initializing the hybrid clock with 'system_unsync' time source
W20260630 12:11:37.391623   431 system_unsync_time.cc:38] NTP support is disabled. Clock error bounds will not be accurate. This configuration is not suitable for distributed clusters.
I20260630 12:11:37.391830   431 hybrid_clock.cc:648] HybridClock initialized: now 1782821497391813 us; error 0 us; skew 500 ppm
I20260630 12:11:37.392330   431 server_base.cc:861] Flag tcmalloc_max_total_thread_cache_bytes is not working since tcmalloc is not enabled.
I20260630 12:11:37.392773  1738 raft_consensus.cc:493] T 00000000000000000000000000000000 P c8115dd608534b069c1aca51e6a15678 [term 0 FOLLOWER]: Starting pre-election (no leader contacted us within the election timeout)
I20260630 12:11:37.393250  1738 raft_consensus.cc:515] T 00000000000000000000000000000000 P c8115dd608534b069c1aca51e6a15678 [term 0 FOLLOWER]: Starting pre-election with config: opid_index: -1 OBSOLETE_local: false peers { permanent_uuid: "c8115dd608534b069c1aca51e6a15678" member_type: VOTER last_known_addr { host: "127.0.107.254" port: 38477 } } peers { permanent_uuid: "651998822bbb41fd9ae14d8502358412" member_type: VOTER last_known_addr { host: "127.0.107.253" port: 43119 } } peers { permanent_uuid: "53315522b0c84247a0a0e977884dcd14" member_type: VOTER last_known_addr { host: "127.0.107.252" port: 45893 } }
I20260630 12:11:37.395170   431 webserver.cc:533] Webserver started at http://127.0.107.193:46035/ using document root <none> and password file <none>
I20260630 12:11:37.395574  1738 leader_election.cc:290] T 00000000000000000000000000000000 P c8115dd608534b069c1aca51e6a15678 [CANDIDATE]: Term 1 pre-election: Requested pre-vote from peers 651998822bbb41fd9ae14d8502358412 (127.0.107.253:43119), 53315522b0c84247a0a0e977884dcd14 (127.0.107.252:45893)
I20260630 12:11:37.396227   431 fs_manager.cc:362] Metadata directory not provided
I20260630 12:11:37.396260  1637 tablet_service.cc:1917] Received RequestConsensusVote() RPC: tablet_id: "00000000000000000000000000000000" candidate_uuid: "c8115dd608534b069c1aca51e6a15678" candidate_term: 1 candidate_status { last_received { term: 0 index: 0 } } ignore_live_leader: false dest_uuid: "651998822bbb41fd9ae14d8502358412" is_pre_election: true
I20260630 12:11:37.396709   431 fs_manager.cc:368] Using write-ahead log directory (fs_wal_dir) as metadata directory
I20260630 12:11:37.396582  1702 tablet_service.cc:1917] Received RequestConsensusVote() RPC: tablet_id: "00000000000000000000000000000000" candidate_uuid: "c8115dd608534b069c1aca51e6a15678" candidate_term: 1 candidate_status { last_received { term: 0 index: 0 } } ignore_live_leader: false dest_uuid: "53315522b0c84247a0a0e977884dcd14" is_pre_election: true
I20260630 12:11:37.397145   431 server_base.cc:909] This appears to be a new deployment of Kudu; creating new FS layout
I20260630 12:11:37.397120  1637 raft_consensus.cc:2468] T 00000000000000000000000000000000 P 651998822bbb41fd9ae14d8502358412 [term 0 FOLLOWER]: Leader pre-election vote request: Granting yes vote for candidate c8115dd608534b069c1aca51e6a15678 in term 0.
I20260630 12:11:37.397249  1702 raft_consensus.cc:2468] T 00000000000000000000000000000000 P 53315522b0c84247a0a0e977884dcd14 [term 0 FOLLOWER]: Leader pre-election vote request: Granting yes vote for candidate c8115dd608534b069c1aca51e6a15678 in term 0.
I20260630 12:11:37.398464  1546 leader_election.cc:304] T 00000000000000000000000000000000 P c8115dd608534b069c1aca51e6a15678 [CANDIDATE]: Term 1 pre-election: Election decided. Result: candidate won. Election summary: received 2 responses out of 3 voters: 2 yes votes; 0 no votes. yes voters: 651998822bbb41fd9ae14d8502358412, c8115dd608534b069c1aca51e6a15678; no voters: 
I20260630 12:11:37.398878   431 fs_manager.cc:1068] Generated new instance metadata in path /tmp/dist-test-taskA1fBN5/test-tmp/auto_rebalancer-test.0.AutoRebalancerTest.NextLeaderResumesAutoRebalancing.1782821478893626-431-0/minicluster-data/ts-0-root/instance:
uuid: "eb5d58b67ee94325a553721ec10bd7f8"
format_stamp: "Formatted at 2026-06-30 12:11:37 on dist-test-slave-cpnt"
I20260630 12:11:37.399501  1738 raft_consensus.cc:2804] T 00000000000000000000000000000000 P c8115dd608534b069c1aca51e6a15678 [term 0 FOLLOWER]: Leader pre-election won for term 1
I20260630 12:11:37.399798  1738 raft_consensus.cc:493] T 00000000000000000000000000000000 P c8115dd608534b069c1aca51e6a15678 [term 0 FOLLOWER]: Starting leader election (no leader contacted us within the election timeout)
I20260630 12:11:37.400068  1738 raft_consensus.cc:3060] T 00000000000000000000000000000000 P c8115dd608534b069c1aca51e6a15678 [term 0 FOLLOWER]: Advancing to term 1
I20260630 12:11:37.404040   431 fs_manager.cc:696] Time spent creating directory manager: real 0.005s	user 0.005s	sys 0.000s
I20260630 12:11:37.404999  1738 raft_consensus.cc:515] T 00000000000000000000000000000000 P c8115dd608534b069c1aca51e6a15678 [term 1 FOLLOWER]: Starting leader election with config: opid_index: -1 OBSOLETE_local: false peers { permanent_uuid: "c8115dd608534b069c1aca51e6a15678" member_type: VOTER last_known_addr { host: "127.0.107.254" port: 38477 } } peers { permanent_uuid: "651998822bbb41fd9ae14d8502358412" member_type: VOTER last_known_addr { host: "127.0.107.253" port: 43119 } } peers { permanent_uuid: "53315522b0c84247a0a0e977884dcd14" member_type: VOTER last_known_addr { host: "127.0.107.252" port: 45893 } }
I20260630 12:11:37.406674  1738 leader_election.cc:290] T 00000000000000000000000000000000 P c8115dd608534b069c1aca51e6a15678 [CANDIDATE]: Term 1 election: Requested vote from peers 651998822bbb41fd9ae14d8502358412 (127.0.107.253:43119), 53315522b0c84247a0a0e977884dcd14 (127.0.107.252:45893)
I20260630 12:11:37.407496  1637 tablet_service.cc:1917] Received RequestConsensusVote() RPC: tablet_id: "00000000000000000000000000000000" candidate_uuid: "c8115dd608534b069c1aca51e6a15678" candidate_term: 1 candidate_status { last_received { term: 0 index: 0 } } ignore_live_leader: false dest_uuid: "651998822bbb41fd9ae14d8502358412"
I20260630 12:11:37.407693  1702 tablet_service.cc:1917] Received RequestConsensusVote() RPC: tablet_id: "00000000000000000000000000000000" candidate_uuid: "c8115dd608534b069c1aca51e6a15678" candidate_term: 1 candidate_status { last_received { term: 0 index: 0 } } ignore_live_leader: false dest_uuid: "53315522b0c84247a0a0e977884dcd14"
I20260630 12:11:37.408244  1637 raft_consensus.cc:3060] T 00000000000000000000000000000000 P 651998822bbb41fd9ae14d8502358412 [term 0 FOLLOWER]: Advancing to term 1
I20260630 12:11:37.408349  1702 raft_consensus.cc:3060] T 00000000000000000000000000000000 P 53315522b0c84247a0a0e977884dcd14 [term 0 FOLLOWER]: Advancing to term 1
I20260630 12:11:37.408600  1778 log_block_manager.cc:4031] Time spent loading block containers with low live blocks: real 0.000s	user 0.000s	sys 0.000s
I20260630 12:11:37.409617   431 fs_manager.cc:730] Time spent opening block manager: real 0.003s	user 0.003s	sys 0.000s
I20260630 12:11:37.410041   431 fs_manager.cc:647] Opened local filesystem: /tmp/dist-test-taskA1fBN5/test-tmp/auto_rebalancer-test.0.AutoRebalancerTest.NextLeaderResumesAutoRebalancing.1782821478893626-431-0/minicluster-data/ts-0-root
uuid: "eb5d58b67ee94325a553721ec10bd7f8"
format_stamp: "Formatted at 2026-06-30 12:11:37 on dist-test-slave-cpnt"
I20260630 12:11:37.410413   431 fs_report.cc:389] FS layout report
--------------------
wal directory: /tmp/dist-test-taskA1fBN5/test-tmp/auto_rebalancer-test.0.AutoRebalancerTest.NextLeaderResumesAutoRebalancing.1782821478893626-431-0/minicluster-data/ts-0-root
metadata directory: /tmp/dist-test-taskA1fBN5/test-tmp/auto_rebalancer-test.0.AutoRebalancerTest.NextLeaderResumesAutoRebalancing.1782821478893626-431-0/minicluster-data/ts-0-root
1 data directories: /tmp/dist-test-taskA1fBN5/test-tmp/auto_rebalancer-test.0.AutoRebalancerTest.NextLeaderResumesAutoRebalancing.1782821478893626-431-0/minicluster-data/ts-0-root/data
Total live blocks: 0
Total live bytes: 0
Total live bytes (after alignment): 0
Total number of LBM containers: 0 (0 full)
Did not check for missing blocks
Did not check for orphaned blocks
Total full LBM containers with extra space: 0 (0 repaired)
Total full LBM container extra space in bytes: 0 (0 repaired)
Total incomplete LBM containers: 0 (0 repaired)
Total LBM partial records: 0 (0 repaired)
Total corrupted LBM metadata records in RocksDB: 0 (0 repaired)
I20260630 12:11:37.414244  1702 raft_consensus.cc:2468] T 00000000000000000000000000000000 P 53315522b0c84247a0a0e977884dcd14 [term 1 FOLLOWER]: Leader election vote request: Granting yes vote for candidate c8115dd608534b069c1aca51e6a15678 in term 1.
I20260630 12:11:37.415719  1549 leader_election.cc:304] T 00000000000000000000000000000000 P c8115dd608534b069c1aca51e6a15678 [CANDIDATE]: Term 1 election: Election decided. Result: candidate won. Election summary: received 2 responses out of 3 voters: 2 yes votes; 0 no votes. yes voters: 53315522b0c84247a0a0e977884dcd14, c8115dd608534b069c1aca51e6a15678; no voters: 
I20260630 12:11:37.415997  1637 raft_consensus.cc:2468] T 00000000000000000000000000000000 P 651998822bbb41fd9ae14d8502358412 [term 1 FOLLOWER]: Leader election vote request: Granting yes vote for candidate c8115dd608534b069c1aca51e6a15678 in term 1.
I20260630 12:11:37.416708  1738 raft_consensus.cc:2804] T 00000000000000000000000000000000 P c8115dd608534b069c1aca51e6a15678 [term 1 FOLLOWER]: Leader election won for term 1
I20260630 12:11:37.418053  1738 raft_consensus.cc:697] T 00000000000000000000000000000000 P c8115dd608534b069c1aca51e6a15678 [term 1 LEADER]: Becoming Leader. State: Replica: c8115dd608534b069c1aca51e6a15678, State: Running, Role: LEADER
I20260630 12:11:37.418850  1738 consensus_queue.cc:237] T 00000000000000000000000000000000 P c8115dd608534b069c1aca51e6a15678 [LEADER]: Queue going to LEADER mode. State: All replicated index: 0, Majority replicated index: 0, Committed index: 0, Last appended: 0.0, Last appended by leader: 0, Current term: 1, Majority size: 2, State: 0, Mode: LEADER, active raft config: opid_index: -1 OBSOLETE_local: false peers { permanent_uuid: "c8115dd608534b069c1aca51e6a15678" member_type: VOTER last_known_addr { host: "127.0.107.254" port: 38477 } } peers { permanent_uuid: "651998822bbb41fd9ae14d8502358412" member_type: VOTER last_known_addr { host: "127.0.107.253" port: 43119 } } peers { permanent_uuid: "53315522b0c84247a0a0e977884dcd14" member_type: VOTER last_known_addr { host: "127.0.107.252" port: 45893 } }
I20260630 12:11:37.423868  1783 sys_catalog.cc:455] T 00000000000000000000000000000000 P c8115dd608534b069c1aca51e6a15678 [sys.catalog]: SysCatalogTable state changed. Reason: New leader c8115dd608534b069c1aca51e6a15678. Latest consensus state: current_term: 1 leader_uuid: "c8115dd608534b069c1aca51e6a15678" committed_config { opid_index: -1 OBSOLETE_local: false peers { permanent_uuid: "c8115dd608534b069c1aca51e6a15678" member_type: VOTER last_known_addr { host: "127.0.107.254" port: 38477 } } peers { permanent_uuid: "651998822bbb41fd9ae14d8502358412" member_type: VOTER last_known_addr { host: "127.0.107.253" port: 43119 } } peers { permanent_uuid: "53315522b0c84247a0a0e977884dcd14" member_type: VOTER last_known_addr { host: "127.0.107.252" port: 45893 } } }
I20260630 12:11:37.424614  1783 sys_catalog.cc:458] T 00000000000000000000000000000000 P c8115dd608534b069c1aca51e6a15678 [sys.catalog]: This master's current role is: LEADER
I20260630 12:11:37.426139  1785 catalog_manager.cc:1511] Loading table and tablet metadata into memory...
I20260630 12:11:37.431288  1785 catalog_manager.cc:1520] Initializing Kudu cluster ID...
I20260630 12:11:37.439916  1702 raft_consensus.cc:1275] T 00000000000000000000000000000000 P 53315522b0c84247a0a0e977884dcd14 [term 1 FOLLOWER]: Refusing update from remote peer c8115dd608534b069c1aca51e6a15678: Log matching property violated. Preceding OpId in replica: term: 0 index: 0. Preceding OpId from leader: term: 1 index: 2. (index mismatch)
I20260630 12:11:37.440333  1637 raft_consensus.cc:1275] T 00000000000000000000000000000000 P 651998822bbb41fd9ae14d8502358412 [term 1 FOLLOWER]: Refusing update from remote peer c8115dd608534b069c1aca51e6a15678: Log matching property violated. Preceding OpId in replica: term: 0 index: 0. Preceding OpId from leader: term: 1 index: 2. (index mismatch)
I20260630 12:11:37.441433  1783 consensus_queue.cc:1048] T 00000000000000000000000000000000 P c8115dd608534b069c1aca51e6a15678 [LEADER]: Connected to new peer: Peer: permanent_uuid: "53315522b0c84247a0a0e977884dcd14" member_type: VOTER last_known_addr { host: "127.0.107.252" port: 45893 }, Status: LMP_MISMATCH, Last received: 0.0, Next index: 1, Last known committed idx: 0, Time since last communication: 0.000s
I20260630 12:11:37.442132  1738 consensus_queue.cc:1048] T 00000000000000000000000000000000 P c8115dd608534b069c1aca51e6a15678 [LEADER]: Connected to new peer: Peer: permanent_uuid: "651998822bbb41fd9ae14d8502358412" member_type: VOTER last_known_addr { host: "127.0.107.253" port: 43119 }, Status: LMP_MISMATCH, Last received: 0.0, Next index: 1, Last known committed idx: 0, Time since last communication: 0.000s
I20260630 12:11:37.443400   431 rpc_server.cc:225] running with OpenSSL 1.1.1  11 Sep 2018
I20260630 12:11:37.445178   431 kserver.cc:163] Server-wide thread pool size limit: 3276
I20260630 12:11:37.452235  1732 sys_catalog.cc:455] T 00000000000000000000000000000000 P 651998822bbb41fd9ae14d8502358412 [sys.catalog]: SysCatalogTable state changed. Reason: New leader c8115dd608534b069c1aca51e6a15678. Latest consensus state: current_term: 1 leader_uuid: "c8115dd608534b069c1aca51e6a15678" committed_config { opid_index: -1 OBSOLETE_local: false peers { permanent_uuid: "c8115dd608534b069c1aca51e6a15678" member_type: VOTER last_known_addr { host: "127.0.107.254" port: 38477 } } peers { permanent_uuid: "651998822bbb41fd9ae14d8502358412" member_type: VOTER last_known_addr { host: "127.0.107.253" port: 43119 } } peers { permanent_uuid: "53315522b0c84247a0a0e977884dcd14" member_type: VOTER last_known_addr { host: "127.0.107.252" port: 45893 } } }
I20260630 12:11:37.453047  1732 sys_catalog.cc:458] T 00000000000000000000000000000000 P 651998822bbb41fd9ae14d8502358412 [sys.catalog]: This master's current role is: FOLLOWER
I20260630 12:11:37.455379   431 txn_system_client.cc:432] TxnSystemClient initialization is disabled...
I20260630 12:11:37.460816  1732 sys_catalog.cc:455] T 00000000000000000000000000000000 P 651998822bbb41fd9ae14d8502358412 [sys.catalog]: SysCatalogTable state changed. Reason: Replicated consensus-only round. Latest consensus state: current_term: 1 leader_uuid: "c8115dd608534b069c1aca51e6a15678" committed_config { opid_index: -1 OBSOLETE_local: false peers { permanent_uuid: "c8115dd608534b069c1aca51e6a15678" member_type: VOTER last_known_addr { host: "127.0.107.254" port: 38477 } } peers { permanent_uuid: "651998822bbb41fd9ae14d8502358412" member_type: VOTER last_known_addr { host: "127.0.107.253" port: 43119 } } peers { permanent_uuid: "53315522b0c84247a0a0e977884dcd14" member_type: VOTER last_known_addr { host: "127.0.107.252" port: 45893 } } }
I20260630 12:11:37.461618  1732 sys_catalog.cc:458] T 00000000000000000000000000000000 P 651998822bbb41fd9ae14d8502358412 [sys.catalog]: This master's current role is: FOLLOWER
I20260630 12:11:37.466945  1738 sys_catalog.cc:455] T 00000000000000000000000000000000 P c8115dd608534b069c1aca51e6a15678 [sys.catalog]: SysCatalogTable state changed. Reason: Peer health change. Latest consensus state: current_term: 1 leader_uuid: "c8115dd608534b069c1aca51e6a15678" committed_config { opid_index: -1 OBSOLETE_local: false peers { permanent_uuid: "c8115dd608534b069c1aca51e6a15678" member_type: VOTER last_known_addr { host: "127.0.107.254" port: 38477 } } peers { permanent_uuid: "651998822bbb41fd9ae14d8502358412" member_type: VOTER last_known_addr { host: "127.0.107.253" port: 43119 } } peers { permanent_uuid: "53315522b0c84247a0a0e977884dcd14" member_type: VOTER last_known_addr { host: "127.0.107.252" port: 45893 } } }
I20260630 12:11:37.467901  1738 sys_catalog.cc:458] T 00000000000000000000000000000000 P c8115dd608534b069c1aca51e6a15678 [sys.catalog]: This master's current role is: LEADER
I20260630 12:11:37.468223  1758 sys_catalog.cc:455] T 00000000000000000000000000000000 P 53315522b0c84247a0a0e977884dcd14 [sys.catalog]: SysCatalogTable state changed. Reason: New leader c8115dd608534b069c1aca51e6a15678. Latest consensus state: current_term: 1 leader_uuid: "c8115dd608534b069c1aca51e6a15678" committed_config { opid_index: -1 OBSOLETE_local: false peers { permanent_uuid: "c8115dd608534b069c1aca51e6a15678" member_type: VOTER last_known_addr { host: "127.0.107.254" port: 38477 } } peers { permanent_uuid: "651998822bbb41fd9ae14d8502358412" member_type: VOTER last_known_addr { host: "127.0.107.253" port: 43119 } } peers { permanent_uuid: "53315522b0c84247a0a0e977884dcd14" member_type: VOTER last_known_addr { host: "127.0.107.252" port: 45893 } } }
I20260630 12:11:37.468947  1758 sys_catalog.cc:458] T 00000000000000000000000000000000 P 53315522b0c84247a0a0e977884dcd14 [sys.catalog]: This master's current role is: FOLLOWER
I20260630 12:11:37.469029  1785 catalog_manager.cc:1383] Generated new cluster ID: ea1a68bb8bde44e090391cfe3d9af2d2
I20260630 12:11:37.469476  1785 catalog_manager.cc:1531] Initializing Kudu internal certificate authority...
I20260630 12:11:37.470562   431 ts_tablet_manager.cc:585] Loaded tablet metadata (0 total tablets, 0 live tablets)
I20260630 12:11:37.470935   431 ts_tablet_manager.cc:531] Time spent load tablet metadata: real 0.000s	user 0.001s	sys 0.000s
I20260630 12:11:37.471235   431 ts_tablet_manager.cc:616] Registered 0 tablets
I20260630 12:11:37.471485   431 ts_tablet_manager.cc:595] Time spent register tablets: real 0.000s	user 0.000s	sys 0.000s
I20260630 12:11:37.476086  1783 sys_catalog.cc:455] T 00000000000000000000000000000000 P c8115dd608534b069c1aca51e6a15678 [sys.catalog]: SysCatalogTable state changed. Reason: Peer health change. Latest consensus state: current_term: 1 leader_uuid: "c8115dd608534b069c1aca51e6a15678" committed_config { opid_index: -1 OBSOLETE_local: false peers { permanent_uuid: "c8115dd608534b069c1aca51e6a15678" member_type: VOTER last_known_addr { host: "127.0.107.254" port: 38477 } } peers { permanent_uuid: "651998822bbb41fd9ae14d8502358412" member_type: VOTER last_known_addr { host: "127.0.107.253" port: 43119 } } peers { permanent_uuid: "53315522b0c84247a0a0e977884dcd14" member_type: VOTER last_known_addr { host: "127.0.107.252" port: 45893 } } }
I20260630 12:11:37.478329  1783 sys_catalog.cc:458] T 00000000000000000000000000000000 P c8115dd608534b069c1aca51e6a15678 [sys.catalog]: This master's current role is: LEADER
I20260630 12:11:37.485167  1758 sys_catalog.cc:455] T 00000000000000000000000000000000 P 53315522b0c84247a0a0e977884dcd14 [sys.catalog]: SysCatalogTable state changed. Reason: Replicated consensus-only round. Latest consensus state: current_term: 1 leader_uuid: "c8115dd608534b069c1aca51e6a15678" committed_config { opid_index: -1 OBSOLETE_local: false peers { permanent_uuid: "c8115dd608534b069c1aca51e6a15678" member_type: VOTER last_known_addr { host: "127.0.107.254" port: 38477 } } peers { permanent_uuid: "651998822bbb41fd9ae14d8502358412" member_type: VOTER last_known_addr { host: "127.0.107.253" port: 43119 } } peers { permanent_uuid: "53315522b0c84247a0a0e977884dcd14" member_type: VOTER last_known_addr { host: "127.0.107.252" port: 45893 } } }
I20260630 12:11:37.485991  1758 sys_catalog.cc:458] T 00000000000000000000000000000000 P 53315522b0c84247a0a0e977884dcd14 [sys.catalog]: This master's current role is: FOLLOWER
I20260630 12:11:37.524209  1785 catalog_manager.cc:1406] Generated new certificate authority record
I20260630 12:11:37.526098  1785 catalog_manager.cc:1540] Loading token signing keys...
I20260630 12:11:37.546051   431 rpc_server.cc:307] RPC server started. Bound to: 127.0.107.193:38697
I20260630 12:11:37.546188  1852 acceptor_pool.cc:272] collecting diagnostics on the listening RPC socket 127.0.107.193:38697 every 8 connection(s)
I20260630 12:11:37.549414  1785 catalog_manager.cc:6070] T 00000000000000000000000000000000 P c8115dd608534b069c1aca51e6a15678: Generated new TSK 0
I20260630 12:11:37.550227  1785 catalog_manager.cc:1550] Initializing in-progress tserver states...
I20260630 12:11:37.571415   431 file_cache.cc:492] Constructed file cache file cache with capacity 419430
I20260630 12:11:37.575999  1853 heartbeater.cc:344] Connected to a master server at 127.0.107.252:45893
I20260630 12:11:37.576439  1853 heartbeater.cc:461] Registering TS with master...
I20260630 12:11:37.577374  1853 heartbeater.cc:507] Master 127.0.107.252:45893 requested a full tablet report, sending...
I20260630 12:11:37.581359  1692 ts_manager.cc:194] Registered new tserver with Master: eb5d58b67ee94325a553721ec10bd7f8 (127.0.107.193:38697)
I20260630 12:11:37.585872  1855 heartbeater.cc:344] Connected to a master server at 127.0.107.254:38477
I20260630 12:11:37.586390  1855 heartbeater.cc:461] Registering TS with master...
I20260630 12:11:37.586767  1854 heartbeater.cc:344] Connected to a master server at 127.0.107.253:43119
I20260630 12:11:37.587218  1854 heartbeater.cc:461] Registering TS with master...
W20260630 12:11:37.587519  1860 instance_detector.cc:116] could not retrieve AWS instance metadata: Network error: curl error: HTTP response code said error: The requested URL returned error: 404
I20260630 12:11:37.587653  1855 heartbeater.cc:507] Master 127.0.107.254:38477 requested a full tablet report, sending...
I20260630 12:11:37.588168  1854 heartbeater.cc:507] Master 127.0.107.253:43119 requested a full tablet report, sending...
I20260630 12:11:37.591650  1562 ts_manager.cc:194] Registered new tserver with Master: eb5d58b67ee94325a553721ec10bd7f8 (127.0.107.193:38697)
I20260630 12:11:37.592000  1627 ts_manager.cc:194] Registered new tserver with Master: eb5d58b67ee94325a553721ec10bd7f8 (127.0.107.193:38697)
I20260630 12:11:37.592923   431 server_base.cc:1061] running on GCE node
W20260630 12:11:37.593762  1861 instance_detector.cc:116] could not retrieve Azure instance metadata: Network error: curl error: HTTP response code said error: The requested URL returned error: 404
W20260630 12:11:37.594271  1863 instance_detector.cc:116] could not retrieve OpenStack instance metadata: Network error: curl error: HTTP response code said error: The requested URL returned error: 404
I20260630 12:11:37.594666  1562 master_service.cc:502] Signed X509 certificate for tserver {username='slave'} at 127.0.0.1:42350
I20260630 12:11:37.595396   431 hybrid_clock.cc:584] initializing the hybrid clock with 'system_unsync' time source
