I20260630 12:40:56.883025 18367 heartbeater.cc:507] Master 127.13.133.126:34631 requested a full tablet report, sending...
I20260630 12:40:56.883136 13845 server_base.cc:861] Flag tcmalloc_max_total_thread_cache_bytes is not working since tcmalloc is not enabled.
I20260630 12:40:56.885305 18240 ts_manager.cc:194] Registered new tserver with Master: 892f885222914f2a9fa140ee9dcda85e (127.13.133.65:40847)
I20260630 12:40:56.885892 13845 webserver.cc:533] Webserver started at http://127.13.133.66:35741/ using document root <none> and password file <none>
I20260630 12:40:56.886411 13845 fs_manager.cc:362] Metadata directory not provided
I20260630 12:40:56.886627 13845 fs_manager.cc:368] Using write-ahead log directory (fs_wal_dir) as metadata directory
I20260630 12:40:56.886891 13845 server_base.cc:909] This appears to be a new deployment of Kudu; creating new FS layout
I20260630 12:40:56.887892 18240 master_service.cc:502] Signed X509 certificate for tserver {username='slave'} at 127.0.0.1:37272
I20260630 12:40:56.888128 13845 fs_manager.cc:1068] Generated new instance metadata in path /tmp/dist-test-task3zMKug/test-tmp/auto_rebalancer-test.0.AutoRebalancerTest.TestMaxMovesPerServer.1782823128448433-13845-0/minicluster-data/ts-1-root/instance:
uuid: "30adef6ef9244cb5b3cbf57568f8c5b8"
format_stamp: "Formatted at 2026-06-30 12:40:56 on dist-test-slave-xgxq"
I20260630 12:40:56.892856 13845 fs_manager.cc:696] Time spent creating directory manager: real 0.004s	user 0.003s	sys 0.001s
I20260630 12:40:56.896167 18379 log_block_manager.cc:4031] Time spent loading block containers with low live blocks: real 0.000s	user 0.000s	sys 0.000s
I20260630 12:40:56.897030 13845 fs_manager.cc:730] Time spent opening block manager: real 0.002s	user 0.002s	sys 0.001s
I20260630 12:40:56.897356 13845 fs_manager.cc:647] Opened local filesystem: /tmp/dist-test-task3zMKug/test-tmp/auto_rebalancer-test.0.AutoRebalancerTest.TestMaxMovesPerServer.1782823128448433-13845-0/minicluster-data/ts-1-root
uuid: "30adef6ef9244cb5b3cbf57568f8c5b8"
format_stamp: "Formatted at 2026-06-30 12:40:56 on dist-test-slave-xgxq"
I20260630 12:40:56.897671 13845 fs_report.cc:389] FS layout report
--------------------
wal directory: /tmp/dist-test-task3zMKug/test-tmp/auto_rebalancer-test.0.AutoRebalancerTest.TestMaxMovesPerServer.1782823128448433-13845-0/minicluster-data/ts-1-root
metadata directory: /tmp/dist-test-task3zMKug/test-tmp/auto_rebalancer-test.0.AutoRebalancerTest.TestMaxMovesPerServer.1782823128448433-13845-0/minicluster-data/ts-1-root
1 data directories: /tmp/dist-test-task3zMKug/test-tmp/auto_rebalancer-test.0.AutoRebalancerTest.TestMaxMovesPerServer.1782823128448433-13845-0/minicluster-data/ts-1-root/data
Total live blocks: 0
Total live bytes: 0
Total live bytes (after alignment): 0
Total number of LBM containers: 0 (0 full)
Did not check for missing blocks
Did not check for orphaned blocks
Total full LBM containers with extra space: 0 (0 repaired)
Total full LBM container extra space in bytes: 0 (0 repaired)
Total incomplete LBM containers: 0 (0 repaired)
Total LBM partial records: 0 (0 repaired)
Total corrupted LBM metadata records in RocksDB: 0 (0 repaired)
I20260630 12:40:56.928288 13845 rpc_server.cc:225] running with OpenSSL 1.1.1  11 Sep 2018
I20260630 12:40:56.929406 13845 kserver.cc:163] Server-wide thread pool size limit: 3276
I20260630 12:40:56.930827 13845 txn_system_client.cc:432] TxnSystemClient initialization is disabled...
I20260630 12:40:56.933044 13845 ts_tablet_manager.cc:585] Loaded tablet metadata (0 total tablets, 0 live tablets)
I20260630 12:40:56.933214 13845 ts_tablet_manager.cc:531] Time spent load tablet metadata: real 0.000s	user 0.000s	sys 0.000s
I20260630 12:40:56.933506 13845 ts_tablet_manager.cc:616] Registered 0 tablets
I20260630 12:40:56.933650 13845 ts_tablet_manager.cc:595] Time spent register tablets: real 0.000s	user 0.000s	sys 0.000s
I20260630 12:40:56.979008 13845 rpc_server.cc:307] RPC server started. Bound to: 127.13.133.66:36229
I20260630 12:40:56.979132 18441 acceptor_pool.cc:272] collecting diagnostics on the listening RPC socket 127.13.133.66:36229 every 8 connection(s)
I20260630 12:40:56.983969 13845 file_cache.cc:492] Constructed file cache file cache with capacity 419430
W20260630 12:40:56.990628 18445 instance_detector.cc:116] could not retrieve AWS instance metadata: Network error: curl error: HTTP response code said error: The requested URL returned error: 404
W20260630 12:40:56.992151 18446 instance_detector.cc:116] could not retrieve Azure instance metadata: Network error: curl error: HTTP response code said error: The requested URL returned error: 404
I20260630 12:40:56.995293 18442 heartbeater.cc:344] Connected to a master server at 127.13.133.126:34631
I20260630 12:40:56.995677 18442 heartbeater.cc:461] Registering TS with master...
I20260630 12:40:56.996461 18442 heartbeater.cc:507] Master 127.13.133.126:34631 requested a full tablet report, sending...
I20260630 12:40:56.998413 18240 ts_manager.cc:194] Registered new tserver with Master: 30adef6ef9244cb5b3cbf57568f8c5b8 (127.13.133.66:36229)
W20260630 12:40:56.999872 18448 instance_detector.cc:116] could not retrieve OpenStack instance metadata: Network error: curl error: HTTP response code said error: The requested URL returned error: 404
I20260630 12:40:57.000027 18240 master_service.cc:502] Signed X509 certificate for tserver {username='slave'} at 127.0.0.1:37282
I20260630 12:40:57.004805 13845 server_base.cc:1061] running on GCE node
I20260630 12:40:57.005625 13845 hybrid_clock.cc:584] initializing the hybrid clock with 'system_unsync' time source
W20260630 12:40:57.005846 13845 system_unsync_time.cc:38] NTP support is disabled. Clock error bounds will not be accurate. This configuration is not suitable for distributed clusters.
I20260630 12:40:57.006035 13845 hybrid_clock.cc:648] HybridClock initialized: now 1782823257006017 us; error 0 us; skew 500 ppm
I20260630 12:40:57.006531 13845 server_base.cc:861] Flag tcmalloc_max_total_thread_cache_bytes is not working since tcmalloc is not enabled.
I20260630 12:40:57.008941 13845 webserver.cc:533] Webserver started at http://127.13.133.67:34805/ using document root <none> and password file <none>
I20260630 12:40:57.009419 13845 fs_manager.cc:362] Metadata directory not provided
I20260630 12:40:57.009622 13845 fs_manager.cc:368] Using write-ahead log directory (fs_wal_dir) as metadata directory
I20260630 12:40:57.009900 13845 server_base.cc:909] This appears to be a new deployment of Kudu; creating new FS layout
I20260630 12:40:57.011076 13845 fs_manager.cc:1068] Generated new instance metadata in path /tmp/dist-test-task3zMKug/test-tmp/auto_rebalancer-test.0.AutoRebalancerTest.TestMaxMovesPerServer.1782823128448433-13845-0/minicluster-data/ts-2-root/instance:
uuid: "1a524f158d0547019a44b0f5f6672141"
format_stamp: "Formatted at 2026-06-30 12:40:57 on dist-test-slave-xgxq"
I20260630 12:40:57.015462 13845 fs_manager.cc:696] Time spent creating directory manager: real 0.004s	user 0.002s	sys 0.004s
I20260630 12:40:57.018846 18453 log_block_manager.cc:4031] Time spent loading block containers with low live blocks: real 0.000s	user 0.000s	sys 0.000s
I20260630 12:40:57.019693 13845 fs_manager.cc:730] Time spent opening block manager: real 0.002s	user 0.002s	sys 0.000s
I20260630 12:40:57.019982 13845 fs_manager.cc:647] Opened local filesystem: /tmp/dist-test-task3zMKug/test-tmp/auto_rebalancer-test.0.AutoRebalancerTest.TestMaxMovesPerServer.1782823128448433-13845-0/minicluster-data/ts-2-root
uuid: "1a524f158d0547019a44b0f5f6672141"
format_stamp: "Formatted at 2026-06-30 12:40:57 on dist-test-slave-xgxq"
I20260630 12:40:57.020294 13845 fs_report.cc:389] FS layout report
--------------------
wal directory: /tmp/dist-test-task3zMKug/test-tmp/auto_rebalancer-test.0.AutoRebalancerTest.TestMaxMovesPerServer.1782823128448433-13845-0/minicluster-data/ts-2-root
metadata directory: /tmp/dist-test-task3zMKug/test-tmp/auto_rebalancer-test.0.AutoRebalancerTest.TestMaxMovesPerServer.1782823128448433-13845-0/minicluster-data/ts-2-root
1 data directories: /tmp/dist-test-task3zMKug/test-tmp/auto_rebalancer-test.0.AutoRebalancerTest.TestMaxMovesPerServer.1782823128448433-13845-0/minicluster-data/ts-2-root/data
Total live blocks: 0
Total live bytes: 0
Total live bytes (after alignment): 0
Total number of LBM containers: 0 (0 full)
Did not check for missing blocks
Did not check for orphaned blocks
Total full LBM containers with extra space: 0 (0 repaired)
Total full LBM container extra space in bytes: 0 (0 repaired)
Total incomplete LBM containers: 0 (0 repaired)
Total LBM partial records: 0 (0 repaired)
Total corrupted LBM metadata records in RocksDB: 0 (0 repaired)
I20260630 12:40:57.046761 13845 rpc_server.cc:225] running with OpenSSL 1.1.1  11 Sep 2018
I20260630 12:40:57.047957 13845 kserver.cc:163] Server-wide thread pool size limit: 3276
I20260630 12:40:57.049515 13845 txn_system_client.cc:432] TxnSystemClient initialization is disabled...
I20260630 12:40:57.051935 13845 ts_tablet_manager.cc:585] Loaded tablet metadata (0 total tablets, 0 live tablets)
I20260630 12:40:57.052176 13845 ts_tablet_manager.cc:531] Time spent load tablet metadata: real 0.000s	user 0.000s	sys 0.000s
I20260630 12:40:57.052484 13845 ts_tablet_manager.cc:616] Registered 0 tablets
I20260630 12:40:57.052671 13845 ts_tablet_manager.cc:595] Time spent register tablets: real 0.000s	user 0.000s	sys 0.000s
I20260630 12:40:57.092136 13845 rpc_server.cc:307] RPC server started. Bound to: 127.13.133.67:39939
I20260630 12:40:57.092317 18515 acceptor_pool.cc:272] collecting diagnostics on the listening RPC socket 127.13.133.67:39939 every 8 connection(s)
I20260630 12:40:57.106448 18516 heartbeater.cc:344] Connected to a master server at 127.13.133.126:34631
I20260630 12:40:57.106793 18516 heartbeater.cc:461] Registering TS with master...
I20260630 12:40:57.107491 18516 heartbeater.cc:507] Master 127.13.133.126:34631 requested a full tablet report, sending...
I20260630 12:40:57.109462 18240 ts_manager.cc:194] Registered new tserver with Master: 1a524f158d0547019a44b0f5f6672141 (127.13.133.67:39939)
I20260630 12:40:57.110122 13845 internal_mini_cluster.cc:371] 3 TS(s) registered with all masters after 0.014651972s
I20260630 12:40:57.110848 18240 master_service.cc:502] Signed X509 certificate for tserver {username='slave'} at 127.0.0.1:37298
I20260630 12:40:57.890601 18367 heartbeater.cc:499] Master 127.13.133.126:34631 was elected leader, sending a full tablet report...
I20260630 12:40:58.002830 18442 heartbeater.cc:499] Master 127.13.133.126:34631 was elected leader, sending a full tablet report...
I20260630 12:40:58.113562 18516 heartbeater.cc:499] Master 127.13.133.126:34631 was elected leader, sending a full tablet report...
I20260630 12:40:58.166520 18240 catalog_manager.cc:2283] Servicing CreateTable request from {username='slave'} at 127.0.0.1:37300:
name: "test-workload"
schema {
  columns {
    name: "key"
    type: INT32
    is_key: true
    is_nullable: false
    encoding: AUTO_ENCODING
    compression: DEFAULT_COMPRESSION
    cfile_block_size: 0
    immutable: false
  }
  columns {
    name: "int_val"
    type: INT32
    is_key: false
    is_nullable: false
    encoding: AUTO_ENCODING
    compression: DEFAULT_COMPRESSION
    cfile_block_size: 0
    immutable: false
  }
  columns {
    name: "string_val"
    type: STRING
    is_key: false
    is_nullable: true
    encoding: AUTO_ENCODING
    compression: DEFAULT_COMPRESSION
    cfile_block_size: 0
    immutable: false
  }
}
num_replicas: 3
split_rows_range_bounds {
  rows: "\004\001\000\252\252\252\n\004\001\000TUU\025\004\001\000\376\377\377\037\004\001\000\250\252\252*\004\001\000RUU5\004\001\000\374\377\377?\004\001\000\246\252\252J\004\001\000PUUU\004\001\000\372\377\377_\004\001\000\244\252\252j\004\001\000NUUu""\004\001\000\252\252\252\n\004\001\000TUU\025\004\001\000\376\377\377\037\004\001\000\250\252\252*\004\001\000RUU5\004\001\000\374\377\377?\004\001\000\246\252\252J\004\001\000PUUU\004\001\000\372\377\377_\004\001\000\244\252\252j\004\001\000NUUu"
  indirect_data: """"
}
partition_schema {
  range_schema {
    columns {
      name: "key"
    }
  }
}
W20260630 12:40:58.169667 18240 catalog_manager.cc:7077] The number of live tablet servers is not enough to re-replicate a tablet replica of the newly created table test-workload in case of a server failure: 4 tablet servers would be needed, 3 are available. Consider bringing up more tablet servers.
I20260630 12:40:58.261603 18481 tablet_service.cc:1511] Processing CreateTablet for tablet 0fc13587f5064191a840b3f7cb8332c3 (DEFAULT_TABLE table=test-workload [id=3023e27605ab4c1eb202a4ac39b3e9ee]), partition=RANGE (key) PARTITION VALUES < 178956970
I20260630 12:40:58.262393 18406 tablet_service.cc:1511] Processing CreateTablet for tablet 1dd21d3806bb4939bf96ac7a3053902f (DEFAULT_TABLE table=test-workload [id=3023e27605ab4c1eb202a4ac39b3e9ee]), partition=RANGE (key) PARTITION 178956970 <= VALUES < 357913940
I20260630 12:40:58.263218 18407 tablet_service.cc:1511] Processing CreateTablet for tablet 0fc13587f5064191a840b3f7cb8332c3 (DEFAULT_TABLE table=test-workload [id=3023e27605ab4c1eb202a4ac39b3e9ee]), partition=RANGE (key) PARTITION VALUES < 178956970
I20260630 12:40:58.263782 18406 data_dirs.cc:400] Could only allocate 1 dirs of requested 3 for tablet 1dd21d3806bb4939bf96ac7a3053902f. 1 dirs total, 0 dirs full, 0 dirs failed
I20260630 12:40:58.264570 18407 data_dirs.cc:400] Could only allocate 1 dirs of requested 3 for tablet 0fc13587f5064191a840b3f7cb8332c3. 1 dirs total, 0 dirs full, 0 dirs failed
I20260630 12:40:58.265609 18478 tablet_service.cc:1511] Processing CreateTablet for tablet 2e057a6a691347578b49da3eec2914f9 (DEFAULT_TABLE table=test-workload [id=3023e27605ab4c1eb202a4ac39b3e9ee]), partition=RANGE (key) PARTITION 536870910 <= VALUES < 715827880
I20260630 12:40:58.265834 18405 tablet_service.cc:1511] Processing CreateTablet for tablet d7eb0523b27b4001b2aa83df988dbeb9 (DEFAULT_TABLE table=test-workload [id=3023e27605ab4c1eb202a4ac39b3e9ee]), partition=RANGE (key) PARTITION 357913940 <= VALUES < 536870910
I20260630 12:40:58.267298 18405 data_dirs.cc:400] Could only allocate 1 dirs of requested 3 for tablet d7eb0523b27b4001b2aa83df988dbeb9. 1 dirs total, 0 dirs full, 0 dirs failed
I20260630 12:40:58.263252 18481 data_dirs.cc:400] Could only allocate 1 dirs of requested 3 for tablet 0fc13587f5064191a840b3f7cb8332c3. 1 dirs total, 0 dirs full, 0 dirs failed
I20260630 12:40:58.267412 18480 tablet_service.cc:1511] Processing CreateTablet for tablet 1dd21d3806bb4939bf96ac7a3053902f (DEFAULT_TABLE table=test-workload [id=3023e27605ab4c1eb202a4ac39b3e9ee]), partition=RANGE (key) PARTITION 178956970 <= VALUES < 357913940
I20260630 12:40:58.268637 18478 data_dirs.cc:400] Could only allocate 1 dirs of requested 3 for tablet 2e057a6a691347578b49da3eec2914f9. 1 dirs total, 0 dirs full, 0 dirs failed
I20260630 12:40:58.267431 18479 tablet_service.cc:1511] Processing CreateTablet for tablet d7eb0523b27b4001b2aa83df988dbeb9 (DEFAULT_TABLE table=test-workload [id=3023e27605ab4c1eb202a4ac39b3e9ee]), partition=RANGE (key) PARTITION 357913940 <= VALUES < 536870910
I20260630 12:40:58.269629 18404 tablet_service.cc:1511] Processing CreateTablet for tablet 2e057a6a691347578b49da3eec2914f9 (DEFAULT_TABLE table=test-workload [id=3023e27605ab4c1eb202a4ac39b3e9ee]), partition=RANGE (key) PARTITION 536870910 <= VALUES < 715827880
I20260630 12:40:58.270263 18479 data_dirs.cc:400] Could only allocate 1 dirs of requested 3 for tablet d7eb0523b27b4001b2aa83df988dbeb9. 1 dirs total, 0 dirs full, 0 dirs failed
I20260630 12:40:58.270928 18404 data_dirs.cc:400] Could only allocate 1 dirs of requested 3 for tablet 2e057a6a691347578b49da3eec2914f9. 1 dirs total, 0 dirs full, 0 dirs failed
I20260630 12:40:58.276652 18480 data_dirs.cc:400] Could only allocate 1 dirs of requested 3 for tablet 1dd21d3806bb4939bf96ac7a3053902f. 1 dirs total, 0 dirs full, 0 dirs failed
I20260630 12:40:58.281239 18332 tablet_service.cc:1511] Processing CreateTablet for tablet 0fc13587f5064191a840b3f7cb8332c3 (DEFAULT_TABLE table=test-workload [id=3023e27605ab4c1eb202a4ac39b3e9ee]), partition=RANGE (key) PARTITION VALUES < 178956970
I20260630 12:40:58.282693 18332 data_dirs.cc:400] Could only allocate 1 dirs of requested 3 for tablet 0fc13587f5064191a840b3f7cb8332c3. 1 dirs total, 0 dirs full, 0 dirs failed
I20260630 12:40:58.285483 18331 tablet_service.cc:1511] Processing CreateTablet for tablet 1dd21d3806bb4939bf96ac7a3053902f (DEFAULT_TABLE table=test-workload [id=3023e27605ab4c1eb202a4ac39b3e9ee]), partition=RANGE (key) PARTITION 178956970 <= VALUES < 357913940
I20260630 12:40:58.286787 18331 data_dirs.cc:400] Could only allocate 1 dirs of requested 3 for tablet 1dd21d3806bb4939bf96ac7a3053902f. 1 dirs total, 0 dirs full, 0 dirs failed
I20260630 12:40:58.289443 18330 tablet_service.cc:1511] Processing CreateTablet for tablet d7eb0523b27b4001b2aa83df988dbeb9 (DEFAULT_TABLE table=test-workload [id=3023e27605ab4c1eb202a4ac39b3e9ee]), partition=RANGE (key) PARTITION 357913940 <= VALUES < 536870910
I20260630 12:40:58.290869 18330 data_dirs.cc:400] Could only allocate 1 dirs of requested 3 for tablet d7eb0523b27b4001b2aa83df988dbeb9. 1 dirs total, 0 dirs full, 0 dirs failed
I20260630 12:40:58.293455 18329 tablet_service.cc:1511] Processing CreateTablet for tablet 2e057a6a691347578b49da3eec2914f9 (DEFAULT_TABLE table=test-workload [id=3023e27605ab4c1eb202a4ac39b3e9ee]), partition=RANGE (key) PARTITION 536870910 <= VALUES < 715827880
I20260630 12:40:58.294885 18329 data_dirs.cc:400] Could only allocate 1 dirs of requested 3 for tablet 2e057a6a691347578b49da3eec2914f9. 1 dirs total, 0 dirs full, 0 dirs failed
I20260630 12:40:58.302803 18328 tablet_service.cc:1511] Processing CreateTablet for tablet d037f7d7f0e149f2be17df97155e878f (DEFAULT_TABLE table=test-workload [id=3023e27605ab4c1eb202a4ac39b3e9ee]), partition=RANGE (key) PARTITION 715827880 <= VALUES < 894784850
I20260630 12:40:58.304224 18328 data_dirs.cc:400] Could only allocate 1 dirs of requested 3 for tablet d037f7d7f0e149f2be17df97155e878f. 1 dirs total, 0 dirs full, 0 dirs failed
I20260630 12:40:58.307384 18477 tablet_service.cc:1511] Processing CreateTablet for tablet d037f7d7f0e149f2be17df97155e878f (DEFAULT_TABLE table=test-workload [id=3023e27605ab4c1eb202a4ac39b3e9ee]), partition=RANGE (key) PARTITION 715827880 <= VALUES < 894784850
I20260630 12:40:58.308396 18403 tablet_service.cc:1511] Processing CreateTablet for tablet d037f7d7f0e149f2be17df97155e878f (DEFAULT_TABLE table=test-workload [id=3023e27605ab4c1eb202a4ac39b3e9ee]), partition=RANGE (key) PARTITION 715827880 <= VALUES < 894784850
I20260630 12:40:58.308964 18477 data_dirs.cc:400] Could only allocate 1 dirs of requested 3 for tablet d037f7d7f0e149f2be17df97155e878f. 1 dirs total, 0 dirs full, 0 dirs failed
I20260630 12:40:58.309706 18403 data_dirs.cc:400] Could only allocate 1 dirs of requested 3 for tablet d037f7d7f0e149f2be17df97155e878f. 1 dirs total, 0 dirs full, 0 dirs failed
I20260630 12:40:58.314023 18327 tablet_service.cc:1511] Processing CreateTablet for tablet 1f8bd1036aa74976b8d62fcf256968fe (DEFAULT_TABLE table=test-workload [id=3023e27605ab4c1eb202a4ac39b3e9ee]), partition=RANGE (key) PARTITION 894784850 <= VALUES < 1073741820
I20260630 12:40:58.315407 18327 data_dirs.cc:400] Could only allocate 1 dirs of requested 3 for tablet 1f8bd1036aa74976b8d62fcf256968fe. 1 dirs total, 0 dirs full, 0 dirs failed
I20260630 12:40:58.319840 18402 tablet_service.cc:1511] Processing CreateTablet for tablet 1f8bd1036aa74976b8d62fcf256968fe (DEFAULT_TABLE table=test-workload [id=3023e27605ab4c1eb202a4ac39b3e9ee]), partition=RANGE (key) PARTITION 894784850 <= VALUES < 1073741820
I20260630 12:40:58.321285 18402 data_dirs.cc:400] Could only allocate 1 dirs of requested 3 for tablet 1f8bd1036aa74976b8d62fcf256968fe. 1 dirs total, 0 dirs full, 0 dirs failed
I20260630 12:40:58.342759 18479 tablet_service.cc:1511] Processing CreateTablet for tablet 1f8bd1036aa74976b8d62fcf256968fe (DEFAULT_TABLE table=test-workload [id=3023e27605ab4c1eb202a4ac39b3e9ee]), partition=RANGE (key) PARTITION 894784850 <= VALUES < 1073741820
I20260630 12:40:58.345028 18479 data_dirs.cc:400] Could only allocate 1 dirs of requested 3 for tablet 1f8bd1036aa74976b8d62fcf256968fe. 1 dirs total, 0 dirs full, 0 dirs failed
I20260630 12:40:58.369482 18405 tablet_service.cc:1511] Processing CreateTablet for tablet 0e123412545845b7ac6d1308c09e91c6 (DEFAULT_TABLE table=test-workload [id=3023e27605ab4c1eb202a4ac39b3e9ee]), partition=RANGE (key) PARTITION 1073741820 <= VALUES < 1252698790
I20260630 12:40:58.370867 18405 data_dirs.cc:400] Could only allocate 1 dirs of requested 3 for tablet 0e123412545845b7ac6d1308c09e91c6. 1 dirs total, 0 dirs full, 0 dirs failed
I20260630 12:40:58.375794 18326 tablet_service.cc:1511] Processing CreateTablet for tablet 0e123412545845b7ac6d1308c09e91c6 (DEFAULT_TABLE table=test-workload [id=3023e27605ab4c1eb202a4ac39b3e9ee]), partition=RANGE (key) PARTITION 1073741820 <= VALUES < 1252698790
I20260630 12:40:58.377693 18326 data_dirs.cc:400] Could only allocate 1 dirs of requested 3 for tablet 0e123412545845b7ac6d1308c09e91c6. 1 dirs total, 0 dirs full, 0 dirs failed
I20260630 12:40:58.383720 18481 tablet_service.cc:1511] Processing CreateTablet for tablet 0e123412545845b7ac6d1308c09e91c6 (DEFAULT_TABLE table=test-workload [id=3023e27605ab4c1eb202a4ac39b3e9ee]), partition=RANGE (key) PARTITION 1073741820 <= VALUES < 1252698790
I20260630 12:40:58.385219 18481 data_dirs.cc:400] Could only allocate 1 dirs of requested 3 for tablet 0e123412545845b7ac6d1308c09e91c6. 1 dirs total, 0 dirs full, 0 dirs failed
I20260630 12:40:58.387699 18536 tablet_bootstrap.cc:492] T 0fc13587f5064191a840b3f7cb8332c3 P 1a524f158d0547019a44b0f5f6672141: Bootstrap starting.
I20260630 12:40:58.387549 18325 tablet_service.cc:1511] Processing CreateTablet for tablet b3fd8694f6744f8593266472be3e7086 (DEFAULT_TABLE table=test-workload [id=3023e27605ab4c1eb202a4ac39b3e9ee]), partition=RANGE (key) PARTITION 1252698790 <= VALUES < 1431655760
I20260630 12:40:58.388931 18325 data_dirs.cc:400] Could only allocate 1 dirs of requested 3 for tablet b3fd8694f6744f8593266472be3e7086. 1 dirs total, 0 dirs full, 0 dirs failed
I20260630 12:40:58.410547 18536 tablet_bootstrap.cc:654] T 0fc13587f5064191a840b3f7cb8332c3 P 1a524f158d0547019a44b0f5f6672141: Neither blocks nor log segments found. Creating new log.
I20260630 12:40:58.418057 18537 tablet_bootstrap.cc:492] T 0fc13587f5064191a840b3f7cb8332c3 P 30adef6ef9244cb5b3cbf57568f8c5b8: Bootstrap starting.
I20260630 12:40:58.418408 18407 tablet_service.cc:1511] Processing CreateTablet for tablet b3fd8694f6744f8593266472be3e7086 (DEFAULT_TABLE table=test-workload [id=3023e27605ab4c1eb202a4ac39b3e9ee]), partition=RANGE (key) PARTITION 1252698790 <= VALUES < 1431655760
I20260630 12:40:58.419780 18407 data_dirs.cc:400] Could only allocate 1 dirs of requested 3 for tablet b3fd8694f6744f8593266472be3e7086. 1 dirs total, 0 dirs full, 0 dirs failed
I20260630 12:40:58.419593 18477 tablet_service.cc:1511] Processing CreateTablet for tablet b3fd8694f6744f8593266472be3e7086 (DEFAULT_TABLE table=test-workload [id=3023e27605ab4c1eb202a4ac39b3e9ee]), partition=RANGE (key) PARTITION 1252698790 <= VALUES < 1431655760
I20260630 12:40:58.420854 18477 data_dirs.cc:400] Could only allocate 1 dirs of requested 3 for tablet b3fd8694f6744f8593266472be3e7086. 1 dirs total, 0 dirs full, 0 dirs failed
I20260630 12:40:58.423686 18480 tablet_service.cc:1511] Processing CreateTablet for tablet f59df9110cdc49458d396392f67917e4 (DEFAULT_TABLE table=test-workload [id=3023e27605ab4c1eb202a4ac39b3e9ee]), partition=RANGE (key) PARTITION 1431655760 <= VALUES < 1610612730
I20260630 12:40:58.424965 18480 data_dirs.cc:400] Could only allocate 1 dirs of requested 3 for tablet f59df9110cdc49458d396392f67917e4. 1 dirs total, 0 dirs full, 0 dirs failed
I20260630 12:40:58.425186 18537 tablet_bootstrap.cc:654] T 0fc13587f5064191a840b3f7cb8332c3 P 30adef6ef9244cb5b3cbf57568f8c5b8: Neither blocks nor log segments found. Creating new log.
I20260630 12:40:58.431927 18329 tablet_service.cc:1511] Processing CreateTablet for tablet 383aaa7eed0044819d65864d6b851b7a (DEFAULT_TABLE table=test-workload [id=3023e27605ab4c1eb202a4ac39b3e9ee]), partition=RANGE (key) PARTITION 1610612730 <= VALUES < 1789569700
I20260630 12:40:58.433017 18538 tablet_bootstrap.cc:492] T 0fc13587f5064191a840b3f7cb8332c3 P 892f885222914f2a9fa140ee9dcda85e: Bootstrap starting.
I20260630 12:40:58.433430 18329 data_dirs.cc:400] Could only allocate 1 dirs of requested 3 for tablet 383aaa7eed0044819d65864d6b851b7a. 1 dirs total, 0 dirs full, 0 dirs failed
I20260630 12:40:58.433157 18403 tablet_service.cc:1511] Processing CreateTablet for tablet f59df9110cdc49458d396392f67917e4 (DEFAULT_TABLE table=test-workload [id=3023e27605ab4c1eb202a4ac39b3e9ee]), partition=RANGE (key) PARTITION 1431655760 <= VALUES < 1610612730
I20260630 12:40:58.434204 18402 tablet_service.cc:1511] Processing CreateTablet for tablet 383aaa7eed0044819d65864d6b851b7a (DEFAULT_TABLE table=test-workload [id=3023e27605ab4c1eb202a4ac39b3e9ee]), partition=RANGE (key) PARTITION 1610612730 <= VALUES < 1789569700
I20260630 12:40:58.434571 18403 data_dirs.cc:400] Could only allocate 1 dirs of requested 3 for tablet f59df9110cdc49458d396392f67917e4. 1 dirs total, 0 dirs full, 0 dirs failed
I20260630 12:40:58.435791 18402 data_dirs.cc:400] Could only allocate 1 dirs of requested 3 for tablet 383aaa7eed0044819d65864d6b851b7a. 1 dirs total, 0 dirs full, 0 dirs failed
I20260630 12:40:58.452011 18538 tablet_bootstrap.cc:654] T 0fc13587f5064191a840b3f7cb8332c3 P 892f885222914f2a9fa140ee9dcda85e: Neither blocks nor log segments found. Creating new log.
I20260630 12:40:58.452662 18481 tablet_service.cc:1511] Processing CreateTablet for tablet 383aaa7eed0044819d65864d6b851b7a (DEFAULT_TABLE table=test-workload [id=3023e27605ab4c1eb202a4ac39b3e9ee]), partition=RANGE (key) PARTITION 1610612730 <= VALUES < 1789569700
I20260630 12:40:58.454331 18481 data_dirs.cc:400] Could only allocate 1 dirs of requested 3 for tablet 383aaa7eed0044819d65864d6b851b7a. 1 dirs total, 0 dirs full, 0 dirs failed
I20260630 12:40:58.457451 18327 tablet_service.cc:1511] Processing CreateTablet for tablet e2c0602096c9484580eb6dc480f7f52d (DEFAULT_TABLE table=test-workload [id=3023e27605ab4c1eb202a4ac39b3e9ee]), partition=RANGE (key) PARTITION 1789569700 <= VALUES < 1968526670
I20260630 12:40:58.458767 18327 data_dirs.cc:400] Could only allocate 1 dirs of requested 3 for tablet e2c0602096c9484580eb6dc480f7f52d. 1 dirs total, 0 dirs full, 0 dirs failed
I20260630 12:40:58.469870 18331 tablet_service.cc:1511] Processing CreateTablet for tablet f59df9110cdc49458d396392f67917e4 (DEFAULT_TABLE table=test-workload [id=3023e27605ab4c1eb202a4ac39b3e9ee]), partition=RANGE (key) PARTITION 1431655760 <= VALUES < 1610612730
I20260630 12:40:58.475144 18331 data_dirs.cc:400] Could only allocate 1 dirs of requested 3 for tablet f59df9110cdc49458d396392f67917e4. 1 dirs total, 0 dirs full, 0 dirs failed
I20260630 12:40:58.477944 18536 tablet_bootstrap.cc:492] T 0fc13587f5064191a840b3f7cb8332c3 P 1a524f158d0547019a44b0f5f6672141: No bootstrap required, opened a new log
I20260630 12:40:58.478449 18536 ts_tablet_manager.cc:1403] T 0fc13587f5064191a840b3f7cb8332c3 P 1a524f158d0547019a44b0f5f6672141: Time spent bootstrapping tablet: real 0.091s	user 0.012s	sys 0.007s
I20260630 12:40:58.481396 18536 raft_consensus.cc:359] T 0fc13587f5064191a840b3f7cb8332c3 P 1a524f158d0547019a44b0f5f6672141 [term 0 FOLLOWER]: Replica starting. Triggering 0 pending ops. Active config: opid_index: -1 OBSOLETE_local: false peers { permanent_uuid: "30adef6ef9244cb5b3cbf57568f8c5b8" member_type: VOTER last_known_addr { host: "127.13.133.66" port: 36229 } } peers { permanent_uuid: "892f885222914f2a9fa140ee9dcda85e" member_type: VOTER last_known_addr { host: "127.13.133.65" port: 40847 } } peers { permanent_uuid: "1a524f158d0547019a44b0f5f6672141" member_type: VOTER last_known_addr { host: "127.13.133.67" port: 39939 } }
I20260630 12:40:58.482194 18536 raft_consensus.cc:385] T 0fc13587f5064191a840b3f7cb8332c3 P 1a524f158d0547019a44b0f5f6672141 [term 0 FOLLOWER]: Consensus starting up: Expiring failure detector timer to make a prompt election more likely
I20260630 12:40:58.482491 18536 raft_consensus.cc:740] T 0fc13587f5064191a840b3f7cb8332c3 P 1a524f158d0547019a44b0f5f6672141 [term 0 FOLLOWER]: Becoming Follower/Learner. State: Replica: 1a524f158d0547019a44b0f5f6672141, State: Initialized, Role: FOLLOWER
I20260630 12:40:58.483350 18536 consensus_queue.cc:260] T 0fc13587f5064191a840b3f7cb8332c3 P 1a524f158d0547019a44b0f5f6672141 [NON_LEADER]: Queue going to NON_LEADER mode. State: All replicated index: 0, Majority replicated index: 0, Committed index: 0, Last appended: 0.0, Last appended by leader: 0, Current term: 0, Majority size: -1, State: 0, Mode: NON_LEADER, active raft config: opid_index: -1 OBSOLETE_local: false peers { permanent_uuid: "30adef6ef9244cb5b3cbf57568f8c5b8" member_type: VOTER last_known_addr { host: "127.13.133.66" port: 36229 } } peers { permanent_uuid: "892f885222914f2a9fa140ee9dcda85e" member_type: VOTER last_known_addr { host: "127.13.133.65" port: 40847 } } peers { permanent_uuid: "1a524f158d0547019a44b0f5f6672141" member_type: VOTER last_known_addr { host: "127.13.133.67" port: 39939 } }
I20260630 12:40:58.485572 18405 tablet_service.cc:1511] Processing CreateTablet for tablet e2c0602096c9484580eb6dc480f7f52d (DEFAULT_TABLE table=test-workload [id=3023e27605ab4c1eb202a4ac39b3e9ee]), partition=RANGE (key) PARTITION 1789569700 <= VALUES < 1968526670
I20260630 12:40:58.486183 18537 tablet_bootstrap.cc:492] T 0fc13587f5064191a840b3f7cb8332c3 P 30adef6ef9244cb5b3cbf57568f8c5b8: No bootstrap required, opened a new log
I20260630 12:40:58.486677 18537 ts_tablet_manager.cc:1403] T 0fc13587f5064191a840b3f7cb8332c3 P 30adef6ef9244cb5b3cbf57568f8c5b8: Time spent bootstrapping tablet: real 0.069s	user 0.013s	sys 0.020s
I20260630 12:40:58.486903 18405 data_dirs.cc:400] Could only allocate 1 dirs of requested 3 for tablet e2c0602096c9484580eb6dc480f7f52d. 1 dirs total, 0 dirs full, 0 dirs failed
I20260630 12:40:58.490507 18404 tablet_service.cc:1511] Processing CreateTablet for tablet 4ca2c4b838ae4d4a8f7e439a91768ff5 (DEFAULT_TABLE table=test-workload [id=3023e27605ab4c1eb202a4ac39b3e9ee]), partition=RANGE (key) PARTITION 1968526670 <= VALUES
I20260630 12:40:58.492591 18404 data_dirs.cc:400] Could only allocate 1 dirs of requested 3 for tablet 4ca2c4b838ae4d4a8f7e439a91768ff5. 1 dirs total, 0 dirs full, 0 dirs failed
I20260630 12:40:58.494565 18327 tablet_service.cc:1511] Processing CreateTablet for tablet 4ca2c4b838ae4d4a8f7e439a91768ff5 (DEFAULT_TABLE table=test-workload [id=3023e27605ab4c1eb202a4ac39b3e9ee]), partition=RANGE (key) PARTITION 1968526670 <= VALUES
I20260630 12:40:58.495819 18327 data_dirs.cc:400] Could only allocate 1 dirs of requested 3 for tablet 4ca2c4b838ae4d4a8f7e439a91768ff5. 1 dirs total, 0 dirs full, 0 dirs failed
I20260630 12:40:58.497179 18480 tablet_service.cc:1511] Processing CreateTablet for tablet 4ca2c4b838ae4d4a8f7e439a91768ff5 (DEFAULT_TABLE table=test-workload [id=3023e27605ab4c1eb202a4ac39b3e9ee]), partition=RANGE (key) PARTITION 1968526670 <= VALUES
I20260630 12:40:58.498383 18480 data_dirs.cc:400] Could only allocate 1 dirs of requested 3 for tablet 4ca2c4b838ae4d4a8f7e439a91768ff5. 1 dirs total, 0 dirs full, 0 dirs failed
I20260630 12:40:58.500728 18537 raft_consensus.cc:359] T 0fc13587f5064191a840b3f7cb8332c3 P 30adef6ef9244cb5b3cbf57568f8c5b8 [term 0 FOLLOWER]: Replica starting. Triggering 0 pending ops. Active config: opid_index: -1 OBSOLETE_local: false peers { permanent_uuid: "30adef6ef9244cb5b3cbf57568f8c5b8" member_type: VOTER last_known_addr { host: "127.13.133.66" port: 36229 } } peers { permanent_uuid: "892f885222914f2a9fa140ee9dcda85e" member_type: VOTER last_known_addr { host: "127.13.133.65" port: 40847 } } peers { permanent_uuid: "1a524f158d0547019a44b0f5f6672141" member_type: VOTER last_known_addr { host: "127.13.133.67" port: 39939 } }
I20260630 12:40:58.501524 18537 raft_consensus.cc:385] T 0fc13587f5064191a840b3f7cb8332c3 P 30adef6ef9244cb5b3cbf57568f8c5b8 [term 0 FOLLOWER]: Consensus starting up: Expiring failure detector timer to make a prompt election more likely
I20260630 12:40:58.501909 18537 raft_consensus.cc:740] T 0fc13587f5064191a840b3f7cb8332c3 P 30adef6ef9244cb5b3cbf57568f8c5b8 [term 0 FOLLOWER]: Becoming Follower/Learner. State: Replica: 30adef6ef9244cb5b3cbf57568f8c5b8, State: Initialized, Role: FOLLOWER
I20260630 12:40:58.508802 18537 consensus_queue.cc:260] T 0fc13587f5064191a840b3f7cb8332c3 P 30adef6ef9244cb5b3cbf57568f8c5b8 [NON_LEADER]: Queue going to NON_LEADER mode. State: All replicated index: 0, Majority replicated index: 0, Committed index: 0, Last appended: 0.0, Last appended by leader: 0, Current term: 0, Majority size: -1, State: 0, Mode: NON_LEADER, active raft config: opid_index: -1 OBSOLETE_local: false peers { permanent_uuid: "30adef6ef9244cb5b3cbf57568f8c5b8" member_type: VOTER last_known_addr { host: "127.13.133.66" port: 36229 } } peers { permanent_uuid: "892f885222914f2a9fa140ee9dcda85e" member_type: VOTER last_known_addr { host: "127.13.133.65" port: 40847 } } peers { permanent_uuid: "1a524f158d0547019a44b0f5f6672141" member_type: VOTER last_known_addr { host: "127.13.133.67" port: 39939 } }
I20260630 12:40:58.516666 18477 tablet_service.cc:1511] Processing CreateTablet for tablet e2c0602096c9484580eb6dc480f7f52d (DEFAULT_TABLE table=test-workload [id=3023e27605ab4c1eb202a4ac39b3e9ee]), partition=RANGE (key) PARTITION 1789569700 <= VALUES < 1968526670
I20260630 12:40:58.521811 18477 data_dirs.cc:400] Could only allocate 1 dirs of requested 3 for tablet e2c0602096c9484580eb6dc480f7f52d. 1 dirs total, 0 dirs full, 0 dirs failed
I20260630 12:40:58.529639 18536 ts_tablet_manager.cc:1434] T 0fc13587f5064191a840b3f7cb8332c3 P 1a524f158d0547019a44b0f5f6672141: Time spent starting tablet: real 0.051s	user 0.015s	sys 0.005s
I20260630 12:40:58.530961 18537 ts_tablet_manager.cc:1434] T 0fc13587f5064191a840b3f7cb8332c3 P 30adef6ef9244cb5b3cbf57568f8c5b8: Time spent starting tablet: real 0.044s	user 0.011s	sys 0.001s
I20260630 12:40:58.531702 18536 tablet_bootstrap.cc:492] T d7eb0523b27b4001b2aa83df988dbeb9 P 1a524f158d0547019a44b0f5f6672141: Bootstrap starting.
I20260630 12:40:58.531984 18537 tablet_bootstrap.cc:492] T 1dd21d3806bb4939bf96ac7a3053902f P 30adef6ef9244cb5b3cbf57568f8c5b8: Bootstrap starting.
I20260630 12:40:58.533123 18538 tablet_bootstrap.cc:492] T 0fc13587f5064191a840b3f7cb8332c3 P 892f885222914f2a9fa140ee9dcda85e: No bootstrap required, opened a new log
I20260630 12:40:58.533610 18538 ts_tablet_manager.cc:1403] T 0fc13587f5064191a840b3f7cb8332c3 P 892f885222914f2a9fa140ee9dcda85e: Time spent bootstrapping tablet: real 0.101s	user 0.010s	sys 0.003s
I20260630 12:40:58.536476 18538 raft_consensus.cc:359] T 0fc13587f5064191a840b3f7cb8332c3 P 892f885222914f2a9fa140ee9dcda85e [term 0 FOLLOWER]: Replica starting. Triggering 0 pending ops. Active config: opid_index: -1 OBSOLETE_local: false peers { permanent_uuid: "30adef6ef9244cb5b3cbf57568f8c5b8" member_type: VOTER last_known_addr { host: "127.13.133.66" port: 36229 } } peers { permanent_uuid: "892f885222914f2a9fa140ee9dcda85e" member_type: VOTER last_known_addr { host: "127.13.133.65" port: 40847 } } peers { permanent_uuid: "1a524f158d0547019a44b0f5f6672141" member_type: VOTER last_known_addr { host: "127.13.133.67" port: 39939 } }
I20260630 12:40:58.537226 18538 raft_consensus.cc:385] T 0fc13587f5064191a840b3f7cb8332c3 P 892f885222914f2a9fa140ee9dcda85e [term 0 FOLLOWER]: Consensus starting up: Expiring failure detector timer to make a prompt election more likely
I20260630 12:40:58.537528 18538 raft_consensus.cc:740] T 0fc13587f5064191a840b3f7cb8332c3 P 892f885222914f2a9fa140ee9dcda85e [term 0 FOLLOWER]: Becoming Follower/Learner. State: Replica: 892f885222914f2a9fa140ee9dcda85e, State: Initialized, Role: FOLLOWER
I20260630 12:40:58.537925 18536 tablet_bootstrap.cc:654] T d7eb0523b27b4001b2aa83df988dbeb9 P 1a524f158d0547019a44b0f5f6672141: Neither blocks nor log segments found. Creating new log.
I20260630 12:40:58.538393 18538 consensus_queue.cc:260] T 0fc13587f5064191a840b3f7cb8332c3 P 892f885222914f2a9fa140ee9dcda85e [NON_LEADER]: Queue going to NON_LEADER mode. State: All replicated index: 0, Majority replicated index: 0, Committed index: 0, Last appended: 0.0, Last appended by leader: 0, Current term: 0, Majority size: -1, State: 0, Mode: NON_LEADER, active raft config: opid_index: -1 OBSOLETE_local: false peers { permanent_uuid: "30adef6ef9244cb5b3cbf57568f8c5b8" member_type: VOTER last_known_addr { host: "127.13.133.66" port: 36229 } } peers { permanent_uuid: "892f885222914f2a9fa140ee9dcda85e" member_type: VOTER last_known_addr { host: "127.13.133.65" port: 40847 } } peers { permanent_uuid: "1a524f158d0547019a44b0f5f6672141" member_type: VOTER last_known_addr { host: "127.13.133.67" port: 39939 } }
I20260630 12:40:58.549027 18537 tablet_bootstrap.cc:654] T 1dd21d3806bb4939bf96ac7a3053902f P 30adef6ef9244cb5b3cbf57568f8c5b8: Neither blocks nor log segments found. Creating new log.
I20260630 12:40:58.556337 18538 ts_tablet_manager.cc:1434] T 0fc13587f5064191a840b3f7cb8332c3 P 892f885222914f2a9fa140ee9dcda85e: Time spent starting tablet: real 0.022s	user 0.009s	sys 0.010s
I20260630 12:40:58.556852 18536 tablet_bootstrap.cc:492] T d7eb0523b27b4001b2aa83df988dbeb9 P 1a524f158d0547019a44b0f5f6672141: No bootstrap required, opened a new log
I20260630 12:40:58.557394 18536 ts_tablet_manager.cc:1403] T d7eb0523b27b4001b2aa83df988dbeb9 P 1a524f158d0547019a44b0f5f6672141: Time spent bootstrapping tablet: real 0.026s	user 0.006s	sys 0.018s
I20260630 12:40:58.557752 18538 tablet_bootstrap.cc:492] T d7eb0523b27b4001b2aa83df988dbeb9 P 892f885222914f2a9fa140ee9dcda85e: Bootstrap starting.
I20260630 12:40:58.560290 18536 raft_consensus.cc:359] T d7eb0523b27b4001b2aa83df988dbeb9 P 1a524f158d0547019a44b0f5f6672141 [term 0 FOLLOWER]: Replica starting. Triggering 0 pending ops. Active config: opid_index: -1 OBSOLETE_local: false peers { permanent_uuid: "892f885222914f2a9fa140ee9dcda85e" member_type: VOTER last_known_addr { host: "127.13.133.65" port: 40847 } } peers { permanent_uuid: "30adef6ef9244cb5b3cbf57568f8c5b8" member_type: VOTER last_known_addr { host: "127.13.133.66" port: 36229 } } peers { permanent_uuid: "1a524f158d0547019a44b0f5f6672141" member_type: VOTER last_known_addr { host: "127.13.133.67" port: 39939 } }
I20260630 12:40:58.561021 18536 raft_consensus.cc:385] T d7eb0523b27b4001b2aa83df988dbeb9 P 1a524f158d0547019a44b0f5f6672141 [term 0 FOLLOWER]: Consensus starting up: Expiring failure detector timer to make a prompt election more likely
I20260630 12:40:58.561343 18536 raft_consensus.cc:740] T d7eb0523b27b4001b2aa83df988dbeb9 P 1a524f158d0547019a44b0f5f6672141 [term 0 FOLLOWER]: Becoming Follower/Learner. State: Replica: 1a524f158d0547019a44b0f5f6672141, State: Initialized, Role: FOLLOWER
I20260630 12:40:58.562261 18536 consensus_queue.cc:260] T d7eb0523b27b4001b2aa83df988dbeb9 P 1a524f158d0547019a44b0f5f6672141 [NON_LEADER]: Queue going to NON_LEADER mode. State: All replicated index: 0, Majority replicated index: 0, Committed index: 0, Last appended: 0.0, Last appended by leader: 0, Current term: 0, Majority size: -1, State: 0, Mode: NON_LEADER, active raft config: opid_index: -1 OBSOLETE_local: false peers { permanent_uuid: "892f885222914f2a9fa140ee9dcda85e" member_type: VOTER last_known_addr { host: "127.13.133.65" port: 40847 } } peers { permanent_uuid: "30adef6ef9244cb5b3cbf57568f8c5b8" member_type: VOTER last_known_addr { host: "127.13.133.66" port: 36229 } } peers { permanent_uuid: "1a524f158d0547019a44b0f5f6672141" member_type: VOTER last_known_addr { host: "127.13.133.67" port: 39939 } }
I20260630 12:40:58.567233 18536 ts_tablet_manager.cc:1434] T d7eb0523b27b4001b2aa83df988dbeb9 P 1a524f158d0547019a44b0f5f6672141: Time spent starting tablet: real 0.010s	user 0.007s	sys 0.000s
I20260630 12:40:58.567710 18538 tablet_bootstrap.cc:654] T d7eb0523b27b4001b2aa83df988dbeb9 P 892f885222914f2a9fa140ee9dcda85e: Neither blocks nor log segments found. Creating new log.
I20260630 12:40:58.568392 18536 tablet_bootstrap.cc:492] T 1dd21d3806bb4939bf96ac7a3053902f P 1a524f158d0547019a44b0f5f6672141: Bootstrap starting.
I20260630 12:40:58.575155 18536 tablet_bootstrap.cc:654] T 1dd21d3806bb4939bf96ac7a3053902f P 1a524f158d0547019a44b0f5f6672141: Neither blocks nor log segments found. Creating new log.
I20260630 12:40:58.580135 18536 tablet_bootstrap.cc:492] T 1dd21d3806bb4939bf96ac7a3053902f P 1a524f158d0547019a44b0f5f6672141: No bootstrap required, opened a new log
I20260630 12:40:58.580689 18536 ts_tablet_manager.cc:1403] T 1dd21d3806bb4939bf96ac7a3053902f P 1a524f158d0547019a44b0f5f6672141: Time spent bootstrapping tablet: real 0.013s	user 0.004s	sys 0.008s
I20260630 12:40:58.580780 18537 tablet_bootstrap.cc:492] T 1dd21d3806bb4939bf96ac7a3053902f P 30adef6ef9244cb5b3cbf57568f8c5b8: No bootstrap required, opened a new log
I20260630 12:40:58.581463 18537 ts_tablet_manager.cc:1403] T 1dd21d3806bb4939bf96ac7a3053902f P 30adef6ef9244cb5b3cbf57568f8c5b8: Time spent bootstrapping tablet: real 0.050s	user 0.020s	sys 0.005s
I20260630 12:40:58.583426 18538 tablet_bootstrap.cc:492] T d7eb0523b27b4001b2aa83df988dbeb9 P 892f885222914f2a9fa140ee9dcda85e: No bootstrap required, opened a new log
I20260630 12:40:58.583352 18536 raft_consensus.cc:359] T 1dd21d3806bb4939bf96ac7a3053902f P 1a524f158d0547019a44b0f5f6672141 [term 0 FOLLOWER]: Replica starting. Triggering 0 pending ops. Active config: opid_index: -1 OBSOLETE_local: false peers { permanent_uuid: "892f885222914f2a9fa140ee9dcda85e" member_type: VOTER last_known_addr { host: "127.13.133.65" port: 40847 } } peers { permanent_uuid: "30adef6ef9244cb5b3cbf57568f8c5b8" member_type: VOTER last_known_addr { host: "127.13.133.66" port: 36229 } } peers { permanent_uuid: "1a524f158d0547019a44b0f5f6672141" member_type: VOTER last_known_addr { host: "127.13.133.67" port: 39939 } }
I20260630 12:40:58.584121 18536 raft_consensus.cc:385] T 1dd21d3806bb4939bf96ac7a3053902f P 1a524f158d0547019a44b0f5f6672141 [term 0 FOLLOWER]: Consensus starting up: Expiring failure detector timer to make a prompt election more likely
I20260630 12:40:58.584110 18538 ts_tablet_manager.cc:1403] T d7eb0523b27b4001b2aa83df988dbeb9 P 892f885222914f2a9fa140ee9dcda85e: Time spent bootstrapping tablet: real 0.027s	user 0.010s	sys 0.015s
I20260630 12:40:58.584643 18536 raft_consensus.cc:740] T 1dd21d3806bb4939bf96ac7a3053902f P 1a524f158d0547019a44b0f5f6672141 [term 0 FOLLOWER]: Becoming Follower/Learner. State: Replica: 1a524f158d0547019a44b0f5f6672141, State: Initialized, Role: FOLLOWER
I20260630 12:40:58.584780 18537 raft_consensus.cc:359] T 1dd21d3806bb4939bf96ac7a3053902f P 30adef6ef9244cb5b3cbf57568f8c5b8 [term 0 FOLLOWER]: Replica starting. Triggering 0 pending ops. Active config: opid_index: -1 OBSOLETE_local: false peers { permanent_uuid: "892f885222914f2a9fa140ee9dcda85e" member_type: VOTER last_known_addr { host: "127.13.133.65" port: 40847 } } peers { permanent_uuid: "30adef6ef9244cb5b3cbf57568f8c5b8" member_type: VOTER last_known_addr { host: "127.13.133.66" port: 36229 } } peers { permanent_uuid: "1a524f158d0547019a44b0f5f6672141" member_type: VOTER last_known_addr { host: "127.13.133.67" port: 39939 } }
I20260630 12:40:58.585584 18537 raft_consensus.cc:385] T 1dd21d3806bb4939bf96ac7a3053902f P 30adef6ef9244cb5b3cbf57568f8c5b8 [term 0 FOLLOWER]: Consensus starting up: Expiring failure detector timer to make a prompt election more likely
I20260630 12:40:58.585388 18536 consensus_queue.cc:260] T 1dd21d3806bb4939bf96ac7a3053902f P 1a524f158d0547019a44b0f5f6672141 [NON_LEADER]: Queue going to NON_LEADER mode. State: All replicated index: 0, Majority replicated index: 0, Committed index: 0, Last appended: 0.0, Last appended by leader: 0, Current term: 0, Majority size: -1, State: 0, Mode: NON_LEADER, active raft config: opid_index: -1 OBSOLETE_local: false peers { permanent_uuid: "892f885222914f2a9fa140ee9dcda85e" member_type: VOTER last_known_addr { host: "127.13.133.65" port: 40847 } } peers { permanent_uuid: "30adef6ef9244cb5b3cbf57568f8c5b8" member_type: VOTER last_known_addr { host: "127.13.133.66" port: 36229 } } peers { permanent_uuid: "1a524f158d0547019a44b0f5f6672141" member_type: VOTER last_known_addr { host: "127.13.133.67" port: 39939 } }
I20260630 12:40:58.585902 18537 raft_consensus.cc:740] T 1dd21d3806bb4939bf96ac7a3053902f P 30adef6ef9244cb5b3cbf57568f8c5b8 [term 0 FOLLOWER]: Becoming Follower/Learner. State: Replica: 30adef6ef9244cb5b3cbf57568f8c5b8, State: Initialized, Role: FOLLOWER
I20260630 12:40:58.586807 18537 consensus_queue.cc:260] T 1dd21d3806bb4939bf96ac7a3053902f P 30adef6ef9244cb5b3cbf57568f8c5b8 [NON_LEADER]: Queue going to NON_LEADER mode. State: All replicated index: 0, Majority replicated index: 0, Committed index: 0, Last appended: 0.0, Last appended by leader: 0, Current term: 0, Majority size: -1, State: 0, Mode: NON_LEADER, active raft config: opid_index: -1 OBSOLETE_local: false peers { permanent_uuid: "892f885222914f2a9fa140ee9dcda85e" member_type: VOTER last_known_addr { host: "127.13.133.65" port: 40847 } } peers { permanent_uuid: "30adef6ef9244cb5b3cbf57568f8c5b8" member_type: VOTER last_known_addr { host: "127.13.133.66" port: 36229 } } peers { permanent_uuid: "1a524f158d0547019a44b0f5f6672141" member_type: VOTER last_known_addr { host: "127.13.133.67" port: 39939 } }
I20260630 12:40:58.587356 18538 raft_consensus.cc:359] T d7eb0523b27b4001b2aa83df988dbeb9 P 892f885222914f2a9fa140ee9dcda85e [term 0 FOLLOWER]: Replica starting. Triggering 0 pending ops. Active config: opid_index: -1 OBSOLETE_local: false peers { permanent_uuid: "892f885222914f2a9fa140ee9dcda85e" member_type: VOTER last_known_addr { host: "127.13.133.65" port: 40847 } } peers { permanent_uuid: "30adef6ef9244cb5b3cbf57568f8c5b8" member_type: VOTER last_known_addr { host: "127.13.133.66" port: 36229 } } peers { permanent_uuid: "1a524f158d0547019a44b0f5f6672141" member_type: VOTER last_known_addr { host: "127.13.133.67" port: 39939 } }
I20260630 12:40:58.587848 18536 ts_tablet_manager.cc:1434] T 1dd21d3806bb4939bf96ac7a3053902f P 1a524f158d0547019a44b0f5f6672141: Time spent starting tablet: real 0.007s	user 0.002s	sys 0.004s
I20260630 12:40:58.588104 18538 raft_consensus.cc:385] T d7eb0523b27b4001b2aa83df988dbeb9 P 892f885222914f2a9fa140ee9dcda85e [term 0 FOLLOWER]: Consensus starting up: Expiring failure detector timer to make a prompt election more likely
I20260630 12:40:58.588516 18538 raft_consensus.cc:740] T d7eb0523b27b4001b2aa83df988dbeb9 P 892f885222914f2a9fa140ee9dcda85e [term 0 FOLLOWER]: Becoming Follower/Learner. State: Replica: 892f885222914f2a9fa140ee9dcda85e, State: Initialized, Role: FOLLOWER
I20260630 12:40:58.588948 18536 tablet_bootstrap.cc:492] T 2e057a6a691347578b49da3eec2914f9 P 1a524f158d0547019a44b0f5f6672141: Bootstrap starting.
I20260630 12:40:58.589391 18538 consensus_queue.cc:260] T d7eb0523b27b4001b2aa83df988dbeb9 P 892f885222914f2a9fa140ee9dcda85e [NON_LEADER]: Queue going to NON_LEADER mode. State: All replicated index: 0, Majority replicated index: 0, Committed index: 0, Last appended: 0.0, Last appended by leader: 0, Current term: 0, Majority size: -1, State: 0, Mode: NON_LEADER, active raft config: opid_index: -1 OBSOLETE_local: false peers { permanent_uuid: "892f885222914f2a9fa140ee9dcda85e" member_type: VOTER last_known_addr { host: "127.13.133.65" port: 40847 } } peers { permanent_uuid: "30adef6ef9244cb5b3cbf57568f8c5b8" member_type: VOTER last_known_addr { host: "127.13.133.66" port: 36229 } } peers { permanent_uuid: "1a524f158d0547019a44b0f5f6672141" member_type: VOTER last_known_addr { host: "127.13.133.67" port: 39939 } }
I20260630 12:40:58.594120 18538 ts_tablet_manager.cc:1434] T d7eb0523b27b4001b2aa83df988dbeb9 P 892f885222914f2a9fa140ee9dcda85e: Time spent starting tablet: real 0.009s	user 0.003s	sys 0.002s
I20260630 12:40:58.595323 18538 tablet_bootstrap.cc:492] T d037f7d7f0e149f2be17df97155e878f P 892f885222914f2a9fa140ee9dcda85e: Bootstrap starting.
I20260630 12:40:58.596874 18537 ts_tablet_manager.cc:1434] T 1dd21d3806bb4939bf96ac7a3053902f P 30adef6ef9244cb5b3cbf57568f8c5b8: Time spent starting tablet: real 0.015s	user 0.007s	sys 0.000s
I20260630 12:40:58.595839 18536 tablet_bootstrap.cc:654] T 2e057a6a691347578b49da3eec2914f9 P 1a524f158d0547019a44b0f5f6672141: Neither blocks nor log segments found. Creating new log.
I20260630 12:40:58.598075 18537 tablet_bootstrap.cc:492] T d7eb0523b27b4001b2aa83df988dbeb9 P 30adef6ef9244cb5b3cbf57568f8c5b8: Bootstrap starting.
I20260630 12:40:58.601682 18538 tablet_bootstrap.cc:654] T d037f7d7f0e149f2be17df97155e878f P 892f885222914f2a9fa140ee9dcda85e: Neither blocks nor log segments found. Creating new log.
I20260630 12:40:58.605393 18537 tablet_bootstrap.cc:654] T d7eb0523b27b4001b2aa83df988dbeb9 P 30adef6ef9244cb5b3cbf57568f8c5b8: Neither blocks nor log segments found. Creating new log.
I20260630 12:40:58.619086 18538 tablet_bootstrap.cc:492] T d037f7d7f0e149f2be17df97155e878f P 892f885222914f2a9fa140ee9dcda85e: No bootstrap required, opened a new log
I20260630 12:40:58.619594 18538 ts_tablet_manager.cc:1403] T d037f7d7f0e149f2be17df97155e878f P 892f885222914f2a9fa140ee9dcda85e: Time spent bootstrapping tablet: real 0.024s	user 0.014s	sys 0.007s
I20260630 12:40:58.622164 18537 tablet_bootstrap.cc:492] T d7eb0523b27b4001b2aa83df988dbeb9 P 30adef6ef9244cb5b3cbf57568f8c5b8: No bootstrap required, opened a new log
