I20260630 12:39:15.120029 13727 kserver.cc:163] Server-wide thread pool size limit: 3276
I20260630 12:39:15.122006 13727 txn_system_client.cc:432] TxnSystemClient initialization is disabled...
I20260630 12:39:15.125120 13727 ts_tablet_manager.cc:585] Loaded tablet metadata (0 total tablets, 0 live tablets)
I20260630 12:39:15.125345 13727 ts_tablet_manager.cc:531] Time spent load tablet metadata: real 0.000s	user 0.000s	sys 0.000s
I20260630 12:39:15.125593 13727 ts_tablet_manager.cc:616] Registered 0 tablets
I20260630 12:39:15.125761 13727 ts_tablet_manager.cc:595] Time spent register tablets: real 0.000s	user 0.000s	sys 0.000s
I20260630 12:39:15.166862 13727 rpc_server.cc:307] RPC server started. Bound to: 127.13.103.195:33785
I20260630 12:39:15.166981 15686 acceptor_pool.cc:272] collecting diagnostics on the listening RPC socket 127.13.103.195:33785 every 8 connection(s)
I20260630 12:39:15.180056 15687 heartbeater.cc:344] Connected to a master server at 127.13.103.254:46085
I20260630 12:39:15.180429 15687 heartbeater.cc:461] Registering TS with master...
I20260630 12:39:15.181063 15687 heartbeater.cc:507] Master 127.13.103.254:46085 requested a full tablet report, sending...
I20260630 12:39:15.182869 15411 ts_manager.cc:194] Registered new tserver with Master: 62fba812172f4b8689e6574f0869c73d (127.13.103.195:33785)
I20260630 12:39:15.183157 13727 internal_mini_cluster.cc:371] 3 TS(s) registered with all masters after 0.01333352s
I20260630 12:39:15.184348 15411 master_service.cc:502] Signed X509 certificate for tserver {username='slave'} at 127.0.0.1:38870
I20260630 12:39:15.975636 15538 heartbeater.cc:499] Master 127.13.103.254:46085 was elected leader, sending a full tablet report...
I20260630 12:39:16.083621 15613 heartbeater.cc:499] Master 127.13.103.254:46085 was elected leader, sending a full tablet report...
I20260630 12:39:16.187005 15687 heartbeater.cc:499] Master 127.13.103.254:46085 was elected leader, sending a full tablet report...
I20260630 12:39:16.237586 15411 catalog_manager.cc:2283] Servicing CreateTable request from {username='slave'} at 127.0.0.1:38880:
name: "test-workload"
schema {
  columns {
    name: "key"
    type: INT32
    is_key: true
    is_nullable: false
    encoding: AUTO_ENCODING
    compression: DEFAULT_COMPRESSION
    cfile_block_size: 0
    immutable: false
  }
  columns {
    name: "int_val"
    type: INT32
    is_key: false
    is_nullable: false
    encoding: AUTO_ENCODING
    compression: DEFAULT_COMPRESSION
    cfile_block_size: 0
    immutable: false
  }
  columns {
    name: "string_val"
    type: STRING
    is_key: false
    is_nullable: true
    encoding: AUTO_ENCODING
    compression: DEFAULT_COMPRESSION
    cfile_block_size: 0
    immutable: false
  }
}
num_replicas: 3
split_rows_range_bounds {
  rows: "\004\001\000\377\377\377?""\004\001\000\377\377\377?"
  indirect_data: """"
}
partition_schema {
  range_schema {
    columns {
      name: "key"
    }
  }
}
W20260630 12:39:16.239485 15411 catalog_manager.cc:7077] The number of live tablet servers is not enough to re-replicate a tablet replica of the newly created table test-workload in case of a server failure: 4 tablet servers would be needed, 3 are available. Consider bringing up more tablet servers.
I20260630 12:39:16.287571 15578 tablet_service.cc:1511] Processing CreateTablet for tablet b3070a75a0bf4ce2bf5ec9a7128aa6c0 (DEFAULT_TABLE table=test-workload [id=5ccc66a9eb444cbda8b13863fcd058b2]), partition=RANGE (key) PARTITION VALUES < 1073741823
I20260630 12:39:16.287963 15502 tablet_service.cc:1511] Processing CreateTablet for tablet 7e0caf0cef9a4aa29745854bcbe79454 (DEFAULT_TABLE table=test-workload [id=5ccc66a9eb444cbda8b13863fcd058b2]), partition=RANGE (key) PARTITION 1073741823 <= VALUES
I20260630 12:39:16.289103 15578 data_dirs.cc:400] Could only allocate 1 dirs of requested 3 for tablet b3070a75a0bf4ce2bf5ec9a7128aa6c0. 1 dirs total, 0 dirs full, 0 dirs failed
I20260630 12:39:16.289337 15502 data_dirs.cc:400] Could only allocate 1 dirs of requested 3 for tablet 7e0caf0cef9a4aa29745854bcbe79454. 1 dirs total, 0 dirs full, 0 dirs failed
I20260630 12:39:16.287863 15503 tablet_service.cc:1511] Processing CreateTablet for tablet b3070a75a0bf4ce2bf5ec9a7128aa6c0 (DEFAULT_TABLE table=test-workload [id=5ccc66a9eb444cbda8b13863fcd058b2]), partition=RANGE (key) PARTITION VALUES < 1073741823
I20260630 12:39:16.290720 15503 data_dirs.cc:400] Could only allocate 1 dirs of requested 3 for tablet b3070a75a0bf4ce2bf5ec9a7128aa6c0. 1 dirs total, 0 dirs full, 0 dirs failed
I20260630 12:39:16.293282 15577 tablet_service.cc:1511] Processing CreateTablet for tablet 7e0caf0cef9a4aa29745854bcbe79454 (DEFAULT_TABLE table=test-workload [id=5ccc66a9eb444cbda8b13863fcd058b2]), partition=RANGE (key) PARTITION 1073741823 <= VALUES
I20260630 12:39:16.294582 15577 data_dirs.cc:400] Could only allocate 1 dirs of requested 3 for tablet 7e0caf0cef9a4aa29745854bcbe79454. 1 dirs total, 0 dirs full, 0 dirs failed
I20260630 12:39:16.312757 15707 tablet_bootstrap.cc:492] T 7e0caf0cef9a4aa29745854bcbe79454 P 3e8411ae4218433d930383dd1ecafb09: Bootstrap starting.
I20260630 12:39:16.313774 15652 tablet_service.cc:1511] Processing CreateTablet for tablet b3070a75a0bf4ce2bf5ec9a7128aa6c0 (DEFAULT_TABLE table=test-workload [id=5ccc66a9eb444cbda8b13863fcd058b2]), partition=RANGE (key) PARTITION VALUES < 1073741823
I20260630 12:39:16.314376 15708 tablet_bootstrap.cc:492] T 7e0caf0cef9a4aa29745854bcbe79454 P 019365308e394e7fa10fbccba8f6eb5c: Bootstrap starting.
I20260630 12:39:16.314706 15651 tablet_service.cc:1511] Processing CreateTablet for tablet 7e0caf0cef9a4aa29745854bcbe79454 (DEFAULT_TABLE table=test-workload [id=5ccc66a9eb444cbda8b13863fcd058b2]), partition=RANGE (key) PARTITION 1073741823 <= VALUES
I20260630 12:39:16.315177 15652 data_dirs.cc:400] Could only allocate 1 dirs of requested 3 for tablet b3070a75a0bf4ce2bf5ec9a7128aa6c0. 1 dirs total, 0 dirs full, 0 dirs failed
I20260630 12:39:16.315974 15651 data_dirs.cc:400] Could only allocate 1 dirs of requested 3 for tablet 7e0caf0cef9a4aa29745854bcbe79454. 1 dirs total, 0 dirs full, 0 dirs failed
I20260630 12:39:16.320664 15707 tablet_bootstrap.cc:654] T 7e0caf0cef9a4aa29745854bcbe79454 P 3e8411ae4218433d930383dd1ecafb09: Neither blocks nor log segments found. Creating new log.
I20260630 12:39:16.320770 15708 tablet_bootstrap.cc:654] T 7e0caf0cef9a4aa29745854bcbe79454 P 019365308e394e7fa10fbccba8f6eb5c: Neither blocks nor log segments found. Creating new log.
I20260630 12:39:16.337798 15711 tablet_bootstrap.cc:492] T 7e0caf0cef9a4aa29745854bcbe79454 P 62fba812172f4b8689e6574f0869c73d: Bootstrap starting.
I20260630 12:39:16.343397 15711 tablet_bootstrap.cc:654] T 7e0caf0cef9a4aa29745854bcbe79454 P 62fba812172f4b8689e6574f0869c73d: Neither blocks nor log segments found. Creating new log.
I20260630 12:39:16.348820 15707 tablet_bootstrap.cc:492] T 7e0caf0cef9a4aa29745854bcbe79454 P 3e8411ae4218433d930383dd1ecafb09: No bootstrap required, opened a new log
I20260630 12:39:16.348837 15708 tablet_bootstrap.cc:492] T 7e0caf0cef9a4aa29745854bcbe79454 P 019365308e394e7fa10fbccba8f6eb5c: No bootstrap required, opened a new log
I20260630 12:39:16.349324 15707 ts_tablet_manager.cc:1403] T 7e0caf0cef9a4aa29745854bcbe79454 P 3e8411ae4218433d930383dd1ecafb09: Time spent bootstrapping tablet: real 0.037s	user 0.010s	sys 0.024s
I20260630 12:39:16.349484 15711 tablet_bootstrap.cc:492] T 7e0caf0cef9a4aa29745854bcbe79454 P 62fba812172f4b8689e6574f0869c73d: No bootstrap required, opened a new log
I20260630 12:39:16.349494 15708 ts_tablet_manager.cc:1403] T 7e0caf0cef9a4aa29745854bcbe79454 P 019365308e394e7fa10fbccba8f6eb5c: Time spent bootstrapping tablet: real 0.035s	user 0.020s	sys 0.014s
I20260630 12:39:16.349999 15711 ts_tablet_manager.cc:1403] T 7e0caf0cef9a4aa29745854bcbe79454 P 62fba812172f4b8689e6574f0869c73d: Time spent bootstrapping tablet: real 0.012s	user 0.004s	sys 0.005s
I20260630 12:39:16.351806 15708 raft_consensus.cc:359] T 7e0caf0cef9a4aa29745854bcbe79454 P 019365308e394e7fa10fbccba8f6eb5c [term 0 FOLLOWER]: Replica starting. Triggering 0 pending ops. Active config: opid_index: -1 OBSOLETE_local: false peers { permanent_uuid: "3e8411ae4218433d930383dd1ecafb09" member_type: VOTER last_known_addr { host: "127.13.103.193" port: 36641 } } peers { permanent_uuid: "019365308e394e7fa10fbccba8f6eb5c" member_type: VOTER last_known_addr { host: "127.13.103.194" port: 34571 } } peers { permanent_uuid: "62fba812172f4b8689e6574f0869c73d" member_type: VOTER last_known_addr { host: "127.13.103.195" port: 33785 } }
I20260630 12:39:16.352460 15708 raft_consensus.cc:385] T 7e0caf0cef9a4aa29745854bcbe79454 P 019365308e394e7fa10fbccba8f6eb5c [term 0 FOLLOWER]: Consensus starting up: Expiring failure detector timer to make a prompt election more likely
I20260630 12:39:16.352286 15707 raft_consensus.cc:359] T 7e0caf0cef9a4aa29745854bcbe79454 P 3e8411ae4218433d930383dd1ecafb09 [term 0 FOLLOWER]: Replica starting. Triggering 0 pending ops. Active config: opid_index: -1 OBSOLETE_local: false peers { permanent_uuid: "3e8411ae4218433d930383dd1ecafb09" member_type: VOTER last_known_addr { host: "127.13.103.193" port: 36641 } } peers { permanent_uuid: "019365308e394e7fa10fbccba8f6eb5c" member_type: VOTER last_known_addr { host: "127.13.103.194" port: 34571 } } peers { permanent_uuid: "62fba812172f4b8689e6574f0869c73d" member_type: VOTER last_known_addr { host: "127.13.103.195" port: 33785 } }
I20260630 12:39:16.353021 15708 raft_consensus.cc:740] T 7e0caf0cef9a4aa29745854bcbe79454 P 019365308e394e7fa10fbccba8f6eb5c [term 0 FOLLOWER]: Becoming Follower/Learner. State: Replica: 019365308e394e7fa10fbccba8f6eb5c, State: Initialized, Role: FOLLOWER
I20260630 12:39:16.352559 15711 raft_consensus.cc:359] T 7e0caf0cef9a4aa29745854bcbe79454 P 62fba812172f4b8689e6574f0869c73d [term 0 FOLLOWER]: Replica starting. Triggering 0 pending ops. Active config: opid_index: -1 OBSOLETE_local: false peers { permanent_uuid: "3e8411ae4218433d930383dd1ecafb09" member_type: VOTER last_known_addr { host: "127.13.103.193" port: 36641 } } peers { permanent_uuid: "019365308e394e7fa10fbccba8f6eb5c" member_type: VOTER last_known_addr { host: "127.13.103.194" port: 34571 } } peers { permanent_uuid: "62fba812172f4b8689e6574f0869c73d" member_type: VOTER last_known_addr { host: "127.13.103.195" port: 33785 } }
I20260630 12:39:16.353133 15707 raft_consensus.cc:385] T 7e0caf0cef9a4aa29745854bcbe79454 P 3e8411ae4218433d930383dd1ecafb09 [term 0 FOLLOWER]: Consensus starting up: Expiring failure detector timer to make a prompt election more likely
I20260630 12:39:16.353509 15711 raft_consensus.cc:385] T 7e0caf0cef9a4aa29745854bcbe79454 P 62fba812172f4b8689e6574f0869c73d [term 0 FOLLOWER]: Consensus starting up: Expiring failure detector timer to make a prompt election more likely
I20260630 12:39:16.353595 15707 raft_consensus.cc:740] T 7e0caf0cef9a4aa29745854bcbe79454 P 3e8411ae4218433d930383dd1ecafb09 [term 0 FOLLOWER]: Becoming Follower/Learner. State: Replica: 3e8411ae4218433d930383dd1ecafb09, State: Initialized, Role: FOLLOWER
I20260630 12:39:16.353899 15711 raft_consensus.cc:740] T 7e0caf0cef9a4aa29745854bcbe79454 P 62fba812172f4b8689e6574f0869c73d [term 0 FOLLOWER]: Becoming Follower/Learner. State: Replica: 62fba812172f4b8689e6574f0869c73d, State: Initialized, Role: FOLLOWER
I20260630 12:39:16.353852 15708 consensus_queue.cc:260] T 7e0caf0cef9a4aa29745854bcbe79454 P 019365308e394e7fa10fbccba8f6eb5c [NON_LEADER]: Queue going to NON_LEADER mode. State: All replicated index: 0, Majority replicated index: 0, Committed index: 0, Last appended: 0.0, Last appended by leader: 0, Current term: 0, Majority size: -1, State: 0, Mode: NON_LEADER, active raft config: opid_index: -1 OBSOLETE_local: false peers { permanent_uuid: "3e8411ae4218433d930383dd1ecafb09" member_type: VOTER last_known_addr { host: "127.13.103.193" port: 36641 } } peers { permanent_uuid: "019365308e394e7fa10fbccba8f6eb5c" member_type: VOTER last_known_addr { host: "127.13.103.194" port: 34571 } } peers { permanent_uuid: "62fba812172f4b8689e6574f0869c73d" member_type: VOTER last_known_addr { host: "127.13.103.195" port: 33785 } }
I20260630 12:39:16.354456 15707 consensus_queue.cc:260] T 7e0caf0cef9a4aa29745854bcbe79454 P 3e8411ae4218433d930383dd1ecafb09 [NON_LEADER]: Queue going to NON_LEADER mode. State: All replicated index: 0, Majority replicated index: 0, Committed index: 0, Last appended: 0.0, Last appended by leader: 0, Current term: 0, Majority size: -1, State: 0, Mode: NON_LEADER, active raft config: opid_index: -1 OBSOLETE_local: false peers { permanent_uuid: "3e8411ae4218433d930383dd1ecafb09" member_type: VOTER last_known_addr { host: "127.13.103.193" port: 36641 } } peers { permanent_uuid: "019365308e394e7fa10fbccba8f6eb5c" member_type: VOTER last_known_addr { host: "127.13.103.194" port: 34571 } } peers { permanent_uuid: "62fba812172f4b8689e6574f0869c73d" member_type: VOTER last_known_addr { host: "127.13.103.195" port: 33785 } }
I20260630 12:39:16.354772 15711 consensus_queue.cc:260] T 7e0caf0cef9a4aa29745854bcbe79454 P 62fba812172f4b8689e6574f0869c73d [NON_LEADER]: Queue going to NON_LEADER mode. State: All replicated index: 0, Majority replicated index: 0, Committed index: 0, Last appended: 0.0, Last appended by leader: 0, Current term: 0, Majority size: -1, State: 0, Mode: NON_LEADER, active raft config: opid_index: -1 OBSOLETE_local: false peers { permanent_uuid: "3e8411ae4218433d930383dd1ecafb09" member_type: VOTER last_known_addr { host: "127.13.103.193" port: 36641 } } peers { permanent_uuid: "019365308e394e7fa10fbccba8f6eb5c" member_type: VOTER last_known_addr { host: "127.13.103.194" port: 34571 } } peers { permanent_uuid: "62fba812172f4b8689e6574f0869c73d" member_type: VOTER last_known_addr { host: "127.13.103.195" port: 33785 } }
I20260630 12:39:16.357232 15708 ts_tablet_manager.cc:1434] T 7e0caf0cef9a4aa29745854bcbe79454 P 019365308e394e7fa10fbccba8f6eb5c: Time spent starting tablet: real 0.007s	user 0.005s	sys 0.002s
I20260630 12:39:16.358439 15708 tablet_bootstrap.cc:492] T b3070a75a0bf4ce2bf5ec9a7128aa6c0 P 019365308e394e7fa10fbccba8f6eb5c: Bootstrap starting.
I20260630 12:39:16.365829 15708 tablet_bootstrap.cc:654] T b3070a75a0bf4ce2bf5ec9a7128aa6c0 P 019365308e394e7fa10fbccba8f6eb5c: Neither blocks nor log segments found. Creating new log.
I20260630 12:39:16.374656 15715 raft_consensus.cc:493] T 7e0caf0cef9a4aa29745854bcbe79454 P 62fba812172f4b8689e6574f0869c73d [term 0 FOLLOWER]: Starting pre-election (no leader contacted us within the election timeout)
I20260630 12:39:16.375227 15715 raft_consensus.cc:515] T 7e0caf0cef9a4aa29745854bcbe79454 P 62fba812172f4b8689e6574f0869c73d [term 0 FOLLOWER]: Starting pre-election with config: opid_index: -1 OBSOLETE_local: false peers { permanent_uuid: "3e8411ae4218433d930383dd1ecafb09" member_type: VOTER last_known_addr { host: "127.13.103.193" port: 36641 } } peers { permanent_uuid: "019365308e394e7fa10fbccba8f6eb5c" member_type: VOTER last_known_addr { host: "127.13.103.194" port: 34571 } } peers { permanent_uuid: "62fba812172f4b8689e6574f0869c73d" member_type: VOTER last_known_addr { host: "127.13.103.195" port: 33785 } }
I20260630 12:39:16.376170 15711 ts_tablet_manager.cc:1434] T 7e0caf0cef9a4aa29745854bcbe79454 P 62fba812172f4b8689e6574f0869c73d: Time spent starting tablet: real 0.026s	user 0.010s	sys 0.014s
I20260630 12:39:16.377511 15711 tablet_bootstrap.cc:492] T b3070a75a0bf4ce2bf5ec9a7128aa6c0 P 62fba812172f4b8689e6574f0869c73d: Bootstrap starting.
I20260630 12:39:16.377805 15707 ts_tablet_manager.cc:1434] T 7e0caf0cef9a4aa29745854bcbe79454 P 3e8411ae4218433d930383dd1ecafb09: Time spent starting tablet: real 0.028s	user 0.012s	sys 0.011s
I20260630 12:39:16.378770 15707 tablet_bootstrap.cc:492] T b3070a75a0bf4ce2bf5ec9a7128aa6c0 P 3e8411ae4218433d930383dd1ecafb09: Bootstrap starting.
I20260630 12:39:16.387460 15711 tablet_bootstrap.cc:654] T b3070a75a0bf4ce2bf5ec9a7128aa6c0 P 62fba812172f4b8689e6574f0869c73d: Neither blocks nor log segments found. Creating new log.
I20260630 12:39:16.396196 15715 leader_election.cc:290] T 7e0caf0cef9a4aa29745854bcbe79454 P 62fba812172f4b8689e6574f0869c73d [CANDIDATE]: Term 1 pre-election: Requested pre-vote from peers 3e8411ae4218433d930383dd1ecafb09 (127.13.103.193:36641), 019365308e394e7fa10fbccba8f6eb5c (127.13.103.194:34571)
I20260630 12:39:16.402046 15708 tablet_bootstrap.cc:492] T b3070a75a0bf4ce2bf5ec9a7128aa6c0 P 019365308e394e7fa10fbccba8f6eb5c: No bootstrap required, opened a new log
I20260630 12:39:16.402539 15708 ts_tablet_manager.cc:1403] T b3070a75a0bf4ce2bf5ec9a7128aa6c0 P 019365308e394e7fa10fbccba8f6eb5c: Time spent bootstrapping tablet: real 0.044s	user 0.025s	sys 0.016s
I20260630 12:39:16.402559 15707 tablet_bootstrap.cc:654] T b3070a75a0bf4ce2bf5ec9a7128aa6c0 P 3e8411ae4218433d930383dd1ecafb09: Neither blocks nor log segments found. Creating new log.
I20260630 12:39:16.405958 15708 raft_consensus.cc:359] T b3070a75a0bf4ce2bf5ec9a7128aa6c0 P 019365308e394e7fa10fbccba8f6eb5c [term 0 FOLLOWER]: Replica starting. Triggering 0 pending ops. Active config: opid_index: -1 OBSOLETE_local: false peers { permanent_uuid: "019365308e394e7fa10fbccba8f6eb5c" member_type: VOTER last_known_addr { host: "127.13.103.194" port: 34571 } } peers { permanent_uuid: "3e8411ae4218433d930383dd1ecafb09" member_type: VOTER last_known_addr { host: "127.13.103.193" port: 36641 } } peers { permanent_uuid: "62fba812172f4b8689e6574f0869c73d" member_type: VOTER last_known_addr { host: "127.13.103.195" port: 33785 } }
I20260630 12:39:16.407029 15708 raft_consensus.cc:385] T b3070a75a0bf4ce2bf5ec9a7128aa6c0 P 019365308e394e7fa10fbccba8f6eb5c [term 0 FOLLOWER]: Consensus starting up: Expiring failure detector timer to make a prompt election more likely
I20260630 12:39:16.407444 15708 raft_consensus.cc:740] T b3070a75a0bf4ce2bf5ec9a7128aa6c0 P 019365308e394e7fa10fbccba8f6eb5c [term 0 FOLLOWER]: Becoming Follower/Learner. State: Replica: 019365308e394e7fa10fbccba8f6eb5c, State: Initialized, Role: FOLLOWER
I20260630 12:39:16.408493 15711 tablet_bootstrap.cc:492] T b3070a75a0bf4ce2bf5ec9a7128aa6c0 P 62fba812172f4b8689e6574f0869c73d: No bootstrap required, opened a new log
I20260630 12:39:16.408962 15711 ts_tablet_manager.cc:1403] T b3070a75a0bf4ce2bf5ec9a7128aa6c0 P 62fba812172f4b8689e6574f0869c73d: Time spent bootstrapping tablet: real 0.032s	user 0.013s	sys 0.002s
I20260630 12:39:16.411669 15711 raft_consensus.cc:359] T b3070a75a0bf4ce2bf5ec9a7128aa6c0 P 62fba812172f4b8689e6574f0869c73d [term 0 FOLLOWER]: Replica starting. Triggering 0 pending ops. Active config: opid_index: -1 OBSOLETE_local: false peers { permanent_uuid: "019365308e394e7fa10fbccba8f6eb5c" member_type: VOTER last_known_addr { host: "127.13.103.194" port: 34571 } } peers { permanent_uuid: "3e8411ae4218433d930383dd1ecafb09" member_type: VOTER last_known_addr { host: "127.13.103.193" port: 36641 } } peers { permanent_uuid: "62fba812172f4b8689e6574f0869c73d" member_type: VOTER last_known_addr { host: "127.13.103.195" port: 33785 } }
I20260630 12:39:16.412421 15711 raft_consensus.cc:385] T b3070a75a0bf4ce2bf5ec9a7128aa6c0 P 62fba812172f4b8689e6574f0869c73d [term 0 FOLLOWER]: Consensus starting up: Expiring failure detector timer to make a prompt election more likely
I20260630 12:39:16.412724 15711 raft_consensus.cc:740] T b3070a75a0bf4ce2bf5ec9a7128aa6c0 P 62fba812172f4b8689e6574f0869c73d [term 0 FOLLOWER]: Becoming Follower/Learner. State: Replica: 62fba812172f4b8689e6574f0869c73d, State: Initialized, Role: FOLLOWER
I20260630 12:39:16.413631 15711 consensus_queue.cc:260] T b3070a75a0bf4ce2bf5ec9a7128aa6c0 P 62fba812172f4b8689e6574f0869c73d [NON_LEADER]: Queue going to NON_LEADER mode. State: All replicated index: 0, Majority replicated index: 0, Committed index: 0, Last appended: 0.0, Last appended by leader: 0, Current term: 0, Majority size: -1, State: 0, Mode: NON_LEADER, active raft config: opid_index: -1 OBSOLETE_local: false peers { permanent_uuid: "019365308e394e7fa10fbccba8f6eb5c" member_type: VOTER last_known_addr { host: "127.13.103.194" port: 34571 } } peers { permanent_uuid: "3e8411ae4218433d930383dd1ecafb09" member_type: VOTER last_known_addr { host: "127.13.103.193" port: 36641 } } peers { permanent_uuid: "62fba812172f4b8689e6574f0869c73d" member_type: VOTER last_known_addr { host: "127.13.103.195" port: 33785 } }
I20260630 12:39:16.414760 15707 tablet_bootstrap.cc:492] T b3070a75a0bf4ce2bf5ec9a7128aa6c0 P 3e8411ae4218433d930383dd1ecafb09: No bootstrap required, opened a new log
I20260630 12:39:16.415330 15707 ts_tablet_manager.cc:1403] T b3070a75a0bf4ce2bf5ec9a7128aa6c0 P 3e8411ae4218433d930383dd1ecafb09: Time spent bootstrapping tablet: real 0.037s	user 0.010s	sys 0.007s
I20260630 12:39:16.415980 15711 ts_tablet_manager.cc:1434] T b3070a75a0bf4ce2bf5ec9a7128aa6c0 P 62fba812172f4b8689e6574f0869c73d: Time spent starting tablet: real 0.007s	user 0.006s	sys 0.000s
I20260630 12:39:16.416517 15513 tablet_service.cc:1917] Received RequestConsensusVote() RPC: tablet_id: "7e0caf0cef9a4aa29745854bcbe79454" candidate_uuid: "62fba812172f4b8689e6574f0869c73d" candidate_term: 1 candidate_status { last_received { term: 0 index: 0 } } ignore_live_leader: false dest_uuid: "3e8411ae4218433d930383dd1ecafb09" is_pre_election: true
I20260630 12:39:16.417196 15513 raft_consensus.cc:2468] T 7e0caf0cef9a4aa29745854bcbe79454 P 3e8411ae4218433d930383dd1ecafb09 [term 0 FOLLOWER]: Leader pre-election vote request: Granting yes vote for candidate 62fba812172f4b8689e6574f0869c73d in term 0.
I20260630 12:39:16.418205 15708 consensus_queue.cc:260] T b3070a75a0bf4ce2bf5ec9a7128aa6c0 P 019365308e394e7fa10fbccba8f6eb5c [NON_LEADER]: Queue going to NON_LEADER mode. State: All replicated index: 0, Majority replicated index: 0, Committed index: 0, Last appended: 0.0, Last appended by leader: 0, Current term: 0, Majority size: -1, State: 0, Mode: NON_LEADER, active raft config: opid_index: -1 OBSOLETE_local: false peers { permanent_uuid: "019365308e394e7fa10fbccba8f6eb5c" member_type: VOTER last_known_addr { host: "127.13.103.194" port: 34571 } } peers { permanent_uuid: "3e8411ae4218433d930383dd1ecafb09" member_type: VOTER last_known_addr { host: "127.13.103.193" port: 36641 } } peers { permanent_uuid: "62fba812172f4b8689e6574f0869c73d" member_type: VOTER last_known_addr { host: "127.13.103.195" port: 33785 } }
I20260630 12:39:16.418527 15588 tablet_service.cc:1917] Received RequestConsensusVote() RPC: tablet_id: "7e0caf0cef9a4aa29745854bcbe79454" candidate_uuid: "62fba812172f4b8689e6574f0869c73d" candidate_term: 1 candidate_status { last_received { term: 0 index: 0 } } ignore_live_leader: false dest_uuid: "019365308e394e7fa10fbccba8f6eb5c" is_pre_election: true
I20260630 12:39:16.419706 15588 raft_consensus.cc:2468] T 7e0caf0cef9a4aa29745854bcbe79454 P 019365308e394e7fa10fbccba8f6eb5c [term 0 FOLLOWER]: Leader pre-election vote request: Granting yes vote for candidate 62fba812172f4b8689e6574f0869c73d in term 0.
I20260630 12:39:16.419240 15707 raft_consensus.cc:359] T b3070a75a0bf4ce2bf5ec9a7128aa6c0 P 3e8411ae4218433d930383dd1ecafb09 [term 0 FOLLOWER]: Replica starting. Triggering 0 pending ops. Active config: opid_index: -1 OBSOLETE_local: false peers { permanent_uuid: "019365308e394e7fa10fbccba8f6eb5c" member_type: VOTER last_known_addr { host: "127.13.103.194" port: 34571 } } peers { permanent_uuid: "3e8411ae4218433d930383dd1ecafb09" member_type: VOTER last_known_addr { host: "127.13.103.193" port: 36641 } } peers { permanent_uuid: "62fba812172f4b8689e6574f0869c73d" member_type: VOTER last_known_addr { host: "127.13.103.195" port: 33785 } }
I20260630 12:39:16.420370 15707 raft_consensus.cc:385] T b3070a75a0bf4ce2bf5ec9a7128aa6c0 P 3e8411ae4218433d930383dd1ecafb09 [term 0 FOLLOWER]: Consensus starting up: Expiring failure detector timer to make a prompt election more likely
I20260630 12:39:16.420759 15707 raft_consensus.cc:740] T b3070a75a0bf4ce2bf5ec9a7128aa6c0 P 3e8411ae4218433d930383dd1ecafb09 [term 0 FOLLOWER]: Becoming Follower/Learner. State: Replica: 3e8411ae4218433d930383dd1ecafb09, State: Initialized, Role: FOLLOWER
I20260630 12:39:16.419225 15625 leader_election.cc:304] T 7e0caf0cef9a4aa29745854bcbe79454 P 62fba812172f4b8689e6574f0869c73d [CANDIDATE]: Term 1 pre-election: Election decided. Result: candidate won. Election summary: received 2 responses out of 3 voters: 2 yes votes; 0 no votes. yes voters: 3e8411ae4218433d930383dd1ecafb09, 62fba812172f4b8689e6574f0869c73d; no voters: 
I20260630 12:39:16.422022 15715 raft_consensus.cc:2804] T 7e0caf0cef9a4aa29745854bcbe79454 P 62fba812172f4b8689e6574f0869c73d [term 0 FOLLOWER]: Leader pre-election won for term 1
I20260630 12:39:16.422408 15708 ts_tablet_manager.cc:1434] T b3070a75a0bf4ce2bf5ec9a7128aa6c0 P 019365308e394e7fa10fbccba8f6eb5c: Time spent starting tablet: real 0.019s	user 0.007s	sys 0.000s
I20260630 12:39:16.423023 15707 consensus_queue.cc:260] T b3070a75a0bf4ce2bf5ec9a7128aa6c0 P 3e8411ae4218433d930383dd1ecafb09 [NON_LEADER]: Queue going to NON_LEADER mode. State: All replicated index: 0, Majority replicated index: 0, Committed index: 0, Last appended: 0.0, Last appended by leader: 0, Current term: 0, Majority size: -1, State: 0, Mode: NON_LEADER, active raft config: opid_index: -1 OBSOLETE_local: false peers { permanent_uuid: "019365308e394e7fa10fbccba8f6eb5c" member_type: VOTER last_known_addr { host: "127.13.103.194" port: 34571 } } peers { permanent_uuid: "3e8411ae4218433d930383dd1ecafb09" member_type: VOTER last_known_addr { host: "127.13.103.193" port: 36641 } } peers { permanent_uuid: "62fba812172f4b8689e6574f0869c73d" member_type: VOTER last_known_addr { host: "127.13.103.195" port: 33785 } }
I20260630 12:39:16.422366 15715 raft_consensus.cc:493] T 7e0caf0cef9a4aa29745854bcbe79454 P 62fba812172f4b8689e6574f0869c73d [term 0 FOLLOWER]: Starting leader election (no leader contacted us within the election timeout)
I20260630 12:39:16.424948 15715 raft_consensus.cc:3060] T 7e0caf0cef9a4aa29745854bcbe79454 P 62fba812172f4b8689e6574f0869c73d [term 0 FOLLOWER]: Advancing to term 1
I20260630 12:39:16.425817 15707 ts_tablet_manager.cc:1434] T b3070a75a0bf4ce2bf5ec9a7128aa6c0 P 3e8411ae4218433d930383dd1ecafb09: Time spent starting tablet: real 0.010s	user 0.003s	sys 0.003s
I20260630 12:39:16.431499 15715 raft_consensus.cc:515] T 7e0caf0cef9a4aa29745854bcbe79454 P 62fba812172f4b8689e6574f0869c73d [term 1 FOLLOWER]: Starting leader election with config: opid_index: -1 OBSOLETE_local: false peers { permanent_uuid: "3e8411ae4218433d930383dd1ecafb09" member_type: VOTER last_known_addr { host: "127.13.103.193" port: 36641 } } peers { permanent_uuid: "019365308e394e7fa10fbccba8f6eb5c" member_type: VOTER last_known_addr { host: "127.13.103.194" port: 34571 } } peers { permanent_uuid: "62fba812172f4b8689e6574f0869c73d" member_type: VOTER last_known_addr { host: "127.13.103.195" port: 33785 } }
I20260630 12:39:16.433378 15715 leader_election.cc:290] T 7e0caf0cef9a4aa29745854bcbe79454 P 62fba812172f4b8689e6574f0869c73d [CANDIDATE]: Term 1 election: Requested vote from peers 3e8411ae4218433d930383dd1ecafb09 (127.13.103.193:36641), 019365308e394e7fa10fbccba8f6eb5c (127.13.103.194:34571)
I20260630 12:39:16.434448 15513 tablet_service.cc:1917] Received RequestConsensusVote() RPC: tablet_id: "7e0caf0cef9a4aa29745854bcbe79454" candidate_uuid: "62fba812172f4b8689e6574f0869c73d" candidate_term: 1 candidate_status { last_received { term: 0 index: 0 } } ignore_live_leader: false dest_uuid: "3e8411ae4218433d930383dd1ecafb09"
I20260630 12:39:16.435042 15513 raft_consensus.cc:3060] T 7e0caf0cef9a4aa29745854bcbe79454 P 3e8411ae4218433d930383dd1ecafb09 [term 0 FOLLOWER]: Advancing to term 1
I20260630 12:39:16.435233 15588 tablet_service.cc:1917] Received RequestConsensusVote() RPC: tablet_id: "7e0caf0cef9a4aa29745854bcbe79454" candidate_uuid: "62fba812172f4b8689e6574f0869c73d" candidate_term: 1 candidate_status { last_received { term: 0 index: 0 } } ignore_live_leader: false dest_uuid: "019365308e394e7fa10fbccba8f6eb5c"
I20260630 12:39:16.435847 15588 raft_consensus.cc:3060] T 7e0caf0cef9a4aa29745854bcbe79454 P 019365308e394e7fa10fbccba8f6eb5c [term 0 FOLLOWER]: Advancing to term 1
I20260630 12:39:16.440550 15513 raft_consensus.cc:2468] T 7e0caf0cef9a4aa29745854bcbe79454 P 3e8411ae4218433d930383dd1ecafb09 [term 1 FOLLOWER]: Leader election vote request: Granting yes vote for candidate 62fba812172f4b8689e6574f0869c73d in term 1.
I20260630 12:39:16.441370 15588 raft_consensus.cc:2468] T 7e0caf0cef9a4aa29745854bcbe79454 P 019365308e394e7fa10fbccba8f6eb5c [term 1 FOLLOWER]: Leader election vote request: Granting yes vote for candidate 62fba812172f4b8689e6574f0869c73d in term 1.
I20260630 12:39:16.441546 15625 leader_election.cc:304] T 7e0caf0cef9a4aa29745854bcbe79454 P 62fba812172f4b8689e6574f0869c73d [CANDIDATE]: Term 1 election: Election decided. Result: candidate won. Election summary: received 2 responses out of 3 voters: 2 yes votes; 0 no votes. yes voters: 3e8411ae4218433d930383dd1ecafb09, 62fba812172f4b8689e6574f0869c73d; no voters: 
I20260630 12:39:16.442411 15715 raft_consensus.cc:2804] T 7e0caf0cef9a4aa29745854bcbe79454 P 62fba812172f4b8689e6574f0869c73d [term 1 FOLLOWER]: Leader election won for term 1
I20260630 12:39:16.442809 15715 raft_consensus.cc:697] T 7e0caf0cef9a4aa29745854bcbe79454 P 62fba812172f4b8689e6574f0869c73d [term 1 LEADER]: Becoming Leader. State: Replica: 62fba812172f4b8689e6574f0869c73d, State: Running, Role: LEADER
I20260630 12:39:16.443526 15715 consensus_queue.cc:237] T 7e0caf0cef9a4aa29745854bcbe79454 P 62fba812172f4b8689e6574f0869c73d [LEADER]: Queue going to LEADER mode. State: All replicated index: 0, Majority replicated index: 0, Committed index: 0, Last appended: 0.0, Last appended by leader: 0, Current term: 1, Majority size: 2, State: 0, Mode: LEADER, active raft config: opid_index: -1 OBSOLETE_local: false peers { permanent_uuid: "3e8411ae4218433d930383dd1ecafb09" member_type: VOTER last_known_addr { host: "127.13.103.193" port: 36641 } } peers { permanent_uuid: "019365308e394e7fa10fbccba8f6eb5c" member_type: VOTER last_known_addr { host: "127.13.103.194" port: 34571 } } peers { permanent_uuid: "62fba812172f4b8689e6574f0869c73d" member_type: VOTER last_known_addr { host: "127.13.103.195" port: 33785 } }
I20260630 12:39:16.450712 15409 catalog_manager.cc:5697] T 7e0caf0cef9a4aa29745854bcbe79454 P 62fba812172f4b8689e6574f0869c73d reported cstate change: term changed from 0 to 1, leader changed from <none> to 62fba812172f4b8689e6574f0869c73d (127.13.103.195). New cstate: current_term: 1 leader_uuid: "62fba812172f4b8689e6574f0869c73d" committed_config { opid_index: -1 OBSOLETE_local: false peers { permanent_uuid: "3e8411ae4218433d930383dd1ecafb09" member_type: VOTER last_known_addr { host: "127.13.103.193" port: 36641 } health_report { overall_health: UNKNOWN } } peers { permanent_uuid: "019365308e394e7fa10fbccba8f6eb5c" member_type: VOTER last_known_addr { host: "127.13.103.194" port: 34571 } health_report { overall_health: UNKNOWN } } peers { permanent_uuid: "62fba812172f4b8689e6574f0869c73d" member_type: VOTER last_known_addr { host: "127.13.103.195" port: 33785 } health_report { overall_health: HEALTHY } } }
I20260630 12:39:16.681041 15714 raft_consensus.cc:493] T b3070a75a0bf4ce2bf5ec9a7128aa6c0 P 3e8411ae4218433d930383dd1ecafb09 [term 0 FOLLOWER]: Starting pre-election (no leader contacted us within the election timeout)
I20260630 12:39:16.681530 15714 raft_consensus.cc:515] T b3070a75a0bf4ce2bf5ec9a7128aa6c0 P 3e8411ae4218433d930383dd1ecafb09 [term 0 FOLLOWER]: Starting pre-election with config: opid_index: -1 OBSOLETE_local: false peers { permanent_uuid: "019365308e394e7fa10fbccba8f6eb5c" member_type: VOTER last_known_addr { host: "127.13.103.194" port: 34571 } } peers { permanent_uuid: "3e8411ae4218433d930383dd1ecafb09" member_type: VOTER last_known_addr { host: "127.13.103.193" port: 36641 } } peers { permanent_uuid: "62fba812172f4b8689e6574f0869c73d" member_type: VOTER last_known_addr { host: "127.13.103.195" port: 33785 } }
I20260630 12:39:16.683816 15714 leader_election.cc:290] T b3070a75a0bf4ce2bf5ec9a7128aa6c0 P 3e8411ae4218433d930383dd1ecafb09 [CANDIDATE]: Term 1 pre-election: Requested pre-vote from peers 019365308e394e7fa10fbccba8f6eb5c (127.13.103.194:34571), 62fba812172f4b8689e6574f0869c73d (127.13.103.195:33785)
I20260630 12:39:16.694015 15588 tablet_service.cc:1917] Received RequestConsensusVote() RPC: tablet_id: "b3070a75a0bf4ce2bf5ec9a7128aa6c0" candidate_uuid: "3e8411ae4218433d930383dd1ecafb09" candidate_term: 1 candidate_status { last_received { term: 0 index: 0 } } ignore_live_leader: false dest_uuid: "019365308e394e7fa10fbccba8f6eb5c" is_pre_election: true
I20260630 12:39:16.694586 15588 raft_consensus.cc:2468] T b3070a75a0bf4ce2bf5ec9a7128aa6c0 P 019365308e394e7fa10fbccba8f6eb5c [term 0 FOLLOWER]: Leader pre-election vote request: Granting yes vote for candidate 3e8411ae4218433d930383dd1ecafb09 in term 0.
I20260630 12:39:16.694555 15662 tablet_service.cc:1917] Received RequestConsensusVote() RPC: tablet_id: "b3070a75a0bf4ce2bf5ec9a7128aa6c0" candidate_uuid: "3e8411ae4218433d930383dd1ecafb09" candidate_term: 1 candidate_status { last_received { term: 0 index: 0 } } ignore_live_leader: false dest_uuid: "62fba812172f4b8689e6574f0869c73d" is_pre_election: true
I20260630 12:39:16.695281 15662 raft_consensus.cc:2468] T b3070a75a0bf4ce2bf5ec9a7128aa6c0 P 62fba812172f4b8689e6574f0869c73d [term 0 FOLLOWER]: Leader pre-election vote request: Granting yes vote for candidate 3e8411ae4218433d930383dd1ecafb09 in term 0.
I20260630 12:39:16.695783 15477 leader_election.cc:304] T b3070a75a0bf4ce2bf5ec9a7128aa6c0 P 3e8411ae4218433d930383dd1ecafb09 [CANDIDATE]: Term 1 pre-election: Election decided. Result: candidate won. Election summary: received 2 responses out of 3 voters: 2 yes votes; 0 no votes. yes voters: 019365308e394e7fa10fbccba8f6eb5c, 3e8411ae4218433d930383dd1ecafb09; no voters: 
I20260630 12:39:16.696628 15714 raft_consensus.cc:2804] T b3070a75a0bf4ce2bf5ec9a7128aa6c0 P 3e8411ae4218433d930383dd1ecafb09 [term 0 FOLLOWER]: Leader pre-election won for term 1
I20260630 12:39:16.696936 15714 raft_consensus.cc:493] T b3070a75a0bf4ce2bf5ec9a7128aa6c0 P 3e8411ae4218433d930383dd1ecafb09 [term 0 FOLLOWER]: Starting leader election (no leader contacted us within the election timeout)
I20260630 12:39:16.697211 15714 raft_consensus.cc:3060] T b3070a75a0bf4ce2bf5ec9a7128aa6c0 P 3e8411ae4218433d930383dd1ecafb09 [term 0 FOLLOWER]: Advancing to term 1
I20260630 12:39:16.701475 15714 raft_consensus.cc:515] T b3070a75a0bf4ce2bf5ec9a7128aa6c0 P 3e8411ae4218433d930383dd1ecafb09 [term 1 FOLLOWER]: Starting leader election with config: opid_index: -1 OBSOLETE_local: false peers { permanent_uuid: "019365308e394e7fa10fbccba8f6eb5c" member_type: VOTER last_known_addr { host: "127.13.103.194" port: 34571 } } peers { permanent_uuid: "3e8411ae4218433d930383dd1ecafb09" member_type: VOTER last_known_addr { host: "127.13.103.193" port: 36641 } } peers { permanent_uuid: "62fba812172f4b8689e6574f0869c73d" member_type: VOTER last_known_addr { host: "127.13.103.195" port: 33785 } }
I20260630 12:39:16.702930 15714 leader_election.cc:290] T b3070a75a0bf4ce2bf5ec9a7128aa6c0 P 3e8411ae4218433d930383dd1ecafb09 [CANDIDATE]: Term 1 election: Requested vote from peers 019365308e394e7fa10fbccba8f6eb5c (127.13.103.194:34571), 62fba812172f4b8689e6574f0869c73d (127.13.103.195:33785)
I20260630 12:39:16.703703 15588 tablet_service.cc:1917] Received RequestConsensusVote() RPC: tablet_id: "b3070a75a0bf4ce2bf5ec9a7128aa6c0" candidate_uuid: "3e8411ae4218433d930383dd1ecafb09" candidate_term: 1 candidate_status { last_received { term: 0 index: 0 } } ignore_live_leader: false dest_uuid: "019365308e394e7fa10fbccba8f6eb5c"
I20260630 12:39:16.703879 15662 tablet_service.cc:1917] Received RequestConsensusVote() RPC: tablet_id: "b3070a75a0bf4ce2bf5ec9a7128aa6c0" candidate_uuid: "3e8411ae4218433d930383dd1ecafb09" candidate_term: 1 candidate_status { last_received { term: 0 index: 0 } } ignore_live_leader: false dest_uuid: "62fba812172f4b8689e6574f0869c73d"
I20260630 12:39:16.704202 15588 raft_consensus.cc:3060] T b3070a75a0bf4ce2bf5ec9a7128aa6c0 P 019365308e394e7fa10fbccba8f6eb5c [term 0 FOLLOWER]: Advancing to term 1
I20260630 12:39:16.704569 15662 raft_consensus.cc:3060] T b3070a75a0bf4ce2bf5ec9a7128aa6c0 P 62fba812172f4b8689e6574f0869c73d [term 0 FOLLOWER]: Advancing to term 1
I20260630 12:39:16.708671 15588 raft_consensus.cc:2468] T b3070a75a0bf4ce2bf5ec9a7128aa6c0 P 019365308e394e7fa10fbccba8f6eb5c [term 1 FOLLOWER]: Leader election vote request: Granting yes vote for candidate 3e8411ae4218433d930383dd1ecafb09 in term 1.
I20260630 12:39:16.709209 15662 raft_consensus.cc:2468] T b3070a75a0bf4ce2bf5ec9a7128aa6c0 P 62fba812172f4b8689e6574f0869c73d [term 1 FOLLOWER]: Leader election vote request: Granting yes vote for candidate 3e8411ae4218433d930383dd1ecafb09 in term 1.
I20260630 12:39:16.709599 15477 leader_election.cc:304] T b3070a75a0bf4ce2bf5ec9a7128aa6c0 P 3e8411ae4218433d930383dd1ecafb09 [CANDIDATE]: Term 1 election: Election decided. Result: candidate won. Election summary: received 2 responses out of 3 voters: 2 yes votes; 0 no votes. yes voters: 019365308e394e7fa10fbccba8f6eb5c, 3e8411ae4218433d930383dd1ecafb09; no voters: 
I20260630 12:39:16.710341 15714 raft_consensus.cc:2804] T b3070a75a0bf4ce2bf5ec9a7128aa6c0 P 3e8411ae4218433d930383dd1ecafb09 [term 1 FOLLOWER]: Leader election won for term 1
I20260630 12:39:16.711354 15714 raft_consensus.cc:697] T b3070a75a0bf4ce2bf5ec9a7128aa6c0 P 3e8411ae4218433d930383dd1ecafb09 [term 1 LEADER]: Becoming Leader. State: Replica: 3e8411ae4218433d930383dd1ecafb09, State: Running, Role: LEADER
I20260630 12:39:16.711964 15714 consensus_queue.cc:237] T b3070a75a0bf4ce2bf5ec9a7128aa6c0 P 3e8411ae4218433d930383dd1ecafb09 [LEADER]: Queue going to LEADER mode. State: All replicated index: 0, Majority replicated index: 0, Committed index: 0, Last appended: 0.0, Last appended by leader: 0, Current term: 1, Majority size: 2, State: 0, Mode: LEADER, active raft config: opid_index: -1 OBSOLETE_local: false peers { permanent_uuid: "019365308e394e7fa10fbccba8f6eb5c" member_type: VOTER last_known_addr { host: "127.13.103.194" port: 34571 } } peers { permanent_uuid: "3e8411ae4218433d930383dd1ecafb09" member_type: VOTER last_known_addr { host: "127.13.103.193" port: 36641 } } peers { permanent_uuid: "62fba812172f4b8689e6574f0869c73d" member_type: VOTER last_known_addr { host: "127.13.103.195" port: 33785 } }
I20260630 12:39:16.718814 15409 catalog_manager.cc:5697] T b3070a75a0bf4ce2bf5ec9a7128aa6c0 P 3e8411ae4218433d930383dd1ecafb09 reported cstate change: term changed from 0 to 1, leader changed from <none> to 3e8411ae4218433d930383dd1ecafb09 (127.13.103.193). New cstate: current_term: 1 leader_uuid: "3e8411ae4218433d930383dd1ecafb09" committed_config { opid_index: -1 OBSOLETE_local: false peers { permanent_uuid: "019365308e394e7fa10fbccba8f6eb5c" member_type: VOTER last_known_addr { host: "127.13.103.194" port: 34571 } health_report { overall_health: UNKNOWN } } peers { permanent_uuid: "3e8411ae4218433d930383dd1ecafb09" member_type: VOTER last_known_addr { host: "127.13.103.193" port: 36641 } health_report { overall_health: HEALTHY } } peers { permanent_uuid: "62fba812172f4b8689e6574f0869c73d" member_type: VOTER last_known_addr { host: "127.13.103.195" port: 33785 } health_report { overall_health: UNKNOWN } } }
I20260630 12:39:16.804746 15464 auto_leader_rebalancer.cc:141] leader rebalance for table test-workload
I20260630 12:39:16.806711 15464 auto_leader_rebalancer.cc:440] table: test-workload, leader rebalance finish, leader transfer count: 0
I20260630 12:39:16.807060 15464 auto_leader_rebalancer.cc:515] All tables' leader rebalancing finished this round
I20260630 12:39:16.932973 15715 consensus_queue.cc:1048] T 7e0caf0cef9a4aa29745854bcbe79454 P 62fba812172f4b8689e6574f0869c73d [LEADER]: Connected to new peer: Peer: permanent_uuid: "019365308e394e7fa10fbccba8f6eb5c" member_type: VOTER last_known_addr { host: "127.13.103.194" port: 34571 }, Status: LMP_MISMATCH, Last received: 0.0, Next index: 1, Last known committed idx: 0, Time since last communication: 0.000s
I20260630 12:39:16.946971 15730 consensus_queue.cc:1048] T 7e0caf0cef9a4aa29745854bcbe79454 P 62fba812172f4b8689e6574f0869c73d [LEADER]: Connected to new peer: Peer: permanent_uuid: "3e8411ae4218433d930383dd1ecafb09" member_type: VOTER last_known_addr { host: "127.13.103.193" port: 36641 }, Status: LMP_MISMATCH, Last received: 0.0, Next index: 1, Last known committed idx: 0, Time since last communication: 0.000s
I20260630 12:39:17.097558 15714 consensus_queue.cc:1048] T b3070a75a0bf4ce2bf5ec9a7128aa6c0 P 3e8411ae4218433d930383dd1ecafb09 [LEADER]: Connected to new peer: Peer: permanent_uuid: "019365308e394e7fa10fbccba8f6eb5c" member_type: VOTER last_known_addr { host: "127.13.103.194" port: 34571 }, Status: LMP_MISMATCH, Last received: 0.0, Next index: 1, Last known committed idx: 0, Time since last communication: 0.000s
I20260630 12:39:17.107508 15725 consensus_queue.cc:1048] T b3070a75a0bf4ce2bf5ec9a7128aa6c0 P 3e8411ae4218433d930383dd1ecafb09 [LEADER]: Connected to new peer: Peer: permanent_uuid: "62fba812172f4b8689e6574f0869c73d" member_type: VOTER last_known_addr { host: "127.13.103.195" port: 33785 }, Status: LMP_MISMATCH, Last received: 0.0, Next index: 1, Last known committed idx: 0, Time since last communication: 0.000s
I20260630 12:39:18.808313 15464 auto_leader_rebalancer.cc:141] leader rebalance for table test-workload
I20260630 12:39:18.810827 15464 auto_leader_rebalancer.cc:440] table: test-workload, leader rebalance finish, leader transfer count: 0
I20260630 12:39:18.811209 15464 auto_leader_rebalancer.cc:515] All tables' leader rebalancing finished this round
I20260630 12:39:20.812179 15464 auto_leader_rebalancer.cc:141] leader rebalance for table test-workload
I20260630 12:39:20.814059 15464 auto_leader_rebalancer.cc:440] table: test-workload, leader rebalance finish, leader transfer count: 0
I20260630 12:39:20.814431 15464 auto_leader_rebalancer.cc:515] All tables' leader rebalancing finished this round
I20260630 12:39:22.815522 15464 auto_leader_rebalancer.cc:141] leader rebalance for table test-workload
I20260630 12:39:22.817544 15464 auto_leader_rebalancer.cc:440] table: test-workload, leader rebalance finish, leader transfer count: 0
I20260630 12:39:22.817871 15464 auto_leader_rebalancer.cc:515] All tables' leader rebalancing finished this round
W20260630 12:39:24.681957 15477 outbound_call.cc:321] RPC callback for RPC call kudu.consensus.ConsensusService.UpdateConsensus -> {remote=127.13.103.194:34571, user_credentials={real_user=slave}} blocked reactor thread for 163997us
I20260630 12:39:24.877475 15464 auto_leader_rebalancer.cc:141] leader rebalance for table test-workload
I20260630 12:39:24.879312 15464 auto_leader_rebalancer.cc:440] table: test-workload, leader rebalance finish, leader transfer count: 0
I20260630 12:39:24.879647 15464 auto_leader_rebalancer.cc:515] All tables' leader rebalancing finished this round
W20260630 12:39:25.489270 15609 debug-util.cc:398] Leaking SignalData structure 0x7b08000abc80 after lost signal to thread 13730
W20260630 12:39:25.490183 15609 debug-util.cc:398] Leaking SignalData structure 0x7b0800041ec0 after lost signal to thread 15445
W20260630 12:39:25.491086 15609 debug-util.cc:398] Leaking SignalData structure 0x7b08001d6f20 after lost signal to thread 15537
W20260630 12:39:25.491890 15609 debug-util.cc:398] Leaking SignalData structure 0x7b080022efc0 after lost signal to thread 15612
W20260630 12:39:25.492741 15609 debug-util.cc:398] Leaking SignalData structure 0x7b0800210bc0 after lost signal to thread 15686
I20260630 12:39:26.880591 15464 auto_leader_rebalancer.cc:141] leader rebalance for table test-workload
I20260630 12:39:26.883288 15464 auto_leader_rebalancer.cc:440] table: test-workload, leader rebalance finish, leader transfer count: 0
I20260630 12:39:26.883679 15464 auto_leader_rebalancer.cc:515] All tables' leader rebalancing finished this round
I20260630 12:39:27.063829 13727 file_cache.cc:492] Constructed file cache file cache with capacity 419430
W20260630 12:39:27.072321 15745 instance_detector.cc:116] could not retrieve AWS instance metadata: Network error: curl error: HTTP response code said error: The requested URL returned error: 404
W20260630 12:39:27.075770 15746 instance_detector.cc:116] could not retrieve Azure instance metadata: Network error: curl error: HTTP response code said error: The requested URL returned error: 404
I20260630 12:39:27.083209 13727 server_base.cc:1061] running on GCE node
W20260630 12:39:27.084003 15750 instance_detector.cc:116] could not retrieve OpenStack instance metadata: Network error: curl error: HTTP response code said error: The requested URL returned error: 404
I20260630 12:39:27.085330 13727 hybrid_clock.cc:584] initializing the hybrid clock with 'system_unsync' time source
W20260630 12:39:27.085638 13727 system_unsync_time.cc:38] NTP support is disabled. Clock error bounds will not be accurate. This configuration is not suitable for distributed clusters.
I20260630 12:39:27.085878 13727 hybrid_clock.cc:648] HybridClock initialized: now 1782823167085860 us; error 0 us; skew 500 ppm
I20260630 12:39:27.086633 13727 server_base.cc:861] Flag tcmalloc_max_total_thread_cache_bytes is not working since tcmalloc is not enabled.
I20260630 12:39:27.090113 13727 webserver.cc:533] Webserver started at http://127.13.103.196:39059/ using document root <none> and password file <none>
I20260630 12:39:27.090850 13727 fs_manager.cc:362] Metadata directory not provided
I20260630 12:39:27.091158 13727 fs_manager.cc:368] Using write-ahead log directory (fs_wal_dir) as metadata directory
I20260630 12:39:27.091681 13727 server_base.cc:909] This appears to be a new deployment of Kudu; creating new FS layout
I20260630 12:39:27.093777 13727 fs_manager.cc:1068] Generated new instance metadata in path /tmp/dist-test-taskEEI_wa/test-tmp/auto_rebalancer-test.0.AutoRebalancerTest.MovesScheduledIfAddTserver.1782823127782761-13727-0/minicluster-data/ts-3-root/instance:
uuid: "b8ff2e3e54544c9b8f26c1c73606b2d8"
format_stamp: "Formatted at 2026-06-30 12:39:27 on dist-test-slave-978k"
I20260630 12:39:27.100349 13727 fs_manager.cc:696] Time spent creating directory manager: real 0.006s	user 0.006s	sys 0.001s
I20260630 12:39:27.104991 15754 log_block_manager.cc:4031] Time spent loading block containers with low live blocks: real 0.000s	user 0.000s	sys 0.000s
I20260630 12:39:27.105931 13727 fs_manager.cc:730] Time spent opening block manager: real 0.003s	user 0.004s	sys 0.000s
I20260630 12:39:27.106323 13727 fs_manager.cc:647] Opened local filesystem: /tmp/dist-test-taskEEI_wa/test-tmp/auto_rebalancer-test.0.AutoRebalancerTest.MovesScheduledIfAddTserver.1782823127782761-13727-0/minicluster-data/ts-3-root
uuid: "b8ff2e3e54544c9b8f26c1c73606b2d8"
format_stamp: "Formatted at 2026-06-30 12:39:27 on dist-test-slave-978k"
I20260630 12:39:27.106694 13727 fs_report.cc:389] FS layout report
--------------------
wal directory: /tmp/dist-test-taskEEI_wa/test-tmp/auto_rebalancer-test.0.AutoRebalancerTest.MovesScheduledIfAddTserver.1782823127782761-13727-0/minicluster-data/ts-3-root
metadata directory: /tmp/dist-test-taskEEI_wa/test-tmp/auto_rebalancer-test.0.AutoRebalancerTest.MovesScheduledIfAddTserver.1782823127782761-13727-0/minicluster-data/ts-3-root
1 data directories: /tmp/dist-test-taskEEI_wa/test-tmp/auto_rebalancer-test.0.AutoRebalancerTest.MovesScheduledIfAddTserver.1782823127782761-13727-0/minicluster-data/ts-3-root/data
Total live blocks: 0
Total live bytes: 0
Total live bytes (after alignment): 0
Total number of LBM containers: 0 (0 full)
Did not check for missing blocks
Did not check for orphaned blocks
Total full LBM containers with extra space: 0 (0 repaired)
Total full LBM container extra space in bytes: 0 (0 repaired)
Total incomplete LBM containers: 0 (0 repaired)
Total LBM partial records: 0 (0 repaired)
Total corrupted LBM metadata records in RocksDB: 0 (0 repaired)
I20260630 12:39:27.122355 13727 rpc_server.cc:225] running with OpenSSL 1.1.1  11 Sep 2018
I20260630 12:39:27.124254 13727 kserver.cc:163] Server-wide thread pool size limit: 3276
I20260630 12:39:27.126335 13727 txn_system_client.cc:432] TxnSystemClient initialization is disabled...
I20260630 12:39:27.129874 13727 ts_tablet_manager.cc:585] Loaded tablet metadata (0 total tablets, 0 live tablets)
I20260630 12:39:27.130187 13727 ts_tablet_manager.cc:531] Time spent load tablet metadata: real 0.000s	user 0.000s	sys 0.000s
I20260630 12:39:27.130532 13727 ts_tablet_manager.cc:616] Registered 0 tablets
I20260630 12:39:27.130764 13727 ts_tablet_manager.cc:595] Time spent register tablets: real 0.000s	user 0.000s	sys 0.000s
I20260630 12:39:27.185530 13727 rpc_server.cc:307] RPC server started. Bound to: 127.13.103.196:44889
I20260630 12:39:27.185660 15816 acceptor_pool.cc:272] collecting diagnostics on the listening RPC socket 127.13.103.196:44889 every 8 connection(s)
I20260630 12:39:27.208226 15817 heartbeater.cc:344] Connected to a master server at 127.13.103.254:46085
I20260630 12:39:27.208626 15817 heartbeater.cc:461] Registering TS with master...
I20260630 12:39:27.209406 15817 heartbeater.cc:507] Master 127.13.103.254:46085 requested a full tablet report, sending...
I20260630 12:39:27.211345 15409 ts_manager.cc:194] Registered new tserver with Master: b8ff2e3e54544c9b8f26c1c73606b2d8 (127.13.103.196:44889)
I20260630 12:39:27.212847 15409 master_service.cc:502] Signed X509 certificate for tserver {username='slave'} at 127.0.0.1:51038
