I20260630 12:38:57.359752 14640 raft_consensus.cc:515] T 55e93a4a17354b0c800150ae96949a9d P 6175d8ff4b334a5490783a6e4a127708 [term 2 FOLLOWER]: Starting forced leader election with config: opid_index: -1 OBSOLETE_local: false peers { permanent_uuid: "2f961d0271dd4c4792235bfb77950446" member_type: VOTER last_known_addr { host: "127.13.145.193" port: 37301 } } peers { permanent_uuid: "6175d8ff4b334a5490783a6e4a127708" member_type: VOTER last_known_addr { host: "127.13.145.194" port: 37305 } } peers { permanent_uuid: "0d20d24da25841fb9da817bda05af120" member_type: VOTER last_known_addr { host: "127.13.145.195" port: 40687 } }
I20260630 12:38:57.361665 14640 leader_election.cc:290] T 55e93a4a17354b0c800150ae96949a9d P 6175d8ff4b334a5490783a6e4a127708 [CANDIDATE]: Term 2 election: Requested vote from peers 2f961d0271dd4c4792235bfb77950446 (127.13.145.193:37301), 0d20d24da25841fb9da817bda05af120 (127.13.145.195:40687)
I20260630 12:38:57.362519 14566 tablet_service.cc:1917] Received RequestConsensusVote() RPC: tablet_id: "55e93a4a17354b0c800150ae96949a9d" candidate_uuid: "6175d8ff4b334a5490783a6e4a127708" candidate_term: 2 candidate_status { last_received { term: 1 index: 1 } } ignore_live_leader: true dest_uuid: "2f961d0271dd4c4792235bfb77950446"
I20260630 12:38:57.362825 14715 tablet_service.cc:1917] Received RequestConsensusVote() RPC: tablet_id: "55e93a4a17354b0c800150ae96949a9d" candidate_uuid: "6175d8ff4b334a5490783a6e4a127708" candidate_term: 2 candidate_status { last_received { term: 1 index: 1 } } ignore_live_leader: true dest_uuid: "0d20d24da25841fb9da817bda05af120"
I20260630 12:38:57.363299 14566 raft_consensus.cc:3060] T 55e93a4a17354b0c800150ae96949a9d P 2f961d0271dd4c4792235bfb77950446 [term 1 FOLLOWER]: Advancing to term 2
I20260630 12:38:57.363413 14715 raft_consensus.cc:3055] T 55e93a4a17354b0c800150ae96949a9d P 0d20d24da25841fb9da817bda05af120 [term 1 LEADER]: Stepping down as leader of term 1
I20260630 12:38:57.363775 14715 raft_consensus.cc:740] T 55e93a4a17354b0c800150ae96949a9d P 0d20d24da25841fb9da817bda05af120 [term 1 LEADER]: Becoming Follower/Learner. State: Replica: 0d20d24da25841fb9da817bda05af120, State: Running, Role: LEADER
I20260630 12:38:57.364691 14715 consensus_queue.cc:260] T 55e93a4a17354b0c800150ae96949a9d P 0d20d24da25841fb9da817bda05af120 [NON_LEADER]: Queue going to NON_LEADER mode. State: All replicated index: 0, Majority replicated index: 1, Committed index: 1, Last appended: 1.1, Last appended by leader: 1, Current term: 1, Majority size: -1, State: 0, Mode: NON_LEADER, active raft config: opid_index: -1 OBSOLETE_local: false peers { permanent_uuid: "2f961d0271dd4c4792235bfb77950446" member_type: VOTER last_known_addr { host: "127.13.145.193" port: 37301 } } peers { permanent_uuid: "6175d8ff4b334a5490783a6e4a127708" member_type: VOTER last_known_addr { host: "127.13.145.194" port: 37305 } } peers { permanent_uuid: "0d20d24da25841fb9da817bda05af120" member_type: VOTER last_known_addr { host: "127.13.145.195" port: 40687 } }
I20260630 12:38:57.367359 14715 raft_consensus.cc:3060] T 55e93a4a17354b0c800150ae96949a9d P 0d20d24da25841fb9da817bda05af120 [term 1 FOLLOWER]: Advancing to term 2
I20260630 12:38:57.370477 14566 raft_consensus.cc:2468] T 55e93a4a17354b0c800150ae96949a9d P 2f961d0271dd4c4792235bfb77950446 [term 2 FOLLOWER]: Leader election vote request: Granting yes vote for candidate 6175d8ff4b334a5490783a6e4a127708 in term 2.
I20260630 12:38:57.371781 14607 leader_election.cc:304] T 55e93a4a17354b0c800150ae96949a9d P 6175d8ff4b334a5490783a6e4a127708 [CANDIDATE]: Term 2 election: Election decided. Result: candidate won. Election summary: received 2 responses out of 3 voters: 2 yes votes; 0 no votes. yes voters: 2f961d0271dd4c4792235bfb77950446, 6175d8ff4b334a5490783a6e4a127708; no voters: 
I20260630 12:38:57.372575 14895 raft_consensus.cc:2804] T 55e93a4a17354b0c800150ae96949a9d P 6175d8ff4b334a5490783a6e4a127708 [term 2 FOLLOWER]: Leader election won for term 2
I20260630 12:38:57.373459 14895 raft_consensus.cc:697] T 55e93a4a17354b0c800150ae96949a9d P 6175d8ff4b334a5490783a6e4a127708 [term 2 LEADER]: Becoming Leader. State: Replica: 6175d8ff4b334a5490783a6e4a127708, State: Running, Role: LEADER
I20260630 12:38:57.373456 14715 raft_consensus.cc:2468] T 55e93a4a17354b0c800150ae96949a9d P 0d20d24da25841fb9da817bda05af120 [term 2 FOLLOWER]: Leader election vote request: Granting yes vote for candidate 6175d8ff4b334a5490783a6e4a127708 in term 2.
I20260630 12:38:57.374269 14895 consensus_queue.cc:237] T 55e93a4a17354b0c800150ae96949a9d P 6175d8ff4b334a5490783a6e4a127708 [LEADER]: Queue going to LEADER mode. State: All replicated index: 0, Majority replicated index: 1, Committed index: 1, Last appended: 1.1, Last appended by leader: 1, Current term: 2, Majority size: 2, State: 0, Mode: LEADER, active raft config: opid_index: -1 OBSOLETE_local: false peers { permanent_uuid: "2f961d0271dd4c4792235bfb77950446" member_type: VOTER last_known_addr { host: "127.13.145.193" port: 37301 } } peers { permanent_uuid: "6175d8ff4b334a5490783a6e4a127708" member_type: VOTER last_known_addr { host: "127.13.145.194" port: 37305 } } peers { permanent_uuid: "0d20d24da25841fb9da817bda05af120" member_type: VOTER last_known_addr { host: "127.13.145.195" port: 40687 } }
I20260630 12:38:57.381001 14463 catalog_manager.cc:5697] T 55e93a4a17354b0c800150ae96949a9d P 6175d8ff4b334a5490783a6e4a127708 reported cstate change: term changed from 1 to 2, leader changed from 0d20d24da25841fb9da817bda05af120 (127.13.145.195) to 6175d8ff4b334a5490783a6e4a127708 (127.13.145.194). New cstate: current_term: 2 leader_uuid: "6175d8ff4b334a5490783a6e4a127708" committed_config { opid_index: -1 OBSOLETE_local: false peers { permanent_uuid: "2f961d0271dd4c4792235bfb77950446" member_type: VOTER last_known_addr { host: "127.13.145.193" port: 37301 } health_report { overall_health: UNKNOWN } } peers { permanent_uuid: "6175d8ff4b334a5490783a6e4a127708" member_type: VOTER last_known_addr { host: "127.13.145.194" port: 37305 } health_report { overall_health: HEALTHY } } peers { permanent_uuid: "0d20d24da25841fb9da817bda05af120" member_type: VOTER last_known_addr { host: "127.13.145.195" port: 40687 } health_report { overall_health: UNKNOWN } } }
I20260630 12:38:57.409081 14907 raft_consensus.cc:993] T 60e369ffa7394df9a2034cdd4cf252f0 P 0d20d24da25841fb9da817bda05af120: : Instructing follower 6175d8ff4b334a5490783a6e4a127708 to start an election
I20260630 12:38:57.409627 14907 raft_consensus.cc:1081] T 60e369ffa7394df9a2034cdd4cf252f0 P 0d20d24da25841fb9da817bda05af120 [term 1 LEADER]: Signalling peer 6175d8ff4b334a5490783a6e4a127708 to start an election
I20260630 12:38:57.411262 14640 tablet_service.cc:2044] Received Run Leader Election RPC: tablet_id: "60e369ffa7394df9a2034cdd4cf252f0"
dest_uuid: "6175d8ff4b334a5490783a6e4a127708"
 from {username='slave'} at 127.0.0.1:57690
I20260630 12:38:57.411783 14640 raft_consensus.cc:493] T 60e369ffa7394df9a2034cdd4cf252f0 P 6175d8ff4b334a5490783a6e4a127708 [term 1 FOLLOWER]: Starting forced leader election (received explicit request)
I20260630 12:38:57.412155 14640 raft_consensus.cc:3060] T 60e369ffa7394df9a2034cdd4cf252f0 P 6175d8ff4b334a5490783a6e4a127708 [term 1 FOLLOWER]: Advancing to term 2
I20260630 12:38:57.416525 14640 raft_consensus.cc:515] T 60e369ffa7394df9a2034cdd4cf252f0 P 6175d8ff4b334a5490783a6e4a127708 [term 2 FOLLOWER]: Starting forced leader election with config: opid_index: -1 OBSOLETE_local: false peers { permanent_uuid: "2f961d0271dd4c4792235bfb77950446" member_type: VOTER last_known_addr { host: "127.13.145.193" port: 37301 } } peers { permanent_uuid: "6175d8ff4b334a5490783a6e4a127708" member_type: VOTER last_known_addr { host: "127.13.145.194" port: 37305 } } peers { permanent_uuid: "0d20d24da25841fb9da817bda05af120" member_type: VOTER last_known_addr { host: "127.13.145.195" port: 40687 } }
I20260630 12:38:57.417979 14640 leader_election.cc:290] T 60e369ffa7394df9a2034cdd4cf252f0 P 6175d8ff4b334a5490783a6e4a127708 [CANDIDATE]: Term 2 election: Requested vote from peers 2f961d0271dd4c4792235bfb77950446 (127.13.145.193:37301), 0d20d24da25841fb9da817bda05af120 (127.13.145.195:40687)
I20260630 12:38:57.418843 14566 tablet_service.cc:1917] Received RequestConsensusVote() RPC: tablet_id: "60e369ffa7394df9a2034cdd4cf252f0" candidate_uuid: "6175d8ff4b334a5490783a6e4a127708" candidate_term: 2 candidate_status { last_received { term: 1 index: 1 } } ignore_live_leader: true dest_uuid: "2f961d0271dd4c4792235bfb77950446"
I20260630 12:38:57.419131 14715 tablet_service.cc:1917] Received RequestConsensusVote() RPC: tablet_id: "60e369ffa7394df9a2034cdd4cf252f0" candidate_uuid: "6175d8ff4b334a5490783a6e4a127708" candidate_term: 2 candidate_status { last_received { term: 1 index: 1 } } ignore_live_leader: true dest_uuid: "0d20d24da25841fb9da817bda05af120"
I20260630 12:38:57.419449 14566 raft_consensus.cc:3060] T 60e369ffa7394df9a2034cdd4cf252f0 P 2f961d0271dd4c4792235bfb77950446 [term 1 FOLLOWER]: Advancing to term 2
I20260630 12:38:57.419685 14715 raft_consensus.cc:3055] T 60e369ffa7394df9a2034cdd4cf252f0 P 0d20d24da25841fb9da817bda05af120 [term 1 LEADER]: Stepping down as leader of term 1
I20260630 12:38:57.420024 14715 raft_consensus.cc:740] T 60e369ffa7394df9a2034cdd4cf252f0 P 0d20d24da25841fb9da817bda05af120 [term 1 LEADER]: Becoming Follower/Learner. State: Replica: 0d20d24da25841fb9da817bda05af120, State: Running, Role: LEADER
I20260630 12:38:57.420804 14715 consensus_queue.cc:260] T 60e369ffa7394df9a2034cdd4cf252f0 P 0d20d24da25841fb9da817bda05af120 [NON_LEADER]: Queue going to NON_LEADER mode. State: All replicated index: 0, Majority replicated index: 1, Committed index: 1, Last appended: 1.1, Last appended by leader: 1, Current term: 1, Majority size: -1, State: 0, Mode: NON_LEADER, active raft config: opid_index: -1 OBSOLETE_local: false peers { permanent_uuid: "2f961d0271dd4c4792235bfb77950446" member_type: VOTER last_known_addr { host: "127.13.145.193" port: 37301 } } peers { permanent_uuid: "6175d8ff4b334a5490783a6e4a127708" member_type: VOTER last_known_addr { host: "127.13.145.194" port: 37305 } } peers { permanent_uuid: "0d20d24da25841fb9da817bda05af120" member_type: VOTER last_known_addr { host: "127.13.145.195" port: 40687 } }
I20260630 12:38:57.421694 14715 raft_consensus.cc:3060] T 60e369ffa7394df9a2034cdd4cf252f0 P 0d20d24da25841fb9da817bda05af120 [term 1 FOLLOWER]: Advancing to term 2
I20260630 12:38:57.424038 14566 raft_consensus.cc:2468] T 60e369ffa7394df9a2034cdd4cf252f0 P 2f961d0271dd4c4792235bfb77950446 [term 2 FOLLOWER]: Leader election vote request: Granting yes vote for candidate 6175d8ff4b334a5490783a6e4a127708 in term 2.
I20260630 12:38:57.425071 14607 leader_election.cc:304] T 60e369ffa7394df9a2034cdd4cf252f0 P 6175d8ff4b334a5490783a6e4a127708 [CANDIDATE]: Term 2 election: Election decided. Result: candidate won. Election summary: received 2 responses out of 3 voters: 2 yes votes; 0 no votes. yes voters: 2f961d0271dd4c4792235bfb77950446, 6175d8ff4b334a5490783a6e4a127708; no voters: 
I20260630 12:38:57.425776 14895 raft_consensus.cc:2804] T 60e369ffa7394df9a2034cdd4cf252f0 P 6175d8ff4b334a5490783a6e4a127708 [term 2 FOLLOWER]: Leader election won for term 2
I20260630 12:38:57.426180 14895 raft_consensus.cc:697] T 60e369ffa7394df9a2034cdd4cf252f0 P 6175d8ff4b334a5490783a6e4a127708 [term 2 LEADER]: Becoming Leader. State: Replica: 6175d8ff4b334a5490783a6e4a127708, State: Running, Role: LEADER
I20260630 12:38:57.426913 14895 consensus_queue.cc:237] T 60e369ffa7394df9a2034cdd4cf252f0 P 6175d8ff4b334a5490783a6e4a127708 [LEADER]: Queue going to LEADER mode. State: All replicated index: 0, Majority replicated index: 1, Committed index: 1, Last appended: 1.1, Last appended by leader: 1, Current term: 2, Majority size: 2, State: 0, Mode: LEADER, active raft config: opid_index: -1 OBSOLETE_local: false peers { permanent_uuid: "2f961d0271dd4c4792235bfb77950446" member_type: VOTER last_known_addr { host: "127.13.145.193" port: 37301 } } peers { permanent_uuid: "6175d8ff4b334a5490783a6e4a127708" member_type: VOTER last_known_addr { host: "127.13.145.194" port: 37305 } } peers { permanent_uuid: "0d20d24da25841fb9da817bda05af120" member_type: VOTER last_known_addr { host: "127.13.145.195" port: 40687 } }
I20260630 12:38:57.427304 14715 raft_consensus.cc:2468] T 60e369ffa7394df9a2034cdd4cf252f0 P 0d20d24da25841fb9da817bda05af120 [term 2 FOLLOWER]: Leader election vote request: Granting yes vote for candidate 6175d8ff4b334a5490783a6e4a127708 in term 2.
I20260630 12:38:57.433936 14463 catalog_manager.cc:5697] T 60e369ffa7394df9a2034cdd4cf252f0 P 6175d8ff4b334a5490783a6e4a127708 reported cstate change: term changed from 1 to 2, leader changed from 0d20d24da25841fb9da817bda05af120 (127.13.145.195) to 6175d8ff4b334a5490783a6e4a127708 (127.13.145.194). New cstate: current_term: 2 leader_uuid: "6175d8ff4b334a5490783a6e4a127708" committed_config { opid_index: -1 OBSOLETE_local: false peers { permanent_uuid: "2f961d0271dd4c4792235bfb77950446" member_type: VOTER last_known_addr { host: "127.13.145.193" port: 37301 } health_report { overall_health: UNKNOWN } } peers { permanent_uuid: "6175d8ff4b334a5490783a6e4a127708" member_type: VOTER last_known_addr { host: "127.13.145.194" port: 37305 } health_report { overall_health: HEALTHY } } peers { permanent_uuid: "0d20d24da25841fb9da817bda05af120" member_type: VOTER last_known_addr { host: "127.13.145.195" port: 40687 } health_report { overall_health: UNKNOWN } } }
I20260630 12:38:57.872831 14566 raft_consensus.cc:1275] T 55e93a4a17354b0c800150ae96949a9d P 2f961d0271dd4c4792235bfb77950446 [term 2 FOLLOWER]: Refusing update from remote peer 6175d8ff4b334a5490783a6e4a127708: Log matching property violated. Preceding OpId in replica: term: 1 index: 1. Preceding OpId from leader: term: 2 index: 2. (index mismatch)
I20260630 12:38:57.874022 14715 raft_consensus.cc:1275] T 55e93a4a17354b0c800150ae96949a9d P 0d20d24da25841fb9da817bda05af120 [term 2 FOLLOWER]: Refusing update from remote peer 6175d8ff4b334a5490783a6e4a127708: Log matching property violated. Preceding OpId in replica: term: 1 index: 1. Preceding OpId from leader: term: 2 index: 2. (index mismatch)
I20260630 12:38:57.874244 14895 consensus_queue.cc:1048] T 55e93a4a17354b0c800150ae96949a9d P 6175d8ff4b334a5490783a6e4a127708 [LEADER]: Connected to new peer: Peer: permanent_uuid: "2f961d0271dd4c4792235bfb77950446" member_type: VOTER last_known_addr { host: "127.13.145.193" port: 37301 }, Status: LMP_MISMATCH, Last received: 0.0, Next index: 2, Last known committed idx: 1, Time since last communication: 0.000s
I20260630 12:38:57.875550 14911 consensus_queue.cc:1048] T 55e93a4a17354b0c800150ae96949a9d P 6175d8ff4b334a5490783a6e4a127708 [LEADER]: Connected to new peer: Peer: permanent_uuid: "0d20d24da25841fb9da817bda05af120" member_type: VOTER last_known_addr { host: "127.13.145.195" port: 40687 }, Status: LMP_MISMATCH, Last received: 0.0, Next index: 2, Last known committed idx: 1, Time since last communication: 0.000s
I20260630 12:38:58.023545 14566 raft_consensus.cc:1275] T 60e369ffa7394df9a2034cdd4cf252f0 P 2f961d0271dd4c4792235bfb77950446 [term 2 FOLLOWER]: Refusing update from remote peer 6175d8ff4b334a5490783a6e4a127708: Log matching property violated. Preceding OpId in replica: term: 1 index: 1. Preceding OpId from leader: term: 2 index: 2. (index mismatch)
I20260630 12:38:58.024765 14911 consensus_queue.cc:1048] T 60e369ffa7394df9a2034cdd4cf252f0 P 6175d8ff4b334a5490783a6e4a127708 [LEADER]: Connected to new peer: Peer: permanent_uuid: "2f961d0271dd4c4792235bfb77950446" member_type: VOTER last_known_addr { host: "127.13.145.193" port: 37301 }, Status: LMP_MISMATCH, Last received: 0.0, Next index: 2, Last known committed idx: 1, Time since last communication: 0.000s
I20260630 12:38:58.033113 14715 raft_consensus.cc:1275] T 60e369ffa7394df9a2034cdd4cf252f0 P 0d20d24da25841fb9da817bda05af120 [term 2 FOLLOWER]: Refusing update from remote peer 6175d8ff4b334a5490783a6e4a127708: Log matching property violated. Preceding OpId in replica: term: 1 index: 1. Preceding OpId from leader: term: 2 index: 2. (index mismatch)
I20260630 12:38:58.034946 14924 consensus_queue.cc:1048] T 60e369ffa7394df9a2034cdd4cf252f0 P 6175d8ff4b334a5490783a6e4a127708 [LEADER]: Connected to new peer: Peer: permanent_uuid: "0d20d24da25841fb9da817bda05af120" member_type: VOTER last_known_addr { host: "127.13.145.195" port: 40687 }, Status: LMP_MISMATCH, Last received: 0.0, Next index: 2, Last known committed idx: 1, Time since last communication: 0.000s
I20260630 12:38:59.089067 14517 auto_leader_rebalancer.cc:141] leader rebalance for table test-workload
I20260630 12:38:59.106033 14640 tablet_service.cc:2072] Received LeaderStepDown RPC: tablet_id: "60e369ffa7394df9a2034cdd4cf252f0"
dest_uuid: "6175d8ff4b334a5490783a6e4a127708"
mode: GRACEFUL
new_leader_uuid: "0d20d24da25841fb9da817bda05af120"
 from {username='slave'} at 127.0.0.1:57702
I20260630 12:38:59.106664 14640 raft_consensus.cc:606] T 60e369ffa7394df9a2034cdd4cf252f0 P 6175d8ff4b334a5490783a6e4a127708 [term 2 LEADER]: Received request to transfer leadership to TS 0d20d24da25841fb9da817bda05af120
I20260630 12:38:59.107847 14517 auto_leader_rebalancer.cc:440] table: test-workload, leader rebalance finish, leader transfer count: 1
I20260630 12:38:59.108439 14517 auto_leader_rebalancer.cc:515] All tables' leader rebalancing finished this round
I20260630 12:38:59.218269 14928 raft_consensus.cc:993] T 60e369ffa7394df9a2034cdd4cf252f0 P 6175d8ff4b334a5490783a6e4a127708: : Instructing follower 0d20d24da25841fb9da817bda05af120 to start an election
I20260630 12:38:59.218794 14932 raft_consensus.cc:1081] T 60e369ffa7394df9a2034cdd4cf252f0 P 6175d8ff4b334a5490783a6e4a127708 [term 2 LEADER]: Signalling peer 0d20d24da25841fb9da817bda05af120 to start an election
I20260630 12:38:59.220399 14715 tablet_service.cc:2044] Received Run Leader Election RPC: tablet_id: "60e369ffa7394df9a2034cdd4cf252f0"
dest_uuid: "0d20d24da25841fb9da817bda05af120"
 from {username='slave'} at 127.0.0.1:48864
I20260630 12:38:59.220830 14715 raft_consensus.cc:493] T 60e369ffa7394df9a2034cdd4cf252f0 P 0d20d24da25841fb9da817bda05af120 [term 2 FOLLOWER]: Starting forced leader election (received explicit request)
I20260630 12:38:59.221077 14715 raft_consensus.cc:3060] T 60e369ffa7394df9a2034cdd4cf252f0 P 0d20d24da25841fb9da817bda05af120 [term 2 FOLLOWER]: Advancing to term 3
I20260630 12:38:59.225288 14715 raft_consensus.cc:515] T 60e369ffa7394df9a2034cdd4cf252f0 P 0d20d24da25841fb9da817bda05af120 [term 3 FOLLOWER]: Starting forced leader election with config: opid_index: -1 OBSOLETE_local: false peers { permanent_uuid: "2f961d0271dd4c4792235bfb77950446" member_type: VOTER last_known_addr { host: "127.13.145.193" port: 37301 } } peers { permanent_uuid: "6175d8ff4b334a5490783a6e4a127708" member_type: VOTER last_known_addr { host: "127.13.145.194" port: 37305 } } peers { permanent_uuid: "0d20d24da25841fb9da817bda05af120" member_type: VOTER last_known_addr { host: "127.13.145.195" port: 40687 } }
I20260630 12:38:59.226934 14715 leader_election.cc:290] T 60e369ffa7394df9a2034cdd4cf252f0 P 0d20d24da25841fb9da817bda05af120 [CANDIDATE]: Term 3 election: Requested vote from peers 2f961d0271dd4c4792235bfb77950446 (127.13.145.193:37301), 6175d8ff4b334a5490783a6e4a127708 (127.13.145.194:37305)
I20260630 12:38:59.227666 14566 tablet_service.cc:1917] Received RequestConsensusVote() RPC: tablet_id: "60e369ffa7394df9a2034cdd4cf252f0" candidate_uuid: "0d20d24da25841fb9da817bda05af120" candidate_term: 3 candidate_status { last_received { term: 2 index: 2 } } ignore_live_leader: true dest_uuid: "2f961d0271dd4c4792235bfb77950446"
I20260630 12:38:59.227978 14640 tablet_service.cc:1917] Received RequestConsensusVote() RPC: tablet_id: "60e369ffa7394df9a2034cdd4cf252f0" candidate_uuid: "0d20d24da25841fb9da817bda05af120" candidate_term: 3 candidate_status { last_received { term: 2 index: 2 } } ignore_live_leader: true dest_uuid: "6175d8ff4b334a5490783a6e4a127708"
I20260630 12:38:59.228284 14566 raft_consensus.cc:3060] T 60e369ffa7394df9a2034cdd4cf252f0 P 2f961d0271dd4c4792235bfb77950446 [term 2 FOLLOWER]: Advancing to term 3
I20260630 12:38:59.228593 14640 raft_consensus.cc:3055] T 60e369ffa7394df9a2034cdd4cf252f0 P 6175d8ff4b334a5490783a6e4a127708 [term 2 LEADER]: Stepping down as leader of term 2
I20260630 12:38:59.228911 14640 raft_consensus.cc:740] T 60e369ffa7394df9a2034cdd4cf252f0 P 6175d8ff4b334a5490783a6e4a127708 [term 2 LEADER]: Becoming Follower/Learner. State: Replica: 6175d8ff4b334a5490783a6e4a127708, State: Running, Role: LEADER
I20260630 12:38:59.229686 14640 consensus_queue.cc:260] T 60e369ffa7394df9a2034cdd4cf252f0 P 6175d8ff4b334a5490783a6e4a127708 [NON_LEADER]: Queue going to NON_LEADER mode. State: All replicated index: 0, Majority replicated index: 2, Committed index: 2, Last appended: 2.2, Last appended by leader: 2, Current term: 2, Majority size: -1, State: 0, Mode: NON_LEADER, active raft config: opid_index: -1 OBSOLETE_local: false peers { permanent_uuid: "2f961d0271dd4c4792235bfb77950446" member_type: VOTER last_known_addr { host: "127.13.145.193" port: 37301 } } peers { permanent_uuid: "6175d8ff4b334a5490783a6e4a127708" member_type: VOTER last_known_addr { host: "127.13.145.194" port: 37305 } } peers { permanent_uuid: "0d20d24da25841fb9da817bda05af120" member_type: VOTER last_known_addr { host: "127.13.145.195" port: 40687 } }
I20260630 12:38:59.230937 14640 raft_consensus.cc:3060] T 60e369ffa7394df9a2034cdd4cf252f0 P 6175d8ff4b334a5490783a6e4a127708 [term 2 FOLLOWER]: Advancing to term 3
I20260630 12:38:59.235034 14566 raft_consensus.cc:2468] T 60e369ffa7394df9a2034cdd4cf252f0 P 2f961d0271dd4c4792235bfb77950446 [term 3 FOLLOWER]: Leader election vote request: Granting yes vote for candidate 0d20d24da25841fb9da817bda05af120 in term 3.
I20260630 12:38:59.236421 14681 leader_election.cc:304] T 60e369ffa7394df9a2034cdd4cf252f0 P 0d20d24da25841fb9da817bda05af120 [CANDIDATE]: Term 3 election: Election decided. Result: candidate won. Election summary: received 2 responses out of 3 voters: 2 yes votes; 0 no votes. yes voters: 0d20d24da25841fb9da817bda05af120, 2f961d0271dd4c4792235bfb77950446; no voters: 
I20260630 12:38:59.237140 14907 raft_consensus.cc:2804] T 60e369ffa7394df9a2034cdd4cf252f0 P 0d20d24da25841fb9da817bda05af120 [term 3 FOLLOWER]: Leader election won for term 3
I20260630 12:38:59.237154 14640 raft_consensus.cc:2468] T 60e369ffa7394df9a2034cdd4cf252f0 P 6175d8ff4b334a5490783a6e4a127708 [term 3 FOLLOWER]: Leader election vote request: Granting yes vote for candidate 0d20d24da25841fb9da817bda05af120 in term 3.
I20260630 12:38:59.238217 14907 raft_consensus.cc:697] T 60e369ffa7394df9a2034cdd4cf252f0 P 0d20d24da25841fb9da817bda05af120 [term 3 LEADER]: Becoming Leader. State: Replica: 0d20d24da25841fb9da817bda05af120, State: Running, Role: LEADER
I20260630 12:38:59.239058 14907 consensus_queue.cc:237] T 60e369ffa7394df9a2034cdd4cf252f0 P 0d20d24da25841fb9da817bda05af120 [LEADER]: Queue going to LEADER mode. State: All replicated index: 0, Majority replicated index: 2, Committed index: 2, Last appended: 2.2, Last appended by leader: 2, Current term: 3, Majority size: 2, State: 0, Mode: LEADER, active raft config: opid_index: -1 OBSOLETE_local: false peers { permanent_uuid: "2f961d0271dd4c4792235bfb77950446" member_type: VOTER last_known_addr { host: "127.13.145.193" port: 37301 } } peers { permanent_uuid: "6175d8ff4b334a5490783a6e4a127708" member_type: VOTER last_known_addr { host: "127.13.145.194" port: 37305 } } peers { permanent_uuid: "0d20d24da25841fb9da817bda05af120" member_type: VOTER last_known_addr { host: "127.13.145.195" port: 40687 } }
I20260630 12:38:59.245560 14463 catalog_manager.cc:5697] T 60e369ffa7394df9a2034cdd4cf252f0 P 0d20d24da25841fb9da817bda05af120 reported cstate change: term changed from 2 to 3, leader changed from 6175d8ff4b334a5490783a6e4a127708 (127.13.145.194) to 0d20d24da25841fb9da817bda05af120 (127.13.145.195). New cstate: current_term: 3 leader_uuid: "0d20d24da25841fb9da817bda05af120" committed_config { opid_index: -1 OBSOLETE_local: false peers { permanent_uuid: "2f961d0271dd4c4792235bfb77950446" member_type: VOTER last_known_addr { host: "127.13.145.193" port: 37301 } health_report { overall_health: UNKNOWN } } peers { permanent_uuid: "6175d8ff4b334a5490783a6e4a127708" member_type: VOTER last_known_addr { host: "127.13.145.194" port: 37305 } health_report { overall_health: UNKNOWN } } peers { permanent_uuid: "0d20d24da25841fb9da817bda05af120" member_type: VOTER last_known_addr { host: "127.13.145.195" port: 40687 } health_report { overall_health: HEALTHY } } }
I20260630 12:38:59.703860 14566 raft_consensus.cc:1275] T 60e369ffa7394df9a2034cdd4cf252f0 P 2f961d0271dd4c4792235bfb77950446 [term 3 FOLLOWER]: Refusing update from remote peer 0d20d24da25841fb9da817bda05af120: Log matching property violated. Preceding OpId in replica: term: 2 index: 2. Preceding OpId from leader: term: 3 index: 3. (index mismatch)
I20260630 12:38:59.705020 14907 consensus_queue.cc:1048] T 60e369ffa7394df9a2034cdd4cf252f0 P 0d20d24da25841fb9da817bda05af120 [LEADER]: Connected to new peer: Peer: permanent_uuid: "2f961d0271dd4c4792235bfb77950446" member_type: VOTER last_known_addr { host: "127.13.145.193" port: 37301 }, Status: LMP_MISMATCH, Last received: 0.0, Next index: 3, Last known committed idx: 2, Time since last communication: 0.000s
I20260630 12:38:59.710460 14640 raft_consensus.cc:1275] T 60e369ffa7394df9a2034cdd4cf252f0 P 6175d8ff4b334a5490783a6e4a127708 [term 3 FOLLOWER]: Refusing update from remote peer 0d20d24da25841fb9da817bda05af120: Log matching property violated. Preceding OpId in replica: term: 2 index: 2. Preceding OpId from leader: term: 3 index: 3. (index mismatch)
I20260630 12:38:59.711716 14907 consensus_queue.cc:1048] T 60e369ffa7394df9a2034cdd4cf252f0 P 0d20d24da25841fb9da817bda05af120 [LEADER]: Connected to new peer: Peer: permanent_uuid: "6175d8ff4b334a5490783a6e4a127708" member_type: VOTER last_known_addr { host: "127.13.145.194" port: 37305 }, Status: LMP_MISMATCH, Last received: 0.0, Next index: 3, Last known committed idx: 2, Time since last communication: 0.000s
W20260630 12:39:00.484486 14604 outbound_call.cc:321] RPC callback for RPC call kudu.consensus.ConsensusService.UpdateConsensus -> {remote=127.13.145.195:40687, user_credentials={real_user=slave}} blocked reactor thread for 192827us
I20260630 12:39:01.099853 14715 consensus_queue.cc:237] T 1a13ae943e8146f180a5a854951a227d P 0d20d24da25841fb9da817bda05af120 [LEADER]: Queue going to LEADER mode. State: All replicated index: 0, Majority replicated index: 1, Committed index: 1, Last appended: 1.1, Last appended by leader: 0, Current term: 1, Majority size: 2, State: 0, Mode: LEADER, active raft config: opid_index: 2 OBSOLETE_local: false peers { permanent_uuid: "2f961d0271dd4c4792235bfb77950446" member_type: VOTER last_known_addr { host: "127.13.145.193" port: 37301 } } peers { permanent_uuid: "6175d8ff4b334a5490783a6e4a127708" member_type: VOTER last_known_addr { host: "127.13.145.194" port: 37305 } attrs { replace: true } } peers { permanent_uuid: "0d20d24da25841fb9da817bda05af120" member_type: VOTER last_known_addr { host: "127.13.145.195" port: 40687 } } peers { permanent_uuid: "cbbca58657d8422a853088899da1c220" member_type: NON_VOTER last_known_addr { host: "127.13.145.196" port: 37447 } attrs { promote: true } }
I20260630 12:39:01.105991 14640 raft_consensus.cc:1275] T 1a13ae943e8146f180a5a854951a227d P 6175d8ff4b334a5490783a6e4a127708 [term 1 FOLLOWER]: Refusing update from remote peer 0d20d24da25841fb9da817bda05af120: Log matching property violated. Preceding OpId in replica: term: 1 index: 1. Preceding OpId from leader: term: 1 index: 2. (index mismatch)
I20260630 12:39:01.108049 14951 consensus_queue.cc:1048] T 1a13ae943e8146f180a5a854951a227d P 0d20d24da25841fb9da817bda05af120 [LEADER]: Connected to new peer: Peer: permanent_uuid: "6175d8ff4b334a5490783a6e4a127708" member_type: VOTER last_known_addr { host: "127.13.145.194" port: 37305 } attrs { replace: true }, Status: LMP_MISMATCH, Last received: 0.0, Next index: 2, Last known committed idx: 1, Time since last communication: 0.000s
I20260630 12:39:01.109243 14566 raft_consensus.cc:1275] T 1a13ae943e8146f180a5a854951a227d P 2f961d0271dd4c4792235bfb77950446 [term 1 FOLLOWER]: Refusing update from remote peer 0d20d24da25841fb9da817bda05af120: Log matching property violated. Preceding OpId in replica: term: 1 index: 1. Preceding OpId from leader: term: 1 index: 2. (index mismatch)
I20260630 12:39:01.109896 14517 auto_leader_rebalancer.cc:141] leader rebalance for table test-workload
I20260630 12:39:01.111025 14951 consensus_queue.cc:1048] T 1a13ae943e8146f180a5a854951a227d P 0d20d24da25841fb9da817bda05af120 [LEADER]: Connected to new peer: Peer: permanent_uuid: "2f961d0271dd4c4792235bfb77950446" member_type: VOTER last_known_addr { host: "127.13.145.193" port: 37301 }, Status: LMP_MISMATCH, Last received: 0.0, Next index: 2, Last known committed idx: 1, Time since last communication: 0.000s
I20260630 12:39:01.119864 14715 tablet_service.cc:2072] Received LeaderStepDown RPC: tablet_id: "60e369ffa7394df9a2034cdd4cf252f0"
dest_uuid: "0d20d24da25841fb9da817bda05af120"
mode: GRACEFUL
new_leader_uuid: "6175d8ff4b334a5490783a6e4a127708"
 from {username='slave'} at 127.0.0.1:48870
I20260630 12:39:01.120513 14715 raft_consensus.cc:606] T 60e369ffa7394df9a2034cdd4cf252f0 P 0d20d24da25841fb9da817bda05af120 [term 3 LEADER]: Received request to transfer leadership to TS 6175d8ff4b334a5490783a6e4a127708
I20260630 12:39:01.121937 14517 auto_leader_rebalancer.cc:440] table: test-workload, leader rebalance finish, leader transfer count: 1
I20260630 12:39:01.122567 14517 auto_leader_rebalancer.cc:515] All tables' leader rebalancing finished this round
I20260630 12:39:01.123970 14952 raft_consensus.cc:2955] T 1a13ae943e8146f180a5a854951a227d P 0d20d24da25841fb9da817bda05af120 [term 1 LEADER]: Committing config change with OpId 1.2: config changed from index -1 to 2, NON_VOTER cbbca58657d8422a853088899da1c220 (127.13.145.196) added. New config: { opid_index: 2 OBSOLETE_local: false peers { permanent_uuid: "2f961d0271dd4c4792235bfb77950446" member_type: VOTER last_known_addr { host: "127.13.145.193" port: 37301 } } peers { permanent_uuid: "6175d8ff4b334a5490783a6e4a127708" member_type: VOTER last_known_addr { host: "127.13.145.194" port: 37305 } attrs { replace: true } } peers { permanent_uuid: "0d20d24da25841fb9da817bda05af120" member_type: VOTER last_known_addr { host: "127.13.145.195" port: 40687 } } peers { permanent_uuid: "cbbca58657d8422a853088899da1c220" member_type: NON_VOTER last_known_addr { host: "127.13.145.196" port: 37447 } attrs { promote: true } } }
W20260630 12:39:01.126648 14681 consensus_peers.cc:597] T 1a13ae943e8146f180a5a854951a227d P 0d20d24da25841fb9da817bda05af120 -> Peer cbbca58657d8422a853088899da1c220 (127.13.145.196:37447): Couldn't send request to peer cbbca58657d8422a853088899da1c220. Error code: TABLET_NOT_FOUND (6). Status: Not found: Tablet not found: 1a13ae943e8146f180a5a854951a227d. This is attempt 1: this message will repeat every 5th retry.
I20260630 12:39:01.125761 14640 raft_consensus.cc:2955] T 1a13ae943e8146f180a5a854951a227d P 6175d8ff4b334a5490783a6e4a127708 [term 1 FOLLOWER]: Committing config change with OpId 1.2: config changed from index -1 to 2, NON_VOTER cbbca58657d8422a853088899da1c220 (127.13.145.196) added. New config: { opid_index: 2 OBSOLETE_local: false peers { permanent_uuid: "2f961d0271dd4c4792235bfb77950446" member_type: VOTER last_known_addr { host: "127.13.145.193" port: 37301 } } peers { permanent_uuid: "6175d8ff4b334a5490783a6e4a127708" member_type: VOTER last_known_addr { host: "127.13.145.194" port: 37305 } attrs { replace: true } } peers { permanent_uuid: "0d20d24da25841fb9da817bda05af120" member_type: VOTER last_known_addr { host: "127.13.145.195" port: 40687 } } peers { permanent_uuid: "cbbca58657d8422a853088899da1c220" member_type: NON_VOTER last_known_addr { host: "127.13.145.196" port: 37447 } attrs { promote: true } } }
I20260630 12:39:01.127152 14566 raft_consensus.cc:2955] T 1a13ae943e8146f180a5a854951a227d P 2f961d0271dd4c4792235bfb77950446 [term 1 FOLLOWER]: Committing config change with OpId 1.2: config changed from index -1 to 2, NON_VOTER cbbca58657d8422a853088899da1c220 (127.13.145.196) added. New config: { opid_index: 2 OBSOLETE_local: false peers { permanent_uuid: "2f961d0271dd4c4792235bfb77950446" member_type: VOTER last_known_addr { host: "127.13.145.193" port: 37301 } } peers { permanent_uuid: "6175d8ff4b334a5490783a6e4a127708" member_type: VOTER last_known_addr { host: "127.13.145.194" port: 37305 } attrs { replace: true } } peers { permanent_uuid: "0d20d24da25841fb9da817bda05af120" member_type: VOTER last_known_addr { host: "127.13.145.195" port: 40687 } } peers { permanent_uuid: "cbbca58657d8422a853088899da1c220" member_type: NON_VOTER last_known_addr { host: "127.13.145.196" port: 37447 } attrs { promote: true } } }
I20260630 12:39:01.136871 14463 catalog_manager.cc:5697] T 1a13ae943e8146f180a5a854951a227d P 0d20d24da25841fb9da817bda05af120 reported cstate change: config changed from index -1 to 2, NON_VOTER cbbca58657d8422a853088899da1c220 (127.13.145.196) added. New cstate: current_term: 1 leader_uuid: "0d20d24da25841fb9da817bda05af120" committed_config { opid_index: 2 OBSOLETE_local: false peers { permanent_uuid: "2f961d0271dd4c4792235bfb77950446" member_type: VOTER last_known_addr { host: "127.13.145.193" port: 37301 } health_report { overall_health: HEALTHY } } peers { permanent_uuid: "6175d8ff4b334a5490783a6e4a127708" member_type: VOTER last_known_addr { host: "127.13.145.194" port: 37305 } attrs { replace: true } health_report { overall_health: HEALTHY } } peers { permanent_uuid: "0d20d24da25841fb9da817bda05af120" member_type: VOTER last_known_addr { host: "127.13.145.195" port: 40687 } health_report { overall_health: HEALTHY } } peers { permanent_uuid: "cbbca58657d8422a853088899da1c220" member_type: NON_VOTER last_known_addr { host: "127.13.145.196" port: 37447 } attrs { promote: true } health_report { overall_health: UNKNOWN } } }
I20260630 12:39:01.152925 14640 consensus_queue.cc:237] T 9f21f9170dab468580014936ae6c5293 P 6175d8ff4b334a5490783a6e4a127708 [LEADER]: Queue going to LEADER mode. State: All replicated index: 0, Majority replicated index: 1, Committed index: 1, Last appended: 1.1, Last appended by leader: 0, Current term: 1, Majority size: 2, State: 0, Mode: LEADER, active raft config: opid_index: 2 OBSOLETE_local: false peers { permanent_uuid: "2f961d0271dd4c4792235bfb77950446" member_type: VOTER last_known_addr { host: "127.13.145.193" port: 37301 } } peers { permanent_uuid: "6175d8ff4b334a5490783a6e4a127708" member_type: VOTER last_known_addr { host: "127.13.145.194" port: 37305 } } peers { permanent_uuid: "0d20d24da25841fb9da817bda05af120" member_type: VOTER last_known_addr { host: "127.13.145.195" port: 40687 } attrs { replace: true } } peers { permanent_uuid: "cbbca58657d8422a853088899da1c220" member_type: NON_VOTER last_known_addr { host: "127.13.145.196" port: 37447 } attrs { promote: true } }
I20260630 12:39:01.163780 14715 raft_consensus.cc:1275] T 9f21f9170dab468580014936ae6c5293 P 0d20d24da25841fb9da817bda05af120 [term 1 FOLLOWER]: Refusing update from remote peer 6175d8ff4b334a5490783a6e4a127708: Log matching property violated. Preceding OpId in replica: term: 1 index: 1. Preceding OpId from leader: term: 1 index: 2. (index mismatch)
I20260630 12:39:01.164459 14566 raft_consensus.cc:1275] T 9f21f9170dab468580014936ae6c5293 P 2f961d0271dd4c4792235bfb77950446 [term 1 FOLLOWER]: Refusing update from remote peer 6175d8ff4b334a5490783a6e4a127708: Log matching property violated. Preceding OpId in replica: term: 1 index: 1. Preceding OpId from leader: term: 1 index: 2. (index mismatch)
I20260630 12:39:01.165577 14963 consensus_queue.cc:1048] T 9f21f9170dab468580014936ae6c5293 P 6175d8ff4b334a5490783a6e4a127708 [LEADER]: Connected to new peer: Peer: permanent_uuid: "0d20d24da25841fb9da817bda05af120" member_type: VOTER last_known_addr { host: "127.13.145.195" port: 40687 } attrs { replace: true }, Status: LMP_MISMATCH, Last received: 0.0, Next index: 2, Last known committed idx: 1, Time since last communication: 0.000s
I20260630 12:39:01.168517 14945 consensus_queue.cc:1048] T 9f21f9170dab468580014936ae6c5293 P 6175d8ff4b334a5490783a6e4a127708 [LEADER]: Connected to new peer: Peer: permanent_uuid: "2f961d0271dd4c4792235bfb77950446" member_type: VOTER last_known_addr { host: "127.13.145.193" port: 37301 }, Status: LMP_MISMATCH, Last received: 0.0, Next index: 2, Last known committed idx: 1, Time since last communication: 0.000s
W20260630 12:39:01.177304 14607 consensus_peers.cc:597] T 9f21f9170dab468580014936ae6c5293 P 6175d8ff4b334a5490783a6e4a127708 -> Peer cbbca58657d8422a853088899da1c220 (127.13.145.196:37447): Couldn't send request to peer cbbca58657d8422a853088899da1c220. Error code: TABLET_NOT_FOUND (6). Status: Not found: Tablet not found: 9f21f9170dab468580014936ae6c5293. This is attempt 1: this message will repeat every 5th retry.
I20260630 12:39:01.177125 14945 raft_consensus.cc:2955] T 9f21f9170dab468580014936ae6c5293 P 6175d8ff4b334a5490783a6e4a127708 [term 1 LEADER]: Committing config change with OpId 1.2: config changed from index -1 to 2, NON_VOTER cbbca58657d8422a853088899da1c220 (127.13.145.196) added. New config: { opid_index: 2 OBSOLETE_local: false peers { permanent_uuid: "2f961d0271dd4c4792235bfb77950446" member_type: VOTER last_known_addr { host: "127.13.145.193" port: 37301 } } peers { permanent_uuid: "6175d8ff4b334a5490783a6e4a127708" member_type: VOTER last_known_addr { host: "127.13.145.194" port: 37305 } } peers { permanent_uuid: "0d20d24da25841fb9da817bda05af120" member_type: VOTER last_known_addr { host: "127.13.145.195" port: 40687 } attrs { replace: true } } peers { permanent_uuid: "cbbca58657d8422a853088899da1c220" member_type: NON_VOTER last_known_addr { host: "127.13.145.196" port: 37447 } attrs { promote: true } } }
I20260630 12:39:01.179181 14715 raft_consensus.cc:2955] T 9f21f9170dab468580014936ae6c5293 P 0d20d24da25841fb9da817bda05af120 [term 1 FOLLOWER]: Committing config change with OpId 1.2: config changed from index -1 to 2, NON_VOTER cbbca58657d8422a853088899da1c220 (127.13.145.196) added. New config: { opid_index: 2 OBSOLETE_local: false peers { permanent_uuid: "2f961d0271dd4c4792235bfb77950446" member_type: VOTER last_known_addr { host: "127.13.145.193" port: 37301 } } peers { permanent_uuid: "6175d8ff4b334a5490783a6e4a127708" member_type: VOTER last_known_addr { host: "127.13.145.194" port: 37305 } } peers { permanent_uuid: "0d20d24da25841fb9da817bda05af120" member_type: VOTER last_known_addr { host: "127.13.145.195" port: 40687 } attrs { replace: true } } peers { permanent_uuid: "cbbca58657d8422a853088899da1c220" member_type: NON_VOTER last_known_addr { host: "127.13.145.196" port: 37447 } attrs { promote: true } } }
I20260630 12:39:01.193315 14461 catalog_manager.cc:5697] T 9f21f9170dab468580014936ae6c5293 P 0d20d24da25841fb9da817bda05af120 reported cstate change: config changed from index -1 to 2, NON_VOTER cbbca58657d8422a853088899da1c220 (127.13.145.196) added. New cstate: current_term: 1 leader_uuid: "6175d8ff4b334a5490783a6e4a127708" committed_config { opid_index: 2 OBSOLETE_local: false peers { permanent_uuid: "2f961d0271dd4c4792235bfb77950446" member_type: VOTER last_known_addr { host: "127.13.145.193" port: 37301 } } peers { permanent_uuid: "6175d8ff4b334a5490783a6e4a127708" member_type: VOTER last_known_addr { host: "127.13.145.194" port: 37305 } } peers { permanent_uuid: "0d20d24da25841fb9da817bda05af120" member_type: VOTER last_known_addr { host: "127.13.145.195" port: 40687 } attrs { replace: true } } peers { permanent_uuid: "cbbca58657d8422a853088899da1c220" member_type: NON_VOTER last_known_addr { host: "127.13.145.196" port: 37447 } attrs { promote: true } } }
I20260630 12:39:01.201884 14640 consensus_queue.cc:237] T 55e93a4a17354b0c800150ae96949a9d P 6175d8ff4b334a5490783a6e4a127708 [LEADER]: Queue going to LEADER mode. State: All replicated index: 0, Majority replicated index: 2, Committed index: 2, Last appended: 2.2, Last appended by leader: 1, Current term: 2, Majority size: 2, State: 0, Mode: LEADER, active raft config: opid_index: 3 OBSOLETE_local: false peers { permanent_uuid: "2f961d0271dd4c4792235bfb77950446" member_type: VOTER last_known_addr { host: "127.13.145.193" port: 37301 } attrs { replace: true } } peers { permanent_uuid: "6175d8ff4b334a5490783a6e4a127708" member_type: VOTER last_known_addr { host: "127.13.145.194" port: 37305 } } peers { permanent_uuid: "0d20d24da25841fb9da817bda05af120" member_type: VOTER last_known_addr { host: "127.13.145.195" port: 40687 } } peers { permanent_uuid: "cbbca58657d8422a853088899da1c220" member_type: NON_VOTER last_known_addr { host: "127.13.145.196" port: 37447 } attrs { promote: true } }
I20260630 12:39:01.203493 14566 raft_consensus.cc:2955] T 9f21f9170dab468580014936ae6c5293 P 2f961d0271dd4c4792235bfb77950446 [term 1 FOLLOWER]: Committing config change with OpId 1.2: config changed from index -1 to 2, NON_VOTER cbbca58657d8422a853088899da1c220 (127.13.145.196) added. New config: { opid_index: 2 OBSOLETE_local: false peers { permanent_uuid: "2f961d0271dd4c4792235bfb77950446" member_type: VOTER last_known_addr { host: "127.13.145.193" port: 37301 } } peers { permanent_uuid: "6175d8ff4b334a5490783a6e4a127708" member_type: VOTER last_known_addr { host: "127.13.145.194" port: 37305 } } peers { permanent_uuid: "0d20d24da25841fb9da817bda05af120" member_type: VOTER last_known_addr { host: "127.13.145.195" port: 40687 } attrs { replace: true } } peers { permanent_uuid: "cbbca58657d8422a853088899da1c220" member_type: NON_VOTER last_known_addr { host: "127.13.145.196" port: 37447 } attrs { promote: true } } }
I20260630 12:39:01.211196 14565 raft_consensus.cc:1275] T 55e93a4a17354b0c800150ae96949a9d P 2f961d0271dd4c4792235bfb77950446 [term 2 FOLLOWER]: Refusing update from remote peer 6175d8ff4b334a5490783a6e4a127708: Log matching property violated. Preceding OpId in replica: term: 2 index: 2. Preceding OpId from leader: term: 2 index: 3. (index mismatch)
W20260630 12:39:01.211318 14607 consensus_peers.cc:597] T 55e93a4a17354b0c800150ae96949a9d P 6175d8ff4b334a5490783a6e4a127708 -> Peer cbbca58657d8422a853088899da1c220 (127.13.145.196:37447): Couldn't send request to peer cbbca58657d8422a853088899da1c220. Error code: TABLET_NOT_FOUND (6). Status: Not found: Tablet not found: 55e93a4a17354b0c800150ae96949a9d. This is attempt 1: this message will repeat every 5th retry.
I20260630 12:39:01.213260 14715 raft_consensus.cc:1275] T 55e93a4a17354b0c800150ae96949a9d P 0d20d24da25841fb9da817bda05af120 [term 2 FOLLOWER]: Refusing update from remote peer 6175d8ff4b334a5490783a6e4a127708: Log matching property violated. Preceding OpId in replica: term: 2 index: 2. Preceding OpId from leader: term: 2 index: 3. (index mismatch)
I20260630 12:39:01.214954 14969 consensus_queue.cc:1048] T 55e93a4a17354b0c800150ae96949a9d P 6175d8ff4b334a5490783a6e4a127708 [LEADER]: Connected to new peer: Peer: permanent_uuid: "0d20d24da25841fb9da817bda05af120" member_type: VOTER last_known_addr { host: "127.13.145.195" port: 40687 }, Status: LMP_MISMATCH, Last received: 0.0, Next index: 3, Last known committed idx: 2, Time since last communication: 0.001s
I20260630 12:39:01.215862 14963 consensus_queue.cc:1048] T 55e93a4a17354b0c800150ae96949a9d P 6175d8ff4b334a5490783a6e4a127708 [LEADER]: Connected to new peer: Peer: permanent_uuid: "2f961d0271dd4c4792235bfb77950446" member_type: VOTER last_known_addr { host: "127.13.145.193" port: 37301 } attrs { replace: true }, Status: LMP_MISMATCH, Last received: 0.0, Next index: 3, Last known committed idx: 2, Time since last communication: 0.000s
I20260630 12:39:01.223472 14969 raft_consensus.cc:2955] T 55e93a4a17354b0c800150ae96949a9d P 6175d8ff4b334a5490783a6e4a127708 [term 2 LEADER]: Committing config change with OpId 2.3: config changed from index -1 to 3, NON_VOTER cbbca58657d8422a853088899da1c220 (127.13.145.196) added. New config: { opid_index: 3 OBSOLETE_local: false peers { permanent_uuid: "2f961d0271dd4c4792235bfb77950446" member_type: VOTER last_known_addr { host: "127.13.145.193" port: 37301 } attrs { replace: true } } peers { permanent_uuid: "6175d8ff4b334a5490783a6e4a127708" member_type: VOTER last_known_addr { host: "127.13.145.194" port: 37305 } } peers { permanent_uuid: "0d20d24da25841fb9da817bda05af120" member_type: VOTER last_known_addr { host: "127.13.145.195" port: 40687 } } peers { permanent_uuid: "cbbca58657d8422a853088899da1c220" member_type: NON_VOTER last_known_addr { host: "127.13.145.196" port: 37447 } attrs { promote: true } } }
I20260630 12:39:01.225387 14715 raft_consensus.cc:2955] T 55e93a4a17354b0c800150ae96949a9d P 0d20d24da25841fb9da817bda05af120 [term 2 FOLLOWER]: Committing config change with OpId 2.3: config changed from index -1 to 3, NON_VOTER cbbca58657d8422a853088899da1c220 (127.13.145.196) added. New config: { opid_index: 3 OBSOLETE_local: false peers { permanent_uuid: "2f961d0271dd4c4792235bfb77950446" member_type: VOTER last_known_addr { host: "127.13.145.193" port: 37301 } attrs { replace: true } } peers { permanent_uuid: "6175d8ff4b334a5490783a6e4a127708" member_type: VOTER last_known_addr { host: "127.13.145.194" port: 37305 } } peers { permanent_uuid: "0d20d24da25841fb9da817bda05af120" member_type: VOTER last_known_addr { host: "127.13.145.195" port: 40687 } } peers { permanent_uuid: "cbbca58657d8422a853088899da1c220" member_type: NON_VOTER last_known_addr { host: "127.13.145.196" port: 37447 } attrs { promote: true } } }
I20260630 12:39:01.225587 14566 raft_consensus.cc:2955] T 55e93a4a17354b0c800150ae96949a9d P 2f961d0271dd4c4792235bfb77950446 [term 2 FOLLOWER]: Committing config change with OpId 2.3: config changed from index -1 to 3, NON_VOTER cbbca58657d8422a853088899da1c220 (127.13.145.196) added. New config: { opid_index: 3 OBSOLETE_local: false peers { permanent_uuid: "2f961d0271dd4c4792235bfb77950446" member_type: VOTER last_known_addr { host: "127.13.145.193" port: 37301 } attrs { replace: true } } peers { permanent_uuid: "6175d8ff4b334a5490783a6e4a127708" member_type: VOTER last_known_addr { host: "127.13.145.194" port: 37305 } } peers { permanent_uuid: "0d20d24da25841fb9da817bda05af120" member_type: VOTER last_known_addr { host: "127.13.145.195" port: 40687 } } peers { permanent_uuid: "cbbca58657d8422a853088899da1c220" member_type: NON_VOTER last_known_addr { host: "127.13.145.196" port: 37447 } attrs { promote: true } } }
I20260630 12:39:01.239441 14462 catalog_manager.cc:5697] T 55e93a4a17354b0c800150ae96949a9d P 6175d8ff4b334a5490783a6e4a127708 reported cstate change: config changed from index -1 to 3, NON_VOTER cbbca58657d8422a853088899da1c220 (127.13.145.196) added. New cstate: current_term: 2 leader_uuid: "6175d8ff4b334a5490783a6e4a127708" committed_config { opid_index: 3 OBSOLETE_local: false peers { permanent_uuid: "2f961d0271dd4c4792235bfb77950446" member_type: VOTER last_known_addr { host: "127.13.145.193" port: 37301 } attrs { replace: true } health_report { overall_health: HEALTHY } } peers { permanent_uuid: "6175d8ff4b334a5490783a6e4a127708" member_type: VOTER last_known_addr { host: "127.13.145.194" port: 37305 } health_report { overall_health: HEALTHY } } peers { permanent_uuid: "0d20d24da25841fb9da817bda05af120" member_type: VOTER last_known_addr { host: "127.13.145.195" port: 40687 } health_report { overall_health: HEALTHY } } peers { permanent_uuid: "cbbca58657d8422a853088899da1c220" member_type: NON_VOTER last_known_addr { host: "127.13.145.196" port: 37447 } attrs { promote: true } health_report { overall_health: UNKNOWN } } }
I20260630 12:39:01.254782 14566 consensus_queue.cc:237] T 06391c2ec0534aeb8a8b2aba78493730 P 2f961d0271dd4c4792235bfb77950446 [LEADER]: Queue going to LEADER mode. State: All replicated index: 0, Majority replicated index: 1, Committed index: 1, Last appended: 1.1, Last appended by leader: 0, Current term: 1, Majority size: 2, State: 0, Mode: LEADER, active raft config: opid_index: 2 OBSOLETE_local: false peers { permanent_uuid: "2f961d0271dd4c4792235bfb77950446" member_type: VOTER last_known_addr { host: "127.13.145.193" port: 37301 } } peers { permanent_uuid: "6175d8ff4b334a5490783a6e4a127708" member_type: VOTER last_known_addr { host: "127.13.145.194" port: 37305 } attrs { replace: true } } peers { permanent_uuid: "0d20d24da25841fb9da817bda05af120" member_type: VOTER last_known_addr { host: "127.13.145.195" port: 40687 } } peers { permanent_uuid: "cbbca58657d8422a853088899da1c220" member_type: NON_VOTER last_known_addr { host: "127.13.145.196" port: 37447 } attrs { promote: true } }
I20260630 12:39:01.262044 14715 raft_consensus.cc:1275] T 06391c2ec0534aeb8a8b2aba78493730 P 0d20d24da25841fb9da817bda05af120 [term 1 FOLLOWER]: Refusing update from remote peer 2f961d0271dd4c4792235bfb77950446: Log matching property violated. Preceding OpId in replica: term: 1 index: 1. Preceding OpId from leader: term: 1 index: 2. (index mismatch)
I20260630 12:39:01.263772 14947 consensus_queue.cc:1048] T 06391c2ec0534aeb8a8b2aba78493730 P 2f961d0271dd4c4792235bfb77950446 [LEADER]: Connected to new peer: Peer: permanent_uuid: "0d20d24da25841fb9da817bda05af120" member_type: VOTER last_known_addr { host: "127.13.145.195" port: 40687 }, Status: LMP_MISMATCH, Last received: 0.0, Next index: 2, Last known committed idx: 1, Time since last communication: 0.001s
