I20260630 12:40:47.175217 18566 consensus_queue.cc:1048] T 7af592882eba4344bdc0e06941f26086 P 7c122c969bf14c95bd08e5aa828a295d [LEADER]: Connected to new peer: Peer: permanent_uuid: "3d431aaebf434fb6aec981df7f4b79be" member_type: VOTER last_known_addr { host: "127.13.145.193" port: 41909 }, Status: LMP_MISMATCH, Last received: 0.0, Next index: 1, Last known committed idx: 0, Time since last communication: 0.000s
I20260630 12:40:47.198588 18619 consensus_queue.cc:1048] T 01f34ca744634b5ca1869e44283016bf P 00c2f40ab54c4d2da509f3db91cf5724 [LEADER]: Connected to new peer: Peer: permanent_uuid: "3d431aaebf434fb6aec981df7f4b79be" member_type: VOTER last_known_addr { host: "127.13.145.193" port: 41909 }, Status: LMP_MISMATCH, Last received: 0.0, Next index: 1, Last known committed idx: 0, Time since last communication: 0.000s
I20260630 12:40:47.232322 18567 consensus_queue.cc:1048] T e44662e75fd4492f800ab1b2bb8f8f8b P 00c2f40ab54c4d2da509f3db91cf5724 [LEADER]: Connected to new peer: Peer: permanent_uuid: "7c122c969bf14c95bd08e5aa828a295d" member_type: VOTER last_known_addr { host: "127.13.145.195" port: 35251 }, Status: LMP_MISMATCH, Last received: 0.0, Next index: 1, Last known committed idx: 0, Time since last communication: 0.001s
I20260630 12:40:47.278378 18617 consensus_queue.cc:1048] T e44662e75fd4492f800ab1b2bb8f8f8b P 00c2f40ab54c4d2da509f3db91cf5724 [LEADER]: Connected to new peer: Peer: permanent_uuid: "3d431aaebf434fb6aec981df7f4b79be" member_type: VOTER last_known_addr { host: "127.13.145.193" port: 41909 }, Status: LMP_MISMATCH, Last received: 0.0, Next index: 1, Last known committed idx: 0, Time since last communication: 0.000s
I20260630 12:40:47.290455 18588 consensus_queue.cc:1048] T 0fc50b2e3eaa49dfb1ee00a25e50853c P 3d431aaebf434fb6aec981df7f4b79be [LEADER]: Connected to new peer: Peer: permanent_uuid: "00c2f40ab54c4d2da509f3db91cf5724" member_type: VOTER last_known_addr { host: "127.13.145.194" port: 41567 }, Status: LMP_MISMATCH, Last received: 0.0, Next index: 1, Last known committed idx: 0, Time since last communication: 0.001s
I20260630 12:40:47.317097 18637 consensus_queue.cc:1048] T 0fc50b2e3eaa49dfb1ee00a25e50853c P 3d431aaebf434fb6aec981df7f4b79be [LEADER]: Connected to new peer: Peer: permanent_uuid: "7c122c969bf14c95bd08e5aa828a295d" member_type: VOTER last_known_addr { host: "127.13.145.195" port: 35251 }, Status: LMP_MISMATCH, Last received: 0.0, Next index: 1, Last known committed idx: 0, Time since last communication: 0.000s
I20260630 12:40:47.334785 18597 consensus_queue.cc:1048] T 79ad11735073462daa190c2e766fec54 P 7c122c969bf14c95bd08e5aa828a295d [LEADER]: Connected to new peer: Peer: permanent_uuid: "3d431aaebf434fb6aec981df7f4b79be" member_type: VOTER last_known_addr { host: "127.13.145.193" port: 41909 }, Status: LMP_MISMATCH, Last received: 0.0, Next index: 1, Last known committed idx: 0, Time since last communication: 0.000s
I20260630 12:40:47.339280 18597 consensus_queue.cc:1048] T 1105103962f34b748c99b27dc4d311ad P 7c122c969bf14c95bd08e5aa828a295d [LEADER]: Connected to new peer: Peer: permanent_uuid: "3d431aaebf434fb6aec981df7f4b79be" member_type: VOTER last_known_addr { host: "127.13.145.193" port: 41909 }, Status: LMP_MISMATCH, Last received: 0.0, Next index: 1, Last known committed idx: 0, Time since last communication: 0.000s
I20260630 12:40:47.357753 18597 consensus_queue.cc:1048] T 79ad11735073462daa190c2e766fec54 P 7c122c969bf14c95bd08e5aa828a295d [LEADER]: Connected to new peer: Peer: permanent_uuid: "00c2f40ab54c4d2da509f3db91cf5724" member_type: VOTER last_known_addr { host: "127.13.145.194" port: 41567 }, Status: LMP_MISMATCH, Last received: 0.0, Next index: 1, Last known committed idx: 0, Time since last communication: 0.000s
I20260630 12:40:47.364032 18595 consensus_queue.cc:1048] T 1105103962f34b748c99b27dc4d311ad P 7c122c969bf14c95bd08e5aa828a295d [LEADER]: Connected to new peer: Peer: permanent_uuid: "00c2f40ab54c4d2da509f3db91cf5724" member_type: VOTER last_known_addr { host: "127.13.145.194" port: 41567 }, Status: LMP_MISMATCH, Last received: 0.0, Next index: 1, Last known committed idx: 0, Time since last communication: 0.000s
I20260630 12:40:47.374035 18595 consensus_queue.cc:1048] T 01e1dc5ff7f944f78504ad36e428aa34 P 7c122c969bf14c95bd08e5aa828a295d [LEADER]: Connected to new peer: Peer: permanent_uuid: "3d431aaebf434fb6aec981df7f4b79be" member_type: VOTER last_known_addr { host: "127.13.145.193" port: 41909 }, Status: LMP_MISMATCH, Last received: 0.0, Next index: 1, Last known committed idx: 0, Time since last communication: 0.000s
I20260630 12:40:47.429942 18566 consensus_queue.cc:1048] T 01e1dc5ff7f944f78504ad36e428aa34 P 7c122c969bf14c95bd08e5aa828a295d [LEADER]: Connected to new peer: Peer: permanent_uuid: "00c2f40ab54c4d2da509f3db91cf5724" member_type: VOTER last_known_addr { host: "127.13.145.194" port: 41567 }, Status: LMP_MISMATCH, Last received: 0.0, Next index: 1, Last known committed idx: 0, Time since last communication: 0.000s
W20260630 12:40:49.317409 18479 outbound_call.cc:321] RPC callback for RPC call kudu.consensus.ConsensusService.UpdateConsensus -> {remote=127.13.145.194:41567, user_credentials={real_user=slave}} blocked reactor thread for 95072.1us
W20260630 12:40:49.784538 18479 outbound_call.cc:321] RPC callback for RPC call kudu.consensus.ConsensusService.UpdateConsensus -> {remote=127.13.145.193:41909, user_credentials={real_user=slave}} blocked reactor thread for 44512.9us
W20260630 12:40:50.629920 18546 outbound_call.cc:321] RPC callback for RPC call kudu.tserver.TabletServerService.Write -> {remote=127.13.145.195:35251, user_credentials={real_user=slave}} blocked reactor thread for 46000us
W20260630 12:40:50.649848 18330 outbound_call.cc:321] RPC callback for RPC call kudu.consensus.ConsensusService.UpdateConsensus -> {remote=127.13.145.194:41567, user_credentials={real_user=slave}} blocked reactor thread for 67471.7us
W20260630 12:40:51.017067 18658 meta_cache.cc:1261] Time spent looking up entry by key: real 0.057s	user 0.000s	sys 0.000s
W20260630 12:40:51.830308 18330 outbound_call.cc:321] RPC callback for RPC call kudu.consensus.ConsensusService.UpdateConsensus -> {remote=127.13.145.194:41567, user_credentials={real_user=slave}} blocked reactor thread for 56638.8us
I20260630 12:40:51.858402 13895 file_cache.cc:492] Constructed file cache file cache with capacity 419430
W20260630 12:40:51.877246 18758 instance_detector.cc:116] could not retrieve AWS instance metadata: Network error: curl error: HTTP response code said error: The requested URL returned error: 404
W20260630 12:40:51.878331 18759 instance_detector.cc:116] could not retrieve Azure instance metadata: Network error: curl error: HTTP response code said error: The requested URL returned error: 404
W20260630 12:40:51.880729 18761 instance_detector.cc:116] could not retrieve OpenStack instance metadata: Network error: curl error: HTTP response code said error: The requested URL returned error: 404
I20260630 12:40:51.881165 13895 server_base.cc:1061] running on GCE node
I20260630 12:40:51.883093 13895 hybrid_clock.cc:584] initializing the hybrid clock with 'system_unsync' time source
W20260630 12:40:51.883356 13895 system_unsync_time.cc:38] NTP support is disabled. Clock error bounds will not be accurate. This configuration is not suitable for distributed clusters.
I20260630 12:40:51.883558 13895 hybrid_clock.cc:648] HybridClock initialized: now 1782823251883542 us; error 0 us; skew 500 ppm
I20260630 12:40:51.884065 13895 server_base.cc:861] Flag tcmalloc_max_total_thread_cache_bytes is not working since tcmalloc is not enabled.
I20260630 12:40:51.886858 13895 webserver.cc:533] Webserver started at http://127.13.145.196:35759/ using document root <none> and password file <none>
I20260630 12:40:51.887373 13895 fs_manager.cc:362] Metadata directory not provided
I20260630 12:40:51.887609 13895 fs_manager.cc:368] Using write-ahead log directory (fs_wal_dir) as metadata directory
I20260630 12:40:51.887928 13895 server_base.cc:909] This appears to be a new deployment of Kudu; creating new FS layout
I20260630 12:40:51.889559 13895 fs_manager.cc:1068] Generated new instance metadata in path /tmp/dist-test-taskwd5NFb/test-tmp/auto_rebalancer-test.0.AutoRebalancerTest.TestMaxMovesPerServer.1782823125940729-13895-0/minicluster-data/ts-3-root/instance:
uuid: "8483e37e7bff4f8f935105392c01dcbc"
format_stamp: "Formatted at 2026-06-30 12:40:51 on dist-test-slave-tm21"
I20260630 12:40:51.895776 13895 fs_manager.cc:696] Time spent creating directory manager: real 0.005s	user 0.005s	sys 0.001s
I20260630 12:40:51.899541 18766 log_block_manager.cc:4031] Time spent loading block containers with low live blocks: real 0.000s	user 0.000s	sys 0.000s
I20260630 12:40:51.900326 13895 fs_manager.cc:730] Time spent opening block manager: real 0.002s	user 0.003s	sys 0.000s
I20260630 12:40:51.900692 13895 fs_manager.cc:647] Opened local filesystem: /tmp/dist-test-taskwd5NFb/test-tmp/auto_rebalancer-test.0.AutoRebalancerTest.TestMaxMovesPerServer.1782823125940729-13895-0/minicluster-data/ts-3-root
uuid: "8483e37e7bff4f8f935105392c01dcbc"
format_stamp: "Formatted at 2026-06-30 12:40:51 on dist-test-slave-tm21"
I20260630 12:40:51.900967 13895 fs_report.cc:389] FS layout report
--------------------
wal directory: /tmp/dist-test-taskwd5NFb/test-tmp/auto_rebalancer-test.0.AutoRebalancerTest.TestMaxMovesPerServer.1782823125940729-13895-0/minicluster-data/ts-3-root
metadata directory: /tmp/dist-test-taskwd5NFb/test-tmp/auto_rebalancer-test.0.AutoRebalancerTest.TestMaxMovesPerServer.1782823125940729-13895-0/minicluster-data/ts-3-root
1 data directories: /tmp/dist-test-taskwd5NFb/test-tmp/auto_rebalancer-test.0.AutoRebalancerTest.TestMaxMovesPerServer.1782823125940729-13895-0/minicluster-data/ts-3-root/data
Total live blocks: 0
Total live bytes: 0
Total live bytes (after alignment): 0
Total number of LBM containers: 0 (0 full)
Did not check for missing blocks
Did not check for orphaned blocks
Total full LBM containers with extra space: 0 (0 repaired)
Total full LBM container extra space in bytes: 0 (0 repaired)
Total incomplete LBM containers: 0 (0 repaired)
Total LBM partial records: 0 (0 repaired)
Total corrupted LBM metadata records in RocksDB: 0 (0 repaired)
I20260630 12:40:51.928038 13895 rpc_server.cc:225] running with OpenSSL 1.1.1  11 Sep 2018
I20260630 12:40:51.929282 13895 kserver.cc:163] Server-wide thread pool size limit: 3276
I20260630 12:40:51.930748 13895 txn_system_client.cc:432] TxnSystemClient initialization is disabled...
I20260630 12:40:51.933174 13895 ts_tablet_manager.cc:585] Loaded tablet metadata (0 total tablets, 0 live tablets)
I20260630 12:40:51.933408 13895 ts_tablet_manager.cc:531] Time spent load tablet metadata: real 0.000s	user 0.000s	sys 0.000s
I20260630 12:40:51.933655 13895 ts_tablet_manager.cc:616] Registered 0 tablets
I20260630 12:40:51.933842 13895 ts_tablet_manager.cc:595] Time spent register tablets: real 0.000s	user 0.000s	sys 0.000s
I20260630 12:40:51.976297 13895 rpc_server.cc:307] RPC server started. Bound to: 127.13.145.196:39615
I20260630 12:40:51.976442 18828 acceptor_pool.cc:272] collecting diagnostics on the listening RPC socket 127.13.145.196:39615 every 8 connection(s)
I20260630 12:40:51.981909 13895 file_cache.cc:492] Constructed file cache file cache with capacity 419430
W20260630 12:40:51.988818 18833 instance_detector.cc:116] could not retrieve AWS instance metadata: Network error: curl error: HTTP response code said error: The requested URL returned error: 404
W20260630 12:40:51.989202 18834 instance_detector.cc:116] could not retrieve Azure instance metadata: Network error: curl error: HTTP response code said error: The requested URL returned error: 404
W20260630 12:40:51.991765 18837 instance_detector.cc:116] could not retrieve OpenStack instance metadata: Network error: curl error: HTTP response code said error: The requested URL returned error: 404
I20260630 12:40:51.994730 13895 server_base.cc:1061] running on GCE node
I20260630 12:40:51.996223 13895 hybrid_clock.cc:584] initializing the hybrid clock with 'system_unsync' time source
W20260630 12:40:51.996491 13895 system_unsync_time.cc:38] NTP support is disabled. Clock error bounds will not be accurate. This configuration is not suitable for distributed clusters.
I20260630 12:40:51.996786 13895 hybrid_clock.cc:648] HybridClock initialized: now 1782823251996766 us; error 0 us; skew 500 ppm
I20260630 12:40:51.997452 13895 server_base.cc:861] Flag tcmalloc_max_total_thread_cache_bytes is not working since tcmalloc is not enabled.
I20260630 12:40:51.998168 18829 heartbeater.cc:344] Connected to a master server at 127.13.145.254:44463
I20260630 12:40:51.998651 18829 heartbeater.cc:461] Registering TS with master...
I20260630 12:40:51.999619 18829 heartbeater.cc:507] Master 127.13.145.254:44463 requested a full tablet report, sending...
I20260630 12:40:52.000422 13895 webserver.cc:533] Webserver started at http://127.13.145.197:41909/ using document root <none> and password file <none>
I20260630 12:40:52.001113 13895 fs_manager.cc:362] Metadata directory not provided
I20260630 12:40:52.001355 13895 fs_manager.cc:368] Using write-ahead log directory (fs_wal_dir) as metadata directory
I20260630 12:40:52.001669 13895 server_base.cc:909] This appears to be a new deployment of Kudu; creating new FS layout
I20260630 12:40:52.001948 18264 ts_manager.cc:194] Registered new tserver with Master: 8483e37e7bff4f8f935105392c01dcbc (127.13.145.196:39615)
I20260630 12:40:52.002847 13895 fs_manager.cc:1068] Generated new instance metadata in path /tmp/dist-test-taskwd5NFb/test-tmp/auto_rebalancer-test.0.AutoRebalancerTest.TestMaxMovesPerServer.1782823125940729-13895-0/minicluster-data/ts-4-root/instance:
uuid: "b9de161f54b7488f8d0ddf08327a74fe"
format_stamp: "Formatted at 2026-06-30 12:40:51 on dist-test-slave-tm21"
I20260630 12:40:52.003477 18264 master_service.cc:502] Signed X509 certificate for tserver {username='slave'} at 127.0.0.1:56528
I20260630 12:40:52.008018 13895 fs_manager.cc:696] Time spent creating directory manager: real 0.005s	user 0.004s	sys 0.000s
I20260630 12:40:52.011520 18841 log_block_manager.cc:4031] Time spent loading block containers with low live blocks: real 0.000s	user 0.000s	sys 0.000s
I20260630 12:40:52.012275 13895 fs_manager.cc:730] Time spent opening block manager: real 0.002s	user 0.003s	sys 0.000s
I20260630 12:40:52.012640 13895 fs_manager.cc:647] Opened local filesystem: /tmp/dist-test-taskwd5NFb/test-tmp/auto_rebalancer-test.0.AutoRebalancerTest.TestMaxMovesPerServer.1782823125940729-13895-0/minicluster-data/ts-4-root
uuid: "b9de161f54b7488f8d0ddf08327a74fe"
format_stamp: "Formatted at 2026-06-30 12:40:51 on dist-test-slave-tm21"
I20260630 12:40:52.012933 13895 fs_report.cc:389] FS layout report
--------------------
wal directory: /tmp/dist-test-taskwd5NFb/test-tmp/auto_rebalancer-test.0.AutoRebalancerTest.TestMaxMovesPerServer.1782823125940729-13895-0/minicluster-data/ts-4-root
metadata directory: /tmp/dist-test-taskwd5NFb/test-tmp/auto_rebalancer-test.0.AutoRebalancerTest.TestMaxMovesPerServer.1782823125940729-13895-0/minicluster-data/ts-4-root
1 data directories: /tmp/dist-test-taskwd5NFb/test-tmp/auto_rebalancer-test.0.AutoRebalancerTest.TestMaxMovesPerServer.1782823125940729-13895-0/minicluster-data/ts-4-root/data
Total live blocks: 0
Total live bytes: 0
Total live bytes (after alignment): 0
Total number of LBM containers: 0 (0 full)
Did not check for missing blocks
Did not check for orphaned blocks
Total full LBM containers with extra space: 0 (0 repaired)
Total full LBM container extra space in bytes: 0 (0 repaired)
Total incomplete LBM containers: 0 (0 repaired)
Total LBM partial records: 0 (0 repaired)
Total corrupted LBM metadata records in RocksDB: 0 (0 repaired)
I20260630 12:40:52.034713 13895 rpc_server.cc:225] running with OpenSSL 1.1.1  11 Sep 2018
I20260630 12:40:52.035926 13895 kserver.cc:163] Server-wide thread pool size limit: 3276
I20260630 12:40:52.037214 13895 txn_system_client.cc:432] TxnSystemClient initialization is disabled...
I20260630 12:40:52.039129 13895 ts_tablet_manager.cc:585] Loaded tablet metadata (0 total tablets, 0 live tablets)
I20260630 12:40:52.039356 13895 ts_tablet_manager.cc:531] Time spent load tablet metadata: real 0.000s	user 0.000s	sys 0.000s
I20260630 12:40:52.039590 13895 ts_tablet_manager.cc:616] Registered 0 tablets
I20260630 12:40:52.039776 13895 ts_tablet_manager.cc:595] Time spent register tablets: real 0.000s	user 0.000s	sys 0.000s
I20260630 12:40:52.101060 13895 rpc_server.cc:307] RPC server started. Bound to: 127.13.145.197:37377
I20260630 12:40:52.101177 18903 acceptor_pool.cc:272] collecting diagnostics on the listening RPC socket 127.13.145.197:37377 every 8 connection(s)
I20260630 12:40:52.107666 13895 file_cache.cc:492] Constructed file cache file cache with capacity 419430
W20260630 12:40:52.115994 18907 instance_detector.cc:116] could not retrieve AWS instance metadata: Network error: curl error: HTTP response code said error: The requested URL returned error: 404
W20260630 12:40:52.119611 18908 instance_detector.cc:116] could not retrieve Azure instance metadata: Network error: curl error: HTTP response code said error: The requested URL returned error: 404
I20260630 12:40:52.120301 18904 heartbeater.cc:344] Connected to a master server at 127.13.145.254:44463
I20260630 12:40:52.120930 18904 heartbeater.cc:461] Registering TS with master...
I20260630 12:40:52.123024 18904 heartbeater.cc:507] Master 127.13.145.254:44463 requested a full tablet report, sending...
W20260630 12:40:52.123312 18910 instance_detector.cc:116] could not retrieve OpenStack instance metadata: Network error: curl error: HTTP response code said error: The requested URL returned error: 404
I20260630 12:40:52.123441 13895 server_base.cc:1061] running on GCE node
I20260630 12:40:52.125385 18264 ts_manager.cc:194] Registered new tserver with Master: b9de161f54b7488f8d0ddf08327a74fe (127.13.145.197:37377)
I20260630 12:40:52.125783 13895 hybrid_clock.cc:584] initializing the hybrid clock with 'system_unsync' time source
W20260630 12:40:52.126063 13895 system_unsync_time.cc:38] NTP support is disabled. Clock error bounds will not be accurate. This configuration is not suitable for distributed clusters.
I20260630 12:40:52.126276 13895 hybrid_clock.cc:648] HybridClock initialized: now 1782823252126260 us; error 0 us; skew 500 ppm
I20260630 12:40:52.126958 13895 server_base.cc:861] Flag tcmalloc_max_total_thread_cache_bytes is not working since tcmalloc is not enabled.
I20260630 12:40:52.127081 18264 master_service.cc:502] Signed X509 certificate for tserver {username='slave'} at 127.0.0.1:56532
I20260630 12:40:52.129689 13895 webserver.cc:533] Webserver started at http://127.13.145.198:34841/ using document root <none> and password file <none>
I20260630 12:40:52.130142 13895 fs_manager.cc:362] Metadata directory not provided
I20260630 12:40:52.130309 13895 fs_manager.cc:368] Using write-ahead log directory (fs_wal_dir) as metadata directory
I20260630 12:40:52.130520 13895 server_base.cc:909] This appears to be a new deployment of Kudu; creating new FS layout
I20260630 12:40:52.131633 13895 fs_manager.cc:1068] Generated new instance metadata in path /tmp/dist-test-taskwd5NFb/test-tmp/auto_rebalancer-test.0.AutoRebalancerTest.TestMaxMovesPerServer.1782823125940729-13895-0/minicluster-data/ts-5-root/instance:
uuid: "00959e04cde84a03b64afbe0fb39faaa"
format_stamp: "Formatted at 2026-06-30 12:40:52 on dist-test-slave-tm21"
I20260630 12:40:52.137041 13895 fs_manager.cc:696] Time spent creating directory manager: real 0.005s	user 0.004s	sys 0.003s
I20260630 12:40:52.140645 18915 log_block_manager.cc:4031] Time spent loading block containers with low live blocks: real 0.000s	user 0.000s	sys 0.000s
I20260630 12:40:52.141381 13895 fs_manager.cc:730] Time spent opening block manager: real 0.002s	user 0.002s	sys 0.001s
I20260630 12:40:52.141683 13895 fs_manager.cc:647] Opened local filesystem: /tmp/dist-test-taskwd5NFb/test-tmp/auto_rebalancer-test.0.AutoRebalancerTest.TestMaxMovesPerServer.1782823125940729-13895-0/minicluster-data/ts-5-root
uuid: "00959e04cde84a03b64afbe0fb39faaa"
format_stamp: "Formatted at 2026-06-30 12:40:52 on dist-test-slave-tm21"
I20260630 12:40:52.141963 13895 fs_report.cc:389] FS layout report
--------------------
wal directory: /tmp/dist-test-taskwd5NFb/test-tmp/auto_rebalancer-test.0.AutoRebalancerTest.TestMaxMovesPerServer.1782823125940729-13895-0/minicluster-data/ts-5-root
metadata directory: /tmp/dist-test-taskwd5NFb/test-tmp/auto_rebalancer-test.0.AutoRebalancerTest.TestMaxMovesPerServer.1782823125940729-13895-0/minicluster-data/ts-5-root
1 data directories: /tmp/dist-test-taskwd5NFb/test-tmp/auto_rebalancer-test.0.AutoRebalancerTest.TestMaxMovesPerServer.1782823125940729-13895-0/minicluster-data/ts-5-root/data
Total live blocks: 0
Total live bytes: 0
Total live bytes (after alignment): 0
Total number of LBM containers: 0 (0 full)
Did not check for missing blocks
Did not check for orphaned blocks
Total full LBM containers with extra space: 0 (0 repaired)
Total full LBM container extra space in bytes: 0 (0 repaired)
Total incomplete LBM containers: 0 (0 repaired)
Total LBM partial records: 0 (0 repaired)
Total corrupted LBM metadata records in RocksDB: 0 (0 repaired)
I20260630 12:40:52.153957 13895 rpc_server.cc:225] running with OpenSSL 1.1.1  11 Sep 2018
I20260630 12:40:52.155445 13895 kserver.cc:163] Server-wide thread pool size limit: 3276
I20260630 12:40:52.157374 13895 txn_system_client.cc:432] TxnSystemClient initialization is disabled...
I20260630 12:40:52.159915 13895 ts_tablet_manager.cc:585] Loaded tablet metadata (0 total tablets, 0 live tablets)
I20260630 12:40:52.160117 13895 ts_tablet_manager.cc:531] Time spent load tablet metadata: real 0.000s	user 0.000s	sys 0.000s
I20260630 12:40:52.160408 13895 ts_tablet_manager.cc:616] Registered 0 tablets
I20260630 12:40:52.160584 13895 ts_tablet_manager.cc:595] Time spent register tablets: real 0.000s	user 0.000s	sys 0.001s
I20260630 12:40:52.236315 13895 rpc_server.cc:307] RPC server started. Bound to: 127.13.145.198:42413
I20260630 12:40:52.236467 18977 acceptor_pool.cc:272] collecting diagnostics on the listening RPC socket 127.13.145.198:42413 every 8 connection(s)
I20260630 12:40:52.251400 18978 heartbeater.cc:344] Connected to a master server at 127.13.145.254:44463
I20260630 12:40:52.252025 18978 heartbeater.cc:461] Registering TS with master...
I20260630 12:40:52.252775 18978 heartbeater.cc:507] Master 127.13.145.254:44463 requested a full tablet report, sending...
I20260630 12:40:52.254464 18264 ts_manager.cc:194] Registered new tserver with Master: 00959e04cde84a03b64afbe0fb39faaa (127.13.145.198:42413)
I20260630 12:40:52.255694 18264 master_service.cc:502] Signed X509 certificate for tserver {username='slave'} at 127.0.0.1:56544
I20260630 12:40:52.837481 18440 consensus_queue.cc:237] T 01f34ca744634b5ca1869e44283016bf P 00c2f40ab54c4d2da509f3db91cf5724 [LEADER]: Queue going to LEADER mode. State: All replicated index: 0, Majority replicated index: 26, Committed index: 26, Last appended: 1.26, Last appended by leader: 0, Current term: 1, Majority size: 2, State: 0, Mode: LEADER, active raft config: opid_index: 27 OBSOLETE_local: false peers { permanent_uuid: "3d431aaebf434fb6aec981df7f4b79be" member_type: VOTER last_known_addr { host: "127.13.145.193" port: 41909 } } peers { permanent_uuid: "00c2f40ab54c4d2da509f3db91cf5724" member_type: VOTER last_known_addr { host: "127.13.145.194" port: 41567 } } peers { permanent_uuid: "7c122c969bf14c95bd08e5aa828a295d" member_type: VOTER last_known_addr { host: "127.13.145.195" port: 35251 } attrs { replace: true } } peers { permanent_uuid: "8483e37e7bff4f8f935105392c01dcbc" member_type: NON_VOTER last_known_addr { host: "127.13.145.196" port: 39615 } attrs { promote: true } }
I20260630 12:40:52.844748 18510 raft_consensus.cc:1275] T 01f34ca744634b5ca1869e44283016bf P 7c122c969bf14c95bd08e5aa828a295d [term 1 FOLLOWER]: Refusing update from remote peer 00c2f40ab54c4d2da509f3db91cf5724: Log matching property violated. Preceding OpId in replica: term: 1 index: 26. Preceding OpId from leader: term: 1 index: 27. (index mismatch)
I20260630 12:40:52.844839 18359 raft_consensus.cc:1275] T 01f34ca744634b5ca1869e44283016bf P 3d431aaebf434fb6aec981df7f4b79be [term 1 FOLLOWER]: Refusing update from remote peer 00c2f40ab54c4d2da509f3db91cf5724: Log matching property violated. Preceding OpId in replica: term: 1 index: 26. Preceding OpId from leader: term: 1 index: 27. (index mismatch)
I20260630 12:40:52.846886 18985 consensus_queue.cc:1048] T 01f34ca744634b5ca1869e44283016bf P 00c2f40ab54c4d2da509f3db91cf5724 [LEADER]: Connected to new peer: Peer: permanent_uuid: "7c122c969bf14c95bd08e5aa828a295d" member_type: VOTER last_known_addr { host: "127.13.145.195" port: 35251 } attrs { replace: true }, Status: LMP_MISMATCH, Last received: 0.0, Next index: 27, Last known committed idx: 26, Time since last communication: 0.000s
I20260630 12:40:52.847915 18744 consensus_queue.cc:1048] T 01f34ca744634b5ca1869e44283016bf P 00c2f40ab54c4d2da509f3db91cf5724 [LEADER]: Connected to new peer: Peer: permanent_uuid: "3d431aaebf434fb6aec981df7f4b79be" member_type: VOTER last_known_addr { host: "127.13.145.193" port: 41909 }, Status: LMP_MISMATCH, Last received: 0.0, Next index: 27, Last known committed idx: 26, Time since last communication: 0.000s
W20260630 12:40:52.858314 18407 consensus_peers.cc:597] T 01f34ca744634b5ca1869e44283016bf P 00c2f40ab54c4d2da509f3db91cf5724 -> Peer 8483e37e7bff4f8f935105392c01dcbc (127.13.145.196:39615): Couldn't send request to peer 8483e37e7bff4f8f935105392c01dcbc. Error code: TABLET_NOT_FOUND (6). Status: Not found: Tablet not found: 01f34ca744634b5ca1869e44283016bf. This is attempt 1: this message will repeat every 5th retry.
I20260630 12:40:52.857812 18985 raft_consensus.cc:2955] T 01f34ca744634b5ca1869e44283016bf P 00c2f40ab54c4d2da509f3db91cf5724 [term 1 LEADER]: Committing config change with OpId 1.27: config changed from index -1 to 27, NON_VOTER 8483e37e7bff4f8f935105392c01dcbc (127.13.145.196) added. New config: { opid_index: 27 OBSOLETE_local: false peers { permanent_uuid: "3d431aaebf434fb6aec981df7f4b79be" member_type: VOTER last_known_addr { host: "127.13.145.193" port: 41909 } } peers { permanent_uuid: "00c2f40ab54c4d2da509f3db91cf5724" member_type: VOTER last_known_addr { host: "127.13.145.194" port: 41567 } } peers { permanent_uuid: "7c122c969bf14c95bd08e5aa828a295d" member_type: VOTER last_known_addr { host: "127.13.145.195" port: 35251 } attrs { replace: true } } peers { permanent_uuid: "8483e37e7bff4f8f935105392c01dcbc" member_type: NON_VOTER last_known_addr { host: "127.13.145.196" port: 39615 } attrs { promote: true } } }
I20260630 12:40:52.861303 18513 raft_consensus.cc:2955] T 01f34ca744634b5ca1869e44283016bf P 7c122c969bf14c95bd08e5aa828a295d [term 1 FOLLOWER]: Committing config change with OpId 1.27: config changed from index -1 to 27, NON_VOTER 8483e37e7bff4f8f935105392c01dcbc (127.13.145.196) added. New config: { opid_index: 27 OBSOLETE_local: false peers { permanent_uuid: "3d431aaebf434fb6aec981df7f4b79be" member_type: VOTER last_known_addr { host: "127.13.145.193" port: 41909 } } peers { permanent_uuid: "00c2f40ab54c4d2da509f3db91cf5724" member_type: VOTER last_known_addr { host: "127.13.145.194" port: 41567 } } peers { permanent_uuid: "7c122c969bf14c95bd08e5aa828a295d" member_type: VOTER last_known_addr { host: "127.13.145.195" port: 35251 } attrs { replace: true } } peers { permanent_uuid: "8483e37e7bff4f8f935105392c01dcbc" member_type: NON_VOTER last_known_addr { host: "127.13.145.196" port: 39615 } attrs { promote: true } } }
I20260630 12:40:52.859539 18359 raft_consensus.cc:2955] T 01f34ca744634b5ca1869e44283016bf P 3d431aaebf434fb6aec981df7f4b79be [term 1 FOLLOWER]: Committing config change with OpId 1.27: config changed from index -1 to 27, NON_VOTER 8483e37e7bff4f8f935105392c01dcbc (127.13.145.196) added. New config: { opid_index: 27 OBSOLETE_local: false peers { permanent_uuid: "3d431aaebf434fb6aec981df7f4b79be" member_type: VOTER last_known_addr { host: "127.13.145.193" port: 41909 } } peers { permanent_uuid: "00c2f40ab54c4d2da509f3db91cf5724" member_type: VOTER last_known_addr { host: "127.13.145.194" port: 41567 } } peers { permanent_uuid: "7c122c969bf14c95bd08e5aa828a295d" member_type: VOTER last_known_addr { host: "127.13.145.195" port: 35251 } attrs { replace: true } } peers { permanent_uuid: "8483e37e7bff4f8f935105392c01dcbc" member_type: NON_VOTER last_known_addr { host: "127.13.145.196" port: 39615 } attrs { promote: true } } }
I20260630 12:40:52.881948 18264 catalog_manager.cc:5697] T 01f34ca744634b5ca1869e44283016bf P 7c122c969bf14c95bd08e5aa828a295d reported cstate change: config changed from index -1 to 27, NON_VOTER 8483e37e7bff4f8f935105392c01dcbc (127.13.145.196) added. New cstate: current_term: 1 leader_uuid: "00c2f40ab54c4d2da509f3db91cf5724" committed_config { opid_index: 27 OBSOLETE_local: false peers { permanent_uuid: "3d431aaebf434fb6aec981df7f4b79be" member_type: VOTER last_known_addr { host: "127.13.145.193" port: 41909 } } peers { permanent_uuid: "00c2f40ab54c4d2da509f3db91cf5724" member_type: VOTER last_known_addr { host: "127.13.145.194" port: 41567 } } peers { permanent_uuid: "7c122c969bf14c95bd08e5aa828a295d" member_type: VOTER last_known_addr { host: "127.13.145.195" port: 35251 } attrs { replace: true } } peers { permanent_uuid: "8483e37e7bff4f8f935105392c01dcbc" member_type: NON_VOTER last_known_addr { host: "127.13.145.196" port: 39615 } attrs { promote: true } } }
I20260630 12:40:52.901306 18359 consensus_queue.cc:237] T 1a668add84c345cba5c1e586b9e2f4e4 P 3d431aaebf434fb6aec981df7f4b79be [LEADER]: Queue going to LEADER mode. State: All replicated index: 0, Majority replicated index: 27, Committed index: 27, Last appended: 1.27, Last appended by leader: 0, Current term: 1, Majority size: 2, State: 0, Mode: LEADER, active raft config: opid_index: 28 OBSOLETE_local: false peers { permanent_uuid: "3d431aaebf434fb6aec981df7f4b79be" member_type: VOTER last_known_addr { host: "127.13.145.193" port: 41909 } } peers { permanent_uuid: "00c2f40ab54c4d2da509f3db91cf5724" member_type: VOTER last_known_addr { host: "127.13.145.194" port: 41567 } attrs { replace: true } } peers { permanent_uuid: "7c122c969bf14c95bd08e5aa828a295d" member_type: VOTER last_known_addr { host: "127.13.145.195" port: 35251 } } peers { permanent_uuid: "00959e04cde84a03b64afbe0fb39faaa" member_type: NON_VOTER last_known_addr { host: "127.13.145.198" port: 42413 } attrs { promote: true } }
I20260630 12:40:52.915410 18513 raft_consensus.cc:1275] T 1a668add84c345cba5c1e586b9e2f4e4 P 7c122c969bf14c95bd08e5aa828a295d [term 1 FOLLOWER]: Refusing update from remote peer 3d431aaebf434fb6aec981df7f4b79be: Log matching property violated. Preceding OpId in replica: term: 1 index: 27. Preceding OpId from leader: term: 1 index: 28. (index mismatch)
I20260630 12:40:52.916899 18440 raft_consensus.cc:1275] T 1a668add84c345cba5c1e586b9e2f4e4 P 00c2f40ab54c4d2da509f3db91cf5724 [term 1 FOLLOWER]: Refusing update from remote peer 3d431aaebf434fb6aec981df7f4b79be: Log matching property violated. Preceding OpId in replica: term: 1 index: 27. Preceding OpId from leader: term: 1 index: 28. (index mismatch)
I20260630 12:40:52.917188 18750 consensus_queue.cc:1048] T 1a668add84c345cba5c1e586b9e2f4e4 P 3d431aaebf434fb6aec981df7f4b79be [LEADER]: Connected to new peer: Peer: permanent_uuid: "7c122c969bf14c95bd08e5aa828a295d" member_type: VOTER last_known_addr { host: "127.13.145.195" port: 35251 }, Status: LMP_MISMATCH, Last received: 0.0, Next index: 28, Last known committed idx: 27, Time since last communication: 0.001s
I20260630 12:40:52.919224 18750 consensus_queue.cc:1048] T 1a668add84c345cba5c1e586b9e2f4e4 P 3d431aaebf434fb6aec981df7f4b79be [LEADER]: Connected to new peer: Peer: permanent_uuid: "00c2f40ab54c4d2da509f3db91cf5724" member_type: VOTER last_known_addr { host: "127.13.145.194" port: 41567 } attrs { replace: true }, Status: LMP_MISMATCH, Last received: 0.0, Next index: 28, Last known committed idx: 27, Time since last communication: 0.000s
I20260630 12:40:52.928049 19002 raft_consensus.cc:2955] T 1a668add84c345cba5c1e586b9e2f4e4 P 3d431aaebf434fb6aec981df7f4b79be [term 1 LEADER]: Committing config change with OpId 1.28: config changed from index -1 to 28, NON_VOTER 00959e04cde84a03b64afbe0fb39faaa (127.13.145.198) added. New config: { opid_index: 28 OBSOLETE_local: false peers { permanent_uuid: "3d431aaebf434fb6aec981df7f4b79be" member_type: VOTER last_known_addr { host: "127.13.145.193" port: 41909 } } peers { permanent_uuid: "00c2f40ab54c4d2da509f3db91cf5724" member_type: VOTER last_known_addr { host: "127.13.145.194" port: 41567 } attrs { replace: true } } peers { permanent_uuid: "7c122c969bf14c95bd08e5aa828a295d" member_type: VOTER last_known_addr { host: "127.13.145.195" port: 35251 } } peers { permanent_uuid: "00959e04cde84a03b64afbe0fb39faaa" member_type: NON_VOTER last_known_addr { host: "127.13.145.198" port: 42413 } attrs { promote: true } } }
I20260630 12:40:52.928593 18440 raft_consensus.cc:2955] T 1a668add84c345cba5c1e586b9e2f4e4 P 00c2f40ab54c4d2da509f3db91cf5724 [term 1 FOLLOWER]: Committing config change with OpId 1.28: config changed from index -1 to 28, NON_VOTER 00959e04cde84a03b64afbe0fb39faaa (127.13.145.198) added. New config: { opid_index: 28 OBSOLETE_local: false peers { permanent_uuid: "3d431aaebf434fb6aec981df7f4b79be" member_type: VOTER last_known_addr { host: "127.13.145.193" port: 41909 } } peers { permanent_uuid: "00c2f40ab54c4d2da509f3db91cf5724" member_type: VOTER last_known_addr { host: "127.13.145.194" port: 41567 } attrs { replace: true } } peers { permanent_uuid: "7c122c969bf14c95bd08e5aa828a295d" member_type: VOTER last_known_addr { host: "127.13.145.195" port: 35251 } } peers { permanent_uuid: "00959e04cde84a03b64afbe0fb39faaa" member_type: NON_VOTER last_known_addr { host: "127.13.145.198" port: 42413 } attrs { promote: true } } }
I20260630 12:40:52.929950 18513 raft_consensus.cc:2955] T 1a668add84c345cba5c1e586b9e2f4e4 P 7c122c969bf14c95bd08e5aa828a295d [term 1 FOLLOWER]: Committing config change with OpId 1.28: config changed from index -1 to 28, NON_VOTER 00959e04cde84a03b64afbe0fb39faaa (127.13.145.198) added. New config: { opid_index: 28 OBSOLETE_local: false peers { permanent_uuid: "3d431aaebf434fb6aec981df7f4b79be" member_type: VOTER last_known_addr { host: "127.13.145.193" port: 41909 } } peers { permanent_uuid: "00c2f40ab54c4d2da509f3db91cf5724" member_type: VOTER last_known_addr { host: "127.13.145.194" port: 41567 } attrs { replace: true } } peers { permanent_uuid: "7c122c969bf14c95bd08e5aa828a295d" member_type: VOTER last_known_addr { host: "127.13.145.195" port: 35251 } } peers { permanent_uuid: "00959e04cde84a03b64afbe0fb39faaa" member_type: NON_VOTER last_known_addr { host: "127.13.145.198" port: 42413 } attrs { promote: true } } }
W20260630 12:40:52.935868 18331 consensus_peers.cc:597] T 1a668add84c345cba5c1e586b9e2f4e4 P 3d431aaebf434fb6aec981df7f4b79be -> Peer 00959e04cde84a03b64afbe0fb39faaa (127.13.145.198:42413): Couldn't send request to peer 00959e04cde84a03b64afbe0fb39faaa. Error code: TABLET_NOT_FOUND (6). Status: Not found: Tablet not found: 1a668add84c345cba5c1e586b9e2f4e4. This is attempt 1: this message will repeat every 5th retry.
I20260630 12:40:52.944550 18263 catalog_manager.cc:5697] T 1a668add84c345cba5c1e586b9e2f4e4 P 7c122c969bf14c95bd08e5aa828a295d reported cstate change: config changed from index -1 to 28, NON_VOTER 00959e04cde84a03b64afbe0fb39faaa (127.13.145.198) added. New cstate: current_term: 1 leader_uuid: "3d431aaebf434fb6aec981df7f4b79be" committed_config { opid_index: 28 OBSOLETE_local: false peers { permanent_uuid: "3d431aaebf434fb6aec981df7f4b79be" member_type: VOTER last_known_addr { host: "127.13.145.193" port: 41909 } } peers { permanent_uuid: "00c2f40ab54c4d2da509f3db91cf5724" member_type: VOTER last_known_addr { host: "127.13.145.194" port: 41567 } attrs { replace: true } } peers { permanent_uuid: "7c122c969bf14c95bd08e5aa828a295d" member_type: VOTER last_known_addr { host: "127.13.145.195" port: 35251 } } peers { permanent_uuid: "00959e04cde84a03b64afbe0fb39faaa" member_type: NON_VOTER last_known_addr { host: "127.13.145.198" port: 42413 } attrs { promote: true } } }
I20260630 12:40:52.960515 18513 consensus_queue.cc:237] T 79ad11735073462daa190c2e766fec54 P 7c122c969bf14c95bd08e5aa828a295d [LEADER]: Queue going to LEADER mode. State: All replicated index: 0, Majority replicated index: 26, Committed index: 26, Last appended: 1.26, Last appended by leader: 0, Current term: 1, Majority size: 2, State: 0, Mode: LEADER, active raft config: opid_index: 27 OBSOLETE_local: false peers { permanent_uuid: "3d431aaebf434fb6aec981df7f4b79be" member_type: VOTER last_known_addr { host: "127.13.145.193" port: 41909 } attrs { replace: true } } peers { permanent_uuid: "00c2f40ab54c4d2da509f3db91cf5724" member_type: VOTER last_known_addr { host: "127.13.145.194" port: 41567 } } peers { permanent_uuid: "7c122c969bf14c95bd08e5aa828a295d" member_type: VOTER last_known_addr { host: "127.13.145.195" port: 35251 } } peers { permanent_uuid: "b9de161f54b7488f8d0ddf08327a74fe" member_type: NON_VOTER last_known_addr { host: "127.13.145.197" port: 37377 } attrs { promote: true } }
I20260630 12:40:52.969074 18440 raft_consensus.cc:1275] T 79ad11735073462daa190c2e766fec54 P 00c2f40ab54c4d2da509f3db91cf5724 [term 1 FOLLOWER]: Refusing update from remote peer 7c122c969bf14c95bd08e5aa828a295d: Log matching property violated. Preceding OpId in replica: term: 1 index: 26. Preceding OpId from leader: term: 1 index: 27. (index mismatch)
I20260630 12:40:52.969723 18359 raft_consensus.cc:1275] T 79ad11735073462daa190c2e766fec54 P 3d431aaebf434fb6aec981df7f4b79be [term 1 FOLLOWER]: Refusing update from remote peer 7c122c969bf14c95bd08e5aa828a295d: Log matching property violated. Preceding OpId in replica: term: 1 index: 26. Preceding OpId from leader: term: 1 index: 27. (index mismatch)
I20260630 12:40:52.970753 19007 consensus_queue.cc:1048] T 79ad11735073462daa190c2e766fec54 P 7c122c969bf14c95bd08e5aa828a295d [LEADER]: Connected to new peer: Peer: permanent_uuid: "00c2f40ab54c4d2da509f3db91cf5724" member_type: VOTER last_known_addr { host: "127.13.145.194" port: 41567 }, Status: LMP_MISMATCH, Last received: 0.0, Next index: 27, Last known committed idx: 26, Time since last communication: 0.001s
I20260630 12:40:52.971716 18629 consensus_queue.cc:1048] T 79ad11735073462daa190c2e766fec54 P 7c122c969bf14c95bd08e5aa828a295d [LEADER]: Connected to new peer: Peer: permanent_uuid: "3d431aaebf434fb6aec981df7f4b79be" member_type: VOTER last_known_addr { host: "127.13.145.193" port: 41909 } attrs { replace: true }, Status: LMP_MISMATCH, Last received: 0.0, Next index: 27, Last known committed idx: 26, Time since last communication: 0.000s
I20260630 12:40:52.979812 18629 raft_consensus.cc:2955] T 79ad11735073462daa190c2e766fec54 P 7c122c969bf14c95bd08e5aa828a295d [term 1 LEADER]: Committing config change with OpId 1.27: config changed from index -1 to 27, NON_VOTER b9de161f54b7488f8d0ddf08327a74fe (127.13.145.197) added. New config: { opid_index: 27 OBSOLETE_local: false peers { permanent_uuid: "3d431aaebf434fb6aec981df7f4b79be" member_type: VOTER last_known_addr { host: "127.13.145.193" port: 41909 } attrs { replace: true } } peers { permanent_uuid: "00c2f40ab54c4d2da509f3db91cf5724" member_type: VOTER last_known_addr { host: "127.13.145.194" port: 41567 } } peers { permanent_uuid: "7c122c969bf14c95bd08e5aa828a295d" member_type: VOTER last_known_addr { host: "127.13.145.195" port: 35251 } } peers { permanent_uuid: "b9de161f54b7488f8d0ddf08327a74fe" member_type: NON_VOTER last_known_addr { host: "127.13.145.197" port: 37377 } attrs { promote: true } } }
W20260630 12:40:52.982924 18479 consensus_peers.cc:597] T 79ad11735073462daa190c2e766fec54 P 7c122c969bf14c95bd08e5aa828a295d -> Peer b9de161f54b7488f8d0ddf08327a74fe (127.13.145.197:37377): Couldn't send request to peer b9de161f54b7488f8d0ddf08327a74fe. Error code: TABLET_NOT_FOUND (6). Status: Not found: Tablet not found: 79ad11735073462daa190c2e766fec54. This is attempt 1: this message will repeat every 5th retry.
I20260630 12:40:52.982236 18359 raft_consensus.cc:2955] T 79ad11735073462daa190c2e766fec54 P 3d431aaebf434fb6aec981df7f4b79be [term 1 FOLLOWER]: Committing config change with OpId 1.27: config changed from index -1 to 27, NON_VOTER b9de161f54b7488f8d0ddf08327a74fe (127.13.145.197) added. New config: { opid_index: 27 OBSOLETE_local: false peers { permanent_uuid: "3d431aaebf434fb6aec981df7f4b79be" member_type: VOTER last_known_addr { host: "127.13.145.193" port: 41909 } attrs { replace: true } } peers { permanent_uuid: "00c2f40ab54c4d2da509f3db91cf5724" member_type: VOTER last_known_addr { host: "127.13.145.194" port: 41567 } } peers { permanent_uuid: "7c122c969bf14c95bd08e5aa828a295d" member_type: VOTER last_known_addr { host: "127.13.145.195" port: 35251 } } peers { permanent_uuid: "b9de161f54b7488f8d0ddf08327a74fe" member_type: NON_VOTER last_known_addr { host: "127.13.145.197" port: 37377 } attrs { promote: true } } }
I20260630 12:40:52.992935 18440 raft_consensus.cc:2955] T 79ad11735073462daa190c2e766fec54 P 00c2f40ab54c4d2da509f3db91cf5724 [term 1 FOLLOWER]: Committing config change with OpId 1.27: config changed from index -1 to 27, NON_VOTER b9de161f54b7488f8d0ddf08327a74fe (127.13.145.197) added. New config: { opid_index: 27 OBSOLETE_local: false peers { permanent_uuid: "3d431aaebf434fb6aec981df7f4b79be" member_type: VOTER last_known_addr { host: "127.13.145.193" port: 41909 } attrs { replace: true } } peers { permanent_uuid: "00c2f40ab54c4d2da509f3db91cf5724" member_type: VOTER last_known_addr { host: "127.13.145.194" port: 41567 } } peers { permanent_uuid: "7c122c969bf14c95bd08e5aa828a295d" member_type: VOTER last_known_addr { host: "127.13.145.195" port: 35251 } } peers { permanent_uuid: "b9de161f54b7488f8d0ddf08327a74fe" member_type: NON_VOTER last_known_addr { host: "127.13.145.197" port: 37377 } attrs { promote: true } } }
I20260630 12:40:52.995529 18259 catalog_manager.cc:5697] T 79ad11735073462daa190c2e766fec54 P 7c122c969bf14c95bd08e5aa828a295d reported cstate change: config changed from index -1 to 27, NON_VOTER b9de161f54b7488f8d0ddf08327a74fe (127.13.145.197) added. New cstate: current_term: 1 leader_uuid: "7c122c969bf14c95bd08e5aa828a295d" committed_config { opid_index: 27 OBSOLETE_local: false peers { permanent_uuid: "3d431aaebf434fb6aec981df7f4b79be" member_type: VOTER last_known_addr { host: "127.13.145.193" port: 41909 } attrs { replace: true } health_report { overall_health: HEALTHY } } peers { permanent_uuid: "00c2f40ab54c4d2da509f3db91cf5724" member_type: VOTER last_known_addr { host: "127.13.145.194" port: 41567 } health_report { overall_health: HEALTHY } } peers { permanent_uuid: "7c122c969bf14c95bd08e5aa828a295d" member_type: VOTER last_known_addr { host: "127.13.145.195" port: 35251 } health_report { overall_health: HEALTHY } } peers { permanent_uuid: "b9de161f54b7488f8d0ddf08327a74fe" member_type: NON_VOTER last_known_addr { host: "127.13.145.197" port: 37377 } attrs { promote: true } health_report { overall_health: UNKNOWN } } }
I20260630 12:40:52.998880 18513 consensus_queue.cc:237] T 01e1dc5ff7f944f78504ad36e428aa34 P 7c122c969bf14c95bd08e5aa828a295d [LEADER]: Queue going to LEADER mode. State: All replicated index: 0, Majority replicated index: 27, Committed index: 27, Last appended: 1.27, Last appended by leader: 0, Current term: 1, Majority size: 2, State: 0, Mode: LEADER, active raft config: opid_index: 28 OBSOLETE_local: false peers { permanent_uuid: "3d431aaebf434fb6aec981df7f4b79be" member_type: VOTER last_known_addr { host: "127.13.145.193" port: 41909 } } peers { permanent_uuid: "00c2f40ab54c4d2da509f3db91cf5724" member_type: VOTER last_known_addr { host: "127.13.145.194" port: 41567 } attrs { replace: true } } peers { permanent_uuid: "7c122c969bf14c95bd08e5aa828a295d" member_type: VOTER last_known_addr { host: "127.13.145.195" port: 35251 } } peers { permanent_uuid: "8483e37e7bff4f8f935105392c01dcbc" member_type: NON_VOTER last_known_addr { host: "127.13.145.196" port: 39615 } attrs { promote: true } }
I20260630 12:40:53.006984 18829 heartbeater.cc:499] Master 127.13.145.254:44463 was elected leader, sending a full tablet report...
I20260630 12:40:53.009594 18440 raft_consensus.cc:1275] T 01e1dc5ff7f944f78504ad36e428aa34 P 00c2f40ab54c4d2da509f3db91cf5724 [term 1 FOLLOWER]: Refusing update from remote peer 7c122c969bf14c95bd08e5aa828a295d: Log matching property violated. Preceding OpId in replica: term: 1 index: 27. Preceding OpId from leader: term: 1 index: 28. (index mismatch)
I20260630 12:40:53.010241 18359 raft_consensus.cc:1275] T 01e1dc5ff7f944f78504ad36e428aa34 P 3d431aaebf434fb6aec981df7f4b79be [term 1 FOLLOWER]: Refusing update from remote peer 7c122c969bf14c95bd08e5aa828a295d: Log matching property violated. Preceding OpId in replica: term: 1 index: 27. Preceding OpId from leader: term: 1 index: 28. (index mismatch)
I20260630 12:40:53.011082 18981 consensus_queue.cc:1048] T 01e1dc5ff7f944f78504ad36e428aa34 P 7c122c969bf14c95bd08e5aa828a295d [LEADER]: Connected to new peer: Peer: permanent_uuid: "00c2f40ab54c4d2da509f3db91cf5724" member_type: VOTER last_known_addr { host: "127.13.145.194" port: 41567 } attrs { replace: true }, Status: LMP_MISMATCH, Last received: 0.0, Next index: 28, Last known committed idx: 27, Time since last communication: 0.001s
I20260630 12:40:53.013919 18981 consensus_queue.cc:1048] T 01e1dc5ff7f944f78504ad36e428aa34 P 7c122c969bf14c95bd08e5aa828a295d [LEADER]: Connected to new peer: Peer: permanent_uuid: "3d431aaebf434fb6aec981df7f4b79be" member_type: VOTER last_known_addr { host: "127.13.145.193" port: 41909 }, Status: LMP_MISMATCH, Last received: 0.0, Next index: 28, Last known committed idx: 27, Time since last communication: 0.000s
W20260630 12:40:53.018226 18481 consensus_peers.cc:597] T 01e1dc5ff7f944f78504ad36e428aa34 P 7c122c969bf14c95bd08e5aa828a295d -> Peer 8483e37e7bff4f8f935105392c01dcbc (127.13.145.196:39615): Couldn't send request to peer 8483e37e7bff4f8f935105392c01dcbc. Error code: TABLET_NOT_FOUND (6). Status: Not found: Tablet not found: 01e1dc5ff7f944f78504ad36e428aa34. This is attempt 1: this message will repeat every 5th retry.
I20260630 12:40:53.020051 19007 raft_consensus.cc:2955] T 01e1dc5ff7f944f78504ad36e428aa34 P 7c122c969bf14c95bd08e5aa828a295d [term 1 LEADER]: Committing config change with OpId 1.28: config changed from index -1 to 28, NON_VOTER 8483e37e7bff4f8f935105392c01dcbc (127.13.145.196) added. New config: { opid_index: 28 OBSOLETE_local: false peers { permanent_uuid: "3d431aaebf434fb6aec981df7f4b79be" member_type: VOTER last_known_addr { host: "127.13.145.193" port: 41909 } } peers { permanent_uuid: "00c2f40ab54c4d2da509f3db91cf5724" member_type: VOTER last_known_addr { host: "127.13.145.194" port: 41567 } attrs { replace: true } } peers { permanent_uuid: "7c122c969bf14c95bd08e5aa828a295d" member_type: VOTER last_known_addr { host: "127.13.145.195" port: 35251 } } peers { permanent_uuid: "8483e37e7bff4f8f935105392c01dcbc" member_type: NON_VOTER last_known_addr { host: "127.13.145.196" port: 39615 } attrs { promote: true } } }
I20260630 12:40:53.021775 18440 raft_consensus.cc:2955] T 01e1dc5ff7f944f78504ad36e428aa34 P 00c2f40ab54c4d2da509f3db91cf5724 [term 1 FOLLOWER]: Committing config change with OpId 1.28: config changed from index -1 to 28, NON_VOTER 8483e37e7bff4f8f935105392c01dcbc (127.13.145.196) added. New config: { opid_index: 28 OBSOLETE_local: false peers { permanent_uuid: "3d431aaebf434fb6aec981df7f4b79be" member_type: VOTER last_known_addr { host: "127.13.145.193" port: 41909 } } peers { permanent_uuid: "00c2f40ab54c4d2da509f3db91cf5724" member_type: VOTER last_known_addr { host: "127.13.145.194" port: 41567 } attrs { replace: true } } peers { permanent_uuid: "7c122c969bf14c95bd08e5aa828a295d" member_type: VOTER last_known_addr { host: "127.13.145.195" port: 35251 } } peers { permanent_uuid: "8483e37e7bff4f8f935105392c01dcbc" member_type: NON_VOTER last_known_addr { host: "127.13.145.196" port: 39615 } attrs { promote: true } } }
I20260630 12:40:53.028929 18359 raft_consensus.cc:2955] T 01e1dc5ff7f944f78504ad36e428aa34 P 3d431aaebf434fb6aec981df7f4b79be [term 1 FOLLOWER]: Committing config change with OpId 1.28: config changed from index -1 to 28, NON_VOTER 8483e37e7bff4f8f935105392c01dcbc (127.13.145.196) added. New config: { opid_index: 28 OBSOLETE_local: false peers { permanent_uuid: "3d431aaebf434fb6aec981df7f4b79be" member_type: VOTER last_known_addr { host: "127.13.145.193" port: 41909 } } peers { permanent_uuid: "00c2f40ab54c4d2da509f3db91cf5724" member_type: VOTER last_known_addr { host: "127.13.145.194" port: 41567 } attrs { replace: true } } peers { permanent_uuid: "7c122c969bf14c95bd08e5aa828a295d" member_type: VOTER last_known_addr { host: "127.13.145.195" port: 35251 } } peers { permanent_uuid: "8483e37e7bff4f8f935105392c01dcbc" member_type: NON_VOTER last_known_addr { host: "127.13.145.196" port: 39615 } attrs { promote: true } } }
