I20260630 12:40:19.808159 17327 master_service.cc:502] Signed X509 certificate for tserver {username='slave'} at 127.0.0.1:43156
I20260630 12:40:20.512198 17454 heartbeater.cc:499] Master 127.13.91.254:45517 was elected leader, sending a full tablet report...
I20260630 12:40:20.615214 17529 heartbeater.cc:499] Master 127.13.91.254:45517 was elected leader, sending a full tablet report...
I20260630 12:40:20.726629 17603 heartbeater.cc:499] Master 127.13.91.254:45517 was elected leader, sending a full tablet report...
I20260630 12:40:20.810552 17677 heartbeater.cc:499] Master 127.13.91.254:45517 was elected leader, sending a full tablet report...
I20260630 12:40:20.876448 17327 catalog_manager.cc:2283] Servicing CreateTable request from {username='slave'} at 127.0.0.1:43174:
name: "test-workload"
schema {
  columns {
    name: "key"
    type: INT32
    is_key: true
    is_nullable: false
    encoding: AUTO_ENCODING
    compression: DEFAULT_COMPRESSION
    cfile_block_size: 0
    immutable: false
  }
  columns {
    name: "int_val"
    type: INT32
    is_key: false
    is_nullable: false
    encoding: AUTO_ENCODING
    compression: DEFAULT_COMPRESSION
    cfile_block_size: 0
    immutable: false
  }
  columns {
    name: "string_val"
    type: STRING
    is_key: false
    is_nullable: true
    encoding: AUTO_ENCODING
    compression: DEFAULT_COMPRESSION
    cfile_block_size: 0
    immutable: false
  }
}
num_replicas: 3
split_rows_range_bounds {
}
partition_schema {
  range_schema {
    columns {
      name: "key"
    }
  }
}
I20260630 12:40:20.920706 17642 tablet_service.cc:1511] Processing CreateTablet for tablet f0290f064b694c73add90a7a15efc681 (DEFAULT_TABLE table=test-workload [id=7ac7077498e84110b9caef07a38599cf]), partition=RANGE (key) PARTITION UNBOUNDED
I20260630 12:40:20.922029 17642 data_dirs.cc:400] Could only allocate 1 dirs of requested 3 for tablet f0290f064b694c73add90a7a15efc681. 1 dirs total, 0 dirs full, 0 dirs failed
I20260630 12:40:20.924216 17494 tablet_service.cc:1511] Processing CreateTablet for tablet f0290f064b694c73add90a7a15efc681 (DEFAULT_TABLE table=test-workload [id=7ac7077498e84110b9caef07a38599cf]), partition=RANGE (key) PARTITION UNBOUNDED
I20260630 12:40:20.925397 17494 data_dirs.cc:400] Could only allocate 1 dirs of requested 3 for tablet f0290f064b694c73add90a7a15efc681. 1 dirs total, 0 dirs full, 0 dirs failed
I20260630 12:40:20.932782 17419 tablet_service.cc:1511] Processing CreateTablet for tablet f0290f064b694c73add90a7a15efc681 (DEFAULT_TABLE table=test-workload [id=7ac7077498e84110b9caef07a38599cf]), partition=RANGE (key) PARTITION UNBOUNDED
I20260630 12:40:20.934058 17419 data_dirs.cc:400] Could only allocate 1 dirs of requested 3 for tablet f0290f064b694c73add90a7a15efc681. 1 dirs total, 0 dirs full, 0 dirs failed
I20260630 12:40:20.938747 17698 tablet_bootstrap.cc:492] T f0290f064b694c73add90a7a15efc681 P b4fca4238d8c4b4fa2ae447dcc8a4fc3: Bootstrap starting.
I20260630 12:40:20.940486 17699 tablet_bootstrap.cc:492] T f0290f064b694c73add90a7a15efc681 P a317c530a7d54f8d9f14f053786e0def: Bootstrap starting.
I20260630 12:40:20.945402 17698 tablet_bootstrap.cc:654] T f0290f064b694c73add90a7a15efc681 P b4fca4238d8c4b4fa2ae447dcc8a4fc3: Neither blocks nor log segments found. Creating new log.
I20260630 12:40:20.946812 17699 tablet_bootstrap.cc:654] T f0290f064b694c73add90a7a15efc681 P a317c530a7d54f8d9f14f053786e0def: Neither blocks nor log segments found. Creating new log.
I20260630 12:40:20.949796 17698 tablet_bootstrap.cc:492] T f0290f064b694c73add90a7a15efc681 P b4fca4238d8c4b4fa2ae447dcc8a4fc3: No bootstrap required, opened a new log
I20260630 12:40:20.950348 17698 ts_tablet_manager.cc:1403] T f0290f064b694c73add90a7a15efc681 P b4fca4238d8c4b4fa2ae447dcc8a4fc3: Time spent bootstrapping tablet: real 0.012s	user 0.003s	sys 0.007s
I20260630 12:40:20.951728 17699 tablet_bootstrap.cc:492] T f0290f064b694c73add90a7a15efc681 P a317c530a7d54f8d9f14f053786e0def: No bootstrap required, opened a new log
I20260630 12:40:20.951992 17702 tablet_bootstrap.cc:492] T f0290f064b694c73add90a7a15efc681 P 17a69d0a005c4334a0bb20ee71217e80: Bootstrap starting.
I20260630 12:40:20.952193 17699 ts_tablet_manager.cc:1403] T f0290f064b694c73add90a7a15efc681 P a317c530a7d54f8d9f14f053786e0def: Time spent bootstrapping tablet: real 0.012s	user 0.006s	sys 0.005s
I20260630 12:40:20.952875 17698 raft_consensus.cc:359] T f0290f064b694c73add90a7a15efc681 P b4fca4238d8c4b4fa2ae447dcc8a4fc3 [term 0 FOLLOWER]: Replica starting. Triggering 0 pending ops. Active config: opid_index: -1 OBSOLETE_local: false peers { permanent_uuid: "b4fca4238d8c4b4fa2ae447dcc8a4fc3" member_type: VOTER last_known_addr { host: "127.13.91.196" port: 36311 } } peers { permanent_uuid: "a317c530a7d54f8d9f14f053786e0def" member_type: VOTER last_known_addr { host: "127.13.91.194" port: 33173 } } peers { permanent_uuid: "17a69d0a005c4334a0bb20ee71217e80" member_type: VOTER last_known_addr { host: "127.13.91.193" port: 38045 } }
I20260630 12:40:20.953652 17698 raft_consensus.cc:385] T f0290f064b694c73add90a7a15efc681 P b4fca4238d8c4b4fa2ae447dcc8a4fc3 [term 0 FOLLOWER]: Consensus starting up: Expiring failure detector timer to make a prompt election more likely
I20260630 12:40:20.953900 17698 raft_consensus.cc:740] T f0290f064b694c73add90a7a15efc681 P b4fca4238d8c4b4fa2ae447dcc8a4fc3 [term 0 FOLLOWER]: Becoming Follower/Learner. State: Replica: b4fca4238d8c4b4fa2ae447dcc8a4fc3, State: Initialized, Role: FOLLOWER
I20260630 12:40:20.954564 17698 consensus_queue.cc:260] T f0290f064b694c73add90a7a15efc681 P b4fca4238d8c4b4fa2ae447dcc8a4fc3 [NON_LEADER]: Queue going to NON_LEADER mode. State: All replicated index: 0, Majority replicated index: 0, Committed index: 0, Last appended: 0.0, Last appended by leader: 0, Current term: 0, Majority size: -1, State: 0, Mode: NON_LEADER, active raft config: opid_index: -1 OBSOLETE_local: false peers { permanent_uuid: "b4fca4238d8c4b4fa2ae447dcc8a4fc3" member_type: VOTER last_known_addr { host: "127.13.91.196" port: 36311 } } peers { permanent_uuid: "a317c530a7d54f8d9f14f053786e0def" member_type: VOTER last_known_addr { host: "127.13.91.194" port: 33173 } } peers { permanent_uuid: "17a69d0a005c4334a0bb20ee71217e80" member_type: VOTER last_known_addr { host: "127.13.91.193" port: 38045 } }
I20260630 12:40:20.954859 17699 raft_consensus.cc:359] T f0290f064b694c73add90a7a15efc681 P a317c530a7d54f8d9f14f053786e0def [term 0 FOLLOWER]: Replica starting. Triggering 0 pending ops. Active config: opid_index: -1 OBSOLETE_local: false peers { permanent_uuid: "b4fca4238d8c4b4fa2ae447dcc8a4fc3" member_type: VOTER last_known_addr { host: "127.13.91.196" port: 36311 } } peers { permanent_uuid: "a317c530a7d54f8d9f14f053786e0def" member_type: VOTER last_known_addr { host: "127.13.91.194" port: 33173 } } peers { permanent_uuid: "17a69d0a005c4334a0bb20ee71217e80" member_type: VOTER last_known_addr { host: "127.13.91.193" port: 38045 } }
I20260630 12:40:20.955641 17699 raft_consensus.cc:385] T f0290f064b694c73add90a7a15efc681 P a317c530a7d54f8d9f14f053786e0def [term 0 FOLLOWER]: Consensus starting up: Expiring failure detector timer to make a prompt election more likely
I20260630 12:40:20.955956 17699 raft_consensus.cc:740] T f0290f064b694c73add90a7a15efc681 P a317c530a7d54f8d9f14f053786e0def [term 0 FOLLOWER]: Becoming Follower/Learner. State: Replica: a317c530a7d54f8d9f14f053786e0def, State: Initialized, Role: FOLLOWER
I20260630 12:40:20.956727 17699 consensus_queue.cc:260] T f0290f064b694c73add90a7a15efc681 P a317c530a7d54f8d9f14f053786e0def [NON_LEADER]: Queue going to NON_LEADER mode. State: All replicated index: 0, Majority replicated index: 0, Committed index: 0, Last appended: 0.0, Last appended by leader: 0, Current term: 0, Majority size: -1, State: 0, Mode: NON_LEADER, active raft config: opid_index: -1 OBSOLETE_local: false peers { permanent_uuid: "b4fca4238d8c4b4fa2ae447dcc8a4fc3" member_type: VOTER last_known_addr { host: "127.13.91.196" port: 36311 } } peers { permanent_uuid: "a317c530a7d54f8d9f14f053786e0def" member_type: VOTER last_known_addr { host: "127.13.91.194" port: 33173 } } peers { permanent_uuid: "17a69d0a005c4334a0bb20ee71217e80" member_type: VOTER last_known_addr { host: "127.13.91.193" port: 38045 } }
I20260630 12:40:20.957459 17698 ts_tablet_manager.cc:1434] T f0290f064b694c73add90a7a15efc681 P b4fca4238d8c4b4fa2ae447dcc8a4fc3: Time spent starting tablet: real 0.007s	user 0.007s	sys 0.000s
I20260630 12:40:20.957965 17702 tablet_bootstrap.cc:654] T f0290f064b694c73add90a7a15efc681 P 17a69d0a005c4334a0bb20ee71217e80: Neither blocks nor log segments found. Creating new log.
I20260630 12:40:20.959553 17699 ts_tablet_manager.cc:1434] T f0290f064b694c73add90a7a15efc681 P a317c530a7d54f8d9f14f053786e0def: Time spent starting tablet: real 0.007s	user 0.004s	sys 0.004s
I20260630 12:40:20.963070 17702 tablet_bootstrap.cc:492] T f0290f064b694c73add90a7a15efc681 P 17a69d0a005c4334a0bb20ee71217e80: No bootstrap required, opened a new log
I20260630 12:40:20.963573 17702 ts_tablet_manager.cc:1403] T f0290f064b694c73add90a7a15efc681 P 17a69d0a005c4334a0bb20ee71217e80: Time spent bootstrapping tablet: real 0.012s	user 0.011s	sys 0.000s
I20260630 12:40:20.966269 17702 raft_consensus.cc:359] T f0290f064b694c73add90a7a15efc681 P 17a69d0a005c4334a0bb20ee71217e80 [term 0 FOLLOWER]: Replica starting. Triggering 0 pending ops. Active config: opid_index: -1 OBSOLETE_local: false peers { permanent_uuid: "b4fca4238d8c4b4fa2ae447dcc8a4fc3" member_type: VOTER last_known_addr { host: "127.13.91.196" port: 36311 } } peers { permanent_uuid: "a317c530a7d54f8d9f14f053786e0def" member_type: VOTER last_known_addr { host: "127.13.91.194" port: 33173 } } peers { permanent_uuid: "17a69d0a005c4334a0bb20ee71217e80" member_type: VOTER last_known_addr { host: "127.13.91.193" port: 38045 } }
I20260630 12:40:20.966974 17702 raft_consensus.cc:385] T f0290f064b694c73add90a7a15efc681 P 17a69d0a005c4334a0bb20ee71217e80 [term 0 FOLLOWER]: Consensus starting up: Expiring failure detector timer to make a prompt election more likely
I20260630 12:40:20.967296 17702 raft_consensus.cc:740] T f0290f064b694c73add90a7a15efc681 P 17a69d0a005c4334a0bb20ee71217e80 [term 0 FOLLOWER]: Becoming Follower/Learner. State: Replica: 17a69d0a005c4334a0bb20ee71217e80, State: Initialized, Role: FOLLOWER
I20260630 12:40:20.968232 17702 consensus_queue.cc:260] T f0290f064b694c73add90a7a15efc681 P 17a69d0a005c4334a0bb20ee71217e80 [NON_LEADER]: Queue going to NON_LEADER mode. State: All replicated index: 0, Majority replicated index: 0, Committed index: 0, Last appended: 0.0, Last appended by leader: 0, Current term: 0, Majority size: -1, State: 0, Mode: NON_LEADER, active raft config: opid_index: -1 OBSOLETE_local: false peers { permanent_uuid: "b4fca4238d8c4b4fa2ae447dcc8a4fc3" member_type: VOTER last_known_addr { host: "127.13.91.196" port: 36311 } } peers { permanent_uuid: "a317c530a7d54f8d9f14f053786e0def" member_type: VOTER last_known_addr { host: "127.13.91.194" port: 33173 } } peers { permanent_uuid: "17a69d0a005c4334a0bb20ee71217e80" member_type: VOTER last_known_addr { host: "127.13.91.193" port: 38045 } }
I20260630 12:40:20.970762 17702 ts_tablet_manager.cc:1434] T f0290f064b694c73add90a7a15efc681 P 17a69d0a005c4334a0bb20ee71217e80: Time spent starting tablet: real 0.007s	user 0.006s	sys 0.000s
W20260630 12:40:21.332129 17375 auto_rebalancer.cc:298] Could not retrieve cluster info: Service unavailable: Tablet not running
I20260630 12:40:21.334905 17380 auto_leader_rebalancer.cc:141] leader rebalance for table test-workload
W20260630 12:40:21.335625 17380 auto_leader_rebalancer.cc:524] the master instance isn't leader: Service unavailable: Tablet not running
I20260630 12:40:21.337549 17703 raft_consensus.cc:493] T f0290f064b694c73add90a7a15efc681 P b4fca4238d8c4b4fa2ae447dcc8a4fc3 [term 0 FOLLOWER]: Starting pre-election (no leader contacted us within the election timeout)
I20260630 12:40:21.337935 17703 raft_consensus.cc:515] T f0290f064b694c73add90a7a15efc681 P b4fca4238d8c4b4fa2ae447dcc8a4fc3 [term 0 FOLLOWER]: Starting pre-election with config: opid_index: -1 OBSOLETE_local: false peers { permanent_uuid: "b4fca4238d8c4b4fa2ae447dcc8a4fc3" member_type: VOTER last_known_addr { host: "127.13.91.196" port: 36311 } } peers { permanent_uuid: "a317c530a7d54f8d9f14f053786e0def" member_type: VOTER last_known_addr { host: "127.13.91.194" port: 33173 } } peers { permanent_uuid: "17a69d0a005c4334a0bb20ee71217e80" member_type: VOTER last_known_addr { host: "127.13.91.193" port: 38045 } }
I20260630 12:40:21.340075 17703 leader_election.cc:290] T f0290f064b694c73add90a7a15efc681 P b4fca4238d8c4b4fa2ae447dcc8a4fc3 [CANDIDATE]: Term 1 pre-election: Requested pre-vote from peers a317c530a7d54f8d9f14f053786e0def (127.13.91.194:33173), 17a69d0a005c4334a0bb20ee71217e80 (127.13.91.193:38045)
I20260630 12:40:21.350538 17429 tablet_service.cc:1917] Received RequestConsensusVote() RPC: tablet_id: "f0290f064b694c73add90a7a15efc681" candidate_uuid: "b4fca4238d8c4b4fa2ae447dcc8a4fc3" candidate_term: 1 candidate_status { last_received { term: 0 index: 0 } } ignore_live_leader: false dest_uuid: "17a69d0a005c4334a0bb20ee71217e80" is_pre_election: true
I20260630 12:40:21.350595 17504 tablet_service.cc:1917] Received RequestConsensusVote() RPC: tablet_id: "f0290f064b694c73add90a7a15efc681" candidate_uuid: "b4fca4238d8c4b4fa2ae447dcc8a4fc3" candidate_term: 1 candidate_status { last_received { term: 0 index: 0 } } ignore_live_leader: false dest_uuid: "a317c530a7d54f8d9f14f053786e0def" is_pre_election: true
I20260630 12:40:21.351166 17429 raft_consensus.cc:2468] T f0290f064b694c73add90a7a15efc681 P 17a69d0a005c4334a0bb20ee71217e80 [term 0 FOLLOWER]: Leader pre-election vote request: Granting yes vote for candidate b4fca4238d8c4b4fa2ae447dcc8a4fc3 in term 0.
I20260630 12:40:21.351229 17504 raft_consensus.cc:2468] T f0290f064b694c73add90a7a15efc681 P a317c530a7d54f8d9f14f053786e0def [term 0 FOLLOWER]: Leader pre-election vote request: Granting yes vote for candidate b4fca4238d8c4b4fa2ae447dcc8a4fc3 in term 0.
I20260630 12:40:21.352491 17615 leader_election.cc:304] T f0290f064b694c73add90a7a15efc681 P b4fca4238d8c4b4fa2ae447dcc8a4fc3 [CANDIDATE]: Term 1 pre-election: Election decided. Result: candidate won. Election summary: received 2 responses out of 3 voters: 2 yes votes; 0 no votes. yes voters: 17a69d0a005c4334a0bb20ee71217e80, b4fca4238d8c4b4fa2ae447dcc8a4fc3; no voters: 
I20260630 12:40:21.353158 17703 raft_consensus.cc:2804] T f0290f064b694c73add90a7a15efc681 P b4fca4238d8c4b4fa2ae447dcc8a4fc3 [term 0 FOLLOWER]: Leader pre-election won for term 1
I20260630 12:40:21.353587 17703 raft_consensus.cc:493] T f0290f064b694c73add90a7a15efc681 P b4fca4238d8c4b4fa2ae447dcc8a4fc3 [term 0 FOLLOWER]: Starting leader election (no leader contacted us within the election timeout)
I20260630 12:40:21.353866 17703 raft_consensus.cc:3060] T f0290f064b694c73add90a7a15efc681 P b4fca4238d8c4b4fa2ae447dcc8a4fc3 [term 0 FOLLOWER]: Advancing to term 1
I20260630 12:40:21.358652 17703 raft_consensus.cc:515] T f0290f064b694c73add90a7a15efc681 P b4fca4238d8c4b4fa2ae447dcc8a4fc3 [term 1 FOLLOWER]: Starting leader election with config: opid_index: -1 OBSOLETE_local: false peers { permanent_uuid: "b4fca4238d8c4b4fa2ae447dcc8a4fc3" member_type: VOTER last_known_addr { host: "127.13.91.196" port: 36311 } } peers { permanent_uuid: "a317c530a7d54f8d9f14f053786e0def" member_type: VOTER last_known_addr { host: "127.13.91.194" port: 33173 } } peers { permanent_uuid: "17a69d0a005c4334a0bb20ee71217e80" member_type: VOTER last_known_addr { host: "127.13.91.193" port: 38045 } }
I20260630 12:40:21.360320 17703 leader_election.cc:290] T f0290f064b694c73add90a7a15efc681 P b4fca4238d8c4b4fa2ae447dcc8a4fc3 [CANDIDATE]: Term 1 election: Requested vote from peers a317c530a7d54f8d9f14f053786e0def (127.13.91.194:33173), 17a69d0a005c4334a0bb20ee71217e80 (127.13.91.193:38045)
I20260630 12:40:21.361009 17504 tablet_service.cc:1917] Received RequestConsensusVote() RPC: tablet_id: "f0290f064b694c73add90a7a15efc681" candidate_uuid: "b4fca4238d8c4b4fa2ae447dcc8a4fc3" candidate_term: 1 candidate_status { last_received { term: 0 index: 0 } } ignore_live_leader: false dest_uuid: "a317c530a7d54f8d9f14f053786e0def"
I20260630 12:40:21.361274 17429 tablet_service.cc:1917] Received RequestConsensusVote() RPC: tablet_id: "f0290f064b694c73add90a7a15efc681" candidate_uuid: "b4fca4238d8c4b4fa2ae447dcc8a4fc3" candidate_term: 1 candidate_status { last_received { term: 0 index: 0 } } ignore_live_leader: false dest_uuid: "17a69d0a005c4334a0bb20ee71217e80"
I20260630 12:40:21.361593 17504 raft_consensus.cc:3060] T f0290f064b694c73add90a7a15efc681 P a317c530a7d54f8d9f14f053786e0def [term 0 FOLLOWER]: Advancing to term 1
I20260630 12:40:21.361805 17429 raft_consensus.cc:3060] T f0290f064b694c73add90a7a15efc681 P 17a69d0a005c4334a0bb20ee71217e80 [term 0 FOLLOWER]: Advancing to term 1
I20260630 12:40:21.368533 17504 raft_consensus.cc:2468] T f0290f064b694c73add90a7a15efc681 P a317c530a7d54f8d9f14f053786e0def [term 1 FOLLOWER]: Leader election vote request: Granting yes vote for candidate b4fca4238d8c4b4fa2ae447dcc8a4fc3 in term 1.
I20260630 12:40:21.368536 17429 raft_consensus.cc:2468] T f0290f064b694c73add90a7a15efc681 P 17a69d0a005c4334a0bb20ee71217e80 [term 1 FOLLOWER]: Leader election vote request: Granting yes vote for candidate b4fca4238d8c4b4fa2ae447dcc8a4fc3 in term 1.
I20260630 12:40:21.370055 17616 leader_election.cc:304] T f0290f064b694c73add90a7a15efc681 P b4fca4238d8c4b4fa2ae447dcc8a4fc3 [CANDIDATE]: Term 1 election: Election decided. Result: candidate won. Election summary: received 2 responses out of 3 voters: 2 yes votes; 0 no votes. yes voters: a317c530a7d54f8d9f14f053786e0def, b4fca4238d8c4b4fa2ae447dcc8a4fc3; no voters: 
I20260630 12:40:21.370993 17703 raft_consensus.cc:2804] T f0290f064b694c73add90a7a15efc681 P b4fca4238d8c4b4fa2ae447dcc8a4fc3 [term 1 FOLLOWER]: Leader election won for term 1
I20260630 12:40:21.371865 17703 raft_consensus.cc:697] T f0290f064b694c73add90a7a15efc681 P b4fca4238d8c4b4fa2ae447dcc8a4fc3 [term 1 LEADER]: Becoming Leader. State: Replica: b4fca4238d8c4b4fa2ae447dcc8a4fc3, State: Running, Role: LEADER
I20260630 12:40:21.372540 17703 consensus_queue.cc:237] T f0290f064b694c73add90a7a15efc681 P b4fca4238d8c4b4fa2ae447dcc8a4fc3 [LEADER]: Queue going to LEADER mode. State: All replicated index: 0, Majority replicated index: 0, Committed index: 0, Last appended: 0.0, Last appended by leader: 0, Current term: 1, Majority size: 2, State: 0, Mode: LEADER, active raft config: opid_index: -1 OBSOLETE_local: false peers { permanent_uuid: "b4fca4238d8c4b4fa2ae447dcc8a4fc3" member_type: VOTER last_known_addr { host: "127.13.91.196" port: 36311 } } peers { permanent_uuid: "a317c530a7d54f8d9f14f053786e0def" member_type: VOTER last_known_addr { host: "127.13.91.194" port: 33173 } } peers { permanent_uuid: "17a69d0a005c4334a0bb20ee71217e80" member_type: VOTER last_known_addr { host: "127.13.91.193" port: 38045 } }
I20260630 12:40:21.380513 17327 catalog_manager.cc:5697] T f0290f064b694c73add90a7a15efc681 P b4fca4238d8c4b4fa2ae447dcc8a4fc3 reported cstate change: term changed from 0 to 1, leader changed from <none> to b4fca4238d8c4b4fa2ae447dcc8a4fc3 (127.13.91.196). New cstate: current_term: 1 leader_uuid: "b4fca4238d8c4b4fa2ae447dcc8a4fc3" committed_config { opid_index: -1 OBSOLETE_local: false peers { permanent_uuid: "b4fca4238d8c4b4fa2ae447dcc8a4fc3" member_type: VOTER last_known_addr { host: "127.13.91.196" port: 36311 } health_report { overall_health: HEALTHY } } peers { permanent_uuid: "a317c530a7d54f8d9f14f053786e0def" member_type: VOTER last_known_addr { host: "127.13.91.194" port: 33173 } health_report { overall_health: UNKNOWN } } peers { permanent_uuid: "17a69d0a005c4334a0bb20ee71217e80" member_type: VOTER last_known_addr { host: "127.13.91.193" port: 38045 } health_report { overall_health: UNKNOWN } } }
I20260630 12:40:21.919305 17711 consensus_queue.cc:1048] T f0290f064b694c73add90a7a15efc681 P b4fca4238d8c4b4fa2ae447dcc8a4fc3 [LEADER]: Connected to new peer: Peer: permanent_uuid: "a317c530a7d54f8d9f14f053786e0def" member_type: VOTER last_known_addr { host: "127.13.91.194" port: 33173 }, Status: LMP_MISMATCH, Last received: 0.0, Next index: 1, Last known committed idx: 0, Time since last communication: 0.000s
I20260630 12:40:21.932909 17714 consensus_queue.cc:1048] T f0290f064b694c73add90a7a15efc681 P b4fca4238d8c4b4fa2ae447dcc8a4fc3 [LEADER]: Connected to new peer: Peer: permanent_uuid: "17a69d0a005c4334a0bb20ee71217e80" member_type: VOTER last_known_addr { host: "127.13.91.193" port: 38045 }, Status: LMP_MISMATCH, Last received: 0.0, Next index: 1, Last known committed idx: 0, Time since last communication: 0.000s
I20260630 12:40:23.336535 17380 auto_leader_rebalancer.cc:141] leader rebalance for table test-workload
I20260630 12:40:23.337831 17380 auto_leader_rebalancer.cc:440] table: test-workload, leader rebalance finish, leader transfer count: 0
I20260630 12:40:23.338132 17380 auto_leader_rebalancer.cc:515] All tables' leader rebalancing finished this round
I20260630 12:40:25.339023 17380 auto_leader_rebalancer.cc:141] leader rebalance for table test-workload
I20260630 12:40:25.340350 17380 auto_leader_rebalancer.cc:440] table: test-workload, leader rebalance finish, leader transfer count: 0
I20260630 12:40:25.340668 17380 auto_leader_rebalancer.cc:515] All tables' leader rebalancing finished this round
I20260630 12:40:27.341765 17380 auto_leader_rebalancer.cc:141] leader rebalance for table test-workload
I20260630 12:40:27.343283 17380 auto_leader_rebalancer.cc:440] table: test-workload, leader rebalance finish, leader transfer count: 0
I20260630 12:40:27.343637 17380 auto_leader_rebalancer.cc:515] All tables' leader rebalancing finished this round
I20260630 12:40:29.344569 17380 auto_leader_rebalancer.cc:141] leader rebalance for table test-workload
I20260630 12:40:29.345860 17380 auto_leader_rebalancer.cc:440] table: test-workload, leader rebalance finish, leader transfer count: 0
I20260630 12:40:29.346180 17380 auto_leader_rebalancer.cc:515] All tables' leader rebalancing finished this round
I20260630 12:40:31.347146 17380 auto_leader_rebalancer.cc:141] leader rebalance for table test-workload
I20260630 12:40:31.348489 17380 auto_leader_rebalancer.cc:440] table: test-workload, leader rebalance finish, leader transfer count: 0
I20260630 12:40:31.348805 17380 auto_leader_rebalancer.cc:515] All tables' leader rebalancing finished this round
I20260630 12:40:33.349788 17380 auto_leader_rebalancer.cc:141] leader rebalance for table test-workload
I20260630 12:40:33.351198 17380 auto_leader_rebalancer.cc:440] table: test-workload, leader rebalance finish, leader transfer count: 0
I20260630 12:40:33.351553 17380 auto_leader_rebalancer.cc:515] All tables' leader rebalancing finished this round
I20260630 12:40:33.552750 13679 tablet_server.cc:179] TabletServer@127.13.91.193:0 shutting down...
I20260630 12:40:33.580248 13679 ts_tablet_manager.cc:1507] Shutting down tablet manager...
I20260630 12:40:33.580942 13679 tablet_replica.cc:333] T f0290f064b694c73add90a7a15efc681 P 17a69d0a005c4334a0bb20ee71217e80: stopping tablet replica
I20260630 12:40:33.581564 13679 raft_consensus.cc:2243] T f0290f064b694c73add90a7a15efc681 P 17a69d0a005c4334a0bb20ee71217e80 [term 1 FOLLOWER]: Raft consensus shutting down.
I20260630 12:40:33.582181 13679 raft_consensus.cc:2272] T f0290f064b694c73add90a7a15efc681 P 17a69d0a005c4334a0bb20ee71217e80 [term 1 FOLLOWER]: Raft consensus is shut down!
I20260630 12:40:33.602715 13679 tablet_server.cc:196] TabletServer@127.13.91.193:0 shutdown complete.
I20260630 12:40:33.616293 13679 tablet_server.cc:179] TabletServer@127.13.91.194:0 shutting down...
I20260630 12:40:33.637784 13679 ts_tablet_manager.cc:1507] Shutting down tablet manager...
I20260630 12:40:33.638438 13679 tablet_replica.cc:333] T f0290f064b694c73add90a7a15efc681 P a317c530a7d54f8d9f14f053786e0def: stopping tablet replica
I20260630 12:40:33.638978 13679 raft_consensus.cc:2243] T f0290f064b694c73add90a7a15efc681 P a317c530a7d54f8d9f14f053786e0def [term 1 FOLLOWER]: Raft consensus shutting down.
I20260630 12:40:33.639511 13679 raft_consensus.cc:2272] T f0290f064b694c73add90a7a15efc681 P a317c530a7d54f8d9f14f053786e0def [term 1 FOLLOWER]: Raft consensus is shut down!
I20260630 12:40:33.659056 13679 tablet_server.cc:196] TabletServer@127.13.91.194:0 shutdown complete.
I20260630 12:40:33.669489 13679 tablet_server.cc:179] TabletServer@127.13.91.195:0 shutting down...
W20260630 12:40:33.689218 17615 proxy.cc:239] Call had error, refreshing address and retrying: Network error: Client connection negotiation failed: client connection to 127.13.91.193:38045: connect: Connection refused (error 111) [suppressed 13 similar messages]
I20260630 12:40:33.695986 13679 ts_tablet_manager.cc:1507] Shutting down tablet manager...
W20260630 12:40:33.696159 17615 consensus_peers.cc:597] T f0290f064b694c73add90a7a15efc681 P b4fca4238d8c4b4fa2ae447dcc8a4fc3 -> Peer 17a69d0a005c4334a0bb20ee71217e80 (127.13.91.193:38045): Couldn't send request to peer 17a69d0a005c4334a0bb20ee71217e80. Status: Network error: Client connection negotiation failed: client connection to 127.13.91.193:38045: connect: Connection refused (error 111). This is attempt 1: this message will repeat every 5th retry.
I20260630 12:40:33.711988 13679 tablet_server.cc:196] TabletServer@127.13.91.195:0 shutdown complete.
I20260630 12:40:33.720891 13679 tablet_server.cc:179] TabletServer@127.13.91.196:0 shutting down...
I20260630 12:40:33.741129 13679 ts_tablet_manager.cc:1507] Shutting down tablet manager...
I20260630 12:40:33.741712 13679 tablet_replica.cc:333] T f0290f064b694c73add90a7a15efc681 P b4fca4238d8c4b4fa2ae447dcc8a4fc3: stopping tablet replica
I20260630 12:40:33.742211 13679 raft_consensus.cc:2243] T f0290f064b694c73add90a7a15efc681 P b4fca4238d8c4b4fa2ae447dcc8a4fc3 [term 1 LEADER]: Raft consensus shutting down.
I20260630 12:40:33.743057 13679 raft_consensus.cc:2272] T f0290f064b694c73add90a7a15efc681 P b4fca4238d8c4b4fa2ae447dcc8a4fc3 [term 1 FOLLOWER]: Raft consensus is shut down!
I20260630 12:40:33.761824 13679 tablet_server.cc:196] TabletServer@127.13.91.196:0 shutdown complete.
I20260630 12:40:33.771858 13679 master.cc:562] Master@127.13.91.254:45517 shutting down...
I20260630 12:40:33.790475 13679 raft_consensus.cc:2243] T 00000000000000000000000000000000 P f8f9fcd1ceb04cbf832510b892450c5c [term 1 LEADER]: Raft consensus shutting down.
I20260630 12:40:33.791087 13679 raft_consensus.cc:2272] T 00000000000000000000000000000000 P f8f9fcd1ceb04cbf832510b892450c5c [term 1 FOLLOWER]: Raft consensus is shut down!
I20260630 12:40:33.791427 13679 tablet_replica.cc:333] T 00000000000000000000000000000000 P f8f9fcd1ceb04cbf832510b892450c5c: stopping tablet replica
I20260630 12:40:33.809697 13679 master.cc:584] Master@127.13.91.254:45517 shutdown complete.
[       OK ] AutoRebalancerTest.NoReplicaMovesIfLocationLoadSkewedByOne (14656 ms)
[ RUN      ] AutoRebalancerTest.NoReplicaMovesIfCannotFixPlacementPolicy
I20260630 12:40:33.847751 13679 internal_mini_cluster.cc:156] Creating distributed mini masters. Addrs: 127.13.91.254:37207
I20260630 12:40:33.848856 13679 file_cache.cc:492] Constructed file cache file cache with capacity 419430
W20260630 12:40:33.854192 17724 instance_detector.cc:116] could not retrieve AWS instance metadata: Network error: curl error: HTTP response code said error: The requested URL returned error: 404
W20260630 12:40:33.854415 17725 instance_detector.cc:116] could not retrieve Azure instance metadata: Network error: curl error: HTTP response code said error: The requested URL returned error: 404
W20260630 12:40:33.855490 17727 instance_detector.cc:116] could not retrieve OpenStack instance metadata: Network error: curl error: HTTP response code said error: The requested URL returned error: 404
I20260630 12:40:33.856640 13679 server_base.cc:1061] running on GCE node
I20260630 12:40:33.857414 13679 hybrid_clock.cc:584] initializing the hybrid clock with 'system_unsync' time source
W20260630 12:40:33.857589 13679 system_unsync_time.cc:38] NTP support is disabled. Clock error bounds will not be accurate. This configuration is not suitable for distributed clusters.
I20260630 12:40:33.857700 13679 hybrid_clock.cc:648] HybridClock initialized: now 1782823233857690 us; error 0 us; skew 500 ppm
I20260630 12:40:33.858129 13679 server_base.cc:861] Flag tcmalloc_max_total_thread_cache_bytes is not working since tcmalloc is not enabled.
I20260630 12:40:33.860502 13679 webserver.cc:533] Webserver started at http://127.13.91.254:33471/ using document root <none> and password file <none>
I20260630 12:40:33.860944 13679 fs_manager.cc:362] Metadata directory not provided
I20260630 12:40:33.861112 13679 fs_manager.cc:368] Using write-ahead log directory (fs_wal_dir) as metadata directory
I20260630 12:40:33.861351 13679 server_base.cc:909] This appears to be a new deployment of Kudu; creating new FS layout
I20260630 12:40:33.862458 13679 fs_manager.cc:1068] Generated new instance metadata in path /tmp/dist-test-taskfo7rRz/test-tmp/auto_rebalancer-test.0.AutoRebalancerTest.NoReplicaMovesIfCannotFixPlacementPolicy.1782823125175947-13679-0/minicluster-data/master-0-root/instance:
uuid: "f76440a4d3a1421a89638a43d94f41fd"
format_stamp: "Formatted at 2026-06-30 12:40:33 on dist-test-slave-hzld"
I20260630 12:40:33.866932 13679 fs_manager.cc:696] Time spent creating directory manager: real 0.004s	user 0.006s	sys 0.000s
I20260630 12:40:33.870110 17732 log_block_manager.cc:4031] Time spent loading block containers with low live blocks: real 0.000s	user 0.000s	sys 0.000s
I20260630 12:40:33.870842 13679 fs_manager.cc:730] Time spent opening block manager: real 0.002s	user 0.000s	sys 0.002s
I20260630 12:40:33.871135 13679 fs_manager.cc:647] Opened local filesystem: /tmp/dist-test-taskfo7rRz/test-tmp/auto_rebalancer-test.0.AutoRebalancerTest.NoReplicaMovesIfCannotFixPlacementPolicy.1782823125175947-13679-0/minicluster-data/master-0-root
uuid: "f76440a4d3a1421a89638a43d94f41fd"
format_stamp: "Formatted at 2026-06-30 12:40:33 on dist-test-slave-hzld"
I20260630 12:40:33.871435 13679 fs_report.cc:389] FS layout report
--------------------
wal directory: /tmp/dist-test-taskfo7rRz/test-tmp/auto_rebalancer-test.0.AutoRebalancerTest.NoReplicaMovesIfCannotFixPlacementPolicy.1782823125175947-13679-0/minicluster-data/master-0-root
metadata directory: /tmp/dist-test-taskfo7rRz/test-tmp/auto_rebalancer-test.0.AutoRebalancerTest.NoReplicaMovesIfCannotFixPlacementPolicy.1782823125175947-13679-0/minicluster-data/master-0-root
1 data directories: /tmp/dist-test-taskfo7rRz/test-tmp/auto_rebalancer-test.0.AutoRebalancerTest.NoReplicaMovesIfCannotFixPlacementPolicy.1782823125175947-13679-0/minicluster-data/master-0-root/data
Total live blocks: 0
Total live bytes: 0
Total live bytes (after alignment): 0
Total number of LBM containers: 0 (0 full)
Did not check for missing blocks
Did not check for orphaned blocks
Total full LBM containers with extra space: 0 (0 repaired)
Total full LBM container extra space in bytes: 0 (0 repaired)
Total incomplete LBM containers: 0 (0 repaired)
Total LBM partial records: 0 (0 repaired)
Total corrupted LBM metadata records in RocksDB: 0 (0 repaired)
I20260630 12:40:33.889623 13679 rpc_server.cc:225] running with OpenSSL 1.1.1  11 Sep 2018
I20260630 12:40:33.890803 13679 kserver.cc:163] Server-wide thread pool size limit: 3276
I20260630 12:40:33.927381 13679 rpc_server.cc:307] RPC server started. Bound to: 127.13.91.254:37207
I20260630 12:40:33.927491 17783 acceptor_pool.cc:272] collecting diagnostics on the listening RPC socket 127.13.91.254:37207 every 8 connection(s)
I20260630 12:40:33.931195 17784 data_dirs.cc:400] Could only allocate 1 dirs of requested 3 for tablet 00000000000000000000000000000000. 1 dirs total, 0 dirs full, 0 dirs failed
I20260630 12:40:33.941799 17784 tablet_bootstrap.cc:492] T 00000000000000000000000000000000 P f76440a4d3a1421a89638a43d94f41fd: Bootstrap starting.
I20260630 12:40:33.946363 17784 tablet_bootstrap.cc:654] T 00000000000000000000000000000000 P f76440a4d3a1421a89638a43d94f41fd: Neither blocks nor log segments found. Creating new log.
I20260630 12:40:33.950461 17784 tablet_bootstrap.cc:492] T 00000000000000000000000000000000 P f76440a4d3a1421a89638a43d94f41fd: No bootstrap required, opened a new log
I20260630 12:40:33.952657 17784 raft_consensus.cc:359] T 00000000000000000000000000000000 P f76440a4d3a1421a89638a43d94f41fd [term 0 FOLLOWER]: Replica starting. Triggering 0 pending ops. Active config: opid_index: -1 OBSOLETE_local: true peers { permanent_uuid: "f76440a4d3a1421a89638a43d94f41fd" member_type: VOTER }
I20260630 12:40:33.953081 17784 raft_consensus.cc:385] T 00000000000000000000000000000000 P f76440a4d3a1421a89638a43d94f41fd [term 0 FOLLOWER]: Consensus starting up: Expiring failure detector timer to make a prompt election more likely
I20260630 12:40:33.953315 17784 raft_consensus.cc:740] T 00000000000000000000000000000000 P f76440a4d3a1421a89638a43d94f41fd [term 0 FOLLOWER]: Becoming Follower/Learner. State: Replica: f76440a4d3a1421a89638a43d94f41fd, State: Initialized, Role: FOLLOWER
I20260630 12:40:33.953887 17784 consensus_queue.cc:260] T 00000000000000000000000000000000 P f76440a4d3a1421a89638a43d94f41fd [NON_LEADER]: Queue going to NON_LEADER mode. State: All replicated index: 0, Majority replicated index: 0, Committed index: 0, Last appended: 0.0, Last appended by leader: 0, Current term: 0, Majority size: -1, State: 0, Mode: NON_LEADER, active raft config: opid_index: -1 OBSOLETE_local: true peers { permanent_uuid: "f76440a4d3a1421a89638a43d94f41fd" member_type: VOTER }
I20260630 12:40:33.954342 17784 raft_consensus.cc:399] T 00000000000000000000000000000000 P f76440a4d3a1421a89638a43d94f41fd [term 0 FOLLOWER]: Only one voter in the Raft config. Triggering election immediately
I20260630 12:40:33.954560 17784 raft_consensus.cc:493] T 00000000000000000000000000000000 P f76440a4d3a1421a89638a43d94f41fd [term 0 FOLLOWER]: Starting leader election (initial election of a single-replica configuration)
I20260630 12:40:33.954840 17784 raft_consensus.cc:3060] T 00000000000000000000000000000000 P f76440a4d3a1421a89638a43d94f41fd [term 0 FOLLOWER]: Advancing to term 1
I20260630 12:40:33.959117 17784 raft_consensus.cc:515] T 00000000000000000000000000000000 P f76440a4d3a1421a89638a43d94f41fd [term 1 FOLLOWER]: Starting leader election with config: opid_index: -1 OBSOLETE_local: true peers { permanent_uuid: "f76440a4d3a1421a89638a43d94f41fd" member_type: VOTER }
I20260630 12:40:33.959666 17784 leader_election.cc:304] T 00000000000000000000000000000000 P f76440a4d3a1421a89638a43d94f41fd [CANDIDATE]: Term 1 election: Election decided. Result: candidate won. Election summary: received 1 responses out of 1 voters: 1 yes votes; 0 no votes. yes voters: f76440a4d3a1421a89638a43d94f41fd; no voters: 
I20260630 12:40:33.960752 17784 leader_election.cc:290] T 00000000000000000000000000000000 P f76440a4d3a1421a89638a43d94f41fd [CANDIDATE]: Term 1 election: Requested vote from peers 
I20260630 12:40:33.961158 17787 raft_consensus.cc:2804] T 00000000000000000000000000000000 P f76440a4d3a1421a89638a43d94f41fd [term 1 FOLLOWER]: Leader election won for term 1
I20260630 12:40:33.962471 17787 raft_consensus.cc:697] T 00000000000000000000000000000000 P f76440a4d3a1421a89638a43d94f41fd [term 1 LEADER]: Becoming Leader. State: Replica: f76440a4d3a1421a89638a43d94f41fd, State: Running, Role: LEADER
I20260630 12:40:33.963160 17787 consensus_queue.cc:237] T 00000000000000000000000000000000 P f76440a4d3a1421a89638a43d94f41fd [LEADER]: Queue going to LEADER mode. State: All replicated index: 0, Majority replicated index: 0, Committed index: 0, Last appended: 0.0, Last appended by leader: 0, Current term: 1, Majority size: 1, State: 0, Mode: LEADER, active raft config: opid_index: -1 OBSOLETE_local: true peers { permanent_uuid: "f76440a4d3a1421a89638a43d94f41fd" member_type: VOTER }
I20260630 12:40:33.963658 17784 sys_catalog.cc:565] T 00000000000000000000000000000000 P f76440a4d3a1421a89638a43d94f41fd [sys.catalog]: configured and running, proceeding with master startup.
I20260630 12:40:33.966593 17789 sys_catalog.cc:455] T 00000000000000000000000000000000 P f76440a4d3a1421a89638a43d94f41fd [sys.catalog]: SysCatalogTable state changed. Reason: New leader f76440a4d3a1421a89638a43d94f41fd. Latest consensus state: current_term: 1 leader_uuid: "f76440a4d3a1421a89638a43d94f41fd" committed_config { opid_index: -1 OBSOLETE_local: true peers { permanent_uuid: "f76440a4d3a1421a89638a43d94f41fd" member_type: VOTER } }
I20260630 12:40:33.966457 17788 sys_catalog.cc:455] T 00000000000000000000000000000000 P f76440a4d3a1421a89638a43d94f41fd [sys.catalog]: SysCatalogTable state changed. Reason: RaftConsensus started. Latest consensus state: current_term: 1 leader_uuid: "f76440a4d3a1421a89638a43d94f41fd" committed_config { opid_index: -1 OBSOLETE_local: true peers { permanent_uuid: "f76440a4d3a1421a89638a43d94f41fd" member_type: VOTER } }
I20260630 12:40:33.967186 17789 sys_catalog.cc:458] T 00000000000000000000000000000000 P f76440a4d3a1421a89638a43d94f41fd [sys.catalog]: This master's current role is: LEADER
I20260630 12:40:33.967363 17788 sys_catalog.cc:458] T 00000000000000000000000000000000 P f76440a4d3a1421a89638a43d94f41fd [sys.catalog]: This master's current role is: LEADER
I20260630 12:40:33.972882 17793 catalog_manager.cc:1511] Loading table and tablet metadata into memory...
I20260630 12:40:33.980800 17793 catalog_manager.cc:1520] Initializing Kudu cluster ID...
I20260630 12:40:33.981832 13679 internal_mini_cluster.cc:184] Waiting to initialize catalog manager on master 0
I20260630 12:40:33.989578 17793 catalog_manager.cc:1383] Generated new cluster ID: 4124c468d2f14080bfacc84de9a87698
I20260630 12:40:33.989877 17793 catalog_manager.cc:1531] Initializing Kudu internal certificate authority...
I20260630 12:40:34.008936 17793 catalog_manager.cc:1406] Generated new certificate authority record
I20260630 12:40:34.010164 17793 catalog_manager.cc:1540] Loading token signing keys...
I20260630 12:40:34.023959 17793 catalog_manager.cc:6070] T 00000000000000000000000000000000 P f76440a4d3a1421a89638a43d94f41fd: Generated new TSK 0
I20260630 12:40:34.024536 17793 catalog_manager.cc:1550] Initializing in-progress tserver states...
I20260630 12:40:34.048895 13679 file_cache.cc:492] Constructed file cache file cache with capacity 419430
W20260630 12:40:34.054781 17805 instance_detector.cc:116] could not retrieve AWS instance metadata: Network error: curl error: HTTP response code said error: The requested URL returned error: 404
W20260630 12:40:34.055490 17806 instance_detector.cc:116] could not retrieve Azure instance metadata: Network error: curl error: HTTP response code said error: The requested URL returned error: 404
W20260630 12:40:34.058672 17809 instance_detector.cc:116] could not retrieve OpenStack instance metadata: Network error: curl error: HTTP response code said error: The requested URL returned error: 404
I20260630 12:40:34.058775 13679 server_base.cc:1061] running on GCE node
I20260630 12:40:34.059708 13679 hybrid_clock.cc:584] initializing the hybrid clock with 'system_unsync' time source
W20260630 12:40:34.059916 13679 system_unsync_time.cc:38] NTP support is disabled. Clock error bounds will not be accurate. This configuration is not suitable for distributed clusters.
I20260630 12:40:34.060091 13679 hybrid_clock.cc:648] HybridClock initialized: now 1782823234060071 us; error 0 us; skew 500 ppm
I20260630 12:40:34.060631 13679 server_base.cc:861] Flag tcmalloc_max_total_thread_cache_bytes is not working since tcmalloc is not enabled.
I20260630 12:40:34.062784 13679 webserver.cc:533] Webserver started at http://127.13.91.193:35845/ using document root <none> and password file <none>
I20260630 12:40:34.063246 13679 fs_manager.cc:362] Metadata directory not provided
I20260630 12:40:34.063491 13679 fs_manager.cc:368] Using write-ahead log directory (fs_wal_dir) as metadata directory
I20260630 12:40:34.063787 13679 server_base.cc:909] This appears to be a new deployment of Kudu; creating new FS layout
I20260630 12:40:34.064883 13679 fs_manager.cc:1068] Generated new instance metadata in path /tmp/dist-test-taskfo7rRz/test-tmp/auto_rebalancer-test.0.AutoRebalancerTest.NoReplicaMovesIfCannotFixPlacementPolicy.1782823125175947-13679-0/minicluster-data/ts-0-root/instance:
uuid: "01728f945cec41a9949cfdaa0b271e52"
format_stamp: "Formatted at 2026-06-30 12:40:34 on dist-test-slave-hzld"
I20260630 12:40:34.069267 13679 fs_manager.cc:696] Time spent creating directory manager: real 0.004s	user 0.005s	sys 0.000s
I20260630 12:40:34.072489 17813 log_block_manager.cc:4031] Time spent loading block containers with low live blocks: real 0.000s	user 0.000s	sys 0.000s
I20260630 12:40:34.073204 13679 fs_manager.cc:730] Time spent opening block manager: real 0.002s	user 0.002s	sys 0.001s
I20260630 12:40:34.073503 13679 fs_manager.cc:647] Opened local filesystem: /tmp/dist-test-taskfo7rRz/test-tmp/auto_rebalancer-test.0.AutoRebalancerTest.NoReplicaMovesIfCannotFixPlacementPolicy.1782823125175947-13679-0/minicluster-data/ts-0-root
uuid: "01728f945cec41a9949cfdaa0b271e52"
format_stamp: "Formatted at 2026-06-30 12:40:34 on dist-test-slave-hzld"
I20260630 12:40:34.073745 13679 fs_report.cc:389] FS layout report
--------------------
wal directory: /tmp/dist-test-taskfo7rRz/test-tmp/auto_rebalancer-test.0.AutoRebalancerTest.NoReplicaMovesIfCannotFixPlacementPolicy.1782823125175947-13679-0/minicluster-data/ts-0-root
metadata directory: /tmp/dist-test-taskfo7rRz/test-tmp/auto_rebalancer-test.0.AutoRebalancerTest.NoReplicaMovesIfCannotFixPlacementPolicy.1782823125175947-13679-0/minicluster-data/ts-0-root
1 data directories: /tmp/dist-test-taskfo7rRz/test-tmp/auto_rebalancer-test.0.AutoRebalancerTest.NoReplicaMovesIfCannotFixPlacementPolicy.1782823125175947-13679-0/minicluster-data/ts-0-root/data
Total live blocks: 0
Total live bytes: 0
Total live bytes (after alignment): 0
Total number of LBM containers: 0 (0 full)
Did not check for missing blocks
Did not check for orphaned blocks
Total full LBM containers with extra space: 0 (0 repaired)
Total full LBM container extra space in bytes: 0 (0 repaired)
Total incomplete LBM containers: 0 (0 repaired)
Total LBM partial records: 0 (0 repaired)
Total corrupted LBM metadata records in RocksDB: 0 (0 repaired)
I20260630 12:40:34.084894 13679 rpc_server.cc:225] running with OpenSSL 1.1.1  11 Sep 2018
I20260630 12:40:34.085952 13679 kserver.cc:163] Server-wide thread pool size limit: 3276
I20260630 12:40:34.087286 13679 txn_system_client.cc:432] TxnSystemClient initialization is disabled...
I20260630 12:40:34.089501 13679 ts_tablet_manager.cc:585] Loaded tablet metadata (0 total tablets, 0 live tablets)
I20260630 12:40:34.089669 13679 ts_tablet_manager.cc:531] Time spent load tablet metadata: real 0.000s	user 0.000s	sys 0.000s
I20260630 12:40:34.089980 13679 ts_tablet_manager.cc:616] Registered 0 tablets
I20260630 12:40:34.090127 13679 ts_tablet_manager.cc:595] Time spent register tablets: real 0.000s	user 0.000s	sys 0.000s
I20260630 12:40:34.128024 13679 rpc_server.cc:307] RPC server started. Bound to: 127.13.91.193:33973
I20260630 12:40:34.128132 17875 acceptor_pool.cc:272] collecting diagnostics on the listening RPC socket 127.13.91.193:33973 every 8 connection(s)
I20260630 12:40:34.132993 13679 file_cache.cc:492] Constructed file cache file cache with capacity 419430
W20260630 12:40:34.140154 17880 instance_detector.cc:116] could not retrieve AWS instance metadata: Network error: curl error: HTTP response code said error: The requested URL returned error: 404
W20260630 12:40:34.141925 17881 instance_detector.cc:116] could not retrieve Azure instance metadata: Network error: curl error: HTTP response code said error: The requested URL returned error: 404
W20260630 12:40:34.143512 17883 instance_detector.cc:116] could not retrieve OpenStack instance metadata: Network error: curl error: HTTP response code said error: The requested URL returned error: 404
I20260630 12:40:34.144387 13679 server_base.cc:1061] running on GCE node
I20260630 12:40:34.145182 13679 hybrid_clock.cc:584] initializing the hybrid clock with 'system_unsync' time source
W20260630 12:40:34.145404 13679 system_unsync_time.cc:38] NTP support is disabled. Clock error bounds will not be accurate. This configuration is not suitable for distributed clusters.
I20260630 12:40:34.145599 13679 hybrid_clock.cc:648] HybridClock initialized: now 1782823234145582 us; error 0 us; skew 500 ppm
I20260630 12:40:34.146098 13679 server_base.cc:861] Flag tcmalloc_max_total_thread_cache_bytes is not working since tcmalloc is not enabled.
I20260630 12:40:34.148270 13679 webserver.cc:533] Webserver started at http://127.13.91.194:37807/ using document root <none> and password file <none>
I20260630 12:40:34.148734 13679 fs_manager.cc:362] Metadata directory not provided
I20260630 12:40:34.148986 13679 fs_manager.cc:368] Using write-ahead log directory (fs_wal_dir) as metadata directory
I20260630 12:40:34.149312 13679 server_base.cc:909] This appears to be a new deployment of Kudu; creating new FS layout
I20260630 12:40:34.150804 13679 fs_manager.cc:1068] Generated new instance metadata in path /tmp/dist-test-taskfo7rRz/test-tmp/auto_rebalancer-test.0.AutoRebalancerTest.NoReplicaMovesIfCannotFixPlacementPolicy.1782823125175947-13679-0/minicluster-data/ts-1-root/instance:
uuid: "fbbc56c4d6fd4e9b8fa7aabdd5ee2197"
format_stamp: "Formatted at 2026-06-30 12:40:34 on dist-test-slave-hzld"
I20260630 12:40:34.151935 17876 heartbeater.cc:344] Connected to a master server at 127.13.91.254:37207
I20260630 12:40:34.152323 17876 heartbeater.cc:461] Registering TS with master...
I20260630 12:40:34.153000 17876 heartbeater.cc:507] Master 127.13.91.254:37207 requested a full tablet report, sending...
I20260630 12:40:34.154971 17749 ts_manager.cc:194] Registered new tserver with Master: 01728f945cec41a9949cfdaa0b271e52 (127.13.91.193:33973)
I20260630 12:40:34.155889 13679 fs_manager.cc:696] Time spent creating directory manager: real 0.005s	user 0.006s	sys 0.000s
I20260630 12:40:34.156733 17749 master_service.cc:502] Signed X509 certificate for tserver {username='slave'} at 127.0.0.1:57932
I20260630 12:40:34.159482 17888 log_block_manager.cc:4031] Time spent loading block containers with low live blocks: real 0.000s	user 0.000s	sys 0.000s
I20260630 12:40:34.160225 13679 fs_manager.cc:730] Time spent opening block manager: real 0.002s	user 0.002s	sys 0.001s
I20260630 12:40:34.160497 13679 fs_manager.cc:647] Opened local filesystem: /tmp/dist-test-taskfo7rRz/test-tmp/auto_rebalancer-test.0.AutoRebalancerTest.NoReplicaMovesIfCannotFixPlacementPolicy.1782823125175947-13679-0/minicluster-data/ts-1-root
uuid: "fbbc56c4d6fd4e9b8fa7aabdd5ee2197"
format_stamp: "Formatted at 2026-06-30 12:40:34 on dist-test-slave-hzld"
I20260630 12:40:34.160763 13679 fs_report.cc:389] FS layout report
--------------------
wal directory: /tmp/dist-test-taskfo7rRz/test-tmp/auto_rebalancer-test.0.AutoRebalancerTest.NoReplicaMovesIfCannotFixPlacementPolicy.1782823125175947-13679-0/minicluster-data/ts-1-root
metadata directory: /tmp/dist-test-taskfo7rRz/test-tmp/auto_rebalancer-test.0.AutoRebalancerTest.NoReplicaMovesIfCannotFixPlacementPolicy.1782823125175947-13679-0/minicluster-data/ts-1-root
1 data directories: /tmp/dist-test-taskfo7rRz/test-tmp/auto_rebalancer-test.0.AutoRebalancerTest.NoReplicaMovesIfCannotFixPlacementPolicy.1782823125175947-13679-0/minicluster-data/ts-1-root/data
Total live blocks: 0
Total live bytes: 0
Total live bytes (after alignment): 0
Total number of LBM containers: 0 (0 full)
Did not check for missing blocks
Did not check for orphaned blocks
Total full LBM containers with extra space: 0 (0 repaired)
Total full LBM container extra space in bytes: 0 (0 repaired)
Total incomplete LBM containers: 0 (0 repaired)
Total LBM partial records: 0 (0 repaired)
Total corrupted LBM metadata records in RocksDB: 0 (0 repaired)
I20260630 12:40:34.170684 13679 rpc_server.cc:225] running with OpenSSL 1.1.1  11 Sep 2018
I20260630 12:40:34.171900 13679 kserver.cc:163] Server-wide thread pool size limit: 3276
I20260630 12:40:34.173372 13679 txn_system_client.cc:432] TxnSystemClient initialization is disabled...
I20260630 12:40:34.175563 13679 ts_tablet_manager.cc:585] Loaded tablet metadata (0 total tablets, 0 live tablets)
I20260630 12:40:34.175771 13679 ts_tablet_manager.cc:531] Time spent load tablet metadata: real 0.000s	user 0.000s	sys 0.000s
I20260630 12:40:34.176000 13679 ts_tablet_manager.cc:616] Registered 0 tablets
I20260630 12:40:34.176169 13679 ts_tablet_manager.cc:595] Time spent register tablets: real 0.000s	user 0.000s	sys 0.000s
I20260630 12:40:34.213583 13679 rpc_server.cc:307] RPC server started. Bound to: 127.13.91.194:33257
I20260630 12:40:34.213676 17950 acceptor_pool.cc:272] collecting diagnostics on the listening RPC socket 127.13.91.194:33257 every 8 connection(s)
I20260630 12:40:34.218221 13679 file_cache.cc:492] Constructed file cache file cache with capacity 419430
W20260630 12:40:34.225400 17954 instance_detector.cc:116] could not retrieve AWS instance metadata: Network error: curl error: HTTP response code said error: The requested URL returned error: 404
W20260630 12:40:34.227626 17955 instance_detector.cc:116] could not retrieve Azure instance metadata: Network error: curl error: HTTP response code said error: The requested URL returned error: 404
I20260630 12:40:34.228650 13679 server_base.cc:1061] running on GCE node
W20260630 12:40:34.229183 17957 instance_detector.cc:116] could not retrieve OpenStack instance metadata: Network error: curl error: HTTP response code said error: The requested URL returned error: 404
