I20260630 12:38:46.495771 17697 sys_catalog.cc:455] T 00000000000000000000000000000000 P 75069329d6e9423bacf8d3762a10f45f [sys.catalog]: SysCatalogTable state changed. Reason: Peer health change. Latest consensus state: current_term: 1 leader_uuid: "75069329d6e9423bacf8d3762a10f45f" committed_config { opid_index: -1 OBSOLETE_local: false peers { permanent_uuid: "65c44d3aaeb24b1b90eab833a43fc2e9" member_type: VOTER last_known_addr { host: "127.17.12.62" port: 39539 } } peers { permanent_uuid: "d8901a71d5a340b3ad5f7525d1c2ea4a" member_type: VOTER last_known_addr { host: "127.17.12.61" port: 40383 } } peers { permanent_uuid: "75069329d6e9423bacf8d3762a10f45f" member_type: VOTER last_known_addr { host: "127.17.12.60" port: 36371 } } }
I20260630 12:38:46.496491 17697 sys_catalog.cc:458] T 00000000000000000000000000000000 P 75069329d6e9423bacf8d3762a10f45f [sys.catalog]: This master's current role is: LEADER
I20260630 12:38:46.498637 17700 catalog_manager.cc:1383] Generated new cluster ID: 014159e800a94c3ebc00994a546f3578
I20260630 12:38:46.498915 17700 catalog_manager.cc:1531] Initializing Kudu internal certificate authority...
I20260630 12:38:46.505143 17660 sys_catalog.cc:455] T 00000000000000000000000000000000 P d8901a71d5a340b3ad5f7525d1c2ea4a [sys.catalog]: SysCatalogTable state changed. Reason: Replicated consensus-only round. Latest consensus state: current_term: 1 leader_uuid: "75069329d6e9423bacf8d3762a10f45f" committed_config { opid_index: -1 OBSOLETE_local: false peers { permanent_uuid: "65c44d3aaeb24b1b90eab833a43fc2e9" member_type: VOTER last_known_addr { host: "127.17.12.62" port: 39539 } } peers { permanent_uuid: "d8901a71d5a340b3ad5f7525d1c2ea4a" member_type: VOTER last_known_addr { host: "127.17.12.61" port: 40383 } } peers { permanent_uuid: "75069329d6e9423bacf8d3762a10f45f" member_type: VOTER last_known_addr { host: "127.17.12.60" port: 36371 } } }
I20260630 12:38:46.505870 17660 sys_catalog.cc:458] T 00000000000000000000000000000000 P d8901a71d5a340b3ad5f7525d1c2ea4a [sys.catalog]: This master's current role is: FOLLOWER
I20260630 12:38:46.523905 17456 rpc_server.cc:225] running with OpenSSL 1.1.1  11 Sep 2018
I20260630 12:38:46.527643 17456 kserver.cc:163] Server-wide thread pool size limit: 3276
I20260630 12:38:46.534394 17456 txn_system_client.cc:432] TxnSystemClient initialization is disabled...
I20260630 12:38:46.535004 17700 catalog_manager.cc:1406] Generated new certificate authority record
I20260630 12:38:46.537027 17700 catalog_manager.cc:1540] Loading token signing keys...
I20260630 12:38:46.539510 17456 ts_tablet_manager.cc:585] Loaded tablet metadata (0 total tablets, 0 live tablets)
I20260630 12:38:46.539803 17456 ts_tablet_manager.cc:531] Time spent load tablet metadata: real 0.000s	user 0.001s	sys 0.000s
I20260630 12:38:46.540081 17456 ts_tablet_manager.cc:616] Registered 0 tablets
I20260630 12:38:46.540287 17456 ts_tablet_manager.cc:595] Time spent register tablets: real 0.000s	user 0.000s	sys 0.000s
I20260630 12:38:46.570482 17700 catalog_manager.cc:6070] T 00000000000000000000000000000000 P 75069329d6e9423bacf8d3762a10f45f: Generated new TSK 0
I20260630 12:38:46.571904 17700 catalog_manager.cc:1550] Initializing in-progress tserver states...
I20260630 12:38:46.656363 17456 rpc_server.cc:307] RPC server started. Bound to: 127.17.12.1:33955
I20260630 12:38:46.656565 17778 acceptor_pool.cc:272] collecting diagnostics on the listening RPC socket 127.17.12.1:33955 every 8 connection(s)
I20260630 12:38:46.685374 17456 file_cache.cc:492] Constructed file cache file cache with capacity 419430
I20260630 12:38:46.694609 17779 heartbeater.cc:344] Connected to a master server at 127.17.12.60:36371
I20260630 12:38:46.695099 17779 heartbeater.cc:461] Registering TS with master...
I20260630 12:38:46.695660 17780 heartbeater.cc:344] Connected to a master server at 127.17.12.61:40383
I20260630 12:38:46.696074 17780 heartbeater.cc:461] Registering TS with master...
I20260630 12:38:46.696404 17779 heartbeater.cc:507] Master 127.17.12.60:36371 requested a full tablet report, sending...
I20260630 12:38:46.697225 17780 heartbeater.cc:507] Master 127.17.12.61:40383 requested a full tablet report, sending...
I20260630 12:38:46.700098 17618 ts_manager.cc:194] Registered new tserver with Master: 69ec5eec481c463393a04f81531007aa (127.17.12.1:33955)
I20260630 12:38:46.700929 17553 ts_manager.cc:194] Registered new tserver with Master: 69ec5eec481c463393a04f81531007aa (127.17.12.1:33955)
I20260630 12:38:46.703155 17618 master_service.cc:502] Signed X509 certificate for tserver {username='slave'} at 127.0.0.1:36538
W20260630 12:38:46.706954 17786 instance_detector.cc:116] could not retrieve AWS instance metadata: Network error: curl error: HTTP response code said error: The requested URL returned error: 404
I20260630 12:38:46.710139 17781 heartbeater.cc:344] Connected to a master server at 127.17.12.62:39539
I20260630 12:38:46.710595 17781 heartbeater.cc:461] Registering TS with master...
I20260630 12:38:46.711392 17781 heartbeater.cc:507] Master 127.17.12.62:39539 requested a full tablet report, sending...
I20260630 12:38:46.715233 17488 ts_manager.cc:194] Registered new tserver with Master: 69ec5eec481c463393a04f81531007aa (127.17.12.1:33955)
W20260630 12:38:46.720329 17787 instance_detector.cc:116] could not retrieve Azure instance metadata: Network error: curl error: HTTP response code said error: The requested URL returned error: 404
W20260630 12:38:46.721939 17789 instance_detector.cc:116] could not retrieve OpenStack instance metadata: Network error: curl error: HTTP response code said error: The requested URL returned error: 404
I20260630 12:38:46.722846 17456 server_base.cc:1061] running on GCE node
I20260630 12:38:46.723740 17456 hybrid_clock.cc:584] initializing the hybrid clock with 'system_unsync' time source
W20260630 12:38:46.723934 17456 system_unsync_time.cc:38] NTP support is disabled. Clock error bounds will not be accurate. This configuration is not suitable for distributed clusters.
I20260630 12:38:46.724102 17456 hybrid_clock.cc:648] HybridClock initialized: now 1782823126724087 us; error 0 us; skew 500 ppm
I20260630 12:38:46.724592 17456 server_base.cc:861] Flag tcmalloc_max_total_thread_cache_bytes is not working since tcmalloc is not enabled.
I20260630 12:38:46.726997 17456 webserver.cc:533] Webserver started at http://127.17.12.2:34869/ using document root <none> and password file <none>
I20260630 12:38:46.727478 17456 fs_manager.cc:362] Metadata directory not provided
I20260630 12:38:46.727669 17456 fs_manager.cc:368] Using write-ahead log directory (fs_wal_dir) as metadata directory
I20260630 12:38:46.727905 17456 server_base.cc:909] This appears to be a new deployment of Kudu; creating new FS layout
I20260630 12:38:46.728892 17456 fs_manager.cc:1068] Generated new instance metadata in path /tmp/dist-test-taskq7mtco/test-tmp/auto_rebalancer-test.0.AutoRebalancerTest.OnlyLeaderDoesAutoRebalancing.1782823124533225-17456-0/minicluster-data/ts-1-root/instance:
uuid: "03641ddc0d984219b136f57c29b3efa3"
format_stamp: "Formatted at 2026-06-30 12:38:46 on dist-test-slave-c262"
I20260630 12:38:46.733491 17456 fs_manager.cc:696] Time spent creating directory manager: real 0.004s	user 0.005s	sys 0.000s
I20260630 12:38:46.736811 17794 log_block_manager.cc:4031] Time spent loading block containers with low live blocks: real 0.000s	user 0.000s	sys 0.000s
I20260630 12:38:46.737540 17456 fs_manager.cc:730] Time spent opening block manager: real 0.002s	user 0.003s	sys 0.000s
I20260630 12:38:46.737790 17456 fs_manager.cc:647] Opened local filesystem: /tmp/dist-test-taskq7mtco/test-tmp/auto_rebalancer-test.0.AutoRebalancerTest.OnlyLeaderDoesAutoRebalancing.1782823124533225-17456-0/minicluster-data/ts-1-root
uuid: "03641ddc0d984219b136f57c29b3efa3"
format_stamp: "Formatted at 2026-06-30 12:38:46 on dist-test-slave-c262"
I20260630 12:38:46.738032 17456 fs_report.cc:389] FS layout report
--------------------
wal directory: /tmp/dist-test-taskq7mtco/test-tmp/auto_rebalancer-test.0.AutoRebalancerTest.OnlyLeaderDoesAutoRebalancing.1782823124533225-17456-0/minicluster-data/ts-1-root
metadata directory: /tmp/dist-test-taskq7mtco/test-tmp/auto_rebalancer-test.0.AutoRebalancerTest.OnlyLeaderDoesAutoRebalancing.1782823124533225-17456-0/minicluster-data/ts-1-root
1 data directories: /tmp/dist-test-taskq7mtco/test-tmp/auto_rebalancer-test.0.AutoRebalancerTest.OnlyLeaderDoesAutoRebalancing.1782823124533225-17456-0/minicluster-data/ts-1-root/data
Total live blocks: 0
Total live bytes: 0
Total live bytes (after alignment): 0
Total number of LBM containers: 0 (0 full)
Did not check for missing blocks
Did not check for orphaned blocks
Total full LBM containers with extra space: 0 (0 repaired)
Total full LBM container extra space in bytes: 0 (0 repaired)
Total incomplete LBM containers: 0 (0 repaired)
Total LBM partial records: 0 (0 repaired)
Total corrupted LBM metadata records in RocksDB: 0 (0 repaired)
I20260630 12:38:46.785328 17456 rpc_server.cc:225] running with OpenSSL 1.1.1  11 Sep 2018
I20260630 12:38:46.786563 17456 kserver.cc:163] Server-wide thread pool size limit: 3276
I20260630 12:38:46.787936 17456 txn_system_client.cc:432] TxnSystemClient initialization is disabled...
I20260630 12:38:46.790206 17456 ts_tablet_manager.cc:585] Loaded tablet metadata (0 total tablets, 0 live tablets)
I20260630 12:38:46.790385 17456 ts_tablet_manager.cc:531] Time spent load tablet metadata: real 0.000s	user 0.000s	sys 0.000s
I20260630 12:38:46.790624 17456 ts_tablet_manager.cc:616] Registered 0 tablets
I20260630 12:38:46.790774 17456 ts_tablet_manager.cc:595] Time spent register tablets: real 0.000s	user 0.000s	sys 0.000s
I20260630 12:38:46.876374 17456 rpc_server.cc:307] RPC server started. Bound to: 127.17.12.2:33403
I20260630 12:38:46.876461 17856 acceptor_pool.cc:272] collecting diagnostics on the listening RPC socket 127.17.12.2:33403 every 8 connection(s)
I20260630 12:38:46.903528 17857 heartbeater.cc:344] Connected to a master server at 127.17.12.60:36371
I20260630 12:38:46.903962 17857 heartbeater.cc:461] Registering TS with master...
I20260630 12:38:46.904934 17857 heartbeater.cc:507] Master 127.17.12.60:36371 requested a full tablet report, sending...
I20260630 12:38:46.907335 17618 ts_manager.cc:194] Registered new tserver with Master: 03641ddc0d984219b136f57c29b3efa3 (127.17.12.2:33403)
I20260630 12:38:46.907850 17456 file_cache.cc:492] Constructed file cache file cache with capacity 419430
I20260630 12:38:46.909049 17618 master_service.cc:502] Signed X509 certificate for tserver {username='slave'} at 127.0.0.1:36544
W20260630 12:38:46.915633 17864 instance_detector.cc:116] could not retrieve AWS instance metadata: Network error: curl error: HTTP response code said error: The requested URL returned error: 404
I20260630 12:38:46.921924 17858 heartbeater.cc:344] Connected to a master server at 127.17.12.61:40383
I20260630 12:38:46.922346 17858 heartbeater.cc:461] Registering TS with master...
I20260630 12:38:46.923005 17858 heartbeater.cc:507] Master 127.17.12.61:40383 requested a full tablet report, sending...
I20260630 12:38:46.925786 17860 heartbeater.cc:344] Connected to a master server at 127.17.12.62:39539
I20260630 12:38:46.926196 17860 heartbeater.cc:461] Registering TS with master...
I20260630 12:38:46.926265 17553 ts_manager.cc:194] Registered new tserver with Master: 03641ddc0d984219b136f57c29b3efa3 (127.17.12.2:33403)
I20260630 12:38:46.926952 17860 heartbeater.cc:507] Master 127.17.12.62:39539 requested a full tablet report, sending...
W20260630 12:38:46.927865 17865 instance_detector.cc:116] could not retrieve Azure instance metadata: Network error: curl error: HTTP response code said error: The requested URL returned error: 404
I20260630 12:38:46.930636 17488 ts_manager.cc:194] Registered new tserver with Master: 03641ddc0d984219b136f57c29b3efa3 (127.17.12.2:33403)
W20260630 12:38:46.936193 17867 instance_detector.cc:116] could not retrieve OpenStack instance metadata: Network error: curl error: HTTP response code said error: The requested URL returned error: 404
I20260630 12:38:46.937427 17456 server_base.cc:1061] running on GCE node
I20260630 12:38:46.938247 17456 hybrid_clock.cc:584] initializing the hybrid clock with 'system_unsync' time source
W20260630 12:38:46.938444 17456 system_unsync_time.cc:38] NTP support is disabled. Clock error bounds will not be accurate. This configuration is not suitable for distributed clusters.
I20260630 12:38:46.938607 17456 hybrid_clock.cc:648] HybridClock initialized: now 1782823126938593 us; error 0 us; skew 500 ppm
I20260630 12:38:46.939061 17456 server_base.cc:861] Flag tcmalloc_max_total_thread_cache_bytes is not working since tcmalloc is not enabled.
I20260630 12:38:46.941680 17456 webserver.cc:533] Webserver started at http://127.17.12.3:41325/ using document root <none> and password file <none>
I20260630 12:38:46.942126 17456 fs_manager.cc:362] Metadata directory not provided
I20260630 12:38:46.942305 17456 fs_manager.cc:368] Using write-ahead log directory (fs_wal_dir) as metadata directory
I20260630 12:38:46.942543 17456 server_base.cc:909] This appears to be a new deployment of Kudu; creating new FS layout
I20260630 12:38:46.943537 17456 fs_manager.cc:1068] Generated new instance metadata in path /tmp/dist-test-taskq7mtco/test-tmp/auto_rebalancer-test.0.AutoRebalancerTest.OnlyLeaderDoesAutoRebalancing.1782823124533225-17456-0/minicluster-data/ts-2-root/instance:
uuid: "c7d5116e5bef466ab3e23c43f79cb84b"
format_stamp: "Formatted at 2026-06-30 12:38:46 on dist-test-slave-c262"
I20260630 12:38:46.947883 17456 fs_manager.cc:696] Time spent creating directory manager: real 0.004s	user 0.003s	sys 0.001s
I20260630 12:38:46.951292 17872 log_block_manager.cc:4031] Time spent loading block containers with low live blocks: real 0.000s	user 0.000s	sys 0.000s
I20260630 12:38:46.952275 17456 fs_manager.cc:730] Time spent opening block manager: real 0.003s	user 0.002s	sys 0.001s
I20260630 12:38:46.952546 17456 fs_manager.cc:647] Opened local filesystem: /tmp/dist-test-taskq7mtco/test-tmp/auto_rebalancer-test.0.AutoRebalancerTest.OnlyLeaderDoesAutoRebalancing.1782823124533225-17456-0/minicluster-data/ts-2-root
uuid: "c7d5116e5bef466ab3e23c43f79cb84b"
format_stamp: "Formatted at 2026-06-30 12:38:46 on dist-test-slave-c262"
I20260630 12:38:46.952806 17456 fs_report.cc:389] FS layout report
--------------------
wal directory: /tmp/dist-test-taskq7mtco/test-tmp/auto_rebalancer-test.0.AutoRebalancerTest.OnlyLeaderDoesAutoRebalancing.1782823124533225-17456-0/minicluster-data/ts-2-root
metadata directory: /tmp/dist-test-taskq7mtco/test-tmp/auto_rebalancer-test.0.AutoRebalancerTest.OnlyLeaderDoesAutoRebalancing.1782823124533225-17456-0/minicluster-data/ts-2-root
1 data directories: /tmp/dist-test-taskq7mtco/test-tmp/auto_rebalancer-test.0.AutoRebalancerTest.OnlyLeaderDoesAutoRebalancing.1782823124533225-17456-0/minicluster-data/ts-2-root/data
Total live blocks: 0
Total live bytes: 0
Total live bytes (after alignment): 0
Total number of LBM containers: 0 (0 full)
Did not check for missing blocks
Did not check for orphaned blocks
Total full LBM containers with extra space: 0 (0 repaired)
Total full LBM container extra space in bytes: 0 (0 repaired)
Total incomplete LBM containers: 0 (0 repaired)
Total LBM partial records: 0 (0 repaired)
Total corrupted LBM metadata records in RocksDB: 0 (0 repaired)
I20260630 12:38:46.966851 17456 rpc_server.cc:225] running with OpenSSL 1.1.1  11 Sep 2018
I20260630 12:38:46.968063 17456 kserver.cc:163] Server-wide thread pool size limit: 3276
I20260630 12:38:46.970283 17456 txn_system_client.cc:432] TxnSystemClient initialization is disabled...
I20260630 12:38:46.973446 17456 ts_tablet_manager.cc:585] Loaded tablet metadata (0 total tablets, 0 live tablets)
I20260630 12:38:46.973632 17456 ts_tablet_manager.cc:531] Time spent load tablet metadata: real 0.000s	user 0.000s	sys 0.000s
I20260630 12:38:46.973868 17456 ts_tablet_manager.cc:616] Registered 0 tablets
I20260630 12:38:46.974020 17456 ts_tablet_manager.cc:595] Time spent register tablets: real 0.000s	user 0.000s	sys 0.000s
I20260630 12:38:47.061319 17456 rpc_server.cc:307] RPC server started. Bound to: 127.17.12.3:38125
I20260630 12:38:47.061407 17934 acceptor_pool.cc:272] collecting diagnostics on the listening RPC socket 127.17.12.3:38125 every 8 connection(s)
I20260630 12:38:47.087497 17935 heartbeater.cc:344] Connected to a master server at 127.17.12.60:36371
I20260630 12:38:47.087896 17935 heartbeater.cc:461] Registering TS with master...
I20260630 12:38:47.088603 17935 heartbeater.cc:507] Master 127.17.12.60:36371 requested a full tablet report, sending...
I20260630 12:38:47.089152 17936 heartbeater.cc:344] Connected to a master server at 127.17.12.61:40383
I20260630 12:38:47.089443 17936 heartbeater.cc:461] Registering TS with master...
I20260630 12:38:47.090209 17936 heartbeater.cc:507] Master 127.17.12.61:40383 requested a full tablet report, sending...
I20260630 12:38:47.090724 17618 ts_manager.cc:194] Registered new tserver with Master: c7d5116e5bef466ab3e23c43f79cb84b (127.17.12.3:38125)
I20260630 12:38:47.092195 17618 master_service.cc:502] Signed X509 certificate for tserver {username='slave'} at 127.0.0.1:36558
I20260630 12:38:47.092728 17553 ts_manager.cc:194] Registered new tserver with Master: c7d5116e5bef466ab3e23c43f79cb84b (127.17.12.3:38125)
I20260630 12:38:47.096009 17937 heartbeater.cc:344] Connected to a master server at 127.17.12.62:39539
I20260630 12:38:47.096329 17937 heartbeater.cc:461] Registering TS with master...
I20260630 12:38:47.096889 17937 heartbeater.cc:507] Master 127.17.12.62:39539 requested a full tablet report, sending...
I20260630 12:38:47.098989 17488 ts_manager.cc:194] Registered new tserver with Master: c7d5116e5bef466ab3e23c43f79cb84b (127.17.12.3:38125)
I20260630 12:38:47.100088 17456 internal_mini_cluster.cc:371] 3 TS(s) registered with all masters after 0.025007576s
I20260630 12:38:47.380789 17691 catalog_manager.cc:1295] Loaded cluster ID: 014159e800a94c3ebc00994a546f3578
I20260630 12:38:47.381083 17691 catalog_manager.cc:1588] T 00000000000000000000000000000000 P d8901a71d5a340b3ad5f7525d1c2ea4a: loading cluster ID for follower catalog manager: success
I20260630 12:38:47.386459 17691 catalog_manager.cc:1610] T 00000000000000000000000000000000 P d8901a71d5a340b3ad5f7525d1c2ea4a: acquiring CA information for follower catalog manager: success
I20260630 12:38:47.388463 17689 catalog_manager.cc:1295] Loaded cluster ID: 014159e800a94c3ebc00994a546f3578
I20260630 12:38:47.388780 17689 catalog_manager.cc:1588] T 00000000000000000000000000000000 P 65c44d3aaeb24b1b90eab833a43fc2e9: loading cluster ID for follower catalog manager: success
I20260630 12:38:47.391045 17691 catalog_manager.cc:1638] T 00000000000000000000000000000000 P d8901a71d5a340b3ad5f7525d1c2ea4a: importing token verification keys for follower catalog manager: success; most recent TSK sequence number 0
I20260630 12:38:47.395572 17689 catalog_manager.cc:1610] T 00000000000000000000000000000000 P 65c44d3aaeb24b1b90eab833a43fc2e9: acquiring CA information for follower catalog manager: success
I20260630 12:38:47.400771 17689 catalog_manager.cc:1638] T 00000000000000000000000000000000 P 65c44d3aaeb24b1b90eab833a43fc2e9: importing token verification keys for follower catalog manager: success; most recent TSK sequence number 0
I20260630 12:38:47.707293 17779 heartbeater.cc:499] Master 127.17.12.60:36371 was elected leader, sending a full tablet report...
I20260630 12:38:47.911870 17857 heartbeater.cc:499] Master 127.17.12.60:36371 was elected leader, sending a full tablet report...
I20260630 12:38:48.094935 17935 heartbeater.cc:499] Master 127.17.12.60:36371 was elected leader, sending a full tablet report...
I20260630 12:38:48.390559 17695 auto_leader_rebalancer.cc:515] All tables' leader rebalancing finished this round
I20260630 12:38:48.488379 17618 catalog_manager.cc:2283] Servicing CreateTable request from {username='slave'} at 127.0.0.1:39380:
name: "test-workload"
schema {
  columns {
    name: "key"
    type: INT32
    is_key: true
    is_nullable: false
    encoding: AUTO_ENCODING
    compression: DEFAULT_COMPRESSION
    cfile_block_size: 0
    immutable: false
  }
  columns {
    name: "int_val"
    type: INT32
    is_key: false
    is_nullable: false
    encoding: AUTO_ENCODING
    compression: DEFAULT_COMPRESSION
    cfile_block_size: 0
    immutable: false
  }
  columns {
    name: "string_val"
    type: STRING
    is_key: false
    is_nullable: true
    encoding: AUTO_ENCODING
    compression: DEFAULT_COMPRESSION
    cfile_block_size: 0
    immutable: false
  }
}
num_replicas: 1
split_rows_range_bounds {
  rows: "\004\001\000\377\377\377\037\004\001\000\376\377\377?\004\001\000\375\377\377_""\004\001\000\377\377\377\037\004\001\000\376\377\377?\004\001\000\375\377\377_"
  indirect_data: """"
}
partition_schema {
  range_schema {
    columns {
      name: "key"
    }
  }
}
I20260630 12:38:48.564860 17744 tablet_service.cc:1511] Processing CreateTablet for tablet 18572a23b2f34e3aa2e7e8b29abb3e51 (DEFAULT_TABLE table=test-workload [id=c060ced625e44c86b634338bc76c30e1]), partition=RANGE (key) PARTITION VALUES < 536870911
I20260630 12:38:48.566635 17744 data_dirs.cc:400] Could only allocate 1 dirs of requested 3 for tablet 18572a23b2f34e3aa2e7e8b29abb3e51. 1 dirs total, 0 dirs full, 0 dirs failed
I20260630 12:38:48.566910 17743 tablet_service.cc:1511] Processing CreateTablet for tablet 0d81867ce36e4e619b63f2f4941c6abd (DEFAULT_TABLE table=test-workload [id=c060ced625e44c86b634338bc76c30e1]), partition=RANGE (key) PARTITION 1610612733 <= VALUES
I20260630 12:38:48.566259 17900 tablet_service.cc:1511] Processing CreateTablet for tablet ff43f90d380448d39439cdde2fa66d7a (DEFAULT_TABLE table=test-workload [id=c060ced625e44c86b634338bc76c30e1]), partition=RANGE (key) PARTITION 1073741822 <= VALUES < 1610612733
I20260630 12:38:48.568204 17743 data_dirs.cc:400] Could only allocate 1 dirs of requested 3 for tablet 0d81867ce36e4e619b63f2f4941c6abd. 1 dirs total, 0 dirs full, 0 dirs failed
I20260630 12:38:48.568702 17900 data_dirs.cc:400] Could only allocate 1 dirs of requested 3 for tablet ff43f90d380448d39439cdde2fa66d7a. 1 dirs total, 0 dirs full, 0 dirs failed
I20260630 12:38:48.572680 17822 tablet_service.cc:1511] Processing CreateTablet for tablet 164f621be266408389bc0fc58202b677 (DEFAULT_TABLE table=test-workload [id=c060ced625e44c86b634338bc76c30e1]), partition=RANGE (key) PARTITION 536870911 <= VALUES < 1073741822
I20260630 12:38:48.573657 17822 data_dirs.cc:400] Could only allocate 1 dirs of requested 3 for tablet 164f621be266408389bc0fc58202b677. 1 dirs total, 0 dirs full, 0 dirs failed
I20260630 12:38:48.593288 17972 tablet_bootstrap.cc:492] T 18572a23b2f34e3aa2e7e8b29abb3e51 P 69ec5eec481c463393a04f81531007aa: Bootstrap starting.
I20260630 12:38:48.593222 17971 tablet_bootstrap.cc:492] T 164f621be266408389bc0fc58202b677 P 03641ddc0d984219b136f57c29b3efa3: Bootstrap starting.
I20260630 12:38:48.593993 17970 tablet_bootstrap.cc:492] T ff43f90d380448d39439cdde2fa66d7a P c7d5116e5bef466ab3e23c43f79cb84b: Bootstrap starting.
I20260630 12:38:48.601537 17970 tablet_bootstrap.cc:654] T ff43f90d380448d39439cdde2fa66d7a P c7d5116e5bef466ab3e23c43f79cb84b: Neither blocks nor log segments found. Creating new log.
I20260630 12:38:48.602116 17972 tablet_bootstrap.cc:654] T 18572a23b2f34e3aa2e7e8b29abb3e51 P 69ec5eec481c463393a04f81531007aa: Neither blocks nor log segments found. Creating new log.
I20260630 12:38:48.602136 17971 tablet_bootstrap.cc:654] T 164f621be266408389bc0fc58202b677 P 03641ddc0d984219b136f57c29b3efa3: Neither blocks nor log segments found. Creating new log.
I20260630 12:38:48.607513 17970 tablet_bootstrap.cc:492] T ff43f90d380448d39439cdde2fa66d7a P c7d5116e5bef466ab3e23c43f79cb84b: No bootstrap required, opened a new log
I20260630 12:38:48.608006 17970 ts_tablet_manager.cc:1403] T ff43f90d380448d39439cdde2fa66d7a P c7d5116e5bef466ab3e23c43f79cb84b: Time spent bootstrapping tablet: real 0.014s	user 0.009s	sys 0.004s
I20260630 12:38:48.609318 17971 tablet_bootstrap.cc:492] T 164f621be266408389bc0fc58202b677 P 03641ddc0d984219b136f57c29b3efa3: No bootstrap required, opened a new log
I20260630 12:38:48.609790 17971 ts_tablet_manager.cc:1403] T 164f621be266408389bc0fc58202b677 P 03641ddc0d984219b136f57c29b3efa3: Time spent bootstrapping tablet: real 0.018s	user 0.002s	sys 0.012s
I20260630 12:38:48.609992 17970 raft_consensus.cc:359] T ff43f90d380448d39439cdde2fa66d7a P c7d5116e5bef466ab3e23c43f79cb84b [term 0 FOLLOWER]: Replica starting. Triggering 0 pending ops. Active config: opid_index: -1 OBSOLETE_local: true peers { permanent_uuid: "c7d5116e5bef466ab3e23c43f79cb84b" member_type: VOTER last_known_addr { host: "127.17.12.3" port: 38125 } }
I20260630 12:38:48.610420 17970 raft_consensus.cc:385] T ff43f90d380448d39439cdde2fa66d7a P c7d5116e5bef466ab3e23c43f79cb84b [term 0 FOLLOWER]: Consensus starting up: Expiring failure detector timer to make a prompt election more likely
I20260630 12:38:48.610605 17970 raft_consensus.cc:740] T ff43f90d380448d39439cdde2fa66d7a P c7d5116e5bef466ab3e23c43f79cb84b [term 0 FOLLOWER]: Becoming Follower/Learner. State: Replica: c7d5116e5bef466ab3e23c43f79cb84b, State: Initialized, Role: FOLLOWER
I20260630 12:38:48.611176 17970 consensus_queue.cc:260] T ff43f90d380448d39439cdde2fa66d7a P c7d5116e5bef466ab3e23c43f79cb84b [NON_LEADER]: Queue going to NON_LEADER mode. State: All replicated index: 0, Majority replicated index: 0, Committed index: 0, Last appended: 0.0, Last appended by leader: 0, Current term: 0, Majority size: -1, State: 0, Mode: NON_LEADER, active raft config: opid_index: -1 OBSOLETE_local: true peers { permanent_uuid: "c7d5116e5bef466ab3e23c43f79cb84b" member_type: VOTER last_known_addr { host: "127.17.12.3" port: 38125 } }
I20260630 12:38:48.611845 17970 raft_consensus.cc:399] T ff43f90d380448d39439cdde2fa66d7a P c7d5116e5bef466ab3e23c43f79cb84b [term 0 FOLLOWER]: Only one voter in the Raft config. Triggering election immediately
I20260630 12:38:48.612174 17970 raft_consensus.cc:493] T ff43f90d380448d39439cdde2fa66d7a P c7d5116e5bef466ab3e23c43f79cb84b [term 0 FOLLOWER]: Starting leader election (initial election of a single-replica configuration)
I20260630 12:38:48.612591 17970 raft_consensus.cc:3060] T ff43f90d380448d39439cdde2fa66d7a P c7d5116e5bef466ab3e23c43f79cb84b [term 0 FOLLOWER]: Advancing to term 1
I20260630 12:38:48.613783 17972 tablet_bootstrap.cc:492] T 18572a23b2f34e3aa2e7e8b29abb3e51 P 69ec5eec481c463393a04f81531007aa: No bootstrap required, opened a new log
I20260630 12:38:48.613724 17971 raft_consensus.cc:359] T 164f621be266408389bc0fc58202b677 P 03641ddc0d984219b136f57c29b3efa3 [term 0 FOLLOWER]: Replica starting. Triggering 0 pending ops. Active config: opid_index: -1 OBSOLETE_local: true peers { permanent_uuid: "03641ddc0d984219b136f57c29b3efa3" member_type: VOTER last_known_addr { host: "127.17.12.2" port: 33403 } }
I20260630 12:38:48.614274 17972 ts_tablet_manager.cc:1403] T 18572a23b2f34e3aa2e7e8b29abb3e51 P 69ec5eec481c463393a04f81531007aa: Time spent bootstrapping tablet: real 0.022s	user 0.003s	sys 0.014s
I20260630 12:38:48.614423 17971 raft_consensus.cc:385] T 164f621be266408389bc0fc58202b677 P 03641ddc0d984219b136f57c29b3efa3 [term 0 FOLLOWER]: Consensus starting up: Expiring failure detector timer to make a prompt election more likely
I20260630 12:38:48.614799 17971 raft_consensus.cc:740] T 164f621be266408389bc0fc58202b677 P 03641ddc0d984219b136f57c29b3efa3 [term 0 FOLLOWER]: Becoming Follower/Learner. State: Replica: 03641ddc0d984219b136f57c29b3efa3, State: Initialized, Role: FOLLOWER
I20260630 12:38:48.615482 17971 consensus_queue.cc:260] T 164f621be266408389bc0fc58202b677 P 03641ddc0d984219b136f57c29b3efa3 [NON_LEADER]: Queue going to NON_LEADER mode. State: All replicated index: 0, Majority replicated index: 0, Committed index: 0, Last appended: 0.0, Last appended by leader: 0, Current term: 0, Majority size: -1, State: 0, Mode: NON_LEADER, active raft config: opid_index: -1 OBSOLETE_local: true peers { permanent_uuid: "03641ddc0d984219b136f57c29b3efa3" member_type: VOTER last_known_addr { host: "127.17.12.2" port: 33403 } }
I20260630 12:38:48.616109 17971 raft_consensus.cc:399] T 164f621be266408389bc0fc58202b677 P 03641ddc0d984219b136f57c29b3efa3 [term 0 FOLLOWER]: Only one voter in the Raft config. Triggering election immediately
I20260630 12:38:48.616429 17971 raft_consensus.cc:493] T 164f621be266408389bc0fc58202b677 P 03641ddc0d984219b136f57c29b3efa3 [term 0 FOLLOWER]: Starting leader election (initial election of a single-replica configuration)
I20260630 12:38:48.616593 17972 raft_consensus.cc:359] T 18572a23b2f34e3aa2e7e8b29abb3e51 P 69ec5eec481c463393a04f81531007aa [term 0 FOLLOWER]: Replica starting. Triggering 0 pending ops. Active config: opid_index: -1 OBSOLETE_local: true peers { permanent_uuid: "69ec5eec481c463393a04f81531007aa" member_type: VOTER last_known_addr { host: "127.17.12.1" port: 33955 } }
I20260630 12:38:48.616770 17971 raft_consensus.cc:3060] T 164f621be266408389bc0fc58202b677 P 03641ddc0d984219b136f57c29b3efa3 [term 0 FOLLOWER]: Advancing to term 1
I20260630 12:38:48.617106 17972 raft_consensus.cc:385] T 18572a23b2f34e3aa2e7e8b29abb3e51 P 69ec5eec481c463393a04f81531007aa [term 0 FOLLOWER]: Consensus starting up: Expiring failure detector timer to make a prompt election more likely
I20260630 12:38:48.617388 17972 raft_consensus.cc:740] T 18572a23b2f34e3aa2e7e8b29abb3e51 P 69ec5eec481c463393a04f81531007aa [term 0 FOLLOWER]: Becoming Follower/Learner. State: Replica: 69ec5eec481c463393a04f81531007aa, State: Initialized, Role: FOLLOWER
I20260630 12:38:48.618006 17972 consensus_queue.cc:260] T 18572a23b2f34e3aa2e7e8b29abb3e51 P 69ec5eec481c463393a04f81531007aa [NON_LEADER]: Queue going to NON_LEADER mode. State: All replicated index: 0, Majority replicated index: 0, Committed index: 0, Last appended: 0.0, Last appended by leader: 0, Current term: 0, Majority size: -1, State: 0, Mode: NON_LEADER, active raft config: opid_index: -1 OBSOLETE_local: true peers { permanent_uuid: "69ec5eec481c463393a04f81531007aa" member_type: VOTER last_known_addr { host: "127.17.12.1" port: 33955 } }
I20260630 12:38:48.618505 17972 raft_consensus.cc:399] T 18572a23b2f34e3aa2e7e8b29abb3e51 P 69ec5eec481c463393a04f81531007aa [term 0 FOLLOWER]: Only one voter in the Raft config. Triggering election immediately
I20260630 12:38:48.618739 17972 raft_consensus.cc:493] T 18572a23b2f34e3aa2e7e8b29abb3e51 P 69ec5eec481c463393a04f81531007aa [term 0 FOLLOWER]: Starting leader election (initial election of a single-replica configuration)
I20260630 12:38:48.618988 17972 raft_consensus.cc:3060] T 18572a23b2f34e3aa2e7e8b29abb3e51 P 69ec5eec481c463393a04f81531007aa [term 0 FOLLOWER]: Advancing to term 1
I20260630 12:38:48.619184 17970 raft_consensus.cc:515] T ff43f90d380448d39439cdde2fa66d7a P c7d5116e5bef466ab3e23c43f79cb84b [term 1 FOLLOWER]: Starting leader election with config: opid_index: -1 OBSOLETE_local: true peers { permanent_uuid: "c7d5116e5bef466ab3e23c43f79cb84b" member_type: VOTER last_known_addr { host: "127.17.12.3" port: 38125 } }
I20260630 12:38:48.619908 17970 leader_election.cc:304] T ff43f90d380448d39439cdde2fa66d7a P c7d5116e5bef466ab3e23c43f79cb84b [CANDIDATE]: Term 1 election: Election decided. Result: candidate won. Election summary: received 1 responses out of 1 voters: 1 yes votes; 0 no votes. yes voters: c7d5116e5bef466ab3e23c43f79cb84b; no voters: 
I20260630 12:38:48.622058 17970 leader_election.cc:290] T ff43f90d380448d39439cdde2fa66d7a P c7d5116e5bef466ab3e23c43f79cb84b [CANDIDATE]: Term 1 election: Requested vote from peers 
I20260630 12:38:48.622499 17976 raft_consensus.cc:2804] T ff43f90d380448d39439cdde2fa66d7a P c7d5116e5bef466ab3e23c43f79cb84b [term 1 FOLLOWER]: Leader election won for term 1
I20260630 12:38:48.623728 17971 raft_consensus.cc:515] T 164f621be266408389bc0fc58202b677 P 03641ddc0d984219b136f57c29b3efa3 [term 1 FOLLOWER]: Starting leader election with config: opid_index: -1 OBSOLETE_local: true peers { permanent_uuid: "03641ddc0d984219b136f57c29b3efa3" member_type: VOTER last_known_addr { host: "127.17.12.2" port: 33403 } }
I20260630 12:38:48.624608 17971 leader_election.cc:304] T 164f621be266408389bc0fc58202b677 P 03641ddc0d984219b136f57c29b3efa3 [CANDIDATE]: Term 1 election: Election decided. Result: candidate won. Election summary: received 1 responses out of 1 voters: 1 yes votes; 0 no votes. yes voters: 03641ddc0d984219b136f57c29b3efa3; no voters: 
I20260630 12:38:48.624681 17972 raft_consensus.cc:515] T 18572a23b2f34e3aa2e7e8b29abb3e51 P 69ec5eec481c463393a04f81531007aa [term 1 FOLLOWER]: Starting leader election with config: opid_index: -1 OBSOLETE_local: true peers { permanent_uuid: "69ec5eec481c463393a04f81531007aa" member_type: VOTER last_known_addr { host: "127.17.12.1" port: 33955 } }
I20260630 12:38:48.625491 17972 leader_election.cc:304] T 18572a23b2f34e3aa2e7e8b29abb3e51 P 69ec5eec481c463393a04f81531007aa [CANDIDATE]: Term 1 election: Election decided. Result: candidate won. Election summary: received 1 responses out of 1 voters: 1 yes votes; 0 no votes. yes voters: 69ec5eec481c463393a04f81531007aa; no voters: 
I20260630 12:38:48.630647 17972 leader_election.cc:290] T 18572a23b2f34e3aa2e7e8b29abb3e51 P 69ec5eec481c463393a04f81531007aa [CANDIDATE]: Term 1 election: Requested vote from peers 
I20260630 12:38:48.630585 17976 raft_consensus.cc:697] T ff43f90d380448d39439cdde2fa66d7a P c7d5116e5bef466ab3e23c43f79cb84b [term 1 LEADER]: Becoming Leader. State: Replica: c7d5116e5bef466ab3e23c43f79cb84b, State: Running, Role: LEADER
I20260630 12:38:48.631635 17976 consensus_queue.cc:237] T ff43f90d380448d39439cdde2fa66d7a P c7d5116e5bef466ab3e23c43f79cb84b [LEADER]: Queue going to LEADER mode. State: All replicated index: 0, Majority replicated index: 0, Committed index: 0, Last appended: 0.0, Last appended by leader: 0, Current term: 1, Majority size: 1, State: 0, Mode: LEADER, active raft config: opid_index: -1 OBSOLETE_local: true peers { permanent_uuid: "c7d5116e5bef466ab3e23c43f79cb84b" member_type: VOTER last_known_addr { host: "127.17.12.3" port: 38125 } }
I20260630 12:38:48.632675 17971 leader_election.cc:290] T 164f621be266408389bc0fc58202b677 P 03641ddc0d984219b136f57c29b3efa3 [CANDIDATE]: Term 1 election: Requested vote from peers 
I20260630 12:38:48.633162 17970 ts_tablet_manager.cc:1434] T ff43f90d380448d39439cdde2fa66d7a P c7d5116e5bef466ab3e23c43f79cb84b: Time spent starting tablet: real 0.025s	user 0.010s	sys 0.015s
I20260630 12:38:48.635910 17980 raft_consensus.cc:2804] T 18572a23b2f34e3aa2e7e8b29abb3e51 P 69ec5eec481c463393a04f81531007aa [term 1 FOLLOWER]: Leader election won for term 1
I20260630 12:38:48.645149 17971 ts_tablet_manager.cc:1434] T 164f621be266408389bc0fc58202b677 P 03641ddc0d984219b136f57c29b3efa3: Time spent starting tablet: real 0.035s	user 0.013s	sys 0.013s
I20260630 12:38:48.648062 17980 raft_consensus.cc:697] T 18572a23b2f34e3aa2e7e8b29abb3e51 P 69ec5eec481c463393a04f81531007aa [term 1 LEADER]: Becoming Leader. State: Replica: 69ec5eec481c463393a04f81531007aa, State: Running, Role: LEADER
I20260630 12:38:48.649924 17980 consensus_queue.cc:237] T 18572a23b2f34e3aa2e7e8b29abb3e51 P 69ec5eec481c463393a04f81531007aa [LEADER]: Queue going to LEADER mode. State: All replicated index: 0, Majority replicated index: 0, Committed index: 0, Last appended: 0.0, Last appended by leader: 0, Current term: 1, Majority size: 1, State: 0, Mode: LEADER, active raft config: opid_index: -1 OBSOLETE_local: true peers { permanent_uuid: "69ec5eec481c463393a04f81531007aa" member_type: VOTER last_known_addr { host: "127.17.12.1" port: 33955 } }
I20260630 12:38:48.656244 17618 catalog_manager.cc:5697] T ff43f90d380448d39439cdde2fa66d7a P c7d5116e5bef466ab3e23c43f79cb84b reported cstate change: term changed from 0 to 1, leader changed from <none> to c7d5116e5bef466ab3e23c43f79cb84b (127.17.12.3). New cstate: current_term: 1 leader_uuid: "c7d5116e5bef466ab3e23c43f79cb84b" committed_config { opid_index: -1 OBSOLETE_local: true peers { permanent_uuid: "c7d5116e5bef466ab3e23c43f79cb84b" member_type: VOTER last_known_addr { host: "127.17.12.3" port: 38125 } health_report { overall_health: HEALTHY } } }
I20260630 12:38:48.662909 17617 catalog_manager.cc:5697] T 18572a23b2f34e3aa2e7e8b29abb3e51 P 69ec5eec481c463393a04f81531007aa reported cstate change: term changed from 0 to 1, leader changed from <none> to 69ec5eec481c463393a04f81531007aa (127.17.12.1). New cstate: current_term: 1 leader_uuid: "69ec5eec481c463393a04f81531007aa" committed_config { opid_index: -1 OBSOLETE_local: true peers { permanent_uuid: "69ec5eec481c463393a04f81531007aa" member_type: VOTER last_known_addr { host: "127.17.12.1" port: 33955 } health_report { overall_health: HEALTHY } } }
I20260630 12:38:48.635483 17979 raft_consensus.cc:2804] T 164f621be266408389bc0fc58202b677 P 03641ddc0d984219b136f57c29b3efa3 [term 1 FOLLOWER]: Leader election won for term 1
I20260630 12:38:48.687963 17979 raft_consensus.cc:697] T 164f621be266408389bc0fc58202b677 P 03641ddc0d984219b136f57c29b3efa3 [term 1 LEADER]: Becoming Leader. State: Replica: 03641ddc0d984219b136f57c29b3efa3, State: Running, Role: LEADER
I20260630 12:38:48.689759 17979 consensus_queue.cc:237] T 164f621be266408389bc0fc58202b677 P 03641ddc0d984219b136f57c29b3efa3 [LEADER]: Queue going to LEADER mode. State: All replicated index: 0, Majority replicated index: 0, Committed index: 0, Last appended: 0.0, Last appended by leader: 0, Current term: 1, Majority size: 1, State: 0, Mode: LEADER, active raft config: opid_index: -1 OBSOLETE_local: true peers { permanent_uuid: "03641ddc0d984219b136f57c29b3efa3" member_type: VOTER last_known_addr { host: "127.17.12.2" port: 33403 } }
I20260630 12:38:48.693507 17972 ts_tablet_manager.cc:1434] T 18572a23b2f34e3aa2e7e8b29abb3e51 P 69ec5eec481c463393a04f81531007aa: Time spent starting tablet: real 0.079s	user 0.039s	sys 0.020s
I20260630 12:38:48.694567 17972 tablet_bootstrap.cc:492] T 0d81867ce36e4e619b63f2f4941c6abd P 69ec5eec481c463393a04f81531007aa: Bootstrap starting.
I20260630 12:38:48.706691 17972 tablet_bootstrap.cc:654] T 0d81867ce36e4e619b63f2f4941c6abd P 69ec5eec481c463393a04f81531007aa: Neither blocks nor log segments found. Creating new log.
I20260630 12:38:48.725980 17972 tablet_bootstrap.cc:492] T 0d81867ce36e4e619b63f2f4941c6abd P 69ec5eec481c463393a04f81531007aa: No bootstrap required, opened a new log
I20260630 12:38:48.726478 17972 ts_tablet_manager.cc:1403] T 0d81867ce36e4e619b63f2f4941c6abd P 69ec5eec481c463393a04f81531007aa: Time spent bootstrapping tablet: real 0.032s	user 0.012s	sys 0.002s
I20260630 12:38:48.729206 17972 raft_consensus.cc:359] T 0d81867ce36e4e619b63f2f4941c6abd P 69ec5eec481c463393a04f81531007aa [term 0 FOLLOWER]: Replica starting. Triggering 0 pending ops. Active config: opid_index: -1 OBSOLETE_local: true peers { permanent_uuid: "69ec5eec481c463393a04f81531007aa" member_type: VOTER last_known_addr { host: "127.17.12.1" port: 33955 } }
I20260630 12:38:48.729755 17972 raft_consensus.cc:385] T 0d81867ce36e4e619b63f2f4941c6abd P 69ec5eec481c463393a04f81531007aa [term 0 FOLLOWER]: Consensus starting up: Expiring failure detector timer to make a prompt election more likely
I20260630 12:38:48.730036 17972 raft_consensus.cc:740] T 0d81867ce36e4e619b63f2f4941c6abd P 69ec5eec481c463393a04f81531007aa [term 0 FOLLOWER]: Becoming Follower/Learner. State: Replica: 69ec5eec481c463393a04f81531007aa, State: Initialized, Role: FOLLOWER
I20260630 12:38:48.730860 17972 consensus_queue.cc:260] T 0d81867ce36e4e619b63f2f4941c6abd P 69ec5eec481c463393a04f81531007aa [NON_LEADER]: Queue going to NON_LEADER mode. State: All replicated index: 0, Majority replicated index: 0, Committed index: 0, Last appended: 0.0, Last appended by leader: 0, Current term: 0, Majority size: -1, State: 0, Mode: NON_LEADER, active raft config: opid_index: -1 OBSOLETE_local: true peers { permanent_uuid: "69ec5eec481c463393a04f81531007aa" member_type: VOTER last_known_addr { host: "127.17.12.1" port: 33955 } }
I20260630 12:38:48.731508 17972 raft_consensus.cc:399] T 0d81867ce36e4e619b63f2f4941c6abd P 69ec5eec481c463393a04f81531007aa [term 0 FOLLOWER]: Only one voter in the Raft config. Triggering election immediately
I20260630 12:38:48.731806 17972 raft_consensus.cc:493] T 0d81867ce36e4e619b63f2f4941c6abd P 69ec5eec481c463393a04f81531007aa [term 0 FOLLOWER]: Starting leader election (initial election of a single-replica configuration)
I20260630 12:38:48.732144 17972 raft_consensus.cc:3060] T 0d81867ce36e4e619b63f2f4941c6abd P 69ec5eec481c463393a04f81531007aa [term 0 FOLLOWER]: Advancing to term 1
I20260630 12:38:48.735921 17617 catalog_manager.cc:5697] T 164f621be266408389bc0fc58202b677 P 03641ddc0d984219b136f57c29b3efa3 reported cstate change: term changed from 0 to 1, leader changed from <none> to 03641ddc0d984219b136f57c29b3efa3 (127.17.12.2). New cstate: current_term: 1 leader_uuid: "03641ddc0d984219b136f57c29b3efa3" committed_config { opid_index: -1 OBSOLETE_local: true peers { permanent_uuid: "03641ddc0d984219b136f57c29b3efa3" member_type: VOTER last_known_addr { host: "127.17.12.2" port: 33403 } health_report { overall_health: HEALTHY } } }
I20260630 12:38:48.738571 17972 raft_consensus.cc:515] T 0d81867ce36e4e619b63f2f4941c6abd P 69ec5eec481c463393a04f81531007aa [term 1 FOLLOWER]: Starting leader election with config: opid_index: -1 OBSOLETE_local: true peers { permanent_uuid: "69ec5eec481c463393a04f81531007aa" member_type: VOTER last_known_addr { host: "127.17.12.1" port: 33955 } }
I20260630 12:38:48.739187 17972 leader_election.cc:304] T 0d81867ce36e4e619b63f2f4941c6abd P 69ec5eec481c463393a04f81531007aa [CANDIDATE]: Term 1 election: Election decided. Result: candidate won. Election summary: received 1 responses out of 1 voters: 1 yes votes; 0 no votes. yes voters: 69ec5eec481c463393a04f81531007aa; no voters: 
I20260630 12:38:48.739694 17972 leader_election.cc:290] T 0d81867ce36e4e619b63f2f4941c6abd P 69ec5eec481c463393a04f81531007aa [CANDIDATE]: Term 1 election: Requested vote from peers 
I20260630 12:38:48.739981 17984 raft_consensus.cc:2804] T 0d81867ce36e4e619b63f2f4941c6abd P 69ec5eec481c463393a04f81531007aa [term 1 FOLLOWER]: Leader election won for term 1
I20260630 12:38:48.740469 17984 raft_consensus.cc:697] T 0d81867ce36e4e619b63f2f4941c6abd P 69ec5eec481c463393a04f81531007aa [term 1 LEADER]: Becoming Leader. State: Replica: 69ec5eec481c463393a04f81531007aa, State: Running, Role: LEADER
I20260630 12:38:48.741014 17972 ts_tablet_manager.cc:1434] T 0d81867ce36e4e619b63f2f4941c6abd P 69ec5eec481c463393a04f81531007aa: Time spent starting tablet: real 0.014s	user 0.011s	sys 0.003s
I20260630 12:38:48.741178 17984 consensus_queue.cc:237] T 0d81867ce36e4e619b63f2f4941c6abd P 69ec5eec481c463393a04f81531007aa [LEADER]: Queue going to LEADER mode. State: All replicated index: 0, Majority replicated index: 0, Committed index: 0, Last appended: 0.0, Last appended by leader: 0, Current term: 1, Majority size: 1, State: 0, Mode: LEADER, active raft config: opid_index: -1 OBSOLETE_local: true peers { permanent_uuid: "69ec5eec481c463393a04f81531007aa" member_type: VOTER last_known_addr { host: "127.17.12.1" port: 33955 } }
I20260630 12:38:48.750972 17618 catalog_manager.cc:5697] T 0d81867ce36e4e619b63f2f4941c6abd P 69ec5eec481c463393a04f81531007aa reported cstate change: term changed from 0 to 1, leader changed from <none> to 69ec5eec481c463393a04f81531007aa (127.17.12.1). New cstate: current_term: 1 leader_uuid: "69ec5eec481c463393a04f81531007aa" committed_config { opid_index: -1 OBSOLETE_local: true peers { permanent_uuid: "69ec5eec481c463393a04f81531007aa" member_type: VOTER last_known_addr { host: "127.17.12.1" port: 33955 } health_report { overall_health: HEALTHY } } }
I20260630 12:38:50.391582 17695 auto_leader_rebalancer.cc:141] leader rebalance for table test-workload
I20260630 12:38:50.393937 17695 auto_leader_rebalancer.cc:515] All tables' leader rebalancing finished this round
I20260630 12:38:50.820878 17456 tablet_server.cc:179] TabletServer@127.17.12.1:0 shutting down...
I20260630 12:38:50.837261 17456 ts_tablet_manager.cc:1507] Shutting down tablet manager...
I20260630 12:38:50.837972 17456 tablet_replica.cc:333] T 0d81867ce36e4e619b63f2f4941c6abd P 69ec5eec481c463393a04f81531007aa: stopping tablet replica
I20260630 12:38:50.838560 17456 raft_consensus.cc:2243] T 0d81867ce36e4e619b63f2f4941c6abd P 69ec5eec481c463393a04f81531007aa [term 1 LEADER]: Raft consensus shutting down.
I20260630 12:38:50.839037 17456 raft_consensus.cc:2272] T 0d81867ce36e4e619b63f2f4941c6abd P 69ec5eec481c463393a04f81531007aa [term 1 FOLLOWER]: Raft consensus is shut down!
I20260630 12:38:50.841251 17456 tablet_replica.cc:333] T 18572a23b2f34e3aa2e7e8b29abb3e51 P 69ec5eec481c463393a04f81531007aa: stopping tablet replica
I20260630 12:38:50.841677 17456 raft_consensus.cc:2243] T 18572a23b2f34e3aa2e7e8b29abb3e51 P 69ec5eec481c463393a04f81531007aa [term 1 LEADER]: Raft consensus shutting down.
I20260630 12:38:50.842062 17456 raft_consensus.cc:2272] T 18572a23b2f34e3aa2e7e8b29abb3e51 P 69ec5eec481c463393a04f81531007aa [term 1 FOLLOWER]: Raft consensus is shut down!
I20260630 12:38:50.921993 17456 tablet_server.cc:196] TabletServer@127.17.12.1:0 shutdown complete.
I20260630 12:38:50.931118 17456 tablet_server.cc:179] TabletServer@127.17.12.2:0 shutting down...
I20260630 12:38:50.946060 17456 ts_tablet_manager.cc:1507] Shutting down tablet manager...
I20260630 12:38:50.946620 17456 tablet_replica.cc:333] T 164f621be266408389bc0fc58202b677 P 03641ddc0d984219b136f57c29b3efa3: stopping tablet replica
I20260630 12:38:50.947043 17456 raft_consensus.cc:2243] T 164f621be266408389bc0fc58202b677 P 03641ddc0d984219b136f57c29b3efa3 [term 1 LEADER]: Raft consensus shutting down.
I20260630 12:38:50.947402 17456 raft_consensus.cc:2272] T 164f621be266408389bc0fc58202b677 P 03641ddc0d984219b136f57c29b3efa3 [term 1 FOLLOWER]: Raft consensus is shut down!
I20260630 12:38:50.964602 17456 tablet_server.cc:196] TabletServer@127.17.12.2:0 shutdown complete.
I20260630 12:38:50.971967 17456 tablet_server.cc:179] TabletServer@127.17.12.3:0 shutting down...
I20260630 12:38:50.986096 17456 ts_tablet_manager.cc:1507] Shutting down tablet manager...
I20260630 12:38:50.986634 17456 tablet_replica.cc:333] T ff43f90d380448d39439cdde2fa66d7a P c7d5116e5bef466ab3e23c43f79cb84b: stopping tablet replica
I20260630 12:38:50.987053 17456 raft_consensus.cc:2243] T ff43f90d380448d39439cdde2fa66d7a P c7d5116e5bef466ab3e23c43f79cb84b [term 1 LEADER]: Raft consensus shutting down.
I20260630 12:38:50.987416 17456 raft_consensus.cc:2272] T ff43f90d380448d39439cdde2fa66d7a P c7d5116e5bef466ab3e23c43f79cb84b [term 1 FOLLOWER]: Raft consensus is shut down!
I20260630 12:38:51.004287 17456 tablet_server.cc:196] TabletServer@127.17.12.3:0 shutdown complete.
I20260630 12:38:51.011390 17456 master.cc:562] Master@127.17.12.62:39539 shutting down...
I20260630 12:38:51.111512 17456 raft_consensus.cc:2243] T 00000000000000000000000000000000 P 65c44d3aaeb24b1b90eab833a43fc2e9 [term 1 FOLLOWER]: Raft consensus shutting down.
I20260630 12:38:51.111999 17456 raft_consensus.cc:2272] T 00000000000000000000000000000000 P 65c44d3aaeb24b1b90eab833a43fc2e9 [term 1 FOLLOWER]: Raft consensus is shut down!
I20260630 12:38:51.112265 17456 tablet_replica.cc:333] T 00000000000000000000000000000000 P 65c44d3aaeb24b1b90eab833a43fc2e9: stopping tablet replica
I20260630 12:38:51.129563 17456 master.cc:584] Master@127.17.12.62:39539 shutdown complete.
I20260630 12:38:51.139149 17456 master.cc:562] Master@127.17.12.61:40383 shutting down...
I20260630 12:38:51.151790 17456 raft_consensus.cc:2243] T 00000000000000000000000000000000 P d8901a71d5a340b3ad5f7525d1c2ea4a [term 1 FOLLOWER]: Raft consensus shutting down.
I20260630 12:38:51.152251 17456 raft_consensus.cc:2272] T 00000000000000000000000000000000 P d8901a71d5a340b3ad5f7525d1c2ea4a [term 1 FOLLOWER]: Raft consensus is shut down!
I20260630 12:38:51.152490 17456 tablet_replica.cc:333] T 00000000000000000000000000000000 P d8901a71d5a340b3ad5f7525d1c2ea4a: stopping tablet replica
I20260630 12:38:51.191354 17456 master.cc:584] Master@127.17.12.61:40383 shutdown complete.
I20260630 12:38:51.200246 17456 master.cc:562] Master@127.17.12.60:36371 shutting down...
I20260630 12:38:51.211330 17456 raft_consensus.cc:2243] T 00000000000000000000000000000000 P 75069329d6e9423bacf8d3762a10f45f [term 1 LEADER]: Raft consensus shutting down.
I20260630 12:38:51.212204 17456 raft_consensus.cc:2272] T 00000000000000000000000000000000 P 75069329d6e9423bacf8d3762a10f45f [term 1 FOLLOWER]: Raft consensus is shut down!
I20260630 12:38:51.212523 17456 tablet_replica.cc:333] T 00000000000000000000000000000000 P 75069329d6e9423bacf8d3762a10f45f: stopping tablet replica
I20260630 12:38:51.229540 17456 master.cc:584] Master@127.17.12.60:36371 shutdown complete.
[       OK ] AutoRebalancerTest.OnlyLeaderDoesAutoRebalancing (6560 ms)
[ RUN      ] AutoRebalancerTest.AutoRebalancingTurnOffAndOn
I20260630 12:38:51.254060 17456 internal_mini_cluster.cc:156] Creating distributed mini masters. Addrs: 127.17.12.62:42227
I20260630 12:38:51.255084 17456 file_cache.cc:492] Constructed file cache file cache with capacity 419430
W20260630 12:38:51.259683 17994 instance_detector.cc:116] could not retrieve Azure instance metadata: Network error: curl error: HTTP response code said error: The requested URL returned error: 404
W20260630 12:38:51.259945 17993 instance_detector.cc:116] could not retrieve AWS instance metadata: Network error: curl error: HTTP response code said error: The requested URL returned error: 404
