I20260630 12:12:20.064538 13559 raft_consensus.cc:359] T 56f0aeb4a1c5430aab971d88de8de092 P 3ff72fcdb674453e9d293e5a146e544c [term 0 FOLLOWER]: Replica starting. Triggering 0 pending ops. Active config: opid_index: -1 OBSOLETE_local: false peers { permanent_uuid: "441ed5a2029e4aeb830bc6f576211ff9" member_type: VOTER last_known_addr { host: "127.9.240.130" port: 42419 } } peers { permanent_uuid: "c372db5ae8bc4b0994094f40f929445e" member_type: VOTER last_known_addr { host: "127.9.240.131" port: 37239 } } peers { permanent_uuid: "3ff72fcdb674453e9d293e5a146e544c" member_type: VOTER last_known_addr { host: "127.9.240.132" port: 34927 } }
I20260630 12:12:20.065217 13559 raft_consensus.cc:385] T 56f0aeb4a1c5430aab971d88de8de092 P 3ff72fcdb674453e9d293e5a146e544c [term 0 FOLLOWER]: Consensus starting up: Expiring failure detector timer to make a prompt election more likely
I20260630 12:12:20.065491 13559 raft_consensus.cc:740] T 56f0aeb4a1c5430aab971d88de8de092 P 3ff72fcdb674453e9d293e5a146e544c [term 0 FOLLOWER]: Becoming Follower/Learner. State: Replica: 3ff72fcdb674453e9d293e5a146e544c, State: Initialized, Role: FOLLOWER
I20260630 12:12:20.065584 13517 raft_consensus.cc:2468] T 822a085d238b4e0eb4d2795bbd20a7e5 P 3ff72fcdb674453e9d293e5a146e544c [term 1 FOLLOWER]: Leader election vote request: Granting yes vote for candidate c372db5ae8bc4b0994094f40f929445e in term 1.
I20260630 12:12:20.066228 13559 consensus_queue.cc:260] T 56f0aeb4a1c5430aab971d88de8de092 P 3ff72fcdb674453e9d293e5a146e544c [NON_LEADER]: Queue going to NON_LEADER mode. State: All replicated index: 0, Majority replicated index: 0, Committed index: 0, Last appended: 0.0, Last appended by leader: 0, Current term: 0, Majority size: -1, State: 0, Mode: NON_LEADER, active raft config: opid_index: -1 OBSOLETE_local: false peers { permanent_uuid: "441ed5a2029e4aeb830bc6f576211ff9" member_type: VOTER last_known_addr { host: "127.9.240.130" port: 42419 } } peers { permanent_uuid: "c372db5ae8bc4b0994094f40f929445e" member_type: VOTER last_known_addr { host: "127.9.240.131" port: 37239 } } peers { permanent_uuid: "3ff72fcdb674453e9d293e5a146e544c" member_type: VOTER last_known_addr { host: "127.9.240.132" port: 34927 } }
I20260630 12:12:20.066757 13330 leader_election.cc:304] T 822a085d238b4e0eb4d2795bbd20a7e5 P c372db5ae8bc4b0994094f40f929445e [CANDIDATE]: Term 1 election: Election decided. Result: candidate won. Election summary: received 2 responses out of 3 voters: 2 yes votes; 0 no votes. yes voters: 3ff72fcdb674453e9d293e5a146e544c, c372db5ae8bc4b0994094f40f929445e; no voters: 
I20260630 12:12:20.067642 13435 raft_consensus.cc:2804] T 822a085d238b4e0eb4d2795bbd20a7e5 P c372db5ae8bc4b0994094f40f929445e [term 1 FOLLOWER]: Leader election won for term 1
I20260630 12:12:20.068082 13435 raft_consensus.cc:697] T 822a085d238b4e0eb4d2795bbd20a7e5 P c372db5ae8bc4b0994094f40f929445e [term 1 LEADER]: Becoming Leader. State: Replica: c372db5ae8bc4b0994094f40f929445e, State: Running, Role: LEADER
I20260630 12:12:20.068492 13559 ts_tablet_manager.cc:1434] T 56f0aeb4a1c5430aab971d88de8de092 P 3ff72fcdb674453e9d293e5a146e544c: Time spent starting tablet: real 0.006s	user 0.007s	sys 0.000s
I20260630 12:12:20.068876 13435 consensus_queue.cc:237] T 822a085d238b4e0eb4d2795bbd20a7e5 P c372db5ae8bc4b0994094f40f929445e [LEADER]: Queue going to LEADER mode. State: All replicated index: 0, Majority replicated index: 0, Committed index: 0, Last appended: 0.0, Last appended by leader: 0, Current term: 1, Majority size: 2, State: 0, Mode: LEADER, active raft config: opid_index: -1 OBSOLETE_local: false peers { permanent_uuid: "c372db5ae8bc4b0994094f40f929445e" member_type: VOTER last_known_addr { host: "127.9.240.131" port: 37239 } } peers { permanent_uuid: "3ff72fcdb674453e9d293e5a146e544c" member_type: VOTER last_known_addr { host: "127.9.240.132" port: 34927 } } peers { permanent_uuid: "441ed5a2029e4aeb830bc6f576211ff9" member_type: VOTER last_known_addr { host: "127.9.240.130" port: 42419 } }
I20260630 12:12:20.069484 13559 tablet_bootstrap.cc:492] T 78d28c32560846a8b06dc34610dbc1c6 P 3ff72fcdb674453e9d293e5a146e544c: Bootstrap starting.
I20260630 12:12:20.068411 13291 raft_consensus.cc:2468] T 822a085d238b4e0eb4d2795bbd20a7e5 P 441ed5a2029e4aeb830bc6f576211ff9 [term 1 FOLLOWER]: Leader election vote request: Granting yes vote for candidate c372db5ae8bc4b0994094f40f929445e in term 1.
I20260630 12:12:20.075469 13559 tablet_bootstrap.cc:654] T 78d28c32560846a8b06dc34610dbc1c6 P 3ff72fcdb674453e9d293e5a146e544c: Neither blocks nor log segments found. Creating new log.
I20260630 12:12:20.077421 13114 catalog_manager.cc:5697] T 822a085d238b4e0eb4d2795bbd20a7e5 P c372db5ae8bc4b0994094f40f929445e reported cstate change: term changed from 0 to 1, leader changed from <none> to c372db5ae8bc4b0994094f40f929445e (127.9.240.131). New cstate: current_term: 1 leader_uuid: "c372db5ae8bc4b0994094f40f929445e" committed_config { opid_index: -1 OBSOLETE_local: false peers { permanent_uuid: "c372db5ae8bc4b0994094f40f929445e" member_type: VOTER last_known_addr { host: "127.9.240.131" port: 37239 } health_report { overall_health: HEALTHY } } peers { permanent_uuid: "3ff72fcdb674453e9d293e5a146e544c" member_type: VOTER last_known_addr { host: "127.9.240.132" port: 34927 } health_report { overall_health: UNKNOWN } } peers { permanent_uuid: "441ed5a2029e4aeb830bc6f576211ff9" member_type: VOTER last_known_addr { host: "127.9.240.130" port: 42419 } health_report { overall_health: UNKNOWN } } }
I20260630 12:12:20.080473 13559 tablet_bootstrap.cc:492] T 78d28c32560846a8b06dc34610dbc1c6 P 3ff72fcdb674453e9d293e5a146e544c: No bootstrap required, opened a new log
I20260630 12:12:20.081032 13559 ts_tablet_manager.cc:1403] T 78d28c32560846a8b06dc34610dbc1c6 P 3ff72fcdb674453e9d293e5a146e544c: Time spent bootstrapping tablet: real 0.012s	user 0.010s	sys 0.001s
I20260630 12:12:20.083724 13559 raft_consensus.cc:359] T 78d28c32560846a8b06dc34610dbc1c6 P 3ff72fcdb674453e9d293e5a146e544c [term 0 FOLLOWER]: Replica starting. Triggering 0 pending ops. Active config: opid_index: -1 OBSOLETE_local: false peers { permanent_uuid: "c372db5ae8bc4b0994094f40f929445e" member_type: VOTER last_known_addr { host: "127.9.240.131" port: 37239 } } peers { permanent_uuid: "3ff72fcdb674453e9d293e5a146e544c" member_type: VOTER last_known_addr { host: "127.9.240.132" port: 34927 } } peers { permanent_uuid: "d6d827cef6014d06a81fe847881ebd92" member_type: VOTER last_known_addr { host: "127.9.240.129" port: 39325 } }
I20260630 12:12:20.084393 13559 raft_consensus.cc:385] T 78d28c32560846a8b06dc34610dbc1c6 P 3ff72fcdb674453e9d293e5a146e544c [term 0 FOLLOWER]: Consensus starting up: Expiring failure detector timer to make a prompt election more likely
I20260630 12:12:20.084682 13559 raft_consensus.cc:740] T 78d28c32560846a8b06dc34610dbc1c6 P 3ff72fcdb674453e9d293e5a146e544c [term 0 FOLLOWER]: Becoming Follower/Learner. State: Replica: 3ff72fcdb674453e9d293e5a146e544c, State: Initialized, Role: FOLLOWER
I20260630 12:12:20.085333 13559 consensus_queue.cc:260] T 78d28c32560846a8b06dc34610dbc1c6 P 3ff72fcdb674453e9d293e5a146e544c [NON_LEADER]: Queue going to NON_LEADER mode. State: All replicated index: 0, Majority replicated index: 0, Committed index: 0, Last appended: 0.0, Last appended by leader: 0, Current term: 0, Majority size: -1, State: 0, Mode: NON_LEADER, active raft config: opid_index: -1 OBSOLETE_local: false peers { permanent_uuid: "c372db5ae8bc4b0994094f40f929445e" member_type: VOTER last_known_addr { host: "127.9.240.131" port: 37239 } } peers { permanent_uuid: "3ff72fcdb674453e9d293e5a146e544c" member_type: VOTER last_known_addr { host: "127.9.240.132" port: 34927 } } peers { permanent_uuid: "d6d827cef6014d06a81fe847881ebd92" member_type: VOTER last_known_addr { host: "127.9.240.129" port: 39325 } }
I20260630 12:12:20.087618 13559 ts_tablet_manager.cc:1434] T 78d28c32560846a8b06dc34610dbc1c6 P 3ff72fcdb674453e9d293e5a146e544c: Time spent starting tablet: real 0.006s	user 0.000s	sys 0.007s
I20260630 12:12:20.088600 13559 tablet_bootstrap.cc:492] T e2b2e0364ca440e3961b2611015e8d1f P 3ff72fcdb674453e9d293e5a146e544c: Bootstrap starting.
I20260630 12:12:20.094321 13559 tablet_bootstrap.cc:654] T e2b2e0364ca440e3961b2611015e8d1f P 3ff72fcdb674453e9d293e5a146e544c: Neither blocks nor log segments found. Creating new log.
I20260630 12:12:20.098416 13559 tablet_bootstrap.cc:492] T e2b2e0364ca440e3961b2611015e8d1f P 3ff72fcdb674453e9d293e5a146e544c: No bootstrap required, opened a new log
I20260630 12:12:20.098758 13559 ts_tablet_manager.cc:1403] T e2b2e0364ca440e3961b2611015e8d1f P 3ff72fcdb674453e9d293e5a146e544c: Time spent bootstrapping tablet: real 0.010s	user 0.008s	sys 0.001s
I20260630 12:12:20.100495 13559 raft_consensus.cc:359] T e2b2e0364ca440e3961b2611015e8d1f P 3ff72fcdb674453e9d293e5a146e544c [term 0 FOLLOWER]: Replica starting. Triggering 0 pending ops. Active config: opid_index: -1 OBSOLETE_local: false peers { permanent_uuid: "3ff72fcdb674453e9d293e5a146e544c" member_type: VOTER last_known_addr { host: "127.9.240.132" port: 34927 } } peers { permanent_uuid: "c372db5ae8bc4b0994094f40f929445e" member_type: VOTER last_known_addr { host: "127.9.240.131" port: 37239 } } peers { permanent_uuid: "d6d827cef6014d06a81fe847881ebd92" member_type: VOTER last_known_addr { host: "127.9.240.129" port: 39325 } }
I20260630 12:12:20.100950 13559 raft_consensus.cc:385] T e2b2e0364ca440e3961b2611015e8d1f P 3ff72fcdb674453e9d293e5a146e544c [term 0 FOLLOWER]: Consensus starting up: Expiring failure detector timer to make a prompt election more likely
I20260630 12:12:20.101112 13559 raft_consensus.cc:740] T e2b2e0364ca440e3961b2611015e8d1f P 3ff72fcdb674453e9d293e5a146e544c [term 0 FOLLOWER]: Becoming Follower/Learner. State: Replica: 3ff72fcdb674453e9d293e5a146e544c, State: Initialized, Role: FOLLOWER
I20260630 12:12:20.101577 13559 consensus_queue.cc:260] T e2b2e0364ca440e3961b2611015e8d1f P 3ff72fcdb674453e9d293e5a146e544c [NON_LEADER]: Queue going to NON_LEADER mode. State: All replicated index: 0, Majority replicated index: 0, Committed index: 0, Last appended: 0.0, Last appended by leader: 0, Current term: 0, Majority size: -1, State: 0, Mode: NON_LEADER, active raft config: opid_index: -1 OBSOLETE_local: false peers { permanent_uuid: "3ff72fcdb674453e9d293e5a146e544c" member_type: VOTER last_known_addr { host: "127.9.240.132" port: 34927 } } peers { permanent_uuid: "c372db5ae8bc4b0994094f40f929445e" member_type: VOTER last_known_addr { host: "127.9.240.131" port: 37239 } } peers { permanent_uuid: "d6d827cef6014d06a81fe847881ebd92" member_type: VOTER last_known_addr { host: "127.9.240.129" port: 39325 } }
I20260630 12:12:20.102845 13559 ts_tablet_manager.cc:1434] T e2b2e0364ca440e3961b2611015e8d1f P 3ff72fcdb674453e9d293e5a146e544c: Time spent starting tablet: real 0.004s	user 0.002s	sys 0.000s
I20260630 12:12:20.129060 13574 raft_consensus.cc:493] T 959371144a5b48d79dcf2fffa29bb023 P 3ff72fcdb674453e9d293e5a146e544c [term 0 FOLLOWER]: Starting pre-election (no leader contacted us within the election timeout)
I20260630 12:12:20.129521 13574 raft_consensus.cc:515] T 959371144a5b48d79dcf2fffa29bb023 P 3ff72fcdb674453e9d293e5a146e544c [term 0 FOLLOWER]: Starting pre-election with config: opid_index: -1 OBSOLETE_local: false peers { permanent_uuid: "3ff72fcdb674453e9d293e5a146e544c" member_type: VOTER last_known_addr { host: "127.9.240.132" port: 34927 } } peers { permanent_uuid: "d6d827cef6014d06a81fe847881ebd92" member_type: VOTER last_known_addr { host: "127.9.240.129" port: 39325 } } peers { permanent_uuid: "441ed5a2029e4aeb830bc6f576211ff9" member_type: VOTER last_known_addr { host: "127.9.240.130" port: 42419 } }
I20260630 12:12:20.131074 13574 leader_election.cc:290] T 959371144a5b48d79dcf2fffa29bb023 P 3ff72fcdb674453e9d293e5a146e544c [CANDIDATE]: Term 1 pre-election: Requested pre-vote from peers d6d827cef6014d06a81fe847881ebd92 (127.9.240.129:39325), 441ed5a2029e4aeb830bc6f576211ff9 (127.9.240.130:42419)
I20260630 12:12:20.131816 13215 tablet_service.cc:1917] Received RequestConsensusVote() RPC: tablet_id: "959371144a5b48d79dcf2fffa29bb023" candidate_uuid: "3ff72fcdb674453e9d293e5a146e544c" candidate_term: 1 candidate_status { last_received { term: 0 index: 0 } } ignore_live_leader: false dest_uuid: "d6d827cef6014d06a81fe847881ebd92" is_pre_election: true
I20260630 12:12:20.131964 13291 tablet_service.cc:1917] Received RequestConsensusVote() RPC: tablet_id: "959371144a5b48d79dcf2fffa29bb023" candidate_uuid: "3ff72fcdb674453e9d293e5a146e544c" candidate_term: 1 candidate_status { last_received { term: 0 index: 0 } } ignore_live_leader: false dest_uuid: "441ed5a2029e4aeb830bc6f576211ff9" is_pre_election: true
I20260630 12:12:20.132342 13215 raft_consensus.cc:2468] T 959371144a5b48d79dcf2fffa29bb023 P d6d827cef6014d06a81fe847881ebd92 [term 0 FOLLOWER]: Leader pre-election vote request: Granting yes vote for candidate 3ff72fcdb674453e9d293e5a146e544c in term 0.
I20260630 12:12:20.132496 13291 raft_consensus.cc:2468] T 959371144a5b48d79dcf2fffa29bb023 P 441ed5a2029e4aeb830bc6f576211ff9 [term 0 FOLLOWER]: Leader pre-election vote request: Granting yes vote for candidate 3ff72fcdb674453e9d293e5a146e544c in term 0.
I20260630 12:12:20.133265 13478 leader_election.cc:304] T 959371144a5b48d79dcf2fffa29bb023 P 3ff72fcdb674453e9d293e5a146e544c [CANDIDATE]: Term 1 pre-election: Election decided. Result: candidate won. Election summary: received 2 responses out of 3 voters: 2 yes votes; 0 no votes. yes voters: 3ff72fcdb674453e9d293e5a146e544c, d6d827cef6014d06a81fe847881ebd92; no voters: 
I20260630 12:12:20.133957 13574 raft_consensus.cc:2804] T 959371144a5b48d79dcf2fffa29bb023 P 3ff72fcdb674453e9d293e5a146e544c [term 0 FOLLOWER]: Leader pre-election won for term 1
I20260630 12:12:20.134315 13574 raft_consensus.cc:493] T 959371144a5b48d79dcf2fffa29bb023 P 3ff72fcdb674453e9d293e5a146e544c [term 0 FOLLOWER]: Starting leader election (no leader contacted us within the election timeout)
I20260630 12:12:20.134639 13574 raft_consensus.cc:3060] T 959371144a5b48d79dcf2fffa29bb023 P 3ff72fcdb674453e9d293e5a146e544c [term 0 FOLLOWER]: Advancing to term 1
I20260630 12:12:20.140532 13574 raft_consensus.cc:515] T 959371144a5b48d79dcf2fffa29bb023 P 3ff72fcdb674453e9d293e5a146e544c [term 1 FOLLOWER]: Starting leader election with config: opid_index: -1 OBSOLETE_local: false peers { permanent_uuid: "3ff72fcdb674453e9d293e5a146e544c" member_type: VOTER last_known_addr { host: "127.9.240.132" port: 34927 } } peers { permanent_uuid: "d6d827cef6014d06a81fe847881ebd92" member_type: VOTER last_known_addr { host: "127.9.240.129" port: 39325 } } peers { permanent_uuid: "441ed5a2029e4aeb830bc6f576211ff9" member_type: VOTER last_known_addr { host: "127.9.240.130" port: 42419 } }
I20260630 12:12:20.141976 13574 leader_election.cc:290] T 959371144a5b48d79dcf2fffa29bb023 P 3ff72fcdb674453e9d293e5a146e544c [CANDIDATE]: Term 1 election: Requested vote from peers d6d827cef6014d06a81fe847881ebd92 (127.9.240.129:39325), 441ed5a2029e4aeb830bc6f576211ff9 (127.9.240.130:42419)
I20260630 12:12:20.142855 13215 tablet_service.cc:1917] Received RequestConsensusVote() RPC: tablet_id: "959371144a5b48d79dcf2fffa29bb023" candidate_uuid: "3ff72fcdb674453e9d293e5a146e544c" candidate_term: 1 candidate_status { last_received { term: 0 index: 0 } } ignore_live_leader: false dest_uuid: "d6d827cef6014d06a81fe847881ebd92"
I20260630 12:12:20.142995 13291 tablet_service.cc:1917] Received RequestConsensusVote() RPC: tablet_id: "959371144a5b48d79dcf2fffa29bb023" candidate_uuid: "3ff72fcdb674453e9d293e5a146e544c" candidate_term: 1 candidate_status { last_received { term: 0 index: 0 } } ignore_live_leader: false dest_uuid: "441ed5a2029e4aeb830bc6f576211ff9"
I20260630 12:12:20.143369 13215 raft_consensus.cc:3060] T 959371144a5b48d79dcf2fffa29bb023 P d6d827cef6014d06a81fe847881ebd92 [term 0 FOLLOWER]: Advancing to term 1
I20260630 12:12:20.143529 13291 raft_consensus.cc:3060] T 959371144a5b48d79dcf2fffa29bb023 P 441ed5a2029e4aeb830bc6f576211ff9 [term 0 FOLLOWER]: Advancing to term 1
I20260630 12:12:20.147936 13215 raft_consensus.cc:2468] T 959371144a5b48d79dcf2fffa29bb023 P d6d827cef6014d06a81fe847881ebd92 [term 1 FOLLOWER]: Leader election vote request: Granting yes vote for candidate 3ff72fcdb674453e9d293e5a146e544c in term 1.
I20260630 12:12:20.148013 13291 raft_consensus.cc:2468] T 959371144a5b48d79dcf2fffa29bb023 P 441ed5a2029e4aeb830bc6f576211ff9 [term 1 FOLLOWER]: Leader election vote request: Granting yes vote for candidate 3ff72fcdb674453e9d293e5a146e544c in term 1.
I20260630 12:12:20.148914 13478 leader_election.cc:304] T 959371144a5b48d79dcf2fffa29bb023 P 3ff72fcdb674453e9d293e5a146e544c [CANDIDATE]: Term 1 election: Election decided. Result: candidate won. Election summary: received 2 responses out of 3 voters: 2 yes votes; 0 no votes. yes voters: 3ff72fcdb674453e9d293e5a146e544c, d6d827cef6014d06a81fe847881ebd92; no voters: 
I20260630 12:12:20.149536 13574 raft_consensus.cc:2804] T 959371144a5b48d79dcf2fffa29bb023 P 3ff72fcdb674453e9d293e5a146e544c [term 1 FOLLOWER]: Leader election won for term 1
I20260630 12:12:20.150327 13574 raft_consensus.cc:697] T 959371144a5b48d79dcf2fffa29bb023 P 3ff72fcdb674453e9d293e5a146e544c [term 1 LEADER]: Becoming Leader. State: Replica: 3ff72fcdb674453e9d293e5a146e544c, State: Running, Role: LEADER
I20260630 12:12:20.151019 13574 consensus_queue.cc:237] T 959371144a5b48d79dcf2fffa29bb023 P 3ff72fcdb674453e9d293e5a146e544c [LEADER]: Queue going to LEADER mode. State: All replicated index: 0, Majority replicated index: 0, Committed index: 0, Last appended: 0.0, Last appended by leader: 0, Current term: 1, Majority size: 2, State: 0, Mode: LEADER, active raft config: opid_index: -1 OBSOLETE_local: false peers { permanent_uuid: "3ff72fcdb674453e9d293e5a146e544c" member_type: VOTER last_known_addr { host: "127.9.240.132" port: 34927 } } peers { permanent_uuid: "d6d827cef6014d06a81fe847881ebd92" member_type: VOTER last_known_addr { host: "127.9.240.129" port: 39325 } } peers { permanent_uuid: "441ed5a2029e4aeb830bc6f576211ff9" member_type: VOTER last_known_addr { host: "127.9.240.130" port: 42419 } }
I20260630 12:12:20.156826 13114 catalog_manager.cc:5697] T 959371144a5b48d79dcf2fffa29bb023 P 3ff72fcdb674453e9d293e5a146e544c reported cstate change: term changed from 0 to 1, leader changed from <none> to 3ff72fcdb674453e9d293e5a146e544c (127.9.240.132). New cstate: current_term: 1 leader_uuid: "3ff72fcdb674453e9d293e5a146e544c" committed_config { opid_index: -1 OBSOLETE_local: false peers { permanent_uuid: "3ff72fcdb674453e9d293e5a146e544c" member_type: VOTER last_known_addr { host: "127.9.240.132" port: 34927 } health_report { overall_health: HEALTHY } } peers { permanent_uuid: "d6d827cef6014d06a81fe847881ebd92" member_type: VOTER last_known_addr { host: "127.9.240.129" port: 39325 } health_report { overall_health: UNKNOWN } } peers { permanent_uuid: "441ed5a2029e4aeb830bc6f576211ff9" member_type: VOTER last_known_addr { host: "127.9.240.130" port: 42419 } health_report { overall_health: UNKNOWN } } }
I20260630 12:12:20.180317 13418 raft_consensus.cc:493] T 74dce380751349fe98e277f9ebb9e5dc P 441ed5a2029e4aeb830bc6f576211ff9 [term 0 FOLLOWER]: Starting pre-election (no leader contacted us within the election timeout)
I20260630 12:12:20.180819 13418 raft_consensus.cc:515] T 74dce380751349fe98e277f9ebb9e5dc P 441ed5a2029e4aeb830bc6f576211ff9 [term 0 FOLLOWER]: Starting pre-election with config: opid_index: -1 OBSOLETE_local: false peers { permanent_uuid: "3ff72fcdb674453e9d293e5a146e544c" member_type: VOTER last_known_addr { host: "127.9.240.132" port: 34927 } } peers { permanent_uuid: "d6d827cef6014d06a81fe847881ebd92" member_type: VOTER last_known_addr { host: "127.9.240.129" port: 39325 } } peers { permanent_uuid: "441ed5a2029e4aeb830bc6f576211ff9" member_type: VOTER last_known_addr { host: "127.9.240.130" port: 42419 } }
I20260630 12:12:20.182431 13418 leader_election.cc:290] T 74dce380751349fe98e277f9ebb9e5dc P 441ed5a2029e4aeb830bc6f576211ff9 [CANDIDATE]: Term 1 pre-election: Requested pre-vote from peers 3ff72fcdb674453e9d293e5a146e544c (127.9.240.132:34927), d6d827cef6014d06a81fe847881ebd92 (127.9.240.129:39325)
I20260630 12:12:20.183245 13517 tablet_service.cc:1917] Received RequestConsensusVote() RPC: tablet_id: "74dce380751349fe98e277f9ebb9e5dc" candidate_uuid: "441ed5a2029e4aeb830bc6f576211ff9" candidate_term: 1 candidate_status { last_received { term: 0 index: 0 } } ignore_live_leader: false dest_uuid: "3ff72fcdb674453e9d293e5a146e544c" is_pre_election: true
I20260630 12:12:20.183566 13215 tablet_service.cc:1917] Received RequestConsensusVote() RPC: tablet_id: "74dce380751349fe98e277f9ebb9e5dc" candidate_uuid: "441ed5a2029e4aeb830bc6f576211ff9" candidate_term: 1 candidate_status { last_received { term: 0 index: 0 } } ignore_live_leader: false dest_uuid: "d6d827cef6014d06a81fe847881ebd92" is_pre_election: true
I20260630 12:12:20.183782 13517 raft_consensus.cc:2468] T 74dce380751349fe98e277f9ebb9e5dc P 3ff72fcdb674453e9d293e5a146e544c [term 0 FOLLOWER]: Leader pre-election vote request: Granting yes vote for candidate 441ed5a2029e4aeb830bc6f576211ff9 in term 0.
I20260630 12:12:20.184096 13215 raft_consensus.cc:2468] T 74dce380751349fe98e277f9ebb9e5dc P d6d827cef6014d06a81fe847881ebd92 [term 0 FOLLOWER]: Leader pre-election vote request: Granting yes vote for candidate 441ed5a2029e4aeb830bc6f576211ff9 in term 0.
I20260630 12:12:20.184677 13256 leader_election.cc:304] T 74dce380751349fe98e277f9ebb9e5dc P 441ed5a2029e4aeb830bc6f576211ff9 [CANDIDATE]: Term 1 pre-election: Election decided. Result: candidate won. Election summary: received 2 responses out of 3 voters: 2 yes votes; 0 no votes. yes voters: 3ff72fcdb674453e9d293e5a146e544c, 441ed5a2029e4aeb830bc6f576211ff9; no voters: 
I20260630 12:12:20.185287 13418 raft_consensus.cc:2804] T 74dce380751349fe98e277f9ebb9e5dc P 441ed5a2029e4aeb830bc6f576211ff9 [term 0 FOLLOWER]: Leader pre-election won for term 1
I20260630 12:12:20.185570 13418 raft_consensus.cc:493] T 74dce380751349fe98e277f9ebb9e5dc P 441ed5a2029e4aeb830bc6f576211ff9 [term 0 FOLLOWER]: Starting leader election (no leader contacted us within the election timeout)
I20260630 12:12:20.185808 13418 raft_consensus.cc:3060] T 74dce380751349fe98e277f9ebb9e5dc P 441ed5a2029e4aeb830bc6f576211ff9 [term 0 FOLLOWER]: Advancing to term 1
I20260630 12:12:20.190653 13418 raft_consensus.cc:515] T 74dce380751349fe98e277f9ebb9e5dc P 441ed5a2029e4aeb830bc6f576211ff9 [term 1 FOLLOWER]: Starting leader election with config: opid_index: -1 OBSOLETE_local: false peers { permanent_uuid: "3ff72fcdb674453e9d293e5a146e544c" member_type: VOTER last_known_addr { host: "127.9.240.132" port: 34927 } } peers { permanent_uuid: "d6d827cef6014d06a81fe847881ebd92" member_type: VOTER last_known_addr { host: "127.9.240.129" port: 39325 } } peers { permanent_uuid: "441ed5a2029e4aeb830bc6f576211ff9" member_type: VOTER last_known_addr { host: "127.9.240.130" port: 42419 } }
I20260630 12:12:20.192607 13418 leader_election.cc:290] T 74dce380751349fe98e277f9ebb9e5dc P 441ed5a2029e4aeb830bc6f576211ff9 [CANDIDATE]: Term 1 election: Requested vote from peers 3ff72fcdb674453e9d293e5a146e544c (127.9.240.132:34927), d6d827cef6014d06a81fe847881ebd92 (127.9.240.129:39325)
I20260630 12:12:20.193454 13517 tablet_service.cc:1917] Received RequestConsensusVote() RPC: tablet_id: "74dce380751349fe98e277f9ebb9e5dc" candidate_uuid: "441ed5a2029e4aeb830bc6f576211ff9" candidate_term: 1 candidate_status { last_received { term: 0 index: 0 } } ignore_live_leader: false dest_uuid: "3ff72fcdb674453e9d293e5a146e544c"
I20260630 12:12:20.193608 13215 tablet_service.cc:1917] Received RequestConsensusVote() RPC: tablet_id: "74dce380751349fe98e277f9ebb9e5dc" candidate_uuid: "441ed5a2029e4aeb830bc6f576211ff9" candidate_term: 1 candidate_status { last_received { term: 0 index: 0 } } ignore_live_leader: false dest_uuid: "d6d827cef6014d06a81fe847881ebd92"
I20260630 12:12:20.194049 13517 raft_consensus.cc:3060] T 74dce380751349fe98e277f9ebb9e5dc P 3ff72fcdb674453e9d293e5a146e544c [term 0 FOLLOWER]: Advancing to term 1
I20260630 12:12:20.194098 13215 raft_consensus.cc:3060] T 74dce380751349fe98e277f9ebb9e5dc P d6d827cef6014d06a81fe847881ebd92 [term 0 FOLLOWER]: Advancing to term 1
I20260630 12:12:20.200718 13215 raft_consensus.cc:2468] T 74dce380751349fe98e277f9ebb9e5dc P d6d827cef6014d06a81fe847881ebd92 [term 1 FOLLOWER]: Leader election vote request: Granting yes vote for candidate 441ed5a2029e4aeb830bc6f576211ff9 in term 1.
I20260630 12:12:20.200721 13517 raft_consensus.cc:2468] T 74dce380751349fe98e277f9ebb9e5dc P 3ff72fcdb674453e9d293e5a146e544c [term 1 FOLLOWER]: Leader election vote request: Granting yes vote for candidate 441ed5a2029e4aeb830bc6f576211ff9 in term 1.
I20260630 12:12:20.202055 13256 leader_election.cc:304] T 74dce380751349fe98e277f9ebb9e5dc P 441ed5a2029e4aeb830bc6f576211ff9 [CANDIDATE]: Term 1 election: Election decided. Result: candidate won. Election summary: received 2 responses out of 3 voters: 2 yes votes; 0 no votes. yes voters: 3ff72fcdb674453e9d293e5a146e544c, 441ed5a2029e4aeb830bc6f576211ff9; no voters: 
I20260630 12:12:20.202728 13418 raft_consensus.cc:2804] T 74dce380751349fe98e277f9ebb9e5dc P 441ed5a2029e4aeb830bc6f576211ff9 [term 1 FOLLOWER]: Leader election won for term 1
I20260630 12:12:20.203620 13418 raft_consensus.cc:697] T 74dce380751349fe98e277f9ebb9e5dc P 441ed5a2029e4aeb830bc6f576211ff9 [term 1 LEADER]: Becoming Leader. State: Replica: 441ed5a2029e4aeb830bc6f576211ff9, State: Running, Role: LEADER
I20260630 12:12:20.204326 13418 consensus_queue.cc:237] T 74dce380751349fe98e277f9ebb9e5dc P 441ed5a2029e4aeb830bc6f576211ff9 [LEADER]: Queue going to LEADER mode. State: All replicated index: 0, Majority replicated index: 0, Committed index: 0, Last appended: 0.0, Last appended by leader: 0, Current term: 1, Majority size: 2, State: 0, Mode: LEADER, active raft config: opid_index: -1 OBSOLETE_local: false peers { permanent_uuid: "3ff72fcdb674453e9d293e5a146e544c" member_type: VOTER last_known_addr { host: "127.9.240.132" port: 34927 } } peers { permanent_uuid: "d6d827cef6014d06a81fe847881ebd92" member_type: VOTER last_known_addr { host: "127.9.240.129" port: 39325 } } peers { permanent_uuid: "441ed5a2029e4aeb830bc6f576211ff9" member_type: VOTER last_known_addr { host: "127.9.240.130" port: 42419 } }
I20260630 12:12:20.210484 13114 catalog_manager.cc:5697] T 74dce380751349fe98e277f9ebb9e5dc P 441ed5a2029e4aeb830bc6f576211ff9 reported cstate change: term changed from 0 to 1, leader changed from <none> to 441ed5a2029e4aeb830bc6f576211ff9 (127.9.240.130). New cstate: current_term: 1 leader_uuid: "441ed5a2029e4aeb830bc6f576211ff9" committed_config { opid_index: -1 OBSOLETE_local: false peers { permanent_uuid: "3ff72fcdb674453e9d293e5a146e544c" member_type: VOTER last_known_addr { host: "127.9.240.132" port: 34927 } health_report { overall_health: UNKNOWN } } peers { permanent_uuid: "d6d827cef6014d06a81fe847881ebd92" member_type: VOTER last_known_addr { host: "127.9.240.129" port: 39325 } health_report { overall_health: UNKNOWN } } peers { permanent_uuid: "441ed5a2029e4aeb830bc6f576211ff9" member_type: VOTER last_known_addr { host: "127.9.240.130" port: 42419 } health_report { overall_health: HEALTHY } } }
I20260630 12:12:20.234009 13418 consensus_queue.cc:1048] T 546e8ec9dfe84f0f9daef817957ced11 P 441ed5a2029e4aeb830bc6f576211ff9 [LEADER]: Connected to new peer: Peer: permanent_uuid: "d6d827cef6014d06a81fe847881ebd92" member_type: VOTER last_known_addr { host: "127.9.240.129" port: 39325 }, Status: LMP_MISMATCH, Last received: 0.0, Next index: 1, Last known committed idx: 0, Time since last communication: 0.000s
I20260630 12:12:20.244940 13514 consensus_queue.cc:1048] T 546e8ec9dfe84f0f9daef817957ced11 P 441ed5a2029e4aeb830bc6f576211ff9 [LEADER]: Connected to new peer: Peer: permanent_uuid: "3ff72fcdb674453e9d293e5a146e544c" member_type: VOTER last_known_addr { host: "127.9.240.132" port: 34927 }, Status: LMP_MISMATCH, Last received: 0.0, Next index: 1, Last known committed idx: 0, Time since last communication: 0.000s
I20260630 12:12:20.374713 13418 consensus_queue.cc:1048] T 56f0aeb4a1c5430aab971d88de8de092 P 441ed5a2029e4aeb830bc6f576211ff9 [LEADER]: Connected to new peer: Peer: permanent_uuid: "c372db5ae8bc4b0994094f40f929445e" member_type: VOTER last_known_addr { host: "127.9.240.131" port: 37239 }, Status: LMP_MISMATCH, Last received: 0.0, Next index: 1, Last known committed idx: 0, Time since last communication: 0.000s
I20260630 12:12:20.384339 13517 raft_consensus.cc:3060] T 56f0aeb4a1c5430aab971d88de8de092 P 3ff72fcdb674453e9d293e5a146e544c [term 0 FOLLOWER]: Advancing to term 1
I20260630 12:12:20.391782 13608 raft_consensus.cc:493] T e2b2e0364ca440e3961b2611015e8d1f P 3ff72fcdb674453e9d293e5a146e544c [term 0 FOLLOWER]: Starting pre-election (no leader contacted us within the election timeout)
I20260630 12:12:20.392292 13608 raft_consensus.cc:515] T e2b2e0364ca440e3961b2611015e8d1f P 3ff72fcdb674453e9d293e5a146e544c [term 0 FOLLOWER]: Starting pre-election with config: opid_index: -1 OBSOLETE_local: false peers { permanent_uuid: "3ff72fcdb674453e9d293e5a146e544c" member_type: VOTER last_known_addr { host: "127.9.240.132" port: 34927 } } peers { permanent_uuid: "c372db5ae8bc4b0994094f40f929445e" member_type: VOTER last_known_addr { host: "127.9.240.131" port: 37239 } } peers { permanent_uuid: "d6d827cef6014d06a81fe847881ebd92" member_type: VOTER last_known_addr { host: "127.9.240.129" port: 39325 } }
I20260630 12:12:20.394550 13608 leader_election.cc:290] T e2b2e0364ca440e3961b2611015e8d1f P 3ff72fcdb674453e9d293e5a146e544c [CANDIDATE]: Term 1 pre-election: Requested pre-vote from peers c372db5ae8bc4b0994094f40f929445e (127.9.240.131:37239), d6d827cef6014d06a81fe847881ebd92 (127.9.240.129:39325)
I20260630 12:12:20.395697 13365 tablet_service.cc:1917] Received RequestConsensusVote() RPC: tablet_id: "e2b2e0364ca440e3961b2611015e8d1f" candidate_uuid: "3ff72fcdb674453e9d293e5a146e544c" candidate_term: 1 candidate_status { last_received { term: 0 index: 0 } } ignore_live_leader: false dest_uuid: "c372db5ae8bc4b0994094f40f929445e" is_pre_election: true
I20260630 12:12:20.395927 13215 tablet_service.cc:1917] Received RequestConsensusVote() RPC: tablet_id: "e2b2e0364ca440e3961b2611015e8d1f" candidate_uuid: "3ff72fcdb674453e9d293e5a146e544c" candidate_term: 1 candidate_status { last_received { term: 0 index: 0 } } ignore_live_leader: false dest_uuid: "d6d827cef6014d06a81fe847881ebd92" is_pre_election: true
I20260630 12:12:20.396471 13365 raft_consensus.cc:2393] T e2b2e0364ca440e3961b2611015e8d1f P c372db5ae8bc4b0994094f40f929445e [term 1 FOLLOWER]: Leader pre-election vote request: Denying vote to candidate 3ff72fcdb674453e9d293e5a146e544c in current term 1: Already voted for candidate d6d827cef6014d06a81fe847881ebd92 in this term.
I20260630 12:12:20.397959 13481 leader_election.cc:304] T e2b2e0364ca440e3961b2611015e8d1f P 3ff72fcdb674453e9d293e5a146e544c [CANDIDATE]: Term 1 pre-election: Election decided. Result: candidate lost. Election summary: received 3 responses out of 3 voters: 1 yes votes; 2 no votes. yes voters: 3ff72fcdb674453e9d293e5a146e544c; no voters: c372db5ae8bc4b0994094f40f929445e, d6d827cef6014d06a81fe847881ebd92
I20260630 12:12:20.398721 13514 consensus_queue.cc:1048] T 56f0aeb4a1c5430aab971d88de8de092 P 441ed5a2029e4aeb830bc6f576211ff9 [LEADER]: Connected to new peer: Peer: permanent_uuid: "3ff72fcdb674453e9d293e5a146e544c" member_type: VOTER last_known_addr { host: "127.9.240.132" port: 34927 }, Status: LMP_MISMATCH, Last received: 0.0, Next index: 1, Last known committed idx: 0, Time since last communication: 0.000s
I20260630 12:12:20.399713 13574 raft_consensus.cc:493] T 56f0aeb4a1c5430aab971d88de8de092 P 3ff72fcdb674453e9d293e5a146e544c [term 1 FOLLOWER]: Starting pre-election (no leader contacted us within the election timeout)
I20260630 12:12:20.400228 13574 raft_consensus.cc:515] T 56f0aeb4a1c5430aab971d88de8de092 P 3ff72fcdb674453e9d293e5a146e544c [term 1 FOLLOWER]: Starting pre-election with config: opid_index: -1 OBSOLETE_local: false peers { permanent_uuid: "441ed5a2029e4aeb830bc6f576211ff9" member_type: VOTER last_known_addr { host: "127.9.240.130" port: 42419 } } peers { permanent_uuid: "c372db5ae8bc4b0994094f40f929445e" member_type: VOTER last_known_addr { host: "127.9.240.131" port: 37239 } } peers { permanent_uuid: "3ff72fcdb674453e9d293e5a146e544c" member_type: VOTER last_known_addr { host: "127.9.240.132" port: 34927 } }
I20260630 12:12:20.404575 13574 leader_election.cc:290] T 56f0aeb4a1c5430aab971d88de8de092 P 3ff72fcdb674453e9d293e5a146e544c [CANDIDATE]: Term 2 pre-election: Requested pre-vote from peers 441ed5a2029e4aeb830bc6f576211ff9 (127.9.240.130:42419), c372db5ae8bc4b0994094f40f929445e (127.9.240.131:37239)
I20260630 12:12:20.405059 13574 raft_consensus.cc:3060] T e2b2e0364ca440e3961b2611015e8d1f P 3ff72fcdb674453e9d293e5a146e544c [term 0 FOLLOWER]: Advancing to term 1
I20260630 12:12:20.405151 13364 tablet_service.cc:1917] Received RequestConsensusVote() RPC: tablet_id: "56f0aeb4a1c5430aab971d88de8de092" candidate_uuid: "3ff72fcdb674453e9d293e5a146e544c" candidate_term: 2 candidate_status { last_received { term: 0 index: 0 } } ignore_live_leader: false dest_uuid: "c372db5ae8bc4b0994094f40f929445e" is_pre_election: true
I20260630 12:12:20.405138 13291 tablet_service.cc:1917] Received RequestConsensusVote() RPC: tablet_id: "56f0aeb4a1c5430aab971d88de8de092" candidate_uuid: "3ff72fcdb674453e9d293e5a146e544c" candidate_term: 2 candidate_status { last_received { term: 0 index: 0 } } ignore_live_leader: false dest_uuid: "441ed5a2029e4aeb830bc6f576211ff9" is_pre_election: true
I20260630 12:12:20.409499 13480 leader_election.cc:304] T 56f0aeb4a1c5430aab971d88de8de092 P 3ff72fcdb674453e9d293e5a146e544c [CANDIDATE]: Term 2 pre-election: Election decided. Result: candidate lost. Election summary: received 3 responses out of 3 voters: 1 yes votes; 2 no votes. yes voters: 3ff72fcdb674453e9d293e5a146e544c; no voters: 441ed5a2029e4aeb830bc6f576211ff9, c372db5ae8bc4b0994094f40f929445e
I20260630 12:12:20.410702 13618 raft_consensus.cc:2749] T 56f0aeb4a1c5430aab971d88de8de092 P 3ff72fcdb674453e9d293e5a146e544c [term 1 FOLLOWER]: Leader pre-election lost for term 2. Reason: could not achieve majority
I20260630 12:12:20.411774 13574 raft_consensus.cc:2749] T e2b2e0364ca440e3961b2611015e8d1f P 3ff72fcdb674453e9d293e5a146e544c [term 1 FOLLOWER]: Leader pre-election lost for term 1. Reason: could not achieve majority
I20260630 12:12:20.416857 13597 consensus_queue.cc:1048] T e2b2e0364ca440e3961b2611015e8d1f P d6d827cef6014d06a81fe847881ebd92 [LEADER]: Connected to new peer: Peer: permanent_uuid: "3ff72fcdb674453e9d293e5a146e544c" member_type: VOTER last_known_addr { host: "127.9.240.132" port: 34927 }, Status: LMP_MISMATCH, Last received: 0.0, Next index: 1, Last known committed idx: 0, Time since last communication: 0.000s
I20260630 12:12:20.429483 13417 consensus_queue.cc:1048] T e2b2e0364ca440e3961b2611015e8d1f P d6d827cef6014d06a81fe847881ebd92 [LEADER]: Connected to new peer: Peer: permanent_uuid: "c372db5ae8bc4b0994094f40f929445e" member_type: VOTER last_known_addr { host: "127.9.240.131" port: 37239 }, Status: LMP_MISMATCH, Last received: 0.0, Next index: 1, Last known committed idx: 0, Time since last communication: 0.000s
I20260630 12:12:20.487442 13574 raft_consensus.cc:493] T 78d28c32560846a8b06dc34610dbc1c6 P 3ff72fcdb674453e9d293e5a146e544c [term 0 FOLLOWER]: Starting pre-election (no leader contacted us within the election timeout)
I20260630 12:12:20.487905 13574 raft_consensus.cc:515] T 78d28c32560846a8b06dc34610dbc1c6 P 3ff72fcdb674453e9d293e5a146e544c [term 0 FOLLOWER]: Starting pre-election with config: opid_index: -1 OBSOLETE_local: false peers { permanent_uuid: "c372db5ae8bc4b0994094f40f929445e" member_type: VOTER last_known_addr { host: "127.9.240.131" port: 37239 } } peers { permanent_uuid: "3ff72fcdb674453e9d293e5a146e544c" member_type: VOTER last_known_addr { host: "127.9.240.132" port: 34927 } } peers { permanent_uuid: "d6d827cef6014d06a81fe847881ebd92" member_type: VOTER last_known_addr { host: "127.9.240.129" port: 39325 } }
I20260630 12:12:20.489421 13574 leader_election.cc:290] T 78d28c32560846a8b06dc34610dbc1c6 P 3ff72fcdb674453e9d293e5a146e544c [CANDIDATE]: Term 1 pre-election: Requested pre-vote from peers c372db5ae8bc4b0994094f40f929445e (127.9.240.131:37239), d6d827cef6014d06a81fe847881ebd92 (127.9.240.129:39325)
I20260630 12:12:20.490149 13364 tablet_service.cc:1917] Received RequestConsensusVote() RPC: tablet_id: "78d28c32560846a8b06dc34610dbc1c6" candidate_uuid: "3ff72fcdb674453e9d293e5a146e544c" candidate_term: 1 candidate_status { last_received { term: 0 index: 0 } } ignore_live_leader: false dest_uuid: "c372db5ae8bc4b0994094f40f929445e" is_pre_election: true
I20260630 12:12:20.490356 13215 tablet_service.cc:1917] Received RequestConsensusVote() RPC: tablet_id: "78d28c32560846a8b06dc34610dbc1c6" candidate_uuid: "3ff72fcdb674453e9d293e5a146e544c" candidate_term: 1 candidate_status { last_received { term: 0 index: 0 } } ignore_live_leader: false dest_uuid: "d6d827cef6014d06a81fe847881ebd92" is_pre_election: true
I20260630 12:12:20.491008 13215 raft_consensus.cc:2393] T 78d28c32560846a8b06dc34610dbc1c6 P d6d827cef6014d06a81fe847881ebd92 [term 1 FOLLOWER]: Leader pre-election vote request: Denying vote to candidate 3ff72fcdb674453e9d293e5a146e544c in current term 1: Already voted for candidate c372db5ae8bc4b0994094f40f929445e in this term.
I20260630 12:12:20.491901 13478 leader_election.cc:304] T 78d28c32560846a8b06dc34610dbc1c6 P 3ff72fcdb674453e9d293e5a146e544c [CANDIDATE]: Term 1 pre-election: Election decided. Result: candidate lost. Election summary: received 3 responses out of 3 voters: 1 yes votes; 2 no votes. yes voters: 3ff72fcdb674453e9d293e5a146e544c; no voters: c372db5ae8bc4b0994094f40f929445e, d6d827cef6014d06a81fe847881ebd92
I20260630 12:12:20.492496 13574 raft_consensus.cc:3060] T 78d28c32560846a8b06dc34610dbc1c6 P 3ff72fcdb674453e9d293e5a146e544c [term 0 FOLLOWER]: Advancing to term 1
I20260630 12:12:20.495069 13435 consensus_queue.cc:1048] T 822a085d238b4e0eb4d2795bbd20a7e5 P c372db5ae8bc4b0994094f40f929445e [LEADER]: Connected to new peer: Peer: permanent_uuid: "441ed5a2029e4aeb830bc6f576211ff9" member_type: VOTER last_known_addr { host: "127.9.240.130" port: 42419 }, Status: LMP_MISMATCH, Last received: 0.0, Next index: 1, Last known committed idx: 0, Time since last communication: 0.000s
I20260630 12:12:20.495250 13417 consensus_queue.cc:1048] T 77b22376363946779c631b1c792bb616 P d6d827cef6014d06a81fe847881ebd92 [LEADER]: Connected to new peer: Peer: permanent_uuid: "3ff72fcdb674453e9d293e5a146e544c" member_type: VOTER last_known_addr { host: "127.9.240.132" port: 34927 }, Status: LMP_MISMATCH, Last received: 0.0, Next index: 1, Last known committed idx: 0, Time since last communication: 0.000s
I20260630 12:12:20.498540 13574 raft_consensus.cc:2749] T 78d28c32560846a8b06dc34610dbc1c6 P 3ff72fcdb674453e9d293e5a146e544c [term 1 FOLLOWER]: Leader pre-election lost for term 1. Reason: could not achieve majority
I20260630 12:12:20.506605 13572 consensus_queue.cc:1048] T 77b22376363946779c631b1c792bb616 P d6d827cef6014d06a81fe847881ebd92 [LEADER]: Connected to new peer: Peer: permanent_uuid: "c372db5ae8bc4b0994094f40f929445e" member_type: VOTER last_known_addr { host: "127.9.240.131" port: 37239 }, Status: LMP_MISMATCH, Last received: 0.0, Next index: 1, Last known committed idx: 0, Time since last communication: 0.000s
I20260630 12:12:20.511304 13435 consensus_queue.cc:1048] T 78d28c32560846a8b06dc34610dbc1c6 P c372db5ae8bc4b0994094f40f929445e [LEADER]: Connected to new peer: Peer: permanent_uuid: "3ff72fcdb674453e9d293e5a146e544c" member_type: VOTER last_known_addr { host: "127.9.240.132" port: 34927 }, Status: LMP_MISMATCH, Last received: 0.0, Next index: 1, Last known committed idx: 0, Time since last communication: 0.000s
I20260630 12:12:20.516124 13625 consensus_queue.cc:1048] T 78d28c32560846a8b06dc34610dbc1c6 P c372db5ae8bc4b0994094f40f929445e [LEADER]: Connected to new peer: Peer: permanent_uuid: "d6d827cef6014d06a81fe847881ebd92" member_type: VOTER last_known_addr { host: "127.9.240.129" port: 39325 }, Status: LMP_MISMATCH, Last received: 0.0, Next index: 1, Last known committed idx: 0, Time since last communication: 0.000s
I20260630 12:12:20.523438 13626 consensus_queue.cc:1048] T 822a085d238b4e0eb4d2795bbd20a7e5 P c372db5ae8bc4b0994094f40f929445e [LEADER]: Connected to new peer: Peer: permanent_uuid: "3ff72fcdb674453e9d293e5a146e544c" member_type: VOTER last_known_addr { host: "127.9.240.132" port: 34927 }, Status: LMP_MISMATCH, Last received: 0.0, Next index: 1, Last known committed idx: 0, Time since last communication: 0.001s
I20260630 12:12:20.554570 13574 consensus_queue.cc:1048] T 959371144a5b48d79dcf2fffa29bb023 P 3ff72fcdb674453e9d293e5a146e544c [LEADER]: Connected to new peer: Peer: permanent_uuid: "441ed5a2029e4aeb830bc6f576211ff9" member_type: VOTER last_known_addr { host: "127.9.240.130" port: 42419 }, Status: LMP_MISMATCH, Last received: 0.0, Next index: 1, Last known committed idx: 0, Time since last communication: 0.000s
I20260630 12:12:20.565663 13608 consensus_queue.cc:1048] T 959371144a5b48d79dcf2fffa29bb023 P 3ff72fcdb674453e9d293e5a146e544c [LEADER]: Connected to new peer: Peer: permanent_uuid: "d6d827cef6014d06a81fe847881ebd92" member_type: VOTER last_known_addr { host: "127.9.240.129" port: 39325 }, Status: LMP_MISMATCH, Last received: 0.0, Next index: 1, Last known committed idx: 0, Time since last communication: 0.000s
I20260630 12:12:20.596869 13167 auto_leader_rebalancer.cc:141] leader rebalance for table range_aware_rebalance_new_range
I20260630 12:12:20.622902 13291 tablet_service.cc:2072] Received LeaderStepDown RPC: tablet_id: "49b9630503294e6f8cc038af7f0955ae"
dest_uuid: "441ed5a2029e4aeb830bc6f576211ff9"
mode: GRACEFUL
new_leader_uuid: "c372db5ae8bc4b0994094f40f929445e"
 from {username='slave'} at 127.0.0.1:53240
I20260630 12:12:20.623533 13291 raft_consensus.cc:606] T 49b9630503294e6f8cc038af7f0955ae P 441ed5a2029e4aeb830bc6f576211ff9 [term 1 LEADER]: Received request to transfer leadership to TS c372db5ae8bc4b0994094f40f929445e
I20260630 12:12:20.626204 13291 tablet_service.cc:2072] Received LeaderStepDown RPC: tablet_id: "74dce380751349fe98e277f9ebb9e5dc"
dest_uuid: "441ed5a2029e4aeb830bc6f576211ff9"
mode: GRACEFUL
new_leader_uuid: "3ff72fcdb674453e9d293e5a146e544c"
 from {username='slave'} at 127.0.0.1:53240
I20260630 12:12:20.626736 13291 raft_consensus.cc:606] T 74dce380751349fe98e277f9ebb9e5dc P 441ed5a2029e4aeb830bc6f576211ff9 [term 1 LEADER]: Received request to transfer leadership to TS 3ff72fcdb674453e9d293e5a146e544c
I20260630 12:12:20.629153 13514 consensus_queue.cc:1048] T 74dce380751349fe98e277f9ebb9e5dc P 441ed5a2029e4aeb830bc6f576211ff9 [LEADER]: Connected to new peer: Peer: permanent_uuid: "3ff72fcdb674453e9d293e5a146e544c" member_type: VOTER last_known_addr { host: "127.9.240.132" port: 34927 }, Status: LMP_MISMATCH, Last received: 0.0, Next index: 1, Last known committed idx: 0, Time since last communication: 0.000s
I20260630 12:12:20.630494 13291 tablet_service.cc:2072] Received LeaderStepDown RPC: tablet_id: "b5e9276b933f4f4f8fc4bd463ddb6c22"
dest_uuid: "441ed5a2029e4aeb830bc6f576211ff9"
mode: GRACEFUL
new_leader_uuid: "d6d827cef6014d06a81fe847881ebd92"
 from {username='slave'} at 127.0.0.1:53240
I20260630 12:12:20.631167 13291 raft_consensus.cc:606] T b5e9276b933f4f4f8fc4bd463ddb6c22 P 441ed5a2029e4aeb830bc6f576211ff9 [term 1 LEADER]: Received request to transfer leadership to TS d6d827cef6014d06a81fe847881ebd92
I20260630 12:12:20.632913 13167 auto_leader_rebalancer.cc:440] table: range_aware_rebalance_new_range, leader rebalance finish, leader transfer count: 3
I20260630 12:12:20.633663 13167 auto_leader_rebalancer.cc:515] All tables' leader rebalancing finished this round
W20260630 12:12:20.636498 13162 auto_rebalancer.cc:639] Failed to schedule move for tablet 49b9630503294e6f8cc038af7f0955ae: Remote error: Service unavailable: leader transfer in progress
I20260630 12:12:20.637105 13418 raft_consensus.cc:993] T 74dce380751349fe98e277f9ebb9e5dc P 441ed5a2029e4aeb830bc6f576211ff9: : Instructing follower 3ff72fcdb674453e9d293e5a146e544c to start an election
I20260630 12:12:20.637550 13418 raft_consensus.cc:1081] T 74dce380751349fe98e277f9ebb9e5dc P 441ed5a2029e4aeb830bc6f576211ff9 [term 1 LEADER]: Signalling peer 3ff72fcdb674453e9d293e5a146e544c to start an election
I20260630 12:12:20.639770 13517 tablet_service.cc:2044] Received Run Leader Election RPC: tablet_id: "74dce380751349fe98e277f9ebb9e5dc"
dest_uuid: "3ff72fcdb674453e9d293e5a146e544c"
 from {username='slave'} at 127.0.0.1:49976
I20260630 12:12:20.640347 13517 raft_consensus.cc:493] T 74dce380751349fe98e277f9ebb9e5dc P 3ff72fcdb674453e9d293e5a146e544c [term 1 FOLLOWER]: Starting forced leader election (received explicit request)
I20260630 12:12:20.641237 13517 raft_consensus.cc:3060] T 74dce380751349fe98e277f9ebb9e5dc P 3ff72fcdb674453e9d293e5a146e544c [term 1 FOLLOWER]: Advancing to term 2
I20260630 12:12:20.644922 13514 consensus_queue.cc:1048] T 74dce380751349fe98e277f9ebb9e5dc P 441ed5a2029e4aeb830bc6f576211ff9 [LEADER]: Connected to new peer: Peer: permanent_uuid: "d6d827cef6014d06a81fe847881ebd92" member_type: VOTER last_known_addr { host: "127.9.240.129" port: 39325 }, Status: LMP_MISMATCH, Last received: 0.0, Next index: 1, Last known committed idx: 0, Time since last communication: 0.001s
I20260630 12:12:20.647912 13517 raft_consensus.cc:515] T 74dce380751349fe98e277f9ebb9e5dc P 3ff72fcdb674453e9d293e5a146e544c [term 2 FOLLOWER]: Starting forced leader election with config: opid_index: -1 OBSOLETE_local: false peers { permanent_uuid: "3ff72fcdb674453e9d293e5a146e544c" member_type: VOTER last_known_addr { host: "127.9.240.132" port: 34927 } } peers { permanent_uuid: "d6d827cef6014d06a81fe847881ebd92" member_type: VOTER last_known_addr { host: "127.9.240.129" port: 39325 } } peers { permanent_uuid: "441ed5a2029e4aeb830bc6f576211ff9" member_type: VOTER last_known_addr { host: "127.9.240.130" port: 42419 } }
I20260630 12:12:20.650682 13214 tablet_service.cc:1917] Received RequestConsensusVote() RPC: tablet_id: "74dce380751349fe98e277f9ebb9e5dc" candidate_uuid: "3ff72fcdb674453e9d293e5a146e544c" candidate_term: 2 candidate_status { last_received { term: 1 index: 1 } } ignore_live_leader: true dest_uuid: "d6d827cef6014d06a81fe847881ebd92"
I20260630 12:12:20.654676 13517 leader_election.cc:290] T 74dce380751349fe98e277f9ebb9e5dc P 3ff72fcdb674453e9d293e5a146e544c [CANDIDATE]: Term 2 election: Requested vote from peers d6d827cef6014d06a81fe847881ebd92 (127.9.240.129:39325), 441ed5a2029e4aeb830bc6f576211ff9 (127.9.240.130:42419)
I20260630 12:12:20.654752 13291 consensus_queue.cc:237] T 26f0304260544b9191073af62f88fc43 P 441ed5a2029e4aeb830bc6f576211ff9 [LEADER]: Queue going to LEADER mode. State: All replicated index: 0, Majority replicated index: 1, Committed index: 1, Last appended: 1.1, Last appended by leader: 0, Current term: 1, Majority size: 2, State: 0, Mode: LEADER, active raft config: opid_index: 2 OBSOLETE_local: false peers { permanent_uuid: "d6d827cef6014d06a81fe847881ebd92" member_type: VOTER last_known_addr { host: "127.9.240.129" port: 39325 } } peers { permanent_uuid: "441ed5a2029e4aeb830bc6f576211ff9" member_type: VOTER last_known_addr { host: "127.9.240.130" port: 42419 } } peers { permanent_uuid: "c372db5ae8bc4b0994094f40f929445e" member_type: VOTER last_known_addr { host: "127.9.240.131" port: 37239 } attrs { replace: true } } peers { permanent_uuid: "3ff72fcdb674453e9d293e5a146e544c" member_type: NON_VOTER last_known_addr { host: "127.9.240.132" port: 34927 } attrs { promote: true } }
I20260630 12:12:20.655786 13290 tablet_service.cc:1917] Received RequestConsensusVote() RPC: tablet_id: "74dce380751349fe98e277f9ebb9e5dc" candidate_uuid: "3ff72fcdb674453e9d293e5a146e544c" candidate_term: 2 candidate_status { last_received { term: 1 index: 1 } } ignore_live_leader: true dest_uuid: "441ed5a2029e4aeb830bc6f576211ff9"
I20260630 12:12:20.656381 13290 raft_consensus.cc:3055] T 74dce380751349fe98e277f9ebb9e5dc P 441ed5a2029e4aeb830bc6f576211ff9 [term 1 LEADER]: Stepping down as leader of term 1
I20260630 12:12:20.656690 13290 raft_consensus.cc:740] T 74dce380751349fe98e277f9ebb9e5dc P 441ed5a2029e4aeb830bc6f576211ff9 [term 1 LEADER]: Becoming Follower/Learner. State: Replica: 441ed5a2029e4aeb830bc6f576211ff9, State: Running, Role: LEADER
I20260630 12:12:20.657406 13290 consensus_queue.cc:260] T 74dce380751349fe98e277f9ebb9e5dc P 441ed5a2029e4aeb830bc6f576211ff9 [NON_LEADER]: Queue going to NON_LEADER mode. State: All replicated index: 0, Majority replicated index: 1, Committed index: 1, Last appended: 1.1, Last appended by leader: 1, Current term: 1, Majority size: -1, State: 0, Mode: NON_LEADER, active raft config: opid_index: -1 OBSOLETE_local: false peers { permanent_uuid: "3ff72fcdb674453e9d293e5a146e544c" member_type: VOTER last_known_addr { host: "127.9.240.132" port: 34927 } } peers { permanent_uuid: "d6d827cef6014d06a81fe847881ebd92" member_type: VOTER last_known_addr { host: "127.9.240.129" port: 39325 } } peers { permanent_uuid: "441ed5a2029e4aeb830bc6f576211ff9" member_type: VOTER last_known_addr { host: "127.9.240.130" port: 42419 } }
I20260630 12:12:20.658330 13290 raft_consensus.cc:3060] T 74dce380751349fe98e277f9ebb9e5dc P 441ed5a2029e4aeb830bc6f576211ff9 [term 1 FOLLOWER]: Advancing to term 2
