I20260630 12:40:01.731480 16727 raft_consensus.cc:493] T 9217831d23ff48f782bc06a64ba36bff P a983a5b1871c46f6a2c4292cb0ffb369 [term 0 FOLLOWER]: Starting leader election (no leader contacted us within the election timeout)
I20260630 12:40:01.733028 16727 raft_consensus.cc:3060] T 9217831d23ff48f782bc06a64ba36bff P a983a5b1871c46f6a2c4292cb0ffb369 [term 0 FOLLOWER]: Advancing to term 1
I20260630 12:40:01.733507 16834 ts_tablet_manager.cc:1434] T 7528646a66d648329b1e45940331f5b9 P 9c04e22cd6ef4df5be368b3d8edf261a: Time spent starting tablet: real 0.143s	user 0.009s	sys 0.019s
I20260630 12:40:01.733935 16833 raft_consensus.cc:359] T d76f1c514b144662986f93367442f7fc P a983a5b1871c46f6a2c4292cb0ffb369 [term 0 FOLLOWER]: Replica starting. Triggering 0 pending ops. Active config: opid_index: -1 OBSOLETE_local: false peers { permanent_uuid: "5771d99de9e94b77a4fae53d768777cc" member_type: VOTER last_known_addr { host: "127.13.59.4" port: 40269 } } peers { permanent_uuid: "a983a5b1871c46f6a2c4292cb0ffb369" member_type: VOTER last_known_addr { host: "127.13.59.1" port: 38723 } } peers { permanent_uuid: "c5c169764fb6495496120ac60db905ca" member_type: VOTER last_known_addr { host: "127.13.59.2" port: 32903 } }
I20260630 12:40:01.734464 16834 tablet_bootstrap.cc:492] T 12077112a90e41e88e38465a1b840c7f P 9c04e22cd6ef4df5be368b3d8edf261a: Bootstrap starting.
I20260630 12:40:01.734674 16833 raft_consensus.cc:385] T d76f1c514b144662986f93367442f7fc P a983a5b1871c46f6a2c4292cb0ffb369 [term 0 FOLLOWER]: Consensus starting up: Expiring failure detector timer to make a prompt election more likely
I20260630 12:40:01.735069 16833 raft_consensus.cc:740] T d76f1c514b144662986f93367442f7fc P a983a5b1871c46f6a2c4292cb0ffb369 [term 0 FOLLOWER]: Becoming Follower/Learner. State: Replica: a983a5b1871c46f6a2c4292cb0ffb369, State: Initialized, Role: FOLLOWER
W20260630 12:40:01.717988 16613 outbound_call.cc:321] RPC callback for RPC call kudu.consensus.ConsensusService.RequestConsensusVote -> {remote=127.13.59.4:40269, user_credentials={real_user=slave}} blocked reactor thread for 50611.6us
I20260630 12:40:01.735782 16833 consensus_queue.cc:260] T d76f1c514b144662986f93367442f7fc P a983a5b1871c46f6a2c4292cb0ffb369 [NON_LEADER]: Queue going to NON_LEADER mode. State: All replicated index: 0, Majority replicated index: 0, Committed index: 0, Last appended: 0.0, Last appended by leader: 0, Current term: 0, Majority size: -1, State: 0, Mode: NON_LEADER, active raft config: opid_index: -1 OBSOLETE_local: false peers { permanent_uuid: "5771d99de9e94b77a4fae53d768777cc" member_type: VOTER last_known_addr { host: "127.13.59.4" port: 40269 } } peers { permanent_uuid: "a983a5b1871c46f6a2c4292cb0ffb369" member_type: VOTER last_known_addr { host: "127.13.59.1" port: 38723 } } peers { permanent_uuid: "c5c169764fb6495496120ac60db905ca" member_type: VOTER last_known_addr { host: "127.13.59.2" port: 32903 } }
I20260630 12:40:01.736729 16840 raft_consensus.cc:515] T 62c95da1856644b9812e3e8b0325ce08 P a983a5b1871c46f6a2c4292cb0ffb369 [term 1 FOLLOWER]: Starting leader election with config: opid_index: -1 OBSOLETE_local: false peers { permanent_uuid: "a983a5b1871c46f6a2c4292cb0ffb369" member_type: VOTER last_known_addr { host: "127.13.59.1" port: 38723 } } peers { permanent_uuid: "5771d99de9e94b77a4fae53d768777cc" member_type: VOTER last_known_addr { host: "127.13.59.4" port: 40269 } } peers { permanent_uuid: "c5c169764fb6495496120ac60db905ca" member_type: VOTER last_known_addr { host: "127.13.59.2" port: 32903 } }
I20260630 12:40:01.746204 16844 raft_consensus.cc:359] T d76f1c514b144662986f93367442f7fc P c5c169764fb6495496120ac60db905ca [term 0 FOLLOWER]: Replica starting. Triggering 0 pending ops. Active config: opid_index: -1 OBSOLETE_local: false peers { permanent_uuid: "5771d99de9e94b77a4fae53d768777cc" member_type: VOTER last_known_addr { host: "127.13.59.4" port: 40269 } } peers { permanent_uuid: "a983a5b1871c46f6a2c4292cb0ffb369" member_type: VOTER last_known_addr { host: "127.13.59.1" port: 38723 } } peers { permanent_uuid: "c5c169764fb6495496120ac60db905ca" member_type: VOTER last_known_addr { host: "127.13.59.2" port: 32903 } }
I20260630 12:40:01.747176 16844 raft_consensus.cc:385] T d76f1c514b144662986f93367442f7fc P c5c169764fb6495496120ac60db905ca [term 0 FOLLOWER]: Consensus starting up: Expiring failure detector timer to make a prompt election more likely
I20260630 12:40:01.738363 16797 tablet_service.cc:1917] Received RequestConsensusVote() RPC: tablet_id: "7528646a66d648329b1e45940331f5b9" candidate_uuid: "9c04e22cd6ef4df5be368b3d8edf261a" candidate_term: 1 candidate_status { last_received { term: 0 index: 0 } } ignore_live_leader: false dest_uuid: "5771d99de9e94b77a4fae53d768777cc" is_pre_election: true
I20260630 12:40:01.747612 16844 raft_consensus.cc:740] T d76f1c514b144662986f93367442f7fc P c5c169764fb6495496120ac60db905ca [term 0 FOLLOWER]: Becoming Follower/Learner. State: Replica: c5c169764fb6495496120ac60db905ca, State: Initialized, Role: FOLLOWER
I20260630 12:40:01.747390 16833 ts_tablet_manager.cc:1434] T d76f1c514b144662986f93367442f7fc P a983a5b1871c46f6a2c4292cb0ffb369: Time spent starting tablet: real 0.018s	user 0.006s	sys 0.000s
I20260630 12:40:01.749145 16833 tablet_bootstrap.cc:492] T 7528646a66d648329b1e45940331f5b9 P a983a5b1871c46f6a2c4292cb0ffb369: Bootstrap starting.
I20260630 12:40:01.747292 16796 tablet_service.cc:1917] Received RequestConsensusVote() RPC: tablet_id: "62c95da1856644b9812e3e8b0325ce08" candidate_uuid: "a983a5b1871c46f6a2c4292cb0ffb369" candidate_term: 1 candidate_status { last_received { term: 0 index: 0 } } ignore_live_leader: false dest_uuid: "5771d99de9e94b77a4fae53d768777cc"
I20260630 12:40:01.750006 16796 raft_consensus.cc:3060] T 62c95da1856644b9812e3e8b0325ce08 P 5771d99de9e94b77a4fae53d768777cc [term 0 FOLLOWER]: Advancing to term 1
I20260630 12:40:01.750898 16727 raft_consensus.cc:515] T 9217831d23ff48f782bc06a64ba36bff P a983a5b1871c46f6a2c4292cb0ffb369 [term 1 FOLLOWER]: Starting leader election with config: opid_index: -1 OBSOLETE_local: false peers { permanent_uuid: "5771d99de9e94b77a4fae53d768777cc" member_type: VOTER last_known_addr { host: "127.13.59.4" port: 40269 } } peers { permanent_uuid: "c5c169764fb6495496120ac60db905ca" member_type: VOTER last_known_addr { host: "127.13.59.2" port: 32903 } } peers { permanent_uuid: "a983a5b1871c46f6a2c4292cb0ffb369" member_type: VOTER last_known_addr { host: "127.13.59.1" port: 38723 } }
I20260630 12:40:01.751803 16844 consensus_queue.cc:260] T d76f1c514b144662986f93367442f7fc P c5c169764fb6495496120ac60db905ca [NON_LEADER]: Queue going to NON_LEADER mode. State: All replicated index: 0, Majority replicated index: 0, Committed index: 0, Last appended: 0.0, Last appended by leader: 0, Current term: 0, Majority size: -1, State: 0, Mode: NON_LEADER, active raft config: opid_index: -1 OBSOLETE_local: false peers { permanent_uuid: "5771d99de9e94b77a4fae53d768777cc" member_type: VOTER last_known_addr { host: "127.13.59.4" port: 40269 } } peers { permanent_uuid: "a983a5b1871c46f6a2c4292cb0ffb369" member_type: VOTER last_known_addr { host: "127.13.59.1" port: 38723 } } peers { permanent_uuid: "c5c169764fb6495496120ac60db905ca" member_type: VOTER last_known_addr { host: "127.13.59.2" port: 32903 } }
I20260630 12:40:01.753888 16797 tablet_service.cc:1917] Received RequestConsensusVote() RPC: tablet_id: "9217831d23ff48f782bc06a64ba36bff" candidate_uuid: "a983a5b1871c46f6a2c4292cb0ffb369" candidate_term: 1 candidate_status { last_received { term: 0 index: 0 } } ignore_live_leader: false dest_uuid: "5771d99de9e94b77a4fae53d768777cc"
I20260630 12:40:01.754448 16797 raft_consensus.cc:3060] T 9217831d23ff48f782bc06a64ba36bff P 5771d99de9e94b77a4fae53d768777cc [term 0 FOLLOWER]: Advancing to term 1
I20260630 12:40:01.758054 16796 raft_consensus.cc:2468] T 62c95da1856644b9812e3e8b0325ce08 P 5771d99de9e94b77a4fae53d768777cc [term 1 FOLLOWER]: Leader election vote request: Granting yes vote for candidate a983a5b1871c46f6a2c4292cb0ffb369 in term 1.
I20260630 12:40:01.749010 16574 tablet_service.cc:1917] Received RequestConsensusVote() RPC: tablet_id: "62c95da1856644b9812e3e8b0325ce08" candidate_uuid: "a983a5b1871c46f6a2c4292cb0ffb369" candidate_term: 1 candidate_status { last_received { term: 0 index: 0 } } ignore_live_leader: false dest_uuid: "c5c169764fb6495496120ac60db905ca"
I20260630 12:40:01.763260 16392 catalog_manager.cc:6242] T 00000000000000000000000000000000 P 98659cf287434c30809b135679b76acf: range_aware_rebalance_new_range [id=40664ab8abca45f3b34bededc339912d] alter complete (version 0)
I20260630 12:40:01.771261 16834 tablet_bootstrap.cc:654] T 12077112a90e41e88e38465a1b840c7f P 9c04e22cd6ef4df5be368b3d8edf261a: Neither blocks nor log segments found. Creating new log.
I20260630 12:40:01.767501 16846 tablet_bootstrap.cc:492] T 7528646a66d648329b1e45940331f5b9 P 5771d99de9e94b77a4fae53d768777cc: No bootstrap required, opened a new log
I20260630 12:40:01.754931 16840 leader_election.cc:290] T 62c95da1856644b9812e3e8b0325ce08 P a983a5b1871c46f6a2c4292cb0ffb369 [CANDIDATE]: Term 1 election: Requested vote from peers 5771d99de9e94b77a4fae53d768777cc (127.13.59.4:40269), c5c169764fb6495496120ac60db905ca (127.13.59.2:32903)
I20260630 12:40:01.759272 16844 ts_tablet_manager.cc:1434] T d76f1c514b144662986f93367442f7fc P c5c169764fb6495496120ac60db905ca: Time spent starting tablet: real 0.112s	user 0.010s	sys 0.000s
I20260630 12:40:01.770248 16574 raft_consensus.cc:3060] T 62c95da1856644b9812e3e8b0325ce08 P c5c169764fb6495496120ac60db905ca [term 0 FOLLOWER]: Advancing to term 1
I20260630 12:40:01.773259 16846 ts_tablet_manager.cc:1403] T 7528646a66d648329b1e45940331f5b9 P 5771d99de9e94b77a4fae53d768777cc: Time spent bootstrapping tablet: real 0.171s	user 0.016s	sys 0.030s
I20260630 12:40:01.776202 16846 raft_consensus.cc:359] T 7528646a66d648329b1e45940331f5b9 P 5771d99de9e94b77a4fae53d768777cc [term 0 FOLLOWER]: Replica starting. Triggering 0 pending ops. Active config: opid_index: -1 OBSOLETE_local: false peers { permanent_uuid: "9c04e22cd6ef4df5be368b3d8edf261a" member_type: VOTER last_known_addr { host: "127.13.59.3" port: 43999 } } peers { permanent_uuid: "a983a5b1871c46f6a2c4292cb0ffb369" member_type: VOTER last_known_addr { host: "127.13.59.1" port: 38723 } } peers { permanent_uuid: "5771d99de9e94b77a4fae53d768777cc" member_type: VOTER last_known_addr { host: "127.13.59.4" port: 40269 } }
W20260630 12:40:01.769387 16613 leader_election.cc:343] T 7528646a66d648329b1e45940331f5b9 P 9c04e22cd6ef4df5be368b3d8edf261a [CANDIDATE]: Term 1 pre-election: Tablet error from VoteRequest() call to peer 5771d99de9e94b77a4fae53d768777cc (127.13.59.4:40269): Illegal state: must be running to vote when last-logged opid is not known
I20260630 12:40:01.776950 16498 tablet_service.cc:1917] Received RequestConsensusVote() RPC: tablet_id: "7528646a66d648329b1e45940331f5b9" candidate_uuid: "9c04e22cd6ef4df5be368b3d8edf261a" candidate_term: 1 candidate_status { last_received { term: 0 index: 0 } } ignore_live_leader: false dest_uuid: "a983a5b1871c46f6a2c4292cb0ffb369" is_pre_election: true
W20260630 12:40:01.778841 16613 leader_election.cc:343] T 7528646a66d648329b1e45940331f5b9 P 9c04e22cd6ef4df5be368b3d8edf261a [CANDIDATE]: Term 1 pre-election: Tablet error from VoteRequest() call to peer a983a5b1871c46f6a2c4292cb0ffb369 (127.13.59.1:38723): Illegal state: must be running to vote when last-logged opid is not known
I20260630 12:40:01.779315 16464 leader_election.cc:304] T 62c95da1856644b9812e3e8b0325ce08 P a983a5b1871c46f6a2c4292cb0ffb369 [CANDIDATE]: Term 1 election: Election decided. Result: candidate won. Election summary: received 2 responses out of 3 voters: 2 yes votes; 0 no votes. yes voters: 5771d99de9e94b77a4fae53d768777cc, a983a5b1871c46f6a2c4292cb0ffb369; no voters: 
I20260630 12:40:01.779265 16613 leader_election.cc:304] T 7528646a66d648329b1e45940331f5b9 P 9c04e22cd6ef4df5be368b3d8edf261a [CANDIDATE]: Term 1 pre-election: Election decided. Result: candidate lost. Election summary: received 3 responses out of 3 voters: 1 yes votes; 2 no votes. yes voters: 9c04e22cd6ef4df5be368b3d8edf261a; no voters: 5771d99de9e94b77a4fae53d768777cc, a983a5b1871c46f6a2c4292cb0ffb369
I20260630 12:40:01.780406 16859 raft_consensus.cc:2749] T 7528646a66d648329b1e45940331f5b9 P 9c04e22cd6ef4df5be368b3d8edf261a [term 0 FOLLOWER]: Leader pre-election lost for term 1. Reason: could not achieve majority
I20260630 12:40:01.781741 16840 raft_consensus.cc:2804] T 62c95da1856644b9812e3e8b0325ce08 P a983a5b1871c46f6a2c4292cb0ffb369 [term 1 FOLLOWER]: Leader election won for term 1
I20260630 12:40:01.781951 16727 leader_election.cc:290] T 9217831d23ff48f782bc06a64ba36bff P a983a5b1871c46f6a2c4292cb0ffb369 [CANDIDATE]: Term 1 election: Requested vote from peers 5771d99de9e94b77a4fae53d768777cc (127.13.59.4:40269), c5c169764fb6495496120ac60db905ca (127.13.59.2:32903)
I20260630 12:40:01.782407 16840 raft_consensus.cc:697] T 62c95da1856644b9812e3e8b0325ce08 P a983a5b1871c46f6a2c4292cb0ffb369 [term 1 LEADER]: Becoming Leader. State: Replica: a983a5b1871c46f6a2c4292cb0ffb369, State: Running, Role: LEADER
I20260630 12:40:01.778522 16846 raft_consensus.cc:385] T 7528646a66d648329b1e45940331f5b9 P 5771d99de9e94b77a4fae53d768777cc [term 0 FOLLOWER]: Consensus starting up: Expiring failure detector timer to make a prompt election more likely
I20260630 12:40:01.784003 16859 raft_consensus.cc:493] T 12324dd0a4af4df682cc5e7d4797ba0b P 9c04e22cd6ef4df5be368b3d8edf261a [term 0 FOLLOWER]: Starting pre-election (no leader contacted us within the election timeout)
I20260630 12:40:01.783767 16840 consensus_queue.cc:237] T 62c95da1856644b9812e3e8b0325ce08 P a983a5b1871c46f6a2c4292cb0ffb369 [LEADER]: Queue going to LEADER mode. State: All replicated index: 0, Majority replicated index: 0, Committed index: 0, Last appended: 0.0, Last appended by leader: 0, Current term: 1, Majority size: 2, State: 0, Mode: LEADER, active raft config: opid_index: -1 OBSOLETE_local: false peers { permanent_uuid: "a983a5b1871c46f6a2c4292cb0ffb369" member_type: VOTER last_known_addr { host: "127.13.59.1" port: 38723 } } peers { permanent_uuid: "5771d99de9e94b77a4fae53d768777cc" member_type: VOTER last_known_addr { host: "127.13.59.4" port: 40269 } } peers { permanent_uuid: "c5c169764fb6495496120ac60db905ca" member_type: VOTER last_known_addr { host: "127.13.59.2" port: 32903 } }
I20260630 12:40:01.784432 16859 raft_consensus.cc:515] T 12324dd0a4af4df682cc5e7d4797ba0b P 9c04e22cd6ef4df5be368b3d8edf261a [term 0 FOLLOWER]: Starting pre-election with config: opid_index: -1 OBSOLETE_local: false peers { permanent_uuid: "5771d99de9e94b77a4fae53d768777cc" member_type: VOTER last_known_addr { host: "127.13.59.4" port: 40269 } } peers { permanent_uuid: "c5c169764fb6495496120ac60db905ca" member_type: VOTER last_known_addr { host: "127.13.59.2" port: 32903 } } peers { permanent_uuid: "9c04e22cd6ef4df5be368b3d8edf261a" member_type: VOTER last_known_addr { host: "127.13.59.3" port: 43999 } }
I20260630 12:40:01.786412 16859 leader_election.cc:290] T 12324dd0a4af4df682cc5e7d4797ba0b P 9c04e22cd6ef4df5be368b3d8edf261a [CANDIDATE]: Term 1 pre-election: Requested pre-vote from peers 5771d99de9e94b77a4fae53d768777cc (127.13.59.4:40269), c5c169764fb6495496120ac60db905ca (127.13.59.2:32903)
I20260630 12:40:01.786895 16797 raft_consensus.cc:2468] T 9217831d23ff48f782bc06a64ba36bff P 5771d99de9e94b77a4fae53d768777cc [term 1 FOLLOWER]: Leader election vote request: Granting yes vote for candidate a983a5b1871c46f6a2c4292cb0ffb369 in term 1.
I20260630 12:40:01.788048 16464 leader_election.cc:304] T 9217831d23ff48f782bc06a64ba36bff P a983a5b1871c46f6a2c4292cb0ffb369 [CANDIDATE]: Term 1 election: Election decided. Result: candidate won. Election summary: received 2 responses out of 3 voters: 2 yes votes; 0 no votes. yes voters: 5771d99de9e94b77a4fae53d768777cc, a983a5b1871c46f6a2c4292cb0ffb369; no voters: 
I20260630 12:40:01.788226 16796 tablet_service.cc:1917] Received RequestConsensusVote() RPC: tablet_id: "12324dd0a4af4df682cc5e7d4797ba0b" candidate_uuid: "9c04e22cd6ef4df5be368b3d8edf261a" candidate_term: 1 candidate_status { last_received { term: 0 index: 0 } } ignore_live_leader: false dest_uuid: "5771d99de9e94b77a4fae53d768777cc" is_pre_election: true
I20260630 12:40:01.788913 16745 raft_consensus.cc:2804] T 9217831d23ff48f782bc06a64ba36bff P a983a5b1871c46f6a2c4292cb0ffb369 [term 1 FOLLOWER]: Leader election won for term 1
I20260630 12:40:01.789393 16745 raft_consensus.cc:697] T 9217831d23ff48f782bc06a64ba36bff P a983a5b1871c46f6a2c4292cb0ffb369 [term 1 LEADER]: Becoming Leader. State: Replica: a983a5b1871c46f6a2c4292cb0ffb369, State: Running, Role: LEADER
W20260630 12:40:01.789768 16613 leader_election.cc:343] T 12324dd0a4af4df682cc5e7d4797ba0b P 9c04e22cd6ef4df5be368b3d8edf261a [CANDIDATE]: Term 1 pre-election: Tablet error from VoteRequest() call to peer 5771d99de9e94b77a4fae53d768777cc (127.13.59.4:40269): Illegal state: must be running to vote when last-logged opid is not known
I20260630 12:40:01.789992 16574 raft_consensus.cc:2468] T 62c95da1856644b9812e3e8b0325ce08 P c5c169764fb6495496120ac60db905ca [term 1 FOLLOWER]: Leader election vote request: Granting yes vote for candidate a983a5b1871c46f6a2c4292cb0ffb369 in term 1.
I20260630 12:40:01.783366 16846 raft_consensus.cc:740] T 7528646a66d648329b1e45940331f5b9 P 5771d99de9e94b77a4fae53d768777cc [term 0 FOLLOWER]: Becoming Follower/Learner. State: Replica: 5771d99de9e94b77a4fae53d768777cc, State: Initialized, Role: FOLLOWER
I20260630 12:40:01.790174 16745 consensus_queue.cc:237] T 9217831d23ff48f782bc06a64ba36bff P a983a5b1871c46f6a2c4292cb0ffb369 [LEADER]: Queue going to LEADER mode. State: All replicated index: 0, Majority replicated index: 0, Committed index: 0, Last appended: 0.0, Last appended by leader: 0, Current term: 1, Majority size: 2, State: 0, Mode: LEADER, active raft config: opid_index: -1 OBSOLETE_local: false peers { permanent_uuid: "5771d99de9e94b77a4fae53d768777cc" member_type: VOTER last_known_addr { host: "127.13.59.4" port: 40269 } } peers { permanent_uuid: "c5c169764fb6495496120ac60db905ca" member_type: VOTER last_known_addr { host: "127.13.59.2" port: 32903 } } peers { permanent_uuid: "a983a5b1871c46f6a2c4292cb0ffb369" member_type: VOTER last_known_addr { host: "127.13.59.1" port: 38723 } }
I20260630 12:40:01.792068 16846 consensus_queue.cc:260] T 7528646a66d648329b1e45940331f5b9 P 5771d99de9e94b77a4fae53d768777cc [NON_LEADER]: Queue going to NON_LEADER mode. State: All replicated index: 0, Majority replicated index: 0, Committed index: 0, Last appended: 0.0, Last appended by leader: 0, Current term: 0, Majority size: -1, State: 0, Mode: NON_LEADER, active raft config: opid_index: -1 OBSOLETE_local: false peers { permanent_uuid: "9c04e22cd6ef4df5be368b3d8edf261a" member_type: VOTER last_known_addr { host: "127.13.59.3" port: 43999 } } peers { permanent_uuid: "a983a5b1871c46f6a2c4292cb0ffb369" member_type: VOTER last_known_addr { host: "127.13.59.1" port: 38723 } } peers { permanent_uuid: "5771d99de9e94b77a4fae53d768777cc" member_type: VOTER last_known_addr { host: "127.13.59.4" port: 40269 } }
I20260630 12:40:01.792889 16573 tablet_service.cc:1917] Received RequestConsensusVote() RPC: tablet_id: "9217831d23ff48f782bc06a64ba36bff" candidate_uuid: "a983a5b1871c46f6a2c4292cb0ffb369" candidate_term: 1 candidate_status { last_received { term: 0 index: 0 } } ignore_live_leader: false dest_uuid: "c5c169764fb6495496120ac60db905ca"
W20260630 12:40:01.794322 16462 leader_election.cc:343] T 9217831d23ff48f782bc06a64ba36bff P a983a5b1871c46f6a2c4292cb0ffb369 [CANDIDATE]: Term 1 election: Tablet error from VoteRequest() call to peer c5c169764fb6495496120ac60db905ca (127.13.59.2:32903): Illegal state: must be running to vote when last-logged opid is not known
I20260630 12:40:01.794502 16846 ts_tablet_manager.cc:1434] T 7528646a66d648329b1e45940331f5b9 P 5771d99de9e94b77a4fae53d768777cc: Time spent starting tablet: real 0.021s	user 0.004s	sys 0.002s
I20260630 12:40:01.797142 16844 tablet_bootstrap.cc:492] T 9217831d23ff48f782bc06a64ba36bff P c5c169764fb6495496120ac60db905ca: Bootstrap starting.
I20260630 12:40:01.802383 16572 tablet_service.cc:1917] Received RequestConsensusVote() RPC: tablet_id: "12324dd0a4af4df682cc5e7d4797ba0b" candidate_uuid: "9c04e22cd6ef4df5be368b3d8edf261a" candidate_term: 1 candidate_status { last_received { term: 0 index: 0 } } ignore_live_leader: false dest_uuid: "c5c169764fb6495496120ac60db905ca" is_pre_election: true
I20260630 12:40:01.804267 16572 raft_consensus.cc:2468] T 12324dd0a4af4df682cc5e7d4797ba0b P c5c169764fb6495496120ac60db905ca [term 0 FOLLOWER]: Leader pre-election vote request: Granting yes vote for candidate 9c04e22cd6ef4df5be368b3d8edf261a in term 0.
I20260630 12:40:01.805718 16611 leader_election.cc:304] T 12324dd0a4af4df682cc5e7d4797ba0b P 9c04e22cd6ef4df5be368b3d8edf261a [CANDIDATE]: Term 1 pre-election: Election decided. Result: candidate won. Election summary: received 3 responses out of 3 voters: 2 yes votes; 1 no votes. yes voters: 9c04e22cd6ef4df5be368b3d8edf261a, c5c169764fb6495496120ac60db905ca; no voters: 5771d99de9e94b77a4fae53d768777cc
I20260630 12:40:01.803445 16846 tablet_bootstrap.cc:492] T 48031dabddae4cfcb11f2e635e1bef2c P 5771d99de9e94b77a4fae53d768777cc: Bootstrap starting.
I20260630 12:40:01.808318 16859 raft_consensus.cc:2804] T 12324dd0a4af4df682cc5e7d4797ba0b P 9c04e22cd6ef4df5be368b3d8edf261a [term 0 FOLLOWER]: Leader pre-election won for term 1
I20260630 12:40:01.811647 16859 raft_consensus.cc:493] T 12324dd0a4af4df682cc5e7d4797ba0b P 9c04e22cd6ef4df5be368b3d8edf261a [term 0 FOLLOWER]: Starting leader election (no leader contacted us within the election timeout)
I20260630 12:40:01.811997 16859 raft_consensus.cc:3060] T 12324dd0a4af4df682cc5e7d4797ba0b P 9c04e22cd6ef4df5be368b3d8edf261a [term 0 FOLLOWER]: Advancing to term 1
I20260630 12:40:01.812132 16833 tablet_bootstrap.cc:654] T 7528646a66d648329b1e45940331f5b9 P a983a5b1871c46f6a2c4292cb0ffb369: Neither blocks nor log segments found. Creating new log.
I20260630 12:40:01.824528 16834 tablet_bootstrap.cc:492] T 12077112a90e41e88e38465a1b840c7f P 9c04e22cd6ef4df5be368b3d8edf261a: No bootstrap required, opened a new log
I20260630 12:40:01.824653 16844 tablet_bootstrap.cc:654] T 9217831d23ff48f782bc06a64ba36bff P c5c169764fb6495496120ac60db905ca: Neither blocks nor log segments found. Creating new log.
I20260630 12:40:01.825132 16834 ts_tablet_manager.cc:1403] T 12077112a90e41e88e38465a1b840c7f P 9c04e22cd6ef4df5be368b3d8edf261a: Time spent bootstrapping tablet: real 0.091s	user 0.013s	sys 0.010s
I20260630 12:40:01.825160 16846 tablet_bootstrap.cc:654] T 48031dabddae4cfcb11f2e635e1bef2c P 5771d99de9e94b77a4fae53d768777cc: Neither blocks nor log segments found. Creating new log.
I20260630 12:40:01.831161 16859 raft_consensus.cc:515] T 12324dd0a4af4df682cc5e7d4797ba0b P 9c04e22cd6ef4df5be368b3d8edf261a [term 1 FOLLOWER]: Starting leader election with config: opid_index: -1 OBSOLETE_local: false peers { permanent_uuid: "5771d99de9e94b77a4fae53d768777cc" member_type: VOTER last_known_addr { host: "127.13.59.4" port: 40269 } } peers { permanent_uuid: "c5c169764fb6495496120ac60db905ca" member_type: VOTER last_known_addr { host: "127.13.59.2" port: 32903 } } peers { permanent_uuid: "9c04e22cd6ef4df5be368b3d8edf261a" member_type: VOTER last_known_addr { host: "127.13.59.3" port: 43999 } }
I20260630 12:40:01.834395 16797 tablet_service.cc:1917] Received RequestConsensusVote() RPC: tablet_id: "12324dd0a4af4df682cc5e7d4797ba0b" candidate_uuid: "9c04e22cd6ef4df5be368b3d8edf261a" candidate_term: 1 candidate_status { last_received { term: 0 index: 0 } } ignore_live_leader: false dest_uuid: "5771d99de9e94b77a4fae53d768777cc"
I20260630 12:40:01.834980 16572 tablet_service.cc:1917] Received RequestConsensusVote() RPC: tablet_id: "12324dd0a4af4df682cc5e7d4797ba0b" candidate_uuid: "9c04e22cd6ef4df5be368b3d8edf261a" candidate_term: 1 candidate_status { last_received { term: 0 index: 0 } } ignore_live_leader: false dest_uuid: "c5c169764fb6495496120ac60db905ca"
W20260630 12:40:01.837796 16613 leader_election.cc:343] T 12324dd0a4af4df682cc5e7d4797ba0b P 9c04e22cd6ef4df5be368b3d8edf261a [CANDIDATE]: Term 1 election: Tablet error from VoteRequest() call to peer 5771d99de9e94b77a4fae53d768777cc (127.13.59.4:40269): Illegal state: must be running to vote when last-logged opid is not known
I20260630 12:40:01.837949 16572 raft_consensus.cc:3060] T 12324dd0a4af4df682cc5e7d4797ba0b P c5c169764fb6495496120ac60db905ca [term 0 FOLLOWER]: Advancing to term 1
I20260630 12:40:01.838961 16745 raft_consensus.cc:493] T 24828d1f619d475296d9c543cd5fafb4 P a983a5b1871c46f6a2c4292cb0ffb369 [term 0 FOLLOWER]: Starting pre-election (no leader contacted us within the election timeout)
I20260630 12:40:01.839534 16745 raft_consensus.cc:515] T 24828d1f619d475296d9c543cd5fafb4 P a983a5b1871c46f6a2c4292cb0ffb369 [term 0 FOLLOWER]: Starting pre-election with config: opid_index: -1 OBSOLETE_local: false peers { permanent_uuid: "5771d99de9e94b77a4fae53d768777cc" member_type: VOTER last_known_addr { host: "127.13.59.4" port: 40269 } } peers { permanent_uuid: "a983a5b1871c46f6a2c4292cb0ffb369" member_type: VOTER last_known_addr { host: "127.13.59.1" port: 38723 } } peers { permanent_uuid: "9c04e22cd6ef4df5be368b3d8edf261a" member_type: VOTER last_known_addr { host: "127.13.59.3" port: 43999 } }
I20260630 12:40:01.840191 16834 raft_consensus.cc:359] T 12077112a90e41e88e38465a1b840c7f P 9c04e22cd6ef4df5be368b3d8edf261a [term 0 FOLLOWER]: Replica starting. Triggering 0 pending ops. Active config: opid_index: -1 OBSOLETE_local: false peers { permanent_uuid: "a983a5b1871c46f6a2c4292cb0ffb369" member_type: VOTER last_known_addr { host: "127.13.59.1" port: 38723 } } peers { permanent_uuid: "5771d99de9e94b77a4fae53d768777cc" member_type: VOTER last_known_addr { host: "127.13.59.4" port: 40269 } } peers { permanent_uuid: "9c04e22cd6ef4df5be368b3d8edf261a" member_type: VOTER last_known_addr { host: "127.13.59.3" port: 43999 } }
I20260630 12:40:01.841514 16834 raft_consensus.cc:385] T 12077112a90e41e88e38465a1b840c7f P 9c04e22cd6ef4df5be368b3d8edf261a [term 0 FOLLOWER]: Consensus starting up: Expiring failure detector timer to make a prompt election more likely
I20260630 12:40:01.841892 16834 raft_consensus.cc:740] T 12077112a90e41e88e38465a1b840c7f P 9c04e22cd6ef4df5be368b3d8edf261a [term 0 FOLLOWER]: Becoming Follower/Learner. State: Replica: 9c04e22cd6ef4df5be368b3d8edf261a, State: Initialized, Role: FOLLOWER
I20260630 12:40:01.842695 16834 consensus_queue.cc:260] T 12077112a90e41e88e38465a1b840c7f P 9c04e22cd6ef4df5be368b3d8edf261a [NON_LEADER]: Queue going to NON_LEADER mode. State: All replicated index: 0, Majority replicated index: 0, Committed index: 0, Last appended: 0.0, Last appended by leader: 0, Current term: 0, Majority size: -1, State: 0, Mode: NON_LEADER, active raft config: opid_index: -1 OBSOLETE_local: false peers { permanent_uuid: "a983a5b1871c46f6a2c4292cb0ffb369" member_type: VOTER last_known_addr { host: "127.13.59.1" port: 38723 } } peers { permanent_uuid: "5771d99de9e94b77a4fae53d768777cc" member_type: VOTER last_known_addr { host: "127.13.59.4" port: 40269 } } peers { permanent_uuid: "9c04e22cd6ef4df5be368b3d8edf261a" member_type: VOTER last_known_addr { host: "127.13.59.3" port: 43999 } }
I20260630 12:40:01.843603 16797 tablet_service.cc:1917] Received RequestConsensusVote() RPC: tablet_id: "24828d1f619d475296d9c543cd5fafb4" candidate_uuid: "a983a5b1871c46f6a2c4292cb0ffb369" candidate_term: 1 candidate_status { last_received { term: 0 index: 0 } } ignore_live_leader: false dest_uuid: "5771d99de9e94b77a4fae53d768777cc" is_pre_election: true
W20260630 12:40:01.845415 16464 leader_election.cc:343] T 24828d1f619d475296d9c543cd5fafb4 P a983a5b1871c46f6a2c4292cb0ffb369 [CANDIDATE]: Term 1 pre-election: Tablet error from VoteRequest() call to peer 5771d99de9e94b77a4fae53d768777cc (127.13.59.4:40269): Illegal state: must be running to vote when last-logged opid is not known
I20260630 12:40:01.845582 16834 ts_tablet_manager.cc:1434] T 12077112a90e41e88e38465a1b840c7f P 9c04e22cd6ef4df5be368b3d8edf261a: Time spent starting tablet: real 0.019s	user 0.007s	sys 0.000s
I20260630 12:40:01.840399 16859 leader_election.cc:290] T 12324dd0a4af4df682cc5e7d4797ba0b P 9c04e22cd6ef4df5be368b3d8edf261a [CANDIDATE]: Term 1 election: Requested vote from peers 5771d99de9e94b77a4fae53d768777cc (127.13.59.4:40269), c5c169764fb6495496120ac60db905ca (127.13.59.2:32903)
I20260630 12:40:01.846516 16393 catalog_manager.cc:5697] T 62c95da1856644b9812e3e8b0325ce08 P a983a5b1871c46f6a2c4292cb0ffb369 reported cstate change: term changed from 0 to 1, leader changed from <none> to a983a5b1871c46f6a2c4292cb0ffb369 (127.13.59.1). New cstate: current_term: 1 leader_uuid: "a983a5b1871c46f6a2c4292cb0ffb369" committed_config { opid_index: -1 OBSOLETE_local: false peers { permanent_uuid: "a983a5b1871c46f6a2c4292cb0ffb369" member_type: VOTER last_known_addr { host: "127.13.59.1" port: 38723 } health_report { overall_health: HEALTHY } } peers { permanent_uuid: "5771d99de9e94b77a4fae53d768777cc" member_type: VOTER last_known_addr { host: "127.13.59.4" port: 40269 } health_report { overall_health: UNKNOWN } } peers { permanent_uuid: "c5c169764fb6495496120ac60db905ca" member_type: VOTER last_known_addr { host: "127.13.59.2" port: 32903 } health_report { overall_health: UNKNOWN } } }
I20260630 12:40:01.848394 16745 leader_election.cc:290] T 24828d1f619d475296d9c543cd5fafb4 P a983a5b1871c46f6a2c4292cb0ffb369 [CANDIDATE]: Term 1 pre-election: Requested pre-vote from peers 5771d99de9e94b77a4fae53d768777cc (127.13.59.4:40269), 9c04e22cd6ef4df5be368b3d8edf261a (127.13.59.3:43999)
I20260630 12:40:01.849022 16859 raft_consensus.cc:493] T 24828d1f619d475296d9c543cd5fafb4 P 9c04e22cd6ef4df5be368b3d8edf261a [term 0 FOLLOWER]: Starting pre-election (no leader contacted us within the election timeout)
I20260630 12:40:01.849575 16859 raft_consensus.cc:515] T 24828d1f619d475296d9c543cd5fafb4 P 9c04e22cd6ef4df5be368b3d8edf261a [term 0 FOLLOWER]: Starting pre-election with config: opid_index: -1 OBSOLETE_local: false peers { permanent_uuid: "5771d99de9e94b77a4fae53d768777cc" member_type: VOTER last_known_addr { host: "127.13.59.4" port: 40269 } } peers { permanent_uuid: "a983a5b1871c46f6a2c4292cb0ffb369" member_type: VOTER last_known_addr { host: "127.13.59.1" port: 38723 } } peers { permanent_uuid: "9c04e22cd6ef4df5be368b3d8edf261a" member_type: VOTER last_known_addr { host: "127.13.59.3" port: 43999 } }
I20260630 12:40:01.852253 16859 leader_election.cc:290] T 24828d1f619d475296d9c543cd5fafb4 P 9c04e22cd6ef4df5be368b3d8edf261a [CANDIDATE]: Term 1 pre-election: Requested pre-vote from peers 5771d99de9e94b77a4fae53d768777cc (127.13.59.4:40269), a983a5b1871c46f6a2c4292cb0ffb369 (127.13.59.1:38723)
I20260630 12:40:01.854367 16572 raft_consensus.cc:2468] T 12324dd0a4af4df682cc5e7d4797ba0b P c5c169764fb6495496120ac60db905ca [term 1 FOLLOWER]: Leader election vote request: Granting yes vote for candidate 9c04e22cd6ef4df5be368b3d8edf261a in term 1.
I20260630 12:40:01.856201 16611 leader_election.cc:304] T 12324dd0a4af4df682cc5e7d4797ba0b P 9c04e22cd6ef4df5be368b3d8edf261a [CANDIDATE]: Term 1 election: Election decided. Result: candidate won. Election summary: received 3 responses out of 3 voters: 2 yes votes; 1 no votes. yes voters: 9c04e22cd6ef4df5be368b3d8edf261a, c5c169764fb6495496120ac60db905ca; no voters: 5771d99de9e94b77a4fae53d768777cc
I20260630 12:40:01.857476 16859 raft_consensus.cc:2804] T 12324dd0a4af4df682cc5e7d4797ba0b P 9c04e22cd6ef4df5be368b3d8edf261a [term 1 FOLLOWER]: Leader election won for term 1
I20260630 12:40:01.858023 16844 tablet_bootstrap.cc:492] T 9217831d23ff48f782bc06a64ba36bff P c5c169764fb6495496120ac60db905ca: No bootstrap required, opened a new log
I20260630 12:40:01.858563 16844 ts_tablet_manager.cc:1403] T 9217831d23ff48f782bc06a64ba36bff P c5c169764fb6495496120ac60db905ca: Time spent bootstrapping tablet: real 0.062s	user 0.009s	sys 0.016s
I20260630 12:40:01.857951 16859 raft_consensus.cc:697] T 12324dd0a4af4df682cc5e7d4797ba0b P 9c04e22cd6ef4df5be368b3d8edf261a [term 1 LEADER]: Becoming Leader. State: Replica: 9c04e22cd6ef4df5be368b3d8edf261a, State: Running, Role: LEADER
I20260630 12:40:01.860148 16859 consensus_queue.cc:237] T 12324dd0a4af4df682cc5e7d4797ba0b P 9c04e22cd6ef4df5be368b3d8edf261a [LEADER]: Queue going to LEADER mode. State: All replicated index: 0, Majority replicated index: 0, Committed index: 0, Last appended: 0.0, Last appended by leader: 0, Current term: 1, Majority size: 2, State: 0, Mode: LEADER, active raft config: opid_index: -1 OBSOLETE_local: false peers { permanent_uuid: "5771d99de9e94b77a4fae53d768777cc" member_type: VOTER last_known_addr { host: "127.13.59.4" port: 40269 } } peers { permanent_uuid: "c5c169764fb6495496120ac60db905ca" member_type: VOTER last_known_addr { host: "127.13.59.2" port: 32903 } } peers { permanent_uuid: "9c04e22cd6ef4df5be368b3d8edf261a" member_type: VOTER last_known_addr { host: "127.13.59.3" port: 43999 } }
I20260630 12:40:01.860693 16797 tablet_service.cc:1917] Received RequestConsensusVote() RPC: tablet_id: "24828d1f619d475296d9c543cd5fafb4" candidate_uuid: "9c04e22cd6ef4df5be368b3d8edf261a" candidate_term: 1 candidate_status { last_received { term: 0 index: 0 } } ignore_live_leader: false dest_uuid: "5771d99de9e94b77a4fae53d768777cc" is_pre_election: true
I20260630 12:40:01.860929 16833 tablet_bootstrap.cc:492] T 7528646a66d648329b1e45940331f5b9 P a983a5b1871c46f6a2c4292cb0ffb369: No bootstrap required, opened a new log
I20260630 12:40:01.848320 16393 catalog_manager.cc:5697] T 9217831d23ff48f782bc06a64ba36bff P a983a5b1871c46f6a2c4292cb0ffb369 reported cstate change: term changed from 0 to 1, leader changed from <none> to a983a5b1871c46f6a2c4292cb0ffb369 (127.13.59.1). New cstate: current_term: 1 leader_uuid: "a983a5b1871c46f6a2c4292cb0ffb369" committed_config { opid_index: -1 OBSOLETE_local: false peers { permanent_uuid: "5771d99de9e94b77a4fae53d768777cc" member_type: VOTER last_known_addr { host: "127.13.59.4" port: 40269 } health_report { overall_health: UNKNOWN } } peers { permanent_uuid: "c5c169764fb6495496120ac60db905ca" member_type: VOTER last_known_addr { host: "127.13.59.2" port: 32903 } health_report { overall_health: UNKNOWN } } peers { permanent_uuid: "a983a5b1871c46f6a2c4292cb0ffb369" member_type: VOTER last_known_addr { host: "127.13.59.1" port: 38723 } health_report { overall_health: HEALTHY } } }
I20260630 12:40:01.864065 16833 ts_tablet_manager.cc:1403] T 7528646a66d648329b1e45940331f5b9 P a983a5b1871c46f6a2c4292cb0ffb369: Time spent bootstrapping tablet: real 0.115s	user 0.007s	sys 0.007s
W20260630 12:40:01.864619 16613 leader_election.cc:343] T 24828d1f619d475296d9c543cd5fafb4 P 9c04e22cd6ef4df5be368b3d8edf261a [CANDIDATE]: Term 1 pre-election: Tablet error from VoteRequest() call to peer 5771d99de9e94b77a4fae53d768777cc (127.13.59.4:40269): Illegal state: must be running to vote when last-logged opid is not known
I20260630 12:40:01.866490 16498 tablet_service.cc:1917] Received RequestConsensusVote() RPC: tablet_id: "24828d1f619d475296d9c543cd5fafb4" candidate_uuid: "9c04e22cd6ef4df5be368b3d8edf261a" candidate_term: 1 candidate_status { last_received { term: 0 index: 0 } } ignore_live_leader: false dest_uuid: "a983a5b1871c46f6a2c4292cb0ffb369" is_pre_election: true
I20260630 12:40:01.867144 16498 raft_consensus.cc:2468] T 24828d1f619d475296d9c543cd5fafb4 P a983a5b1871c46f6a2c4292cb0ffb369 [term 0 FOLLOWER]: Leader pre-election vote request: Granting yes vote for candidate 9c04e22cd6ef4df5be368b3d8edf261a in term 0.
I20260630 12:40:01.867400 16833 raft_consensus.cc:359] T 7528646a66d648329b1e45940331f5b9 P a983a5b1871c46f6a2c4292cb0ffb369 [term 0 FOLLOWER]: Replica starting. Triggering 0 pending ops. Active config: opid_index: -1 OBSOLETE_local: false peers { permanent_uuid: "9c04e22cd6ef4df5be368b3d8edf261a" member_type: VOTER last_known_addr { host: "127.13.59.3" port: 43999 } } peers { permanent_uuid: "a983a5b1871c46f6a2c4292cb0ffb369" member_type: VOTER last_known_addr { host: "127.13.59.1" port: 38723 } } peers { permanent_uuid: "5771d99de9e94b77a4fae53d768777cc" member_type: VOTER last_known_addr { host: "127.13.59.4" port: 40269 } }
I20260630 12:40:01.868144 16833 raft_consensus.cc:385] T 7528646a66d648329b1e45940331f5b9 P a983a5b1871c46f6a2c4292cb0ffb369 [term 0 FOLLOWER]: Consensus starting up: Expiring failure detector timer to make a prompt election more likely
I20260630 12:40:01.867998 16844 raft_consensus.cc:359] T 9217831d23ff48f782bc06a64ba36bff P c5c169764fb6495496120ac60db905ca [term 0 FOLLOWER]: Replica starting. Triggering 0 pending ops. Active config: opid_index: -1 OBSOLETE_local: false peers { permanent_uuid: "5771d99de9e94b77a4fae53d768777cc" member_type: VOTER last_known_addr { host: "127.13.59.4" port: 40269 } } peers { permanent_uuid: "c5c169764fb6495496120ac60db905ca" member_type: VOTER last_known_addr { host: "127.13.59.2" port: 32903 } } peers { permanent_uuid: "a983a5b1871c46f6a2c4292cb0ffb369" member_type: VOTER last_known_addr { host: "127.13.59.1" port: 38723 } }
I20260630 12:40:01.868479 16833 raft_consensus.cc:740] T 7528646a66d648329b1e45940331f5b9 P a983a5b1871c46f6a2c4292cb0ffb369 [term 0 FOLLOWER]: Becoming Follower/Learner. State: Replica: a983a5b1871c46f6a2c4292cb0ffb369, State: Initialized, Role: FOLLOWER
I20260630 12:40:01.868716 16844 raft_consensus.cc:385] T 9217831d23ff48f782bc06a64ba36bff P c5c169764fb6495496120ac60db905ca [term 0 FOLLOWER]: Consensus starting up: Expiring failure detector timer to make a prompt election more likely
I20260630 12:40:01.869041 16844 raft_consensus.cc:740] T 9217831d23ff48f782bc06a64ba36bff P c5c169764fb6495496120ac60db905ca [term 0 FOLLOWER]: Becoming Follower/Learner. State: Replica: c5c169764fb6495496120ac60db905ca, State: Initialized, Role: FOLLOWER
I20260630 12:40:01.870009 16844 consensus_queue.cc:260] T 9217831d23ff48f782bc06a64ba36bff P c5c169764fb6495496120ac60db905ca [NON_LEADER]: Queue going to NON_LEADER mode. State: All replicated index: 0, Majority replicated index: 0, Committed index: 0, Last appended: 0.0, Last appended by leader: 0, Current term: 0, Majority size: -1, State: 0, Mode: NON_LEADER, active raft config: opid_index: -1 OBSOLETE_local: false peers { permanent_uuid: "5771d99de9e94b77a4fae53d768777cc" member_type: VOTER last_known_addr { host: "127.13.59.4" port: 40269 } } peers { permanent_uuid: "c5c169764fb6495496120ac60db905ca" member_type: VOTER last_known_addr { host: "127.13.59.2" port: 32903 } } peers { permanent_uuid: "a983a5b1871c46f6a2c4292cb0ffb369" member_type: VOTER last_known_addr { host: "127.13.59.1" port: 38723 } }
I20260630 12:40:01.870795 16613 leader_election.cc:304] T 24828d1f619d475296d9c543cd5fafb4 P 9c04e22cd6ef4df5be368b3d8edf261a [CANDIDATE]: Term 1 pre-election: Election decided. Result: candidate won. Election summary: received 3 responses out of 3 voters: 2 yes votes; 1 no votes. yes voters: 9c04e22cd6ef4df5be368b3d8edf261a, a983a5b1871c46f6a2c4292cb0ffb369; no voters: 5771d99de9e94b77a4fae53d768777cc
I20260630 12:40:01.871943 16706 raft_consensus.cc:2804] T 24828d1f619d475296d9c543cd5fafb4 P 9c04e22cd6ef4df5be368b3d8edf261a [term 0 FOLLOWER]: Leader pre-election won for term 1
I20260630 12:40:01.872342 16706 raft_consensus.cc:493] T 24828d1f619d475296d9c543cd5fafb4 P 9c04e22cd6ef4df5be368b3d8edf261a [term 0 FOLLOWER]: Starting leader election (no leader contacted us within the election timeout)
I20260630 12:40:01.872721 16706 raft_consensus.cc:3060] T 24828d1f619d475296d9c543cd5fafb4 P 9c04e22cd6ef4df5be368b3d8edf261a [term 0 FOLLOWER]: Advancing to term 1
I20260630 12:40:01.872931 16846 tablet_bootstrap.cc:492] T 48031dabddae4cfcb11f2e635e1bef2c P 5771d99de9e94b77a4fae53d768777cc: No bootstrap required, opened a new log
I20260630 12:40:01.873492 16846 ts_tablet_manager.cc:1403] T 48031dabddae4cfcb11f2e635e1bef2c P 5771d99de9e94b77a4fae53d768777cc: Time spent bootstrapping tablet: real 0.077s	user 0.013s	sys 0.011s
I20260630 12:40:01.876591 16846 raft_consensus.cc:359] T 48031dabddae4cfcb11f2e635e1bef2c P 5771d99de9e94b77a4fae53d768777cc [term 0 FOLLOWER]: Replica starting. Triggering 0 pending ops. Active config: opid_index: -1 OBSOLETE_local: false peers { permanent_uuid: "c5c169764fb6495496120ac60db905ca" member_type: VOTER last_known_addr { host: "127.13.59.2" port: 32903 } } peers { permanent_uuid: "5771d99de9e94b77a4fae53d768777cc" member_type: VOTER last_known_addr { host: "127.13.59.4" port: 40269 } } peers { permanent_uuid: "9c04e22cd6ef4df5be368b3d8edf261a" member_type: VOTER last_known_addr { host: "127.13.59.3" port: 43999 } }
I20260630 12:40:01.877341 16846 raft_consensus.cc:385] T 48031dabddae4cfcb11f2e635e1bef2c P 5771d99de9e94b77a4fae53d768777cc [term 0 FOLLOWER]: Consensus starting up: Expiring failure detector timer to make a prompt election more likely
I20260630 12:40:01.877707 16846 raft_consensus.cc:740] T 48031dabddae4cfcb11f2e635e1bef2c P 5771d99de9e94b77a4fae53d768777cc [term 0 FOLLOWER]: Becoming Follower/Learner. State: Replica: 5771d99de9e94b77a4fae53d768777cc, State: Initialized, Role: FOLLOWER
I20260630 12:40:01.878589 16833 consensus_queue.cc:260] T 7528646a66d648329b1e45940331f5b9 P a983a5b1871c46f6a2c4292cb0ffb369 [NON_LEADER]: Queue going to NON_LEADER mode. State: All replicated index: 0, Majority replicated index: 0, Committed index: 0, Last appended: 0.0, Last appended by leader: 0, Current term: 0, Majority size: -1, State: 0, Mode: NON_LEADER, active raft config: opid_index: -1 OBSOLETE_local: false peers { permanent_uuid: "9c04e22cd6ef4df5be368b3d8edf261a" member_type: VOTER last_known_addr { host: "127.13.59.3" port: 43999 } } peers { permanent_uuid: "a983a5b1871c46f6a2c4292cb0ffb369" member_type: VOTER last_known_addr { host: "127.13.59.1" port: 38723 } } peers { permanent_uuid: "5771d99de9e94b77a4fae53d768777cc" member_type: VOTER last_known_addr { host: "127.13.59.4" port: 40269 } }
I20260630 12:40:01.877848 16844 ts_tablet_manager.cc:1434] T 9217831d23ff48f782bc06a64ba36bff P c5c169764fb6495496120ac60db905ca: Time spent starting tablet: real 0.019s	user 0.007s	sys 0.000s
I20260630 12:40:01.881072 16833 ts_tablet_manager.cc:1434] T 7528646a66d648329b1e45940331f5b9 P a983a5b1871c46f6a2c4292cb0ffb369: Time spent starting tablet: real 0.016s	user 0.002s	sys 0.003s
I20260630 12:40:01.881232 16706 raft_consensus.cc:515] T 24828d1f619d475296d9c543cd5fafb4 P 9c04e22cd6ef4df5be368b3d8edf261a [term 1 FOLLOWER]: Starting leader election with config: opid_index: -1 OBSOLETE_local: false peers { permanent_uuid: "5771d99de9e94b77a4fae53d768777cc" member_type: VOTER last_known_addr { host: "127.13.59.4" port: 40269 } } peers { permanent_uuid: "a983a5b1871c46f6a2c4292cb0ffb369" member_type: VOTER last_known_addr { host: "127.13.59.1" port: 38723 } } peers { permanent_uuid: "9c04e22cd6ef4df5be368b3d8edf261a" member_type: VOTER last_known_addr { host: "127.13.59.3" port: 43999 } }
I20260630 12:40:01.882211 16846 consensus_queue.cc:260] T 48031dabddae4cfcb11f2e635e1bef2c P 5771d99de9e94b77a4fae53d768777cc [NON_LEADER]: Queue going to NON_LEADER mode. State: All replicated index: 0, Majority replicated index: 0, Committed index: 0, Last appended: 0.0, Last appended by leader: 0, Current term: 0, Majority size: -1, State: 0, Mode: NON_LEADER, active raft config: opid_index: -1 OBSOLETE_local: false peers { permanent_uuid: "c5c169764fb6495496120ac60db905ca" member_type: VOTER last_known_addr { host: "127.13.59.2" port: 32903 } } peers { permanent_uuid: "5771d99de9e94b77a4fae53d768777cc" member_type: VOTER last_known_addr { host: "127.13.59.4" port: 40269 } } peers { permanent_uuid: "9c04e22cd6ef4df5be368b3d8edf261a" member_type: VOTER last_known_addr { host: "127.13.59.3" port: 43999 } }
I20260630 12:40:01.868352 16648 tablet_service.cc:1917] Received RequestConsensusVote() RPC: tablet_id: "24828d1f619d475296d9c543cd5fafb4" candidate_uuid: "a983a5b1871c46f6a2c4292cb0ffb369" candidate_term: 1 candidate_status { last_received { term: 0 index: 0 } } ignore_live_leader: false dest_uuid: "9c04e22cd6ef4df5be368b3d8edf261a" is_pre_election: true
I20260630 12:40:01.884696 16648 raft_consensus.cc:2393] T 24828d1f619d475296d9c543cd5fafb4 P 9c04e22cd6ef4df5be368b3d8edf261a [term 1 FOLLOWER]: Leader pre-election vote request: Denying vote to candidate a983a5b1871c46f6a2c4292cb0ffb369 in current term 1: Already voted for candidate 9c04e22cd6ef4df5be368b3d8edf261a in this term.
I20260630 12:40:01.884938 16846 ts_tablet_manager.cc:1434] T 48031dabddae4cfcb11f2e635e1bef2c P 5771d99de9e94b77a4fae53d768777cc: Time spent starting tablet: real 0.011s	user 0.008s	sys 0.000s
I20260630 12:40:01.885927 16846 tablet_bootstrap.cc:492] T 24828d1f619d475296d9c543cd5fafb4 P 5771d99de9e94b77a4fae53d768777cc: Bootstrap starting.
I20260630 12:40:01.886049 16465 leader_election.cc:304] T 24828d1f619d475296d9c543cd5fafb4 P a983a5b1871c46f6a2c4292cb0ffb369 [CANDIDATE]: Term 1 pre-election: Election decided. Result: candidate lost. Election summary: received 3 responses out of 3 voters: 1 yes votes; 2 no votes. yes voters: a983a5b1871c46f6a2c4292cb0ffb369; no voters: 5771d99de9e94b77a4fae53d768777cc, 9c04e22cd6ef4df5be368b3d8edf261a
I20260630 12:40:01.887370 16745 raft_consensus.cc:3060] T 24828d1f619d475296d9c543cd5fafb4 P a983a5b1871c46f6a2c4292cb0ffb369 [term 0 FOLLOWER]: Advancing to term 1
I20260630 12:40:01.890029 16395 catalog_manager.cc:5697] T 12324dd0a4af4df682cc5e7d4797ba0b P 9c04e22cd6ef4df5be368b3d8edf261a reported cstate change: term changed from 0 to 1, leader changed from <none> to 9c04e22cd6ef4df5be368b3d8edf261a (127.13.59.3). New cstate: current_term: 1 leader_uuid: "9c04e22cd6ef4df5be368b3d8edf261a" committed_config { opid_index: -1 OBSOLETE_local: false peers { permanent_uuid: "5771d99de9e94b77a4fae53d768777cc" member_type: VOTER last_known_addr { host: "127.13.59.4" port: 40269 } health_report { overall_health: UNKNOWN } } peers { permanent_uuid: "c5c169764fb6495496120ac60db905ca" member_type: VOTER last_known_addr { host: "127.13.59.2" port: 32903 } health_report { overall_health: UNKNOWN } } peers { permanent_uuid: "9c04e22cd6ef4df5be368b3d8edf261a" member_type: VOTER last_known_addr { host: "127.13.59.3" port: 43999 } health_report { overall_health: HEALTHY } } }
I20260630 12:40:01.892844 16846 tablet_bootstrap.cc:654] T 24828d1f619d475296d9c543cd5fafb4 P 5771d99de9e94b77a4fae53d768777cc: Neither blocks nor log segments found. Creating new log.
I20260630 12:40:01.894827 16745 raft_consensus.cc:2749] T 24828d1f619d475296d9c543cd5fafb4 P a983a5b1871c46f6a2c4292cb0ffb369 [term 1 FOLLOWER]: Leader pre-election lost for term 1. Reason: could not achieve majority
I20260630 12:40:01.897861 16846 tablet_bootstrap.cc:492] T 24828d1f619d475296d9c543cd5fafb4 P 5771d99de9e94b77a4fae53d768777cc: No bootstrap required, opened a new log
I20260630 12:40:01.898424 16846 ts_tablet_manager.cc:1403] T 24828d1f619d475296d9c543cd5fafb4 P 5771d99de9e94b77a4fae53d768777cc: Time spent bootstrapping tablet: real 0.013s	user 0.004s	sys 0.008s
I20260630 12:40:01.901269 16797 tablet_service.cc:1917] Received RequestConsensusVote() RPC: tablet_id: "24828d1f619d475296d9c543cd5fafb4" candidate_uuid: "9c04e22cd6ef4df5be368b3d8edf261a" candidate_term: 1 candidate_status { last_received { term: 0 index: 0 } } ignore_live_leader: false dest_uuid: "5771d99de9e94b77a4fae53d768777cc"
I20260630 12:40:01.901304 16846 raft_consensus.cc:359] T 24828d1f619d475296d9c543cd5fafb4 P 5771d99de9e94b77a4fae53d768777cc [term 0 FOLLOWER]: Replica starting. Triggering 0 pending ops. Active config: opid_index: -1 OBSOLETE_local: false peers { permanent_uuid: "5771d99de9e94b77a4fae53d768777cc" member_type: VOTER last_known_addr { host: "127.13.59.4" port: 40269 } } peers { permanent_uuid: "a983a5b1871c46f6a2c4292cb0ffb369" member_type: VOTER last_known_addr { host: "127.13.59.1" port: 38723 } } peers { permanent_uuid: "9c04e22cd6ef4df5be368b3d8edf261a" member_type: VOTER last_known_addr { host: "127.13.59.3" port: 43999 } }
I20260630 12:40:01.902237 16846 raft_consensus.cc:385] T 24828d1f619d475296d9c543cd5fafb4 P 5771d99de9e94b77a4fae53d768777cc [term 0 FOLLOWER]: Consensus starting up: Expiring failure detector timer to make a prompt election more likely
I20260630 12:40:01.902606 16846 raft_consensus.cc:740] T 24828d1f619d475296d9c543cd5fafb4 P 5771d99de9e94b77a4fae53d768777cc [term 0 FOLLOWER]: Becoming Follower/Learner. State: Replica: 5771d99de9e94b77a4fae53d768777cc, State: Initialized, Role: FOLLOWER
I20260630 12:40:01.903506 16846 consensus_queue.cc:260] T 24828d1f619d475296d9c543cd5fafb4 P 5771d99de9e94b77a4fae53d768777cc [NON_LEADER]: Queue going to NON_LEADER mode. State: All replicated index: 0, Majority replicated index: 0, Committed index: 0, Last appended: 0.0, Last appended by leader: 0, Current term: 0, Majority size: -1, State: 0, Mode: NON_LEADER, active raft config: opid_index: -1 OBSOLETE_local: false peers { permanent_uuid: "5771d99de9e94b77a4fae53d768777cc" member_type: VOTER last_known_addr { host: "127.13.59.4" port: 40269 } } peers { permanent_uuid: "a983a5b1871c46f6a2c4292cb0ffb369" member_type: VOTER last_known_addr { host: "127.13.59.1" port: 38723 } } peers { permanent_uuid: "9c04e22cd6ef4df5be368b3d8edf261a" member_type: VOTER last_known_addr { host: "127.13.59.3" port: 43999 } }
I20260630 12:40:01.904474 16797 raft_consensus.cc:3060] T 24828d1f619d475296d9c543cd5fafb4 P 5771d99de9e94b77a4fae53d768777cc [term 0 FOLLOWER]: Advancing to term 1
I20260630 12:40:01.905189 16498 tablet_service.cc:1917] Received RequestConsensusVote() RPC: tablet_id: "24828d1f619d475296d9c543cd5fafb4" candidate_uuid: "9c04e22cd6ef4df5be368b3d8edf261a" candidate_term: 1 candidate_status { last_received { term: 0 index: 0 } } ignore_live_leader: false dest_uuid: "a983a5b1871c46f6a2c4292cb0ffb369"
