I20260630 12:38:45.345023 17663 catalog_manager.cc:5697] T db6c86cdbc5a48ac93431f1672a3aa49 P 70a7c1ae5a694977aa31f7c5155ba7e0 reported cstate change: term changed from 0 to 1, leader changed from <none> to 70a7c1ae5a694977aa31f7c5155ba7e0 (127.16.178.3). New cstate: current_term: 1 leader_uuid: "70a7c1ae5a694977aa31f7c5155ba7e0" committed_config { opid_index: -1 OBSOLETE_local: false peers { permanent_uuid: "6fae7a20a7c84e77945a4120fd98188d" member_type: VOTER last_known_addr { host: "127.16.178.1" port: 38253 } health_report { overall_health: UNKNOWN } } peers { permanent_uuid: "65622ef4993848a79a289f4127887fce" member_type: VOTER last_known_addr { host: "127.16.178.2" port: 42987 } health_report { overall_health: UNKNOWN } } peers { permanent_uuid: "70a7c1ae5a694977aa31f7c5155ba7e0" member_type: VOTER last_known_addr { host: "127.16.178.3" port: 34473 } health_report { overall_health: HEALTHY } } }
I20260630 12:38:45.348452 17967 consensus_queue.cc:237] T 9ffc7f71180a48f18f9941b90857daf5 P 65622ef4993848a79a289f4127887fce [LEADER]: Queue going to LEADER mode. State: All replicated index: 0, Majority replicated index: 0, Committed index: 0, Last appended: 0.0, Last appended by leader: 0, Current term: 1, Majority size: 2, State: 0, Mode: LEADER, active raft config: opid_index: -1 OBSOLETE_local: false peers { permanent_uuid: "6fae7a20a7c84e77945a4120fd98188d" member_type: VOTER last_known_addr { host: "127.16.178.1" port: 38253 } } peers { permanent_uuid: "65622ef4993848a79a289f4127887fce" member_type: VOTER last_known_addr { host: "127.16.178.2" port: 42987 } } peers { permanent_uuid: "70a7c1ae5a694977aa31f7c5155ba7e0" member_type: VOTER last_known_addr { host: "127.16.178.3" port: 34473 } }
I20260630 12:38:45.348074 17960 tablet_bootstrap.cc:492] T 8625e2bda4e54cd4b6b14cd4e9bb5861 P 6fae7a20a7c84e77945a4120fd98188d: Bootstrap starting.
I20260630 12:38:45.354966 17961 tablet_bootstrap.cc:654] T 63dfff84552f4ca0b900ceb6d7fa76f1 P 65622ef4993848a79a289f4127887fce: Neither blocks nor log segments found. Creating new log.
I20260630 12:38:45.362107 17663 catalog_manager.cc:5697] T 9ffc7f71180a48f18f9941b90857daf5 P 65622ef4993848a79a289f4127887fce reported cstate change: term changed from 0 to 1, leader changed from <none> to 65622ef4993848a79a289f4127887fce (127.16.178.2). New cstate: current_term: 1 leader_uuid: "65622ef4993848a79a289f4127887fce" committed_config { opid_index: -1 OBSOLETE_local: false peers { permanent_uuid: "6fae7a20a7c84e77945a4120fd98188d" member_type: VOTER last_known_addr { host: "127.16.178.1" port: 38253 } health_report { overall_health: UNKNOWN } } peers { permanent_uuid: "65622ef4993848a79a289f4127887fce" member_type: VOTER last_known_addr { host: "127.16.178.2" port: 42987 } health_report { overall_health: HEALTHY } } peers { permanent_uuid: "70a7c1ae5a694977aa31f7c5155ba7e0" member_type: VOTER last_known_addr { host: "127.16.178.3" port: 34473 } health_report { overall_health: UNKNOWN } } }
I20260630 12:38:45.363729 17960 tablet_bootstrap.cc:654] T 8625e2bda4e54cd4b6b14cd4e9bb5861 P 6fae7a20a7c84e77945a4120fd98188d: Neither blocks nor log segments found. Creating new log.
I20260630 12:38:45.364379 17961 tablet_bootstrap.cc:492] T 63dfff84552f4ca0b900ceb6d7fa76f1 P 65622ef4993848a79a289f4127887fce: No bootstrap required, opened a new log
I20260630 12:38:45.364867 17961 ts_tablet_manager.cc:1403] T 63dfff84552f4ca0b900ceb6d7fa76f1 P 65622ef4993848a79a289f4127887fce: Time spent bootstrapping tablet: real 0.025s	user 0.007s	sys 0.008s
I20260630 12:38:45.368067 17961 raft_consensus.cc:359] T 63dfff84552f4ca0b900ceb6d7fa76f1 P 65622ef4993848a79a289f4127887fce [term 0 FOLLOWER]: Replica starting. Triggering 0 pending ops. Active config: opid_index: -1 OBSOLETE_local: false peers { permanent_uuid: "6fae7a20a7c84e77945a4120fd98188d" member_type: VOTER last_known_addr { host: "127.16.178.1" port: 38253 } } peers { permanent_uuid: "65622ef4993848a79a289f4127887fce" member_type: VOTER last_known_addr { host: "127.16.178.2" port: 42987 } } peers { permanent_uuid: "70a7c1ae5a694977aa31f7c5155ba7e0" member_type: VOTER last_known_addr { host: "127.16.178.3" port: 34473 } }
I20260630 12:38:45.368731 17961 raft_consensus.cc:385] T 63dfff84552f4ca0b900ceb6d7fa76f1 P 65622ef4993848a79a289f4127887fce [term 0 FOLLOWER]: Consensus starting up: Expiring failure detector timer to make a prompt election more likely
I20260630 12:38:45.368909 17960 tablet_bootstrap.cc:492] T 8625e2bda4e54cd4b6b14cd4e9bb5861 P 6fae7a20a7c84e77945a4120fd98188d: No bootstrap required, opened a new log
I20260630 12:38:45.369020 17961 raft_consensus.cc:740] T 63dfff84552f4ca0b900ceb6d7fa76f1 P 65622ef4993848a79a289f4127887fce [term 0 FOLLOWER]: Becoming Follower/Learner. State: Replica: 65622ef4993848a79a289f4127887fce, State: Initialized, Role: FOLLOWER
I20260630 12:38:45.369375 17960 ts_tablet_manager.cc:1403] T 8625e2bda4e54cd4b6b14cd4e9bb5861 P 6fae7a20a7c84e77945a4120fd98188d: Time spent bootstrapping tablet: real 0.022s	user 0.011s	sys 0.000s
I20260630 12:38:45.369902 17961 consensus_queue.cc:260] T 63dfff84552f4ca0b900ceb6d7fa76f1 P 65622ef4993848a79a289f4127887fce [NON_LEADER]: Queue going to NON_LEADER mode. State: All replicated index: 0, Majority replicated index: 0, Committed index: 0, Last appended: 0.0, Last appended by leader: 0, Current term: 0, Majority size: -1, State: 0, Mode: NON_LEADER, active raft config: opid_index: -1 OBSOLETE_local: false peers { permanent_uuid: "6fae7a20a7c84e77945a4120fd98188d" member_type: VOTER last_known_addr { host: "127.16.178.1" port: 38253 } } peers { permanent_uuid: "65622ef4993848a79a289f4127887fce" member_type: VOTER last_known_addr { host: "127.16.178.2" port: 42987 } } peers { permanent_uuid: "70a7c1ae5a694977aa31f7c5155ba7e0" member_type: VOTER last_known_addr { host: "127.16.178.3" port: 34473 } }
I20260630 12:38:45.372104 17961 ts_tablet_manager.cc:1434] T 63dfff84552f4ca0b900ceb6d7fa76f1 P 65622ef4993848a79a289f4127887fce: Time spent starting tablet: real 0.007s	user 0.008s	sys 0.000s
I20260630 12:38:45.371819 17960 raft_consensus.cc:359] T 8625e2bda4e54cd4b6b14cd4e9bb5861 P 6fae7a20a7c84e77945a4120fd98188d [term 0 FOLLOWER]: Replica starting. Triggering 0 pending ops. Active config: opid_index: -1 OBSOLETE_local: false peers { permanent_uuid: "6fae7a20a7c84e77945a4120fd98188d" member_type: VOTER last_known_addr { host: "127.16.178.1" port: 38253 } } peers { permanent_uuid: "65622ef4993848a79a289f4127887fce" member_type: VOTER last_known_addr { host: "127.16.178.2" port: 42987 } } peers { permanent_uuid: "70a7c1ae5a694977aa31f7c5155ba7e0" member_type: VOTER last_known_addr { host: "127.16.178.3" port: 34473 } }
I20260630 12:38:45.372447 17960 raft_consensus.cc:385] T 8625e2bda4e54cd4b6b14cd4e9bb5861 P 6fae7a20a7c84e77945a4120fd98188d [term 0 FOLLOWER]: Consensus starting up: Expiring failure detector timer to make a prompt election more likely
I20260630 12:38:45.372716 17960 raft_consensus.cc:740] T 8625e2bda4e54cd4b6b14cd4e9bb5861 P 6fae7a20a7c84e77945a4120fd98188d [term 0 FOLLOWER]: Becoming Follower/Learner. State: Replica: 6fae7a20a7c84e77945a4120fd98188d, State: Initialized, Role: FOLLOWER
I20260630 12:38:45.373123 17961 tablet_bootstrap.cc:492] T 609c3d80ad854e068a0069b1ec78d6e4 P 65622ef4993848a79a289f4127887fce: Bootstrap starting.
I20260630 12:38:45.373333 17960 consensus_queue.cc:260] T 8625e2bda4e54cd4b6b14cd4e9bb5861 P 6fae7a20a7c84e77945a4120fd98188d [NON_LEADER]: Queue going to NON_LEADER mode. State: All replicated index: 0, Majority replicated index: 0, Committed index: 0, Last appended: 0.0, Last appended by leader: 0, Current term: 0, Majority size: -1, State: 0, Mode: NON_LEADER, active raft config: opid_index: -1 OBSOLETE_local: false peers { permanent_uuid: "6fae7a20a7c84e77945a4120fd98188d" member_type: VOTER last_known_addr { host: "127.16.178.1" port: 38253 } } peers { permanent_uuid: "65622ef4993848a79a289f4127887fce" member_type: VOTER last_known_addr { host: "127.16.178.2" port: 42987 } } peers { permanent_uuid: "70a7c1ae5a694977aa31f7c5155ba7e0" member_type: VOTER last_known_addr { host: "127.16.178.3" port: 34473 } }
I20260630 12:38:45.375227 17960 ts_tablet_manager.cc:1434] T 8625e2bda4e54cd4b6b14cd4e9bb5861 P 6fae7a20a7c84e77945a4120fd98188d: Time spent starting tablet: real 0.006s	user 0.003s	sys 0.000s
I20260630 12:38:45.379787 17961 tablet_bootstrap.cc:654] T 609c3d80ad854e068a0069b1ec78d6e4 P 65622ef4993848a79a289f4127887fce: Neither blocks nor log segments found. Creating new log.
I20260630 12:38:45.384423 17961 tablet_bootstrap.cc:492] T 609c3d80ad854e068a0069b1ec78d6e4 P 65622ef4993848a79a289f4127887fce: No bootstrap required, opened a new log
I20260630 12:38:45.384845 17961 ts_tablet_manager.cc:1403] T 609c3d80ad854e068a0069b1ec78d6e4 P 65622ef4993848a79a289f4127887fce: Time spent bootstrapping tablet: real 0.012s	user 0.006s	sys 0.004s
I20260630 12:38:45.387059 17961 raft_consensus.cc:359] T 609c3d80ad854e068a0069b1ec78d6e4 P 65622ef4993848a79a289f4127887fce [term 0 FOLLOWER]: Replica starting. Triggering 0 pending ops. Active config: opid_index: -1 OBSOLETE_local: false peers { permanent_uuid: "6fae7a20a7c84e77945a4120fd98188d" member_type: VOTER last_known_addr { host: "127.16.178.1" port: 38253 } } peers { permanent_uuid: "65622ef4993848a79a289f4127887fce" member_type: VOTER last_known_addr { host: "127.16.178.2" port: 42987 } } peers { permanent_uuid: "70a7c1ae5a694977aa31f7c5155ba7e0" member_type: VOTER last_known_addr { host: "127.16.178.3" port: 34473 } }
I20260630 12:38:45.387805 17961 raft_consensus.cc:385] T 609c3d80ad854e068a0069b1ec78d6e4 P 65622ef4993848a79a289f4127887fce [term 0 FOLLOWER]: Consensus starting up: Expiring failure detector timer to make a prompt election more likely
I20260630 12:38:45.388087 17961 raft_consensus.cc:740] T 609c3d80ad854e068a0069b1ec78d6e4 P 65622ef4993848a79a289f4127887fce [term 0 FOLLOWER]: Becoming Follower/Learner. State: Replica: 65622ef4993848a79a289f4127887fce, State: Initialized, Role: FOLLOWER
I20260630 12:38:45.388667 17961 consensus_queue.cc:260] T 609c3d80ad854e068a0069b1ec78d6e4 P 65622ef4993848a79a289f4127887fce [NON_LEADER]: Queue going to NON_LEADER mode. State: All replicated index: 0, Majority replicated index: 0, Committed index: 0, Last appended: 0.0, Last appended by leader: 0, Current term: 0, Majority size: -1, State: 0, Mode: NON_LEADER, active raft config: opid_index: -1 OBSOLETE_local: false peers { permanent_uuid: "6fae7a20a7c84e77945a4120fd98188d" member_type: VOTER last_known_addr { host: "127.16.178.1" port: 38253 } } peers { permanent_uuid: "65622ef4993848a79a289f4127887fce" member_type: VOTER last_known_addr { host: "127.16.178.2" port: 42987 } } peers { permanent_uuid: "70a7c1ae5a694977aa31f7c5155ba7e0" member_type: VOTER last_known_addr { host: "127.16.178.3" port: 34473 } }
I20260630 12:38:45.390507 17961 ts_tablet_manager.cc:1434] T 609c3d80ad854e068a0069b1ec78d6e4 P 65622ef4993848a79a289f4127887fce: Time spent starting tablet: real 0.005s	user 0.007s	sys 0.000s
I20260630 12:38:45.432288 17967 raft_consensus.cc:493] T 65ae33c7993a433ba2cfb757b42a01b6 P 65622ef4993848a79a289f4127887fce [term 0 FOLLOWER]: Starting pre-election (no leader contacted us within the election timeout)
I20260630 12:38:45.432710 17967 raft_consensus.cc:515] T 65ae33c7993a433ba2cfb757b42a01b6 P 65622ef4993848a79a289f4127887fce [term 0 FOLLOWER]: Starting pre-election with config: opid_index: -1 OBSOLETE_local: false peers { permanent_uuid: "6fae7a20a7c84e77945a4120fd98188d" member_type: VOTER last_known_addr { host: "127.16.178.1" port: 38253 } } peers { permanent_uuid: "65622ef4993848a79a289f4127887fce" member_type: VOTER last_known_addr { host: "127.16.178.2" port: 42987 } } peers { permanent_uuid: "70a7c1ae5a694977aa31f7c5155ba7e0" member_type: VOTER last_known_addr { host: "127.16.178.3" port: 34473 } }
I20260630 12:38:45.434178 17967 leader_election.cc:290] T 65ae33c7993a433ba2cfb757b42a01b6 P 65622ef4993848a79a289f4127887fce [CANDIDATE]: Term 1 pre-election: Requested pre-vote from peers 6fae7a20a7c84e77945a4120fd98188d (127.16.178.1:38253), 70a7c1ae5a694977aa31f7c5155ba7e0 (127.16.178.3:34473)
I20260630 12:38:45.435005 17765 tablet_service.cc:1917] Received RequestConsensusVote() RPC: tablet_id: "65ae33c7993a433ba2cfb757b42a01b6" candidate_uuid: "65622ef4993848a79a289f4127887fce" candidate_term: 1 candidate_status { last_received { term: 0 index: 0 } } ignore_live_leader: false dest_uuid: "6fae7a20a7c84e77945a4120fd98188d" is_pre_election: true
I20260630 12:38:45.435284 17915 tablet_service.cc:1917] Received RequestConsensusVote() RPC: tablet_id: "65ae33c7993a433ba2cfb757b42a01b6" candidate_uuid: "65622ef4993848a79a289f4127887fce" candidate_term: 1 candidate_status { last_received { term: 0 index: 0 } } ignore_live_leader: false dest_uuid: "70a7c1ae5a694977aa31f7c5155ba7e0" is_pre_election: true
I20260630 12:38:45.435595 17765 raft_consensus.cc:2468] T 65ae33c7993a433ba2cfb757b42a01b6 P 6fae7a20a7c84e77945a4120fd98188d [term 0 FOLLOWER]: Leader pre-election vote request: Granting yes vote for candidate 65622ef4993848a79a289f4127887fce in term 0.
I20260630 12:38:45.435926 17915 raft_consensus.cc:2468] T 65ae33c7993a433ba2cfb757b42a01b6 P 70a7c1ae5a694977aa31f7c5155ba7e0 [term 0 FOLLOWER]: Leader pre-election vote request: Granting yes vote for candidate 65622ef4993848a79a289f4127887fce in term 0.
I20260630 12:38:45.436550 17804 leader_election.cc:304] T 65ae33c7993a433ba2cfb757b42a01b6 P 65622ef4993848a79a289f4127887fce [CANDIDATE]: Term 1 pre-election: Election decided. Result: candidate won. Election summary: received 2 responses out of 3 voters: 2 yes votes; 0 no votes. yes voters: 65622ef4993848a79a289f4127887fce, 6fae7a20a7c84e77945a4120fd98188d; no voters: 
I20260630 12:38:45.437263 17967 raft_consensus.cc:2804] T 65ae33c7993a433ba2cfb757b42a01b6 P 65622ef4993848a79a289f4127887fce [term 0 FOLLOWER]: Leader pre-election won for term 1
I20260630 12:38:45.437580 17967 raft_consensus.cc:493] T 65ae33c7993a433ba2cfb757b42a01b6 P 65622ef4993848a79a289f4127887fce [term 0 FOLLOWER]: Starting leader election (no leader contacted us within the election timeout)
I20260630 12:38:45.437852 17967 raft_consensus.cc:3060] T 65ae33c7993a433ba2cfb757b42a01b6 P 65622ef4993848a79a289f4127887fce [term 0 FOLLOWER]: Advancing to term 1
I20260630 12:38:45.441936 17967 raft_consensus.cc:515] T 65ae33c7993a433ba2cfb757b42a01b6 P 65622ef4993848a79a289f4127887fce [term 1 FOLLOWER]: Starting leader election with config: opid_index: -1 OBSOLETE_local: false peers { permanent_uuid: "6fae7a20a7c84e77945a4120fd98188d" member_type: VOTER last_known_addr { host: "127.16.178.1" port: 38253 } } peers { permanent_uuid: "65622ef4993848a79a289f4127887fce" member_type: VOTER last_known_addr { host: "127.16.178.2" port: 42987 } } peers { permanent_uuid: "70a7c1ae5a694977aa31f7c5155ba7e0" member_type: VOTER last_known_addr { host: "127.16.178.3" port: 34473 } }
I20260630 12:38:45.443580 17967 leader_election.cc:290] T 65ae33c7993a433ba2cfb757b42a01b6 P 65622ef4993848a79a289f4127887fce [CANDIDATE]: Term 1 election: Requested vote from peers 6fae7a20a7c84e77945a4120fd98188d (127.16.178.1:38253), 70a7c1ae5a694977aa31f7c5155ba7e0 (127.16.178.3:34473)
I20260630 12:38:45.444294 17765 tablet_service.cc:1917] Received RequestConsensusVote() RPC: tablet_id: "65ae33c7993a433ba2cfb757b42a01b6" candidate_uuid: "65622ef4993848a79a289f4127887fce" candidate_term: 1 candidate_status { last_received { term: 0 index: 0 } } ignore_live_leader: false dest_uuid: "6fae7a20a7c84e77945a4120fd98188d"
I20260630 12:38:45.444424 17915 tablet_service.cc:1917] Received RequestConsensusVote() RPC: tablet_id: "65ae33c7993a433ba2cfb757b42a01b6" candidate_uuid: "65622ef4993848a79a289f4127887fce" candidate_term: 1 candidate_status { last_received { term: 0 index: 0 } } ignore_live_leader: false dest_uuid: "70a7c1ae5a694977aa31f7c5155ba7e0"
I20260630 12:38:45.444968 17765 raft_consensus.cc:3060] T 65ae33c7993a433ba2cfb757b42a01b6 P 6fae7a20a7c84e77945a4120fd98188d [term 0 FOLLOWER]: Advancing to term 1
I20260630 12:38:45.445072 17915 raft_consensus.cc:3060] T 65ae33c7993a433ba2cfb757b42a01b6 P 70a7c1ae5a694977aa31f7c5155ba7e0 [term 0 FOLLOWER]: Advancing to term 1
I20260630 12:38:45.449471 17765 raft_consensus.cc:2468] T 65ae33c7993a433ba2cfb757b42a01b6 P 6fae7a20a7c84e77945a4120fd98188d [term 1 FOLLOWER]: Leader election vote request: Granting yes vote for candidate 65622ef4993848a79a289f4127887fce in term 1.
I20260630 12:38:45.449834 17915 raft_consensus.cc:2468] T 65ae33c7993a433ba2cfb757b42a01b6 P 70a7c1ae5a694977aa31f7c5155ba7e0 [term 1 FOLLOWER]: Leader election vote request: Granting yes vote for candidate 65622ef4993848a79a289f4127887fce in term 1.
I20260630 12:38:45.450407 17804 leader_election.cc:304] T 65ae33c7993a433ba2cfb757b42a01b6 P 65622ef4993848a79a289f4127887fce [CANDIDATE]: Term 1 election: Election decided. Result: candidate won. Election summary: received 2 responses out of 3 voters: 2 yes votes; 0 no votes. yes voters: 65622ef4993848a79a289f4127887fce, 6fae7a20a7c84e77945a4120fd98188d; no voters: 
I20260630 12:38:45.451090 17967 raft_consensus.cc:2804] T 65ae33c7993a433ba2cfb757b42a01b6 P 65622ef4993848a79a289f4127887fce [term 1 FOLLOWER]: Leader election won for term 1
I20260630 12:38:45.451565 17967 raft_consensus.cc:697] T 65ae33c7993a433ba2cfb757b42a01b6 P 65622ef4993848a79a289f4127887fce [term 1 LEADER]: Becoming Leader. State: Replica: 65622ef4993848a79a289f4127887fce, State: Running, Role: LEADER
I20260630 12:38:45.452307 17967 consensus_queue.cc:237] T 65ae33c7993a433ba2cfb757b42a01b6 P 65622ef4993848a79a289f4127887fce [LEADER]: Queue going to LEADER mode. State: All replicated index: 0, Majority replicated index: 0, Committed index: 0, Last appended: 0.0, Last appended by leader: 0, Current term: 1, Majority size: 2, State: 0, Mode: LEADER, active raft config: opid_index: -1 OBSOLETE_local: false peers { permanent_uuid: "6fae7a20a7c84e77945a4120fd98188d" member_type: VOTER last_known_addr { host: "127.16.178.1" port: 38253 } } peers { permanent_uuid: "65622ef4993848a79a289f4127887fce" member_type: VOTER last_known_addr { host: "127.16.178.2" port: 42987 } } peers { permanent_uuid: "70a7c1ae5a694977aa31f7c5155ba7e0" member_type: VOTER last_known_addr { host: "127.16.178.3" port: 34473 } }
I20260630 12:38:45.458742 17662 catalog_manager.cc:5697] T 65ae33c7993a433ba2cfb757b42a01b6 P 65622ef4993848a79a289f4127887fce reported cstate change: term changed from 0 to 1, leader changed from <none> to 65622ef4993848a79a289f4127887fce (127.16.178.2). New cstate: current_term: 1 leader_uuid: "65622ef4993848a79a289f4127887fce" committed_config { opid_index: -1 OBSOLETE_local: false peers { permanent_uuid: "6fae7a20a7c84e77945a4120fd98188d" member_type: VOTER last_known_addr { host: "127.16.178.1" port: 38253 } health_report { overall_health: UNKNOWN } } peers { permanent_uuid: "65622ef4993848a79a289f4127887fce" member_type: VOTER last_known_addr { host: "127.16.178.2" port: 42987 } health_report { overall_health: HEALTHY } } peers { permanent_uuid: "70a7c1ae5a694977aa31f7c5155ba7e0" member_type: VOTER last_known_addr { host: "127.16.178.3" port: 34473 } health_report { overall_health: UNKNOWN } } }
I20260630 12:38:45.526933 17967 raft_consensus.cc:493] T 609c3d80ad854e068a0069b1ec78d6e4 P 65622ef4993848a79a289f4127887fce [term 0 FOLLOWER]: Starting pre-election (no leader contacted us within the election timeout)
I20260630 12:38:45.527464 17967 raft_consensus.cc:515] T 609c3d80ad854e068a0069b1ec78d6e4 P 65622ef4993848a79a289f4127887fce [term 0 FOLLOWER]: Starting pre-election with config: opid_index: -1 OBSOLETE_local: false peers { permanent_uuid: "6fae7a20a7c84e77945a4120fd98188d" member_type: VOTER last_known_addr { host: "127.16.178.1" port: 38253 } } peers { permanent_uuid: "65622ef4993848a79a289f4127887fce" member_type: VOTER last_known_addr { host: "127.16.178.2" port: 42987 } } peers { permanent_uuid: "70a7c1ae5a694977aa31f7c5155ba7e0" member_type: VOTER last_known_addr { host: "127.16.178.3" port: 34473 } }
I20260630 12:38:45.529012 17967 leader_election.cc:290] T 609c3d80ad854e068a0069b1ec78d6e4 P 65622ef4993848a79a289f4127887fce [CANDIDATE]: Term 1 pre-election: Requested pre-vote from peers 6fae7a20a7c84e77945a4120fd98188d (127.16.178.1:38253), 70a7c1ae5a694977aa31f7c5155ba7e0 (127.16.178.3:34473)
I20260630 12:38:45.529908 17765 tablet_service.cc:1917] Received RequestConsensusVote() RPC: tablet_id: "609c3d80ad854e068a0069b1ec78d6e4" candidate_uuid: "65622ef4993848a79a289f4127887fce" candidate_term: 1 candidate_status { last_received { term: 0 index: 0 } } ignore_live_leader: false dest_uuid: "6fae7a20a7c84e77945a4120fd98188d" is_pre_election: true
I20260630 12:38:45.530107 17915 tablet_service.cc:1917] Received RequestConsensusVote() RPC: tablet_id: "609c3d80ad854e068a0069b1ec78d6e4" candidate_uuid: "65622ef4993848a79a289f4127887fce" candidate_term: 1 candidate_status { last_received { term: 0 index: 0 } } ignore_live_leader: false dest_uuid: "70a7c1ae5a694977aa31f7c5155ba7e0" is_pre_election: true
I20260630 12:38:45.530625 17765 raft_consensus.cc:2393] T 609c3d80ad854e068a0069b1ec78d6e4 P 6fae7a20a7c84e77945a4120fd98188d [term 1 FOLLOWER]: Leader pre-election vote request: Denying vote to candidate 65622ef4993848a79a289f4127887fce in current term 1: Already voted for candidate 70a7c1ae5a694977aa31f7c5155ba7e0 in this term.
I20260630 12:38:45.531675 17804 leader_election.cc:304] T 609c3d80ad854e068a0069b1ec78d6e4 P 65622ef4993848a79a289f4127887fce [CANDIDATE]: Term 1 pre-election: Election decided. Result: candidate lost. Election summary: received 3 responses out of 3 voters: 1 yes votes; 2 no votes. yes voters: 65622ef4993848a79a289f4127887fce; no voters: 6fae7a20a7c84e77945a4120fd98188d, 70a7c1ae5a694977aa31f7c5155ba7e0
I20260630 12:38:45.532272 17967 raft_consensus.cc:3060] T 609c3d80ad854e068a0069b1ec78d6e4 P 65622ef4993848a79a289f4127887fce [term 0 FOLLOWER]: Advancing to term 1
I20260630 12:38:45.536638 17967 raft_consensus.cc:2749] T 609c3d80ad854e068a0069b1ec78d6e4 P 65622ef4993848a79a289f4127887fce [term 1 FOLLOWER]: Leader pre-election lost for term 1. Reason: could not achieve majority
I20260630 12:38:45.548583 17988 consensus_queue.cc:1048] T 544a0e7d84ca47d0afc50e9a231cc624 P 6fae7a20a7c84e77945a4120fd98188d [LEADER]: Connected to new peer: Peer: permanent_uuid: "70a7c1ae5a694977aa31f7c5155ba7e0" member_type: VOTER last_known_addr { host: "127.16.178.3" port: 34473 }, Status: LMP_MISMATCH, Last received: 0.0, Next index: 1, Last known committed idx: 0, Time since last communication: 0.000s
I20260630 12:38:45.557411 17841 raft_consensus.cc:3060] T 544a0e7d84ca47d0afc50e9a231cc624 P 65622ef4993848a79a289f4127887fce [term 0 FOLLOWER]: Advancing to term 1
I20260630 12:38:45.565285 18009 consensus_queue.cc:1048] T 544a0e7d84ca47d0afc50e9a231cc624 P 6fae7a20a7c84e77945a4120fd98188d [LEADER]: Connected to new peer: Peer: permanent_uuid: "65622ef4993848a79a289f4127887fce" member_type: VOTER last_known_addr { host: "127.16.178.2" port: 42987 }, Status: LMP_MISMATCH, Last received: 0.0, Next index: 1, Last known committed idx: 0, Time since last communication: 0.000s
I20260630 12:38:45.621919 17986 consensus_queue.cc:1048] T 8625e2bda4e54cd4b6b14cd4e9bb5861 P 70a7c1ae5a694977aa31f7c5155ba7e0 [LEADER]: Connected to new peer: Peer: permanent_uuid: "65622ef4993848a79a289f4127887fce" member_type: VOTER last_known_addr { host: "127.16.178.2" port: 42987 }, Status: LMP_MISMATCH, Last received: 0.0, Next index: 1, Last known committed idx: 0, Time since last communication: 0.000s
I20260630 12:38:45.630401 17765 raft_consensus.cc:3060] T 8625e2bda4e54cd4b6b14cd4e9bb5861 P 6fae7a20a7c84e77945a4120fd98188d [term 0 FOLLOWER]: Advancing to term 1
I20260630 12:38:45.638914 17966 consensus_queue.cc:1048] T 8625e2bda4e54cd4b6b14cd4e9bb5861 P 70a7c1ae5a694977aa31f7c5155ba7e0 [LEADER]: Connected to new peer: Peer: permanent_uuid: "6fae7a20a7c84e77945a4120fd98188d" member_type: VOTER last_known_addr { host: "127.16.178.1" port: 38253 }, Status: LMP_MISMATCH, Last received: 0.0, Next index: 1, Last known committed idx: 0, Time since last communication: 0.000s
I20260630 12:38:45.685397 17966 raft_consensus.cc:493] T 63dfff84552f4ca0b900ceb6d7fa76f1 P 70a7c1ae5a694977aa31f7c5155ba7e0 [term 0 FOLLOWER]: Starting pre-election (no leader contacted us within the election timeout)
I20260630 12:38:45.685856 17966 raft_consensus.cc:515] T 63dfff84552f4ca0b900ceb6d7fa76f1 P 70a7c1ae5a694977aa31f7c5155ba7e0 [term 0 FOLLOWER]: Starting pre-election with config: opid_index: -1 OBSOLETE_local: false peers { permanent_uuid: "6fae7a20a7c84e77945a4120fd98188d" member_type: VOTER last_known_addr { host: "127.16.178.1" port: 38253 } } peers { permanent_uuid: "65622ef4993848a79a289f4127887fce" member_type: VOTER last_known_addr { host: "127.16.178.2" port: 42987 } } peers { permanent_uuid: "70a7c1ae5a694977aa31f7c5155ba7e0" member_type: VOTER last_known_addr { host: "127.16.178.3" port: 34473 } }
I20260630 12:38:45.687498 17966 leader_election.cc:290] T 63dfff84552f4ca0b900ceb6d7fa76f1 P 70a7c1ae5a694977aa31f7c5155ba7e0 [CANDIDATE]: Term 1 pre-election: Requested pre-vote from peers 6fae7a20a7c84e77945a4120fd98188d (127.16.178.1:38253), 65622ef4993848a79a289f4127887fce (127.16.178.2:42987)
I20260630 12:38:45.688365 17765 tablet_service.cc:1917] Received RequestConsensusVote() RPC: tablet_id: "63dfff84552f4ca0b900ceb6d7fa76f1" candidate_uuid: "70a7c1ae5a694977aa31f7c5155ba7e0" candidate_term: 1 candidate_status { last_received { term: 0 index: 0 } } ignore_live_leader: false dest_uuid: "6fae7a20a7c84e77945a4120fd98188d" is_pre_election: true
I20260630 12:38:45.688683 17841 tablet_service.cc:1917] Received RequestConsensusVote() RPC: tablet_id: "63dfff84552f4ca0b900ceb6d7fa76f1" candidate_uuid: "70a7c1ae5a694977aa31f7c5155ba7e0" candidate_term: 1 candidate_status { last_received { term: 0 index: 0 } } ignore_live_leader: false dest_uuid: "65622ef4993848a79a289f4127887fce" is_pre_election: true
I20260630 12:38:45.689036 17765 raft_consensus.cc:2468] T 63dfff84552f4ca0b900ceb6d7fa76f1 P 6fae7a20a7c84e77945a4120fd98188d [term 0 FOLLOWER]: Leader pre-election vote request: Granting yes vote for candidate 70a7c1ae5a694977aa31f7c5155ba7e0 in term 0.
I20260630 12:38:45.689265 17841 raft_consensus.cc:2468] T 63dfff84552f4ca0b900ceb6d7fa76f1 P 65622ef4993848a79a289f4127887fce [term 0 FOLLOWER]: Leader pre-election vote request: Granting yes vote for candidate 70a7c1ae5a694977aa31f7c5155ba7e0 in term 0.
I20260630 12:38:45.690060 17878 leader_election.cc:304] T 63dfff84552f4ca0b900ceb6d7fa76f1 P 70a7c1ae5a694977aa31f7c5155ba7e0 [CANDIDATE]: Term 1 pre-election: Election decided. Result: candidate won. Election summary: received 2 responses out of 3 voters: 2 yes votes; 0 no votes. yes voters: 6fae7a20a7c84e77945a4120fd98188d, 70a7c1ae5a694977aa31f7c5155ba7e0; no voters: 
I20260630 12:38:45.690670 17966 raft_consensus.cc:2804] T 63dfff84552f4ca0b900ceb6d7fa76f1 P 70a7c1ae5a694977aa31f7c5155ba7e0 [term 0 FOLLOWER]: Leader pre-election won for term 1
I20260630 12:38:45.691015 17966 raft_consensus.cc:493] T 63dfff84552f4ca0b900ceb6d7fa76f1 P 70a7c1ae5a694977aa31f7c5155ba7e0 [term 0 FOLLOWER]: Starting leader election (no leader contacted us within the election timeout)
I20260630 12:38:45.691301 17966 raft_consensus.cc:3060] T 63dfff84552f4ca0b900ceb6d7fa76f1 P 70a7c1ae5a694977aa31f7c5155ba7e0 [term 0 FOLLOWER]: Advancing to term 1
I20260630 12:38:45.695617 17966 raft_consensus.cc:515] T 63dfff84552f4ca0b900ceb6d7fa76f1 P 70a7c1ae5a694977aa31f7c5155ba7e0 [term 1 FOLLOWER]: Starting leader election with config: opid_index: -1 OBSOLETE_local: false peers { permanent_uuid: "6fae7a20a7c84e77945a4120fd98188d" member_type: VOTER last_known_addr { host: "127.16.178.1" port: 38253 } } peers { permanent_uuid: "65622ef4993848a79a289f4127887fce" member_type: VOTER last_known_addr { host: "127.16.178.2" port: 42987 } } peers { permanent_uuid: "70a7c1ae5a694977aa31f7c5155ba7e0" member_type: VOTER last_known_addr { host: "127.16.178.3" port: 34473 } }
I20260630 12:38:45.697219 17966 leader_election.cc:290] T 63dfff84552f4ca0b900ceb6d7fa76f1 P 70a7c1ae5a694977aa31f7c5155ba7e0 [CANDIDATE]: Term 1 election: Requested vote from peers 6fae7a20a7c84e77945a4120fd98188d (127.16.178.1:38253), 65622ef4993848a79a289f4127887fce (127.16.178.2:42987)
I20260630 12:38:45.697871 17765 tablet_service.cc:1917] Received RequestConsensusVote() RPC: tablet_id: "63dfff84552f4ca0b900ceb6d7fa76f1" candidate_uuid: "70a7c1ae5a694977aa31f7c5155ba7e0" candidate_term: 1 candidate_status { last_received { term: 0 index: 0 } } ignore_live_leader: false dest_uuid: "6fae7a20a7c84e77945a4120fd98188d"
I20260630 12:38:45.698114 17841 tablet_service.cc:1917] Received RequestConsensusVote() RPC: tablet_id: "63dfff84552f4ca0b900ceb6d7fa76f1" candidate_uuid: "70a7c1ae5a694977aa31f7c5155ba7e0" candidate_term: 1 candidate_status { last_received { term: 0 index: 0 } } ignore_live_leader: false dest_uuid: "65622ef4993848a79a289f4127887fce"
I20260630 12:38:45.698364 17765 raft_consensus.cc:3060] T 63dfff84552f4ca0b900ceb6d7fa76f1 P 6fae7a20a7c84e77945a4120fd98188d [term 0 FOLLOWER]: Advancing to term 1
I20260630 12:38:45.698662 17841 raft_consensus.cc:3060] T 63dfff84552f4ca0b900ceb6d7fa76f1 P 65622ef4993848a79a289f4127887fce [term 0 FOLLOWER]: Advancing to term 1
I20260630 12:38:45.702664 17765 raft_consensus.cc:2468] T 63dfff84552f4ca0b900ceb6d7fa76f1 P 6fae7a20a7c84e77945a4120fd98188d [term 1 FOLLOWER]: Leader election vote request: Granting yes vote for candidate 70a7c1ae5a694977aa31f7c5155ba7e0 in term 1.
I20260630 12:38:45.702721 17841 raft_consensus.cc:2468] T 63dfff84552f4ca0b900ceb6d7fa76f1 P 65622ef4993848a79a289f4127887fce [term 1 FOLLOWER]: Leader election vote request: Granting yes vote for candidate 70a7c1ae5a694977aa31f7c5155ba7e0 in term 1.
I20260630 12:38:45.703841 17878 leader_election.cc:304] T 63dfff84552f4ca0b900ceb6d7fa76f1 P 70a7c1ae5a694977aa31f7c5155ba7e0 [CANDIDATE]: Term 1 election: Election decided. Result: candidate won. Election summary: received 2 responses out of 3 voters: 2 yes votes; 0 no votes. yes voters: 6fae7a20a7c84e77945a4120fd98188d, 70a7c1ae5a694977aa31f7c5155ba7e0; no voters: 
I20260630 12:38:45.704496 17966 raft_consensus.cc:2804] T 63dfff84552f4ca0b900ceb6d7fa76f1 P 70a7c1ae5a694977aa31f7c5155ba7e0 [term 1 FOLLOWER]: Leader election won for term 1
I20260630 12:38:45.704975 17966 raft_consensus.cc:697] T 63dfff84552f4ca0b900ceb6d7fa76f1 P 70a7c1ae5a694977aa31f7c5155ba7e0 [term 1 LEADER]: Becoming Leader. State: Replica: 70a7c1ae5a694977aa31f7c5155ba7e0, State: Running, Role: LEADER
I20260630 12:38:45.705776 17966 consensus_queue.cc:237] T 63dfff84552f4ca0b900ceb6d7fa76f1 P 70a7c1ae5a694977aa31f7c5155ba7e0 [LEADER]: Queue going to LEADER mode. State: All replicated index: 0, Majority replicated index: 0, Committed index: 0, Last appended: 0.0, Last appended by leader: 0, Current term: 1, Majority size: 2, State: 0, Mode: LEADER, active raft config: opid_index: -1 OBSOLETE_local: false peers { permanent_uuid: "6fae7a20a7c84e77945a4120fd98188d" member_type: VOTER last_known_addr { host: "127.16.178.1" port: 38253 } } peers { permanent_uuid: "65622ef4993848a79a289f4127887fce" member_type: VOTER last_known_addr { host: "127.16.178.2" port: 42987 } } peers { permanent_uuid: "70a7c1ae5a694977aa31f7c5155ba7e0" member_type: VOTER last_known_addr { host: "127.16.178.3" port: 34473 } }
I20260630 12:38:45.711249 17967 consensus_queue.cc:1048] T f451ec304ec8475ca4f059b96f621d11 P 65622ef4993848a79a289f4127887fce [LEADER]: Connected to new peer: Peer: permanent_uuid: "70a7c1ae5a694977aa31f7c5155ba7e0" member_type: VOTER last_known_addr { host: "127.16.178.3" port: 34473 }, Status: LMP_MISMATCH, Last received: 0.0, Next index: 1, Last known committed idx: 0, Time since last communication: 0.000s
I20260630 12:38:45.713099 17664 catalog_manager.cc:5697] T 63dfff84552f4ca0b900ceb6d7fa76f1 P 70a7c1ae5a694977aa31f7c5155ba7e0 reported cstate change: term changed from 0 to 1, leader changed from <none> to 70a7c1ae5a694977aa31f7c5155ba7e0 (127.16.178.3). New cstate: current_term: 1 leader_uuid: "70a7c1ae5a694977aa31f7c5155ba7e0" committed_config { opid_index: -1 OBSOLETE_local: false peers { permanent_uuid: "6fae7a20a7c84e77945a4120fd98188d" member_type: VOTER last_known_addr { host: "127.16.178.1" port: 38253 } health_report { overall_health: UNKNOWN } } peers { permanent_uuid: "65622ef4993848a79a289f4127887fce" member_type: VOTER last_known_addr { host: "127.16.178.2" port: 42987 } health_report { overall_health: UNKNOWN } } peers { permanent_uuid: "70a7c1ae5a694977aa31f7c5155ba7e0" member_type: VOTER last_known_addr { host: "127.16.178.3" port: 34473 } health_report { overall_health: HEALTHY } } }
I20260630 12:38:45.721766 17765 raft_consensus.cc:3060] T f451ec304ec8475ca4f059b96f621d11 P 6fae7a20a7c84e77945a4120fd98188d [term 0 FOLLOWER]: Advancing to term 1
I20260630 12:38:45.730204 17966 consensus_queue.cc:1048] T db6c86cdbc5a48ac93431f1672a3aa49 P 70a7c1ae5a694977aa31f7c5155ba7e0 [LEADER]: Connected to new peer: Peer: permanent_uuid: "65622ef4993848a79a289f4127887fce" member_type: VOTER last_known_addr { host: "127.16.178.2" port: 42987 }, Status: LMP_MISMATCH, Last received: 0.0, Next index: 1, Last known committed idx: 0, Time since last communication: 0.000s
I20260630 12:38:45.730185 17999 consensus_queue.cc:1048] T f451ec304ec8475ca4f059b96f621d11 P 65622ef4993848a79a289f4127887fce [LEADER]: Connected to new peer: Peer: permanent_uuid: "6fae7a20a7c84e77945a4120fd98188d" member_type: VOTER last_known_addr { host: "127.16.178.1" port: 38253 }, Status: LMP_MISMATCH, Last received: 0.0, Next index: 1, Last known committed idx: 0, Time since last communication: 0.001s
I20260630 12:38:45.743433 17986 consensus_queue.cc:1048] T db6c86cdbc5a48ac93431f1672a3aa49 P 70a7c1ae5a694977aa31f7c5155ba7e0 [LEADER]: Connected to new peer: Peer: permanent_uuid: "6fae7a20a7c84e77945a4120fd98188d" member_type: VOTER last_known_addr { host: "127.16.178.1" port: 38253 }, Status: LMP_MISMATCH, Last received: 0.0, Next index: 1, Last known committed idx: 0, Time since last communication: 0.000s
I20260630 12:38:45.752630 17966 consensus_queue.cc:1048] T 609c3d80ad854e068a0069b1ec78d6e4 P 70a7c1ae5a694977aa31f7c5155ba7e0 [LEADER]: Connected to new peer: Peer: permanent_uuid: "65622ef4993848a79a289f4127887fce" member_type: VOTER last_known_addr { host: "127.16.178.2" port: 42987 }, Status: LMP_MISMATCH, Last received: 0.0, Next index: 1, Last known committed idx: 0, Time since last communication: 0.000s
I20260630 12:38:45.763841 17966 consensus_queue.cc:1048] T 609c3d80ad854e068a0069b1ec78d6e4 P 70a7c1ae5a694977aa31f7c5155ba7e0 [LEADER]: Connected to new peer: Peer: permanent_uuid: "6fae7a20a7c84e77945a4120fd98188d" member_type: VOTER last_known_addr { host: "127.16.178.1" port: 38253 }, Status: LMP_MISMATCH, Last received: 0.0, Next index: 1, Last known committed idx: 0, Time since last communication: 0.000s
I20260630 12:38:45.800823 17999 consensus_queue.cc:1048] T 9ffc7f71180a48f18f9941b90857daf5 P 65622ef4993848a79a289f4127887fce [LEADER]: Connected to new peer: Peer: permanent_uuid: "6fae7a20a7c84e77945a4120fd98188d" member_type: VOTER last_known_addr { host: "127.16.178.1" port: 38253 }, Status: LMP_MISMATCH, Last received: 0.0, Next index: 1, Last known committed idx: 0, Time since last communication: 0.000s
I20260630 12:38:45.810953 17994 consensus_queue.cc:1048] T 9ffc7f71180a48f18f9941b90857daf5 P 65622ef4993848a79a289f4127887fce [LEADER]: Connected to new peer: Peer: permanent_uuid: "70a7c1ae5a694977aa31f7c5155ba7e0" member_type: VOTER last_known_addr { host: "127.16.178.3" port: 34473 }, Status: LMP_MISMATCH, Last received: 0.0, Next index: 1, Last known committed idx: 0, Time since last communication: 0.000s
I20260630 12:38:45.853015 17994 consensus_queue.cc:1048] T 65ae33c7993a433ba2cfb757b42a01b6 P 65622ef4993848a79a289f4127887fce [LEADER]: Connected to new peer: Peer: permanent_uuid: "6fae7a20a7c84e77945a4120fd98188d" member_type: VOTER last_known_addr { host: "127.16.178.1" port: 38253 }, Status: LMP_MISMATCH, Last received: 0.0, Next index: 1, Last known committed idx: 0, Time since last communication: 0.000s
I20260630 12:38:45.862370 17967 consensus_queue.cc:1048] T 65ae33c7993a433ba2cfb757b42a01b6 P 65622ef4993848a79a289f4127887fce [LEADER]: Connected to new peer: Peer: permanent_uuid: "70a7c1ae5a694977aa31f7c5155ba7e0" member_type: VOTER last_known_addr { host: "127.16.178.3" port: 34473 }, Status: LMP_MISMATCH, Last received: 0.0, Next index: 1, Last known committed idx: 0, Time since last communication: 0.000s
I20260630 12:38:45.882877 17096 file_cache.cc:492] Constructed file cache file cache with capacity 419430
W20260630 12:38:45.889633 18028 instance_detector.cc:116] could not retrieve AWS instance metadata: Network error: curl error: HTTP response code said error: The requested URL returned error: 404
W20260630 12:38:45.889709 18029 instance_detector.cc:116] could not retrieve Azure instance metadata: Network error: curl error: HTTP response code said error: The requested URL returned error: 404
I20260630 12:38:45.892354 17096 server_base.cc:1061] running on GCE node
W20260630 12:38:45.893060 18031 instance_detector.cc:116] could not retrieve OpenStack instance metadata: Network error: curl error: HTTP response code said error: The requested URL returned error: 404
I20260630 12:38:45.893890 17096 hybrid_clock.cc:584] initializing the hybrid clock with 'system_unsync' time source
W20260630 12:38:45.894140 17096 system_unsync_time.cc:38] NTP support is disabled. Clock error bounds will not be accurate. This configuration is not suitable for distributed clusters.
I20260630 12:38:45.894318 17096 hybrid_clock.cc:648] HybridClock initialized: now 1782823125894302 us; error 0 us; skew 500 ppm
I20260630 12:38:45.894891 17096 server_base.cc:861] Flag tcmalloc_max_total_thread_cache_bytes is not working since tcmalloc is not enabled.
I20260630 12:38:45.897156 17096 webserver.cc:533] Webserver started at http://127.16.178.4:41489/ using document root <none> and password file <none>
I20260630 12:38:45.897629 17096 fs_manager.cc:362] Metadata directory not provided
I20260630 12:38:45.897835 17096 fs_manager.cc:368] Using write-ahead log directory (fs_wal_dir) as metadata directory
I20260630 12:38:45.898103 17096 server_base.cc:909] This appears to be a new deployment of Kudu; creating new FS layout
I20260630 12:38:45.899114 17096 fs_manager.cc:1068] Generated new instance metadata in path /tmp/dist-test-taskBBTQcW/test-tmp/auto_rebalancer-test.0.AutoRebalancerTest.AutoRebalancingTurnOffAndOn.1782823116156160-17096-0/minicluster-data/ts-3-root/instance:
uuid: "73e17222400742498e7ae513b7e774dc"
format_stamp: "Formatted at 2026-06-30 12:38:45 on dist-test-slave-n96p"
I20260630 12:38:45.903281 17096 fs_manager.cc:696] Time spent creating directory manager: real 0.004s	user 0.003s	sys 0.001s
I20260630 12:38:45.906297 18036 log_block_manager.cc:4031] Time spent loading block containers with low live blocks: real 0.000s	user 0.000s	sys 0.000s
I20260630 12:38:45.907053 17096 fs_manager.cc:730] Time spent opening block manager: real 0.002s	user 0.003s	sys 0.000s
I20260630 12:38:45.907442 17096 fs_manager.cc:647] Opened local filesystem: /tmp/dist-test-taskBBTQcW/test-tmp/auto_rebalancer-test.0.AutoRebalancerTest.AutoRebalancingTurnOffAndOn.1782823116156160-17096-0/minicluster-data/ts-3-root
uuid: "73e17222400742498e7ae513b7e774dc"
format_stamp: "Formatted at 2026-06-30 12:38:45 on dist-test-slave-n96p"
I20260630 12:38:45.907756 17096 fs_report.cc:389] FS layout report
--------------------
wal directory: /tmp/dist-test-taskBBTQcW/test-tmp/auto_rebalancer-test.0.AutoRebalancerTest.AutoRebalancingTurnOffAndOn.1782823116156160-17096-0/minicluster-data/ts-3-root
metadata directory: /tmp/dist-test-taskBBTQcW/test-tmp/auto_rebalancer-test.0.AutoRebalancerTest.AutoRebalancingTurnOffAndOn.1782823116156160-17096-0/minicluster-data/ts-3-root
1 data directories: /tmp/dist-test-taskBBTQcW/test-tmp/auto_rebalancer-test.0.AutoRebalancerTest.AutoRebalancingTurnOffAndOn.1782823116156160-17096-0/minicluster-data/ts-3-root/data
Total live blocks: 0
Total live bytes: 0
Total live bytes (after alignment): 0
Total number of LBM containers: 0 (0 full)
Did not check for missing blocks
Did not check for orphaned blocks
Total full LBM containers with extra space: 0 (0 repaired)
Total full LBM container extra space in bytes: 0 (0 repaired)
Total incomplete LBM containers: 0 (0 repaired)
Total LBM partial records: 0 (0 repaired)
Total corrupted LBM metadata records in RocksDB: 0 (0 repaired)
I20260630 12:38:45.919199 17096 rpc_server.cc:225] running with OpenSSL 1.1.1  11 Sep 2018
I20260630 12:38:45.920220 17096 kserver.cc:163] Server-wide thread pool size limit: 3276
I20260630 12:38:45.921612 17096 txn_system_client.cc:432] TxnSystemClient initialization is disabled...
I20260630 12:38:45.923739 17096 ts_tablet_manager.cc:585] Loaded tablet metadata (0 total tablets, 0 live tablets)
I20260630 12:38:45.923910 17096 ts_tablet_manager.cc:531] Time spent load tablet metadata: real 0.000s	user 0.000s	sys 0.000s
I20260630 12:38:45.924086 17096 ts_tablet_manager.cc:616] Registered 0 tablets
I20260630 12:38:45.924221 17096 ts_tablet_manager.cc:595] Time spent register tablets: real 0.000s	user 0.000s	sys 0.000s
I20260630 12:38:45.963171 17096 rpc_server.cc:307] RPC server started. Bound to: 127.16.178.4:35905
I20260630 12:38:45.963255 18098 acceptor_pool.cc:272] collecting diagnostics on the listening RPC socket 127.16.178.4:35905 every 8 connection(s)
I20260630 12:38:45.976163 18099 heartbeater.cc:344] Connected to a master server at 127.16.178.62:33583
I20260630 12:38:45.976569 18099 heartbeater.cc:461] Registering TS with master...
I20260630 12:38:45.977548 18099 heartbeater.cc:507] Master 127.16.178.62:33583 requested a full tablet report, sending...
I20260630 12:38:45.979458 17662 ts_manager.cc:194] Registered new tserver with Master: 73e17222400742498e7ae513b7e774dc (127.16.178.4:35905)
I20260630 12:38:45.980715 17662 master_service.cc:502] Signed X509 certificate for tserver {username='slave'} at 127.0.0.1:37368
I20260630 12:38:46.191027 18020 consensus_queue.cc:1048] T 63dfff84552f4ca0b900ceb6d7fa76f1 P 70a7c1ae5a694977aa31f7c5155ba7e0 [LEADER]: Connected to new peer: Peer: permanent_uuid: "65622ef4993848a79a289f4127887fce" member_type: VOTER last_known_addr { host: "127.16.178.2" port: 42987 }, Status: LMP_MISMATCH, Last received: 0.0, Next index: 1, Last known committed idx: 0, Time since last communication: 0.000s
I20260630 12:38:46.203874 17987 consensus_queue.cc:1048] T 63dfff84552f4ca0b900ceb6d7fa76f1 P 70a7c1ae5a694977aa31f7c5155ba7e0 [LEADER]: Connected to new peer: Peer: permanent_uuid: "6fae7a20a7c84e77945a4120fd98188d" member_type: VOTER last_known_addr { host: "127.16.178.1" port: 38253 }, Status: LMP_MISMATCH, Last received: 0.0, Next index: 1, Last known committed idx: 0, Time since last communication: 0.000s
I20260630 12:38:46.983093 18099 heartbeater.cc:499] Master 127.16.178.62:33583 was elected leader, sending a full tablet report...
I20260630 12:38:47.298682 17717 auto_leader_rebalancer.cc:141] leader rebalance for table test-workload
I20260630 12:38:47.321265 17914 tablet_service.cc:2072] Received LeaderStepDown RPC: tablet_id: "609c3d80ad854e068a0069b1ec78d6e4"
dest_uuid: "70a7c1ae5a694977aa31f7c5155ba7e0"
mode: GRACEFUL
new_leader_uuid: "6fae7a20a7c84e77945a4120fd98188d"
 from {username='slave'} at 127.0.0.1:43632
I20260630 12:38:47.322296 17914 raft_consensus.cc:606] T 609c3d80ad854e068a0069b1ec78d6e4 P 70a7c1ae5a694977aa31f7c5155ba7e0 [term 1 LEADER]: Received request to transfer leadership to TS 6fae7a20a7c84e77945a4120fd98188d
I20260630 12:38:47.324211 17717 auto_leader_rebalancer.cc:440] table: test-workload, leader rebalance finish, leader transfer count: 1
I20260630 12:38:47.324893 17717 auto_leader_rebalancer.cc:515] All tables' leader rebalancing finished this round
I20260630 12:38:47.701601 17987 raft_consensus.cc:993] T 609c3d80ad854e068a0069b1ec78d6e4 P 70a7c1ae5a694977aa31f7c5155ba7e0: : Instructing follower 6fae7a20a7c84e77945a4120fd98188d to start an election
I20260630 12:38:47.702272 18108 raft_consensus.cc:1081] T 609c3d80ad854e068a0069b1ec78d6e4 P 70a7c1ae5a694977aa31f7c5155ba7e0 [term 1 LEADER]: Signalling peer 6fae7a20a7c84e77945a4120fd98188d to start an election
I20260630 12:38:47.704041 17765 tablet_service.cc:2044] Received Run Leader Election RPC: tablet_id: "609c3d80ad854e068a0069b1ec78d6e4"
dest_uuid: "6fae7a20a7c84e77945a4120fd98188d"
 from {username='slave'} at 127.0.0.1:41380
I20260630 12:38:47.704553 17765 raft_consensus.cc:493] T 609c3d80ad854e068a0069b1ec78d6e4 P 6fae7a20a7c84e77945a4120fd98188d [term 1 FOLLOWER]: Starting forced leader election (received explicit request)
I20260630 12:38:47.704885 17765 raft_consensus.cc:3060] T 609c3d80ad854e068a0069b1ec78d6e4 P 6fae7a20a7c84e77945a4120fd98188d [term 1 FOLLOWER]: Advancing to term 2
I20260630 12:38:47.710642 17765 raft_consensus.cc:515] T 609c3d80ad854e068a0069b1ec78d6e4 P 6fae7a20a7c84e77945a4120fd98188d [term 2 FOLLOWER]: Starting forced leader election with config: opid_index: -1 OBSOLETE_local: false peers { permanent_uuid: "6fae7a20a7c84e77945a4120fd98188d" member_type: VOTER last_known_addr { host: "127.16.178.1" port: 38253 } } peers { permanent_uuid: "65622ef4993848a79a289f4127887fce" member_type: VOTER last_known_addr { host: "127.16.178.2" port: 42987 } } peers { permanent_uuid: "70a7c1ae5a694977aa31f7c5155ba7e0" member_type: VOTER last_known_addr { host: "127.16.178.3" port: 34473 } }
I20260630 12:38:47.712325 17765 leader_election.cc:290] T 609c3d80ad854e068a0069b1ec78d6e4 P 6fae7a20a7c84e77945a4120fd98188d [CANDIDATE]: Term 2 election: Requested vote from peers 65622ef4993848a79a289f4127887fce (127.16.178.2:42987), 70a7c1ae5a694977aa31f7c5155ba7e0 (127.16.178.3:34473)
I20260630 12:38:47.713245 17840 tablet_service.cc:1917] Received RequestConsensusVote() RPC: tablet_id: "609c3d80ad854e068a0069b1ec78d6e4" candidate_uuid: "6fae7a20a7c84e77945a4120fd98188d" candidate_term: 2 candidate_status { last_received { term: 1 index: 1 } } ignore_live_leader: true dest_uuid: "65622ef4993848a79a289f4127887fce"
I20260630 12:38:47.713459 17914 tablet_service.cc:1917] Received RequestConsensusVote() RPC: tablet_id: "609c3d80ad854e068a0069b1ec78d6e4" candidate_uuid: "6fae7a20a7c84e77945a4120fd98188d" candidate_term: 2 candidate_status { last_received { term: 1 index: 1 } } ignore_live_leader: true dest_uuid: "70a7c1ae5a694977aa31f7c5155ba7e0"
I20260630 12:38:47.714090 17840 raft_consensus.cc:3060] T 609c3d80ad854e068a0069b1ec78d6e4 P 65622ef4993848a79a289f4127887fce [term 1 FOLLOWER]: Advancing to term 2
I20260630 12:38:47.714171 17914 raft_consensus.cc:3055] T 609c3d80ad854e068a0069b1ec78d6e4 P 70a7c1ae5a694977aa31f7c5155ba7e0 [term 1 LEADER]: Stepping down as leader of term 1
I20260630 12:38:47.714608 17914 raft_consensus.cc:740] T 609c3d80ad854e068a0069b1ec78d6e4 P 70a7c1ae5a694977aa31f7c5155ba7e0 [term 1 LEADER]: Becoming Follower/Learner. State: Replica: 70a7c1ae5a694977aa31f7c5155ba7e0, State: Running, Role: LEADER
I20260630 12:38:47.715487 17914 consensus_queue.cc:260] T 609c3d80ad854e068a0069b1ec78d6e4 P 70a7c1ae5a694977aa31f7c5155ba7e0 [NON_LEADER]: Queue going to NON_LEADER mode. State: All replicated index: 0, Majority replicated index: 1, Committed index: 1, Last appended: 1.1, Last appended by leader: 1, Current term: 1, Majority size: -1, State: 0, Mode: NON_LEADER, active raft config: opid_index: -1 OBSOLETE_local: false peers { permanent_uuid: "6fae7a20a7c84e77945a4120fd98188d" member_type: VOTER last_known_addr { host: "127.16.178.1" port: 38253 } } peers { permanent_uuid: "65622ef4993848a79a289f4127887fce" member_type: VOTER last_known_addr { host: "127.16.178.2" port: 42987 } } peers { permanent_uuid: "70a7c1ae5a694977aa31f7c5155ba7e0" member_type: VOTER last_known_addr { host: "127.16.178.3" port: 34473 } }
I20260630 12:38:47.716441 17914 raft_consensus.cc:3060] T 609c3d80ad854e068a0069b1ec78d6e4 P 70a7c1ae5a694977aa31f7c5155ba7e0 [term 1 FOLLOWER]: Advancing to term 2
I20260630 12:38:47.719023 17840 raft_consensus.cc:2468] T 609c3d80ad854e068a0069b1ec78d6e4 P 65622ef4993848a79a289f4127887fce [term 2 FOLLOWER]: Leader election vote request: Granting yes vote for candidate 6fae7a20a7c84e77945a4120fd98188d in term 2.
I20260630 12:38:47.720238 17729 leader_election.cc:304] T 609c3d80ad854e068a0069b1ec78d6e4 P 6fae7a20a7c84e77945a4120fd98188d [CANDIDATE]: Term 2 election: Election decided. Result: candidate won. Election summary: received 2 responses out of 3 voters: 2 yes votes; 0 no votes. yes voters: 65622ef4993848a79a289f4127887fce, 6fae7a20a7c84e77945a4120fd98188d; no voters: 
I20260630 12:38:47.721169 18009 raft_consensus.cc:2804] T 609c3d80ad854e068a0069b1ec78d6e4 P 6fae7a20a7c84e77945a4120fd98188d [term 2 FOLLOWER]: Leader election won for term 2
I20260630 12:38:47.721812 17914 raft_consensus.cc:2468] T 609c3d80ad854e068a0069b1ec78d6e4 P 70a7c1ae5a694977aa31f7c5155ba7e0 [term 2 FOLLOWER]: Leader election vote request: Granting yes vote for candidate 6fae7a20a7c84e77945a4120fd98188d in term 2.
I20260630 12:38:47.723706 18009 raft_consensus.cc:697] T 609c3d80ad854e068a0069b1ec78d6e4 P 6fae7a20a7c84e77945a4120fd98188d [term 2 LEADER]: Becoming Leader. State: Replica: 6fae7a20a7c84e77945a4120fd98188d, State: Running, Role: LEADER
