I20260630 12:38:47.649961 17387 raft_consensus.cc:493] T 6a7b01e0597e4dbba4f8865afda0dc15 P 7819a44b55b0421e9b65ad4d1e0f9d2d [term 2 FOLLOWER]: Starting pre-election (detected failure of leader aefc575f02a74c32964fd3a100ddab99)
I20260630 12:38:47.650601 17387 raft_consensus.cc:515] T 6a7b01e0597e4dbba4f8865afda0dc15 P 7819a44b55b0421e9b65ad4d1e0f9d2d [term 2 FOLLOWER]: Starting pre-election with config: opid_index: 3 OBSOLETE_local: false peers { permanent_uuid: "aefc575f02a74c32964fd3a100ddab99" member_type: VOTER last_known_addr { host: "127.15.237.1" port: 33983 } } peers { permanent_uuid: "7819a44b55b0421e9b65ad4d1e0f9d2d" member_type: VOTER last_known_addr { host: "127.15.237.2" port: 36207 } attrs { replace: true } } peers { permanent_uuid: "d788ad642ccd4a79b9f471efb66f6c63" member_type: VOTER last_known_addr { host: "127.15.237.3" port: 40921 } } peers { permanent_uuid: "a582360a59e1474bbefd787649048333" member_type: NON_VOTER last_known_addr { host: "127.15.237.4" port: 33635 } attrs { promote: true } }
I20260630 12:38:47.660033 17384 raft_consensus.cc:493] T 7b70f86ca0474cef8812dcbb9446d58d P 7819a44b55b0421e9b65ad4d1e0f9d2d [term 1 FOLLOWER]: Starting pre-election (detected failure of leader aefc575f02a74c32964fd3a100ddab99)
I20260630 12:38:47.660362 17387 leader_election.cc:290] T 6a7b01e0597e4dbba4f8865afda0dc15 P 7819a44b55b0421e9b65ad4d1e0f9d2d [CANDIDATE]: Term 3 pre-election: Requested pre-vote from peers aefc575f02a74c32964fd3a100ddab99 (127.15.237.1:33983), d788ad642ccd4a79b9f471efb66f6c63 (127.15.237.3:40921)
I20260630 12:38:47.660671 17384 raft_consensus.cc:515] T 7b70f86ca0474cef8812dcbb9446d58d P 7819a44b55b0421e9b65ad4d1e0f9d2d [term 1 FOLLOWER]: Starting pre-election with config: opid_index: -1 OBSOLETE_local: false peers { permanent_uuid: "aefc575f02a74c32964fd3a100ddab99" member_type: VOTER last_known_addr { host: "127.15.237.1" port: 33983 } } peers { permanent_uuid: "7819a44b55b0421e9b65ad4d1e0f9d2d" member_type: VOTER last_known_addr { host: "127.15.237.2" port: 36207 } } peers { permanent_uuid: "d788ad642ccd4a79b9f471efb66f6c63" member_type: VOTER last_known_addr { host: "127.15.237.3" port: 40921 } }
I20260630 12:38:47.662878 17384 leader_election.cc:290] T 7b70f86ca0474cef8812dcbb9446d58d P 7819a44b55b0421e9b65ad4d1e0f9d2d [CANDIDATE]: Term 2 pre-election: Requested pre-vote from peers aefc575f02a74c32964fd3a100ddab99 (127.15.237.1:33983), d788ad642ccd4a79b9f471efb66f6c63 (127.15.237.3:40921)
I20260630 12:38:47.666415 17124 tablet_service.cc:1917] Received RequestConsensusVote() RPC: tablet_id: "6a7b01e0597e4dbba4f8865afda0dc15" candidate_uuid: "7819a44b55b0421e9b65ad4d1e0f9d2d" candidate_term: 3 candidate_status { last_received { term: 2 index: 3 } } ignore_live_leader: false dest_uuid: "d788ad642ccd4a79b9f471efb66f6c63" is_pre_election: true
W20260630 12:38:47.667524 17018 leader_election.cc:336] T 6a7b01e0597e4dbba4f8865afda0dc15 P 7819a44b55b0421e9b65ad4d1e0f9d2d [CANDIDATE]: Term 3 pre-election: RPC error from VoteRequest() call to peer aefc575f02a74c32964fd3a100ddab99 (127.15.237.1:33983): Network error: Client connection negotiation failed: client connection to 127.15.237.1:33983: connect: Connection refused (error 111)
W20260630 12:38:47.668133 17018 leader_election.cc:336] T 7b70f86ca0474cef8812dcbb9446d58d P 7819a44b55b0421e9b65ad4d1e0f9d2d [CANDIDATE]: Term 2 pre-election: RPC error from VoteRequest() call to peer aefc575f02a74c32964fd3a100ddab99 (127.15.237.1:33983): Network error: Client connection negotiation failed: client connection to 127.15.237.1:33983: connect: Connection refused (error 111)
I20260630 12:38:47.668699 17124 tablet_service.cc:1917] Received RequestConsensusVote() RPC: tablet_id: "7b70f86ca0474cef8812dcbb9446d58d" candidate_uuid: "7819a44b55b0421e9b65ad4d1e0f9d2d" candidate_term: 2 candidate_status { last_received { term: 1 index: 1 } } ignore_live_leader: false dest_uuid: "d788ad642ccd4a79b9f471efb66f6c63" is_pre_election: true
I20260630 12:38:47.670293 17016 leader_election.cc:304] T 6a7b01e0597e4dbba4f8865afda0dc15 P 7819a44b55b0421e9b65ad4d1e0f9d2d [CANDIDATE]: Term 3 pre-election: Election decided. Result: candidate lost. Election summary: received 3 responses out of 3 voters: 1 yes votes; 2 no votes. yes voters: 7819a44b55b0421e9b65ad4d1e0f9d2d; no voters: aefc575f02a74c32964fd3a100ddab99, d788ad642ccd4a79b9f471efb66f6c63
I20260630 12:38:47.671450 17384 raft_consensus.cc:2749] T 6a7b01e0597e4dbba4f8865afda0dc15 P 7819a44b55b0421e9b65ad4d1e0f9d2d [term 2 FOLLOWER]: Leader pre-election lost for term 3. Reason: could not achieve majority
I20260630 12:38:47.671939 17016 leader_election.cc:304] T 7b70f86ca0474cef8812dcbb9446d58d P 7819a44b55b0421e9b65ad4d1e0f9d2d [CANDIDATE]: Term 2 pre-election: Election decided. Result: candidate lost. Election summary: received 3 responses out of 3 voters: 1 yes votes; 2 no votes. yes voters: 7819a44b55b0421e9b65ad4d1e0f9d2d; no voters: aefc575f02a74c32964fd3a100ddab99, d788ad642ccd4a79b9f471efb66f6c63
I20260630 12:38:47.672654 17384 raft_consensus.cc:2749] T 7b70f86ca0474cef8812dcbb9446d58d P 7819a44b55b0421e9b65ad4d1e0f9d2d [term 1 FOLLOWER]: Leader pre-election lost for term 2. Reason: could not achieve majority
I20260630 12:38:47.687151 17179 raft_consensus.cc:493] T 7b70f86ca0474cef8812dcbb9446d58d P d788ad642ccd4a79b9f471efb66f6c63 [term 1 FOLLOWER]: Starting pre-election (detected failure of leader aefc575f02a74c32964fd3a100ddab99)
I20260630 12:38:47.687747 17179 raft_consensus.cc:515] T 7b70f86ca0474cef8812dcbb9446d58d P d788ad642ccd4a79b9f471efb66f6c63 [term 1 FOLLOWER]: Starting pre-election with config: opid_index: -1 OBSOLETE_local: false peers { permanent_uuid: "aefc575f02a74c32964fd3a100ddab99" member_type: VOTER last_known_addr { host: "127.15.237.1" port: 33983 } } peers { permanent_uuid: "7819a44b55b0421e9b65ad4d1e0f9d2d" member_type: VOTER last_known_addr { host: "127.15.237.2" port: 36207 } } peers { permanent_uuid: "d788ad642ccd4a79b9f471efb66f6c63" member_type: VOTER last_known_addr { host: "127.15.237.3" port: 40921 } }
I20260630 12:38:47.690019 17179 leader_election.cc:290] T 7b70f86ca0474cef8812dcbb9446d58d P d788ad642ccd4a79b9f471efb66f6c63 [CANDIDATE]: Term 2 pre-election: Requested pre-vote from peers aefc575f02a74c32964fd3a100ddab99 (127.15.237.1:33983), 7819a44b55b0421e9b65ad4d1e0f9d2d (127.15.237.2:36207)
I20260630 12:38:47.693390 17053 tablet_service.cc:1917] Received RequestConsensusVote() RPC: tablet_id: "7b70f86ca0474cef8812dcbb9446d58d" candidate_uuid: "d788ad642ccd4a79b9f471efb66f6c63" candidate_term: 2 candidate_status { last_received { term: 1 index: 1 } } ignore_live_leader: false dest_uuid: "7819a44b55b0421e9b65ad4d1e0f9d2d" is_pre_election: true
I20260630 12:38:47.694214 17053 raft_consensus.cc:2468] T 7b70f86ca0474cef8812dcbb9446d58d P 7819a44b55b0421e9b65ad4d1e0f9d2d [term 1 FOLLOWER]: Leader pre-election vote request: Granting yes vote for candidate d788ad642ccd4a79b9f471efb66f6c63 in term 1.
I20260630 12:38:47.696862 17092 leader_election.cc:304] T 7b70f86ca0474cef8812dcbb9446d58d P d788ad642ccd4a79b9f471efb66f6c63 [CANDIDATE]: Term 2 pre-election: Election decided. Result: candidate won. Election summary: received 2 responses out of 3 voters: 2 yes votes; 0 no votes. yes voters: 7819a44b55b0421e9b65ad4d1e0f9d2d, d788ad642ccd4a79b9f471efb66f6c63; no voters: 
I20260630 12:38:47.697978 17179 raft_consensus.cc:2804] T 7b70f86ca0474cef8812dcbb9446d58d P d788ad642ccd4a79b9f471efb66f6c63 [term 1 FOLLOWER]: Leader pre-election won for term 2
W20260630 12:38:47.698069 17092 leader_election.cc:336] T 7b70f86ca0474cef8812dcbb9446d58d P d788ad642ccd4a79b9f471efb66f6c63 [CANDIDATE]: Term 2 pre-election: RPC error from VoteRequest() call to peer aefc575f02a74c32964fd3a100ddab99 (127.15.237.1:33983): Network error: Client connection negotiation failed: client connection to 127.15.237.1:33983: connect: Connection refused (error 111)
I20260630 12:38:47.698484 17179 raft_consensus.cc:493] T 7b70f86ca0474cef8812dcbb9446d58d P d788ad642ccd4a79b9f471efb66f6c63 [term 1 FOLLOWER]: Starting leader election (detected failure of leader aefc575f02a74c32964fd3a100ddab99)
I20260630 12:38:47.698920 17179 raft_consensus.cc:3060] T 7b70f86ca0474cef8812dcbb9446d58d P d788ad642ccd4a79b9f471efb66f6c63 [term 1 FOLLOWER]: Advancing to term 2
I20260630 12:38:47.706198 17179 raft_consensus.cc:515] T 7b70f86ca0474cef8812dcbb9446d58d P d788ad642ccd4a79b9f471efb66f6c63 [term 2 FOLLOWER]: Starting leader election with config: opid_index: -1 OBSOLETE_local: false peers { permanent_uuid: "aefc575f02a74c32964fd3a100ddab99" member_type: VOTER last_known_addr { host: "127.15.237.1" port: 33983 } } peers { permanent_uuid: "7819a44b55b0421e9b65ad4d1e0f9d2d" member_type: VOTER last_known_addr { host: "127.15.237.2" port: 36207 } } peers { permanent_uuid: "d788ad642ccd4a79b9f471efb66f6c63" member_type: VOTER last_known_addr { host: "127.15.237.3" port: 40921 } }
I20260630 12:38:47.708472 17179 leader_election.cc:290] T 7b70f86ca0474cef8812dcbb9446d58d P d788ad642ccd4a79b9f471efb66f6c63 [CANDIDATE]: Term 2 election: Requested vote from peers aefc575f02a74c32964fd3a100ddab99 (127.15.237.1:33983), 7819a44b55b0421e9b65ad4d1e0f9d2d (127.15.237.2:36207)
I20260630 12:38:47.712114 17053 tablet_service.cc:1917] Received RequestConsensusVote() RPC: tablet_id: "7b70f86ca0474cef8812dcbb9446d58d" candidate_uuid: "d788ad642ccd4a79b9f471efb66f6c63" candidate_term: 2 candidate_status { last_received { term: 1 index: 1 } } ignore_live_leader: false dest_uuid: "7819a44b55b0421e9b65ad4d1e0f9d2d"
I20260630 12:38:47.712826 17053 raft_consensus.cc:3060] T 7b70f86ca0474cef8812dcbb9446d58d P 7819a44b55b0421e9b65ad4d1e0f9d2d [term 1 FOLLOWER]: Advancing to term 2
W20260630 12:38:47.713824 17092 leader_election.cc:336] T 7b70f86ca0474cef8812dcbb9446d58d P d788ad642ccd4a79b9f471efb66f6c63 [CANDIDATE]: Term 2 election: RPC error from VoteRequest() call to peer aefc575f02a74c32964fd3a100ddab99 (127.15.237.1:33983): Network error: Client connection negotiation failed: client connection to 127.15.237.1:33983: connect: Connection refused (error 111)
I20260630 12:38:47.721905 17053 raft_consensus.cc:2468] T 7b70f86ca0474cef8812dcbb9446d58d P 7819a44b55b0421e9b65ad4d1e0f9d2d [term 2 FOLLOWER]: Leader election vote request: Granting yes vote for candidate d788ad642ccd4a79b9f471efb66f6c63 in term 2.
I20260630 12:38:47.723814 17092 leader_election.cc:304] T 7b70f86ca0474cef8812dcbb9446d58d P d788ad642ccd4a79b9f471efb66f6c63 [CANDIDATE]: Term 2 election: Election decided. Result: candidate won. Election summary: received 3 responses out of 3 voters: 2 yes votes; 1 no votes. yes voters: 7819a44b55b0421e9b65ad4d1e0f9d2d, d788ad642ccd4a79b9f471efb66f6c63; no voters: aefc575f02a74c32964fd3a100ddab99
I20260630 12:38:47.724910 17179 raft_consensus.cc:2804] T 7b70f86ca0474cef8812dcbb9446d58d P d788ad642ccd4a79b9f471efb66f6c63 [term 2 FOLLOWER]: Leader election won for term 2
I20260630 12:38:47.725502 17179 raft_consensus.cc:697] T 7b70f86ca0474cef8812dcbb9446d58d P d788ad642ccd4a79b9f471efb66f6c63 [term 2 LEADER]: Becoming Leader. State: Replica: d788ad642ccd4a79b9f471efb66f6c63, State: Running, Role: LEADER
I20260630 12:38:47.727125 17179 consensus_queue.cc:237] T 7b70f86ca0474cef8812dcbb9446d58d P d788ad642ccd4a79b9f471efb66f6c63 [LEADER]: Queue going to LEADER mode. State: All replicated index: 0, Majority replicated index: 1, Committed index: 1, Last appended: 1.1, Last appended by leader: 1, Current term: 2, Majority size: 2, State: 0, Mode: LEADER, active raft config: opid_index: -1 OBSOLETE_local: false peers { permanent_uuid: "aefc575f02a74c32964fd3a100ddab99" member_type: VOTER last_known_addr { host: "127.15.237.1" port: 33983 } } peers { permanent_uuid: "7819a44b55b0421e9b65ad4d1e0f9d2d" member_type: VOTER last_known_addr { host: "127.15.237.2" port: 36207 } } peers { permanent_uuid: "d788ad642ccd4a79b9f471efb66f6c63" member_type: VOTER last_known_addr { host: "127.15.237.3" port: 40921 } }
I20260630 12:38:47.734404 17396 raft_consensus.cc:493] T 6a7b01e0597e4dbba4f8865afda0dc15 P d788ad642ccd4a79b9f471efb66f6c63 [term 2 FOLLOWER]: Starting pre-election (detected failure of leader aefc575f02a74c32964fd3a100ddab99)
I20260630 12:38:47.735100 17396 raft_consensus.cc:515] T 6a7b01e0597e4dbba4f8865afda0dc15 P d788ad642ccd4a79b9f471efb66f6c63 [term 2 FOLLOWER]: Starting pre-election with config: opid_index: 3 OBSOLETE_local: false peers { permanent_uuid: "aefc575f02a74c32964fd3a100ddab99" member_type: VOTER last_known_addr { host: "127.15.237.1" port: 33983 } } peers { permanent_uuid: "7819a44b55b0421e9b65ad4d1e0f9d2d" member_type: VOTER last_known_addr { host: "127.15.237.2" port: 36207 } attrs { replace: true } } peers { permanent_uuid: "d788ad642ccd4a79b9f471efb66f6c63" member_type: VOTER last_known_addr { host: "127.15.237.3" port: 40921 } } peers { permanent_uuid: "a582360a59e1474bbefd787649048333" member_type: NON_VOTER last_known_addr { host: "127.15.237.4" port: 33635 } attrs { promote: true } }
I20260630 12:38:47.737636 17396 leader_election.cc:290] T 6a7b01e0597e4dbba4f8865afda0dc15 P d788ad642ccd4a79b9f471efb66f6c63 [CANDIDATE]: Term 3 pre-election: Requested pre-vote from peers aefc575f02a74c32964fd3a100ddab99 (127.15.237.1:33983), 7819a44b55b0421e9b65ad4d1e0f9d2d (127.15.237.2:36207)
I20260630 12:38:47.741449 17053 tablet_service.cc:1917] Received RequestConsensusVote() RPC: tablet_id: "6a7b01e0597e4dbba4f8865afda0dc15" candidate_uuid: "d788ad642ccd4a79b9f471efb66f6c63" candidate_term: 3 candidate_status { last_received { term: 2 index: 3 } } ignore_live_leader: false dest_uuid: "7819a44b55b0421e9b65ad4d1e0f9d2d" is_pre_election: true
I20260630 12:38:47.742291 17053 raft_consensus.cc:2468] T 6a7b01e0597e4dbba4f8865afda0dc15 P 7819a44b55b0421e9b65ad4d1e0f9d2d [term 2 FOLLOWER]: Leader pre-election vote request: Granting yes vote for candidate d788ad642ccd4a79b9f471efb66f6c63 in term 2.
I20260630 12:38:47.743836 17092 leader_election.cc:304] T 6a7b01e0597e4dbba4f8865afda0dc15 P d788ad642ccd4a79b9f471efb66f6c63 [CANDIDATE]: Term 3 pre-election: Election decided. Result: candidate won. Election summary: received 2 responses out of 3 voters: 2 yes votes; 0 no votes. yes voters: 7819a44b55b0421e9b65ad4d1e0f9d2d, d788ad642ccd4a79b9f471efb66f6c63; no voters: 
W20260630 12:38:47.747229 17092 leader_election.cc:336] T 6a7b01e0597e4dbba4f8865afda0dc15 P d788ad642ccd4a79b9f471efb66f6c63 [CANDIDATE]: Term 3 pre-election: RPC error from VoteRequest() call to peer aefc575f02a74c32964fd3a100ddab99 (127.15.237.1:33983): Network error: Client connection negotiation failed: client connection to 127.15.237.1:33983: connect: Connection refused (error 111)
I20260630 12:38:47.748847 17179 raft_consensus.cc:2804] T 6a7b01e0597e4dbba4f8865afda0dc15 P d788ad642ccd4a79b9f471efb66f6c63 [term 2 FOLLOWER]: Leader pre-election won for term 3
I20260630 12:38:47.749439 17179 raft_consensus.cc:493] T 6a7b01e0597e4dbba4f8865afda0dc15 P d788ad642ccd4a79b9f471efb66f6c63 [term 2 FOLLOWER]: Starting leader election (detected failure of leader aefc575f02a74c32964fd3a100ddab99)
I20260630 12:38:47.749902 17179 raft_consensus.cc:3060] T 6a7b01e0597e4dbba4f8865afda0dc15 P d788ad642ccd4a79b9f471efb66f6c63 [term 2 FOLLOWER]: Advancing to term 3
I20260630 12:38:47.750219 16876 catalog_manager.cc:5697] T 7b70f86ca0474cef8812dcbb9446d58d P d788ad642ccd4a79b9f471efb66f6c63 reported cstate change: term changed from 1 to 2, leader changed from aefc575f02a74c32964fd3a100ddab99 (127.15.237.1) to d788ad642ccd4a79b9f471efb66f6c63 (127.15.237.3). New cstate: current_term: 2 leader_uuid: "d788ad642ccd4a79b9f471efb66f6c63" committed_config { opid_index: -1 OBSOLETE_local: false peers { permanent_uuid: "aefc575f02a74c32964fd3a100ddab99" member_type: VOTER last_known_addr { host: "127.15.237.1" port: 33983 } health_report { overall_health: UNKNOWN } } peers { permanent_uuid: "7819a44b55b0421e9b65ad4d1e0f9d2d" member_type: VOTER last_known_addr { host: "127.15.237.2" port: 36207 } health_report { overall_health: UNKNOWN } } peers { permanent_uuid: "d788ad642ccd4a79b9f471efb66f6c63" member_type: VOTER last_known_addr { host: "127.15.237.3" port: 40921 } health_report { overall_health: HEALTHY } } }
I20260630 12:38:47.758891 17179 raft_consensus.cc:515] T 6a7b01e0597e4dbba4f8865afda0dc15 P d788ad642ccd4a79b9f471efb66f6c63 [term 3 FOLLOWER]: Starting leader election with config: opid_index: 3 OBSOLETE_local: false peers { permanent_uuid: "aefc575f02a74c32964fd3a100ddab99" member_type: VOTER last_known_addr { host: "127.15.237.1" port: 33983 } } peers { permanent_uuid: "7819a44b55b0421e9b65ad4d1e0f9d2d" member_type: VOTER last_known_addr { host: "127.15.237.2" port: 36207 } attrs { replace: true } } peers { permanent_uuid: "d788ad642ccd4a79b9f471efb66f6c63" member_type: VOTER last_known_addr { host: "127.15.237.3" port: 40921 } } peers { permanent_uuid: "a582360a59e1474bbefd787649048333" member_type: NON_VOTER last_known_addr { host: "127.15.237.4" port: 33635 } attrs { promote: true } }
I20260630 12:38:47.764112 17179 leader_election.cc:290] T 6a7b01e0597e4dbba4f8865afda0dc15 P d788ad642ccd4a79b9f471efb66f6c63 [CANDIDATE]: Term 3 election: Requested vote from peers aefc575f02a74c32964fd3a100ddab99 (127.15.237.1:33983), 7819a44b55b0421e9b65ad4d1e0f9d2d (127.15.237.2:36207)
I20260630 12:38:47.766027 17053 tablet_service.cc:1917] Received RequestConsensusVote() RPC: tablet_id: "6a7b01e0597e4dbba4f8865afda0dc15" candidate_uuid: "d788ad642ccd4a79b9f471efb66f6c63" candidate_term: 3 candidate_status { last_received { term: 2 index: 3 } } ignore_live_leader: false dest_uuid: "7819a44b55b0421e9b65ad4d1e0f9d2d"
I20260630 12:38:47.766791 17053 raft_consensus.cc:3060] T 6a7b01e0597e4dbba4f8865afda0dc15 P 7819a44b55b0421e9b65ad4d1e0f9d2d [term 2 FOLLOWER]: Advancing to term 3
W20260630 12:38:47.767287 17092 leader_election.cc:336] T 6a7b01e0597e4dbba4f8865afda0dc15 P d788ad642ccd4a79b9f471efb66f6c63 [CANDIDATE]: Term 3 election: RPC error from VoteRequest() call to peer aefc575f02a74c32964fd3a100ddab99 (127.15.237.1:33983): Network error: Client connection negotiation failed: client connection to 127.15.237.1:33983: connect: Connection refused (error 111)
I20260630 12:38:47.775388 17053 raft_consensus.cc:2468] T 6a7b01e0597e4dbba4f8865afda0dc15 P 7819a44b55b0421e9b65ad4d1e0f9d2d [term 3 FOLLOWER]: Leader election vote request: Granting yes vote for candidate d788ad642ccd4a79b9f471efb66f6c63 in term 3.
I20260630 12:38:47.776815 17092 leader_election.cc:304] T 6a7b01e0597e4dbba4f8865afda0dc15 P d788ad642ccd4a79b9f471efb66f6c63 [CANDIDATE]: Term 3 election: Election decided. Result: candidate won. Election summary: received 3 responses out of 3 voters: 2 yes votes; 1 no votes. yes voters: 7819a44b55b0421e9b65ad4d1e0f9d2d, d788ad642ccd4a79b9f471efb66f6c63; no voters: aefc575f02a74c32964fd3a100ddab99
I20260630 12:38:47.777830 17179 raft_consensus.cc:2804] T 6a7b01e0597e4dbba4f8865afda0dc15 P d788ad642ccd4a79b9f471efb66f6c63 [term 3 FOLLOWER]: Leader election won for term 3
I20260630 12:38:47.778673 17179 raft_consensus.cc:697] T 6a7b01e0597e4dbba4f8865afda0dc15 P d788ad642ccd4a79b9f471efb66f6c63 [term 3 LEADER]: Becoming Leader. State: Replica: d788ad642ccd4a79b9f471efb66f6c63, State: Running, Role: LEADER
I20260630 12:38:47.779706 17179 consensus_queue.cc:237] T 6a7b01e0597e4dbba4f8865afda0dc15 P d788ad642ccd4a79b9f471efb66f6c63 [LEADER]: Queue going to LEADER mode. State: All replicated index: 0, Majority replicated index: 3, Committed index: 3, Last appended: 2.3, Last appended by leader: 3, Current term: 3, Majority size: 2, State: 0, Mode: LEADER, active raft config: opid_index: 3 OBSOLETE_local: false peers { permanent_uuid: "aefc575f02a74c32964fd3a100ddab99" member_type: VOTER last_known_addr { host: "127.15.237.1" port: 33983 } } peers { permanent_uuid: "7819a44b55b0421e9b65ad4d1e0f9d2d" member_type: VOTER last_known_addr { host: "127.15.237.2" port: 36207 } attrs { replace: true } } peers { permanent_uuid: "d788ad642ccd4a79b9f471efb66f6c63" member_type: VOTER last_known_addr { host: "127.15.237.3" port: 40921 } } peers { permanent_uuid: "a582360a59e1474bbefd787649048333" member_type: NON_VOTER last_known_addr { host: "127.15.237.4" port: 33635 } attrs { promote: true } }
I20260630 12:38:47.791693 16876 catalog_manager.cc:5697] T 6a7b01e0597e4dbba4f8865afda0dc15 P d788ad642ccd4a79b9f471efb66f6c63 reported cstate change: term changed from 2 to 3, leader changed from aefc575f02a74c32964fd3a100ddab99 (127.15.237.1) to d788ad642ccd4a79b9f471efb66f6c63 (127.15.237.3). New cstate: current_term: 3 leader_uuid: "d788ad642ccd4a79b9f471efb66f6c63" committed_config { opid_index: 3 OBSOLETE_local: false peers { permanent_uuid: "aefc575f02a74c32964fd3a100ddab99" member_type: VOTER last_known_addr { host: "127.15.237.1" port: 33983 } health_report { overall_health: UNKNOWN } } peers { permanent_uuid: "7819a44b55b0421e9b65ad4d1e0f9d2d" member_type: VOTER last_known_addr { host: "127.15.237.2" port: 36207 } attrs { replace: true } health_report { overall_health: UNKNOWN } } peers { permanent_uuid: "d788ad642ccd4a79b9f471efb66f6c63" member_type: VOTER last_known_addr { host: "127.15.237.3" port: 40921 } health_report { overall_health: HEALTHY } } peers { permanent_uuid: "a582360a59e1474bbefd787649048333" member_type: NON_VOTER last_known_addr { host: "127.15.237.4" port: 33635 } attrs { promote: true } health_report { overall_health: UNKNOWN } } }
I20260630 12:38:47.849716 17383 raft_consensus.cc:993] T 78aaa03b925147bdb77521eee72fab8f P 7819a44b55b0421e9b65ad4d1e0f9d2d: : Instructing follower a582360a59e1474bbefd787649048333 to start an election
I20260630 12:38:47.850252 17384 raft_consensus.cc:1081] T 78aaa03b925147bdb77521eee72fab8f P 7819a44b55b0421e9b65ad4d1e0f9d2d [term 1 LEADER]: Signalling peer a582360a59e1474bbefd787649048333 to start an election
I20260630 12:38:47.851990 17307 tablet_service.cc:2044] Received Run Leader Election RPC: tablet_id: "78aaa03b925147bdb77521eee72fab8f"
dest_uuid: "a582360a59e1474bbefd787649048333"
 from {username='slave'} at 127.0.0.1:34364
I20260630 12:38:47.852576 17307 raft_consensus.cc:493] T 78aaa03b925147bdb77521eee72fab8f P a582360a59e1474bbefd787649048333 [term 1 FOLLOWER]: Starting forced leader election (received explicit request)
I20260630 12:38:47.852917 17307 raft_consensus.cc:3060] T 78aaa03b925147bdb77521eee72fab8f P a582360a59e1474bbefd787649048333 [term 1 FOLLOWER]: Advancing to term 2
I20260630 12:38:47.857772 17307 raft_consensus.cc:515] T 78aaa03b925147bdb77521eee72fab8f P a582360a59e1474bbefd787649048333 [term 2 FOLLOWER]: Starting forced leader election with config: opid_index: 3 OBSOLETE_local: false peers { permanent_uuid: "aefc575f02a74c32964fd3a100ddab99" member_type: VOTER last_known_addr { host: "127.15.237.1" port: 33983 } } peers { permanent_uuid: "7819a44b55b0421e9b65ad4d1e0f9d2d" member_type: VOTER last_known_addr { host: "127.15.237.2" port: 36207 } } peers { permanent_uuid: "d788ad642ccd4a79b9f471efb66f6c63" member_type: VOTER last_known_addr { host: "127.15.237.3" port: 40921 } attrs { replace: true } } peers { permanent_uuid: "a582360a59e1474bbefd787649048333" member_type: VOTER last_known_addr { host: "127.15.237.4" port: 33635 } attrs { promote: false } }
I20260630 12:38:47.881218 17053 tablet_service.cc:1917] Received RequestConsensusVote() RPC: tablet_id: "78aaa03b925147bdb77521eee72fab8f" candidate_uuid: "a582360a59e1474bbefd787649048333" candidate_term: 2 candidate_status { last_received { term: 1 index: 3 } } ignore_live_leader: true dest_uuid: "7819a44b55b0421e9b65ad4d1e0f9d2d"
I20260630 12:38:47.882239 17053 raft_consensus.cc:3055] T 78aaa03b925147bdb77521eee72fab8f P 7819a44b55b0421e9b65ad4d1e0f9d2d [term 1 LEADER]: Stepping down as leader of term 1
I20260630 12:38:47.882725 17053 raft_consensus.cc:740] T 78aaa03b925147bdb77521eee72fab8f P 7819a44b55b0421e9b65ad4d1e0f9d2d [term 1 LEADER]: Becoming Follower/Learner. State: Replica: 7819a44b55b0421e9b65ad4d1e0f9d2d, State: Running, Role: LEADER
I20260630 12:38:47.884003 17053 consensus_queue.cc:260] T 78aaa03b925147bdb77521eee72fab8f P 7819a44b55b0421e9b65ad4d1e0f9d2d [NON_LEADER]: Queue going to NON_LEADER mode. State: All replicated index: 0, Majority replicated index: 3, Committed index: 3, Last appended: 1.3, Last appended by leader: 3, Current term: 1, Majority size: -1, State: 0, Mode: NON_LEADER, active raft config: opid_index: 3 OBSOLETE_local: false peers { permanent_uuid: "aefc575f02a74c32964fd3a100ddab99" member_type: VOTER last_known_addr { host: "127.15.237.1" port: 33983 } } peers { permanent_uuid: "7819a44b55b0421e9b65ad4d1e0f9d2d" member_type: VOTER last_known_addr { host: "127.15.237.2" port: 36207 } } peers { permanent_uuid: "d788ad642ccd4a79b9f471efb66f6c63" member_type: VOTER last_known_addr { host: "127.15.237.3" port: 40921 } attrs { replace: true } } peers { permanent_uuid: "a582360a59e1474bbefd787649048333" member_type: VOTER last_known_addr { host: "127.15.237.4" port: 33635 } attrs { promote: false } }
I20260630 12:38:47.886699 17307 leader_election.cc:290] T 78aaa03b925147bdb77521eee72fab8f P a582360a59e1474bbefd787649048333 [CANDIDATE]: Term 2 election: Requested vote from peers aefc575f02a74c32964fd3a100ddab99 (127.15.237.1:33983), 7819a44b55b0421e9b65ad4d1e0f9d2d (127.15.237.2:36207), d788ad642ccd4a79b9f471efb66f6c63 (127.15.237.3:40921)
I20260630 12:38:47.886740 17053 raft_consensus.cc:3060] T 78aaa03b925147bdb77521eee72fab8f P 7819a44b55b0421e9b65ad4d1e0f9d2d [term 1 FOLLOWER]: Advancing to term 2
I20260630 12:38:47.902431 17053 raft_consensus.cc:2468] T 78aaa03b925147bdb77521eee72fab8f P 7819a44b55b0421e9b65ad4d1e0f9d2d [term 2 FOLLOWER]: Leader election vote request: Granting yes vote for candidate a582360a59e1474bbefd787649048333 in term 2.
I20260630 12:38:47.913874 17124 tablet_service.cc:1917] Received RequestConsensusVote() RPC: tablet_id: "78aaa03b925147bdb77521eee72fab8f" candidate_uuid: "a582360a59e1474bbefd787649048333" candidate_term: 2 candidate_status { last_received { term: 1 index: 3 } } ignore_live_leader: true dest_uuid: "d788ad642ccd4a79b9f471efb66f6c63"
W20260630 12:38:47.913966 17239 leader_election.cc:336] T 78aaa03b925147bdb77521eee72fab8f P a582360a59e1474bbefd787649048333 [CANDIDATE]: Term 2 election: RPC error from VoteRequest() call to peer aefc575f02a74c32964fd3a100ddab99 (127.15.237.1:33983): Network error: Client connection negotiation failed: client connection to 127.15.237.1:33983: connect: Connection refused (error 111)
I20260630 12:38:47.914562 17124 raft_consensus.cc:3060] T 78aaa03b925147bdb77521eee72fab8f P d788ad642ccd4a79b9f471efb66f6c63 [term 1 FOLLOWER]: Advancing to term 2
I20260630 12:38:47.922448 17124 raft_consensus.cc:2468] T 78aaa03b925147bdb77521eee72fab8f P d788ad642ccd4a79b9f471efb66f6c63 [term 2 FOLLOWER]: Leader election vote request: Granting yes vote for candidate a582360a59e1474bbefd787649048333 in term 2.
I20260630 12:38:47.923918 17237 leader_election.cc:304] T 78aaa03b925147bdb77521eee72fab8f P a582360a59e1474bbefd787649048333 [CANDIDATE]: Term 2 election: Election decided. Result: candidate won. Election summary: received 4 responses out of 4 voters: 3 yes votes; 1 no votes. yes voters: 7819a44b55b0421e9b65ad4d1e0f9d2d, a582360a59e1474bbefd787649048333, d788ad642ccd4a79b9f471efb66f6c63; no voters: aefc575f02a74c32964fd3a100ddab99
I20260630 12:38:47.926185 17409 raft_consensus.cc:2804] T 78aaa03b925147bdb77521eee72fab8f P a582360a59e1474bbefd787649048333 [term 2 FOLLOWER]: Leader election won for term 2
I20260630 12:38:47.934072 17409 raft_consensus.cc:697] T 78aaa03b925147bdb77521eee72fab8f P a582360a59e1474bbefd787649048333 [term 2 LEADER]: Becoming Leader. State: Replica: a582360a59e1474bbefd787649048333, State: Running, Role: LEADER
I20260630 12:38:47.935154 17409 consensus_queue.cc:237] T 78aaa03b925147bdb77521eee72fab8f P a582360a59e1474bbefd787649048333 [LEADER]: Queue going to LEADER mode. State: All replicated index: 0, Majority replicated index: 3, Committed index: 3, Last appended: 1.3, Last appended by leader: 3, Current term: 2, Majority size: 3, State: 0, Mode: LEADER, active raft config: opid_index: 3 OBSOLETE_local: false peers { permanent_uuid: "aefc575f02a74c32964fd3a100ddab99" member_type: VOTER last_known_addr { host: "127.15.237.1" port: 33983 } } peers { permanent_uuid: "7819a44b55b0421e9b65ad4d1e0f9d2d" member_type: VOTER last_known_addr { host: "127.15.237.2" port: 36207 } } peers { permanent_uuid: "d788ad642ccd4a79b9f471efb66f6c63" member_type: VOTER last_known_addr { host: "127.15.237.3" port: 40921 } attrs { replace: true } } peers { permanent_uuid: "a582360a59e1474bbefd787649048333" member_type: VOTER last_known_addr { host: "127.15.237.4" port: 33635 } attrs { promote: false } }
I20260630 12:38:47.945020 16876 catalog_manager.cc:5697] T 78aaa03b925147bdb77521eee72fab8f P a582360a59e1474bbefd787649048333 reported cstate change: term changed from 1 to 2, leader changed from 7819a44b55b0421e9b65ad4d1e0f9d2d (127.15.237.2) to a582360a59e1474bbefd787649048333 (127.15.237.4). New cstate: current_term: 2 leader_uuid: "a582360a59e1474bbefd787649048333" committed_config { opid_index: 3 OBSOLETE_local: false peers { permanent_uuid: "aefc575f02a74c32964fd3a100ddab99" member_type: VOTER last_known_addr { host: "127.15.237.1" port: 33983 } health_report { overall_health: UNKNOWN } } peers { permanent_uuid: "7819a44b55b0421e9b65ad4d1e0f9d2d" member_type: VOTER last_known_addr { host: "127.15.237.2" port: 36207 } health_report { overall_health: UNKNOWN } } peers { permanent_uuid: "d788ad642ccd4a79b9f471efb66f6c63" member_type: VOTER last_known_addr { host: "127.15.237.3" port: 40921 } attrs { replace: true } health_report { overall_health: UNKNOWN } } peers { permanent_uuid: "a582360a59e1474bbefd787649048333" member_type: VOTER last_known_addr { host: "127.15.237.4" port: 33635 } attrs { promote: false } health_report { overall_health: HEALTHY } } }
W20260630 12:38:48.217686 16862 catalog_manager.cc:4755] TS aefc575f02a74c32964fd3a100ddab99 (127.15.237.1:33983): DeleteTablet:TABLET_DATA_TOMBSTONED RPC failed for tablet 4bb1acf75b4a4959859e7a358cfd2621: Network error: Client connection negotiation failed: client connection to 127.15.237.1:33983: connect: Connection refused (error 111)
I20260630 12:38:48.226166 17053 raft_consensus.cc:1275] T 6a7b01e0597e4dbba4f8865afda0dc15 P 7819a44b55b0421e9b65ad4d1e0f9d2d [term 3 FOLLOWER]: Refusing update from remote peer d788ad642ccd4a79b9f471efb66f6c63: Log matching property violated. Preceding OpId in replica: term: 2 index: 3. Preceding OpId from leader: term: 3 index: 4. (index mismatch)
I20260630 12:38:48.227541 17179 consensus_queue.cc:1048] T 6a7b01e0597e4dbba4f8865afda0dc15 P d788ad642ccd4a79b9f471efb66f6c63 [LEADER]: Connected to new peer: Peer: permanent_uuid: "7819a44b55b0421e9b65ad4d1e0f9d2d" member_type: VOTER last_known_addr { host: "127.15.237.2" port: 36207 } attrs { replace: true }, Status: LMP_MISMATCH, Last received: 0.0, Next index: 4, Last known committed idx: 3, Time since last communication: 0.000s
I20260630 12:38:48.261226 17307 raft_consensus.cc:3060] T 6a7b01e0597e4dbba4f8865afda0dc15 P a582360a59e1474bbefd787649048333 [term 2 LEARNER]: Advancing to term 3
I20260630 12:38:48.273691 17307 raft_consensus.cc:1275] T 6a7b01e0597e4dbba4f8865afda0dc15 P a582360a59e1474bbefd787649048333 [term 3 LEARNER]: Refusing update from remote peer d788ad642ccd4a79b9f471efb66f6c63: Log matching property violated. Preceding OpId in replica: term: 2 index: 3. Preceding OpId from leader: term: 3 index: 4. (index mismatch)
I20260630 12:38:48.275530 17396 consensus_queue.cc:1048] T 6a7b01e0597e4dbba4f8865afda0dc15 P d788ad642ccd4a79b9f471efb66f6c63 [LEADER]: Connected to new peer: Peer: permanent_uuid: "a582360a59e1474bbefd787649048333" member_type: NON_VOTER last_known_addr { host: "127.15.237.4" port: 33635 } attrs { promote: true }, Status: LMP_MISMATCH, Last received: 0.0, Next index: 4, Last known committed idx: 3, Time since last communication: 0.000s
W20260630 12:38:48.278788 17092 consensus_peers.cc:597] T 6a7b01e0597e4dbba4f8865afda0dc15 P d788ad642ccd4a79b9f471efb66f6c63 -> Peer aefc575f02a74c32964fd3a100ddab99 (127.15.237.1:33983): Couldn't send request to peer aefc575f02a74c32964fd3a100ddab99. Status: Network error: Client connection negotiation failed: client connection to 127.15.237.1:33983: connect: Connection refused (error 111). This is attempt 1: this message will repeat every 5th retry.
I20260630 12:38:48.282759 17053 raft_consensus.cc:1275] T 7b70f86ca0474cef8812dcbb9446d58d P 7819a44b55b0421e9b65ad4d1e0f9d2d [term 2 FOLLOWER]: Refusing update from remote peer d788ad642ccd4a79b9f471efb66f6c63: Log matching property violated. Preceding OpId in replica: term: 1 index: 1. Preceding OpId from leader: term: 2 index: 2. (index mismatch)
I20260630 12:38:48.284664 17396 consensus_queue.cc:1048] T 7b70f86ca0474cef8812dcbb9446d58d P d788ad642ccd4a79b9f471efb66f6c63 [LEADER]: Connected to new peer: Peer: permanent_uuid: "7819a44b55b0421e9b65ad4d1e0f9d2d" member_type: VOTER last_known_addr { host: "127.15.237.2" port: 36207 }, Status: LMP_MISMATCH, Last received: 0.0, Next index: 2, Last known committed idx: 1, Time since last communication: 0.000s
W20260630 12:38:48.320636 17092 consensus_peers.cc:597] T 7b70f86ca0474cef8812dcbb9446d58d P d788ad642ccd4a79b9f471efb66f6c63 -> Peer aefc575f02a74c32964fd3a100ddab99 (127.15.237.1:33983): Couldn't send request to peer aefc575f02a74c32964fd3a100ddab99. Status: Network error: Client connection negotiation failed: client connection to 127.15.237.1:33983: connect: Connection refused (error 111). This is attempt 1: this message will repeat every 5th retry.
W20260630 12:38:48.325700 16308 thread.cc:527] Waited for 2000ms trying to join with diag-logger (tid 16999)
I20260630 12:38:48.333630 17415 raft_consensus.cc:1064] T 6a7b01e0597e4dbba4f8865afda0dc15 P d788ad642ccd4a79b9f471efb66f6c63: attempting to promote NON_VOTER a582360a59e1474bbefd787649048333 to VOTER
I20260630 12:38:48.336721 17415 consensus_queue.cc:237] T 6a7b01e0597e4dbba4f8865afda0dc15 P d788ad642ccd4a79b9f471efb66f6c63 [LEADER]: Queue going to LEADER mode. State: All replicated index: 0, Majority replicated index: 4, Committed index: 4, Last appended: 3.4, Last appended by leader: 3, Current term: 3, Majority size: 3, State: 0, Mode: LEADER, active raft config: opid_index: 5 OBSOLETE_local: false peers { permanent_uuid: "aefc575f02a74c32964fd3a100ddab99" member_type: VOTER last_known_addr { host: "127.15.237.1" port: 33983 } } peers { permanent_uuid: "7819a44b55b0421e9b65ad4d1e0f9d2d" member_type: VOTER last_known_addr { host: "127.15.237.2" port: 36207 } attrs { replace: true } } peers { permanent_uuid: "d788ad642ccd4a79b9f471efb66f6c63" member_type: VOTER last_known_addr { host: "127.15.237.3" port: 40921 } } peers { permanent_uuid: "a582360a59e1474bbefd787649048333" member_type: VOTER last_known_addr { host: "127.15.237.4" port: 33635 } attrs { promote: false } }
I20260630 12:38:48.345957 17052 raft_consensus.cc:1275] T 6a7b01e0597e4dbba4f8865afda0dc15 P 7819a44b55b0421e9b65ad4d1e0f9d2d [term 3 FOLLOWER]: Refusing update from remote peer d788ad642ccd4a79b9f471efb66f6c63: Log matching property violated. Preceding OpId in replica: term: 3 index: 4. Preceding OpId from leader: term: 3 index: 5. (index mismatch)
I20260630 12:38:48.347967 17179 consensus_queue.cc:1048] T 6a7b01e0597e4dbba4f8865afda0dc15 P d788ad642ccd4a79b9f471efb66f6c63 [LEADER]: Connected to new peer: Peer: permanent_uuid: "7819a44b55b0421e9b65ad4d1e0f9d2d" member_type: VOTER last_known_addr { host: "127.15.237.2" port: 36207 } attrs { replace: true }, Status: LMP_MISMATCH, Last received: 0.0, Next index: 5, Last known committed idx: 4, Time since last communication: 0.000s
I20260630 12:38:48.348107 17307 raft_consensus.cc:1275] T 6a7b01e0597e4dbba4f8865afda0dc15 P a582360a59e1474bbefd787649048333 [term 3 LEARNER]: Refusing update from remote peer d788ad642ccd4a79b9f471efb66f6c63: Log matching property violated. Preceding OpId in replica: term: 3 index: 4. Preceding OpId from leader: term: 3 index: 5. (index mismatch)
I20260630 12:38:48.350333 17179 consensus_queue.cc:1048] T 6a7b01e0597e4dbba4f8865afda0dc15 P d788ad642ccd4a79b9f471efb66f6c63 [LEADER]: Connected to new peer: Peer: permanent_uuid: "a582360a59e1474bbefd787649048333" member_type: VOTER last_known_addr { host: "127.15.237.4" port: 33635 } attrs { promote: false }, Status: LMP_MISMATCH, Last received: 0.0, Next index: 5, Last known committed idx: 4, Time since last communication: 0.001s
I20260630 12:38:48.360608 17396 raft_consensus.cc:2955] T 6a7b01e0597e4dbba4f8865afda0dc15 P d788ad642ccd4a79b9f471efb66f6c63 [term 3 LEADER]: Committing config change with OpId 3.5: config changed from index 3 to 5, a582360a59e1474bbefd787649048333 (127.15.237.4) changed from NON_VOTER to VOTER. New config: { opid_index: 5 OBSOLETE_local: false peers { permanent_uuid: "aefc575f02a74c32964fd3a100ddab99" member_type: VOTER last_known_addr { host: "127.15.237.1" port: 33983 } } peers { permanent_uuid: "7819a44b55b0421e9b65ad4d1e0f9d2d" member_type: VOTER last_known_addr { host: "127.15.237.2" port: 36207 } attrs { replace: true } } peers { permanent_uuid: "d788ad642ccd4a79b9f471efb66f6c63" member_type: VOTER last_known_addr { host: "127.15.237.3" port: 40921 } } peers { permanent_uuid: "a582360a59e1474bbefd787649048333" member_type: VOTER last_known_addr { host: "127.15.237.4" port: 33635 } attrs { promote: false } } }
I20260630 12:38:48.362764 17306 raft_consensus.cc:2955] T 6a7b01e0597e4dbba4f8865afda0dc15 P a582360a59e1474bbefd787649048333 [term 3 FOLLOWER]: Committing config change with OpId 3.5: config changed from index 3 to 5, a582360a59e1474bbefd787649048333 (127.15.237.4) changed from NON_VOTER to VOTER. New config: { opid_index: 5 OBSOLETE_local: false peers { permanent_uuid: "aefc575f02a74c32964fd3a100ddab99" member_type: VOTER last_known_addr { host: "127.15.237.1" port: 33983 } } peers { permanent_uuid: "7819a44b55b0421e9b65ad4d1e0f9d2d" member_type: VOTER last_known_addr { host: "127.15.237.2" port: 36207 } attrs { replace: true } } peers { permanent_uuid: "d788ad642ccd4a79b9f471efb66f6c63" member_type: VOTER last_known_addr { host: "127.15.237.3" port: 40921 } } peers { permanent_uuid: "a582360a59e1474bbefd787649048333" member_type: VOTER last_known_addr { host: "127.15.237.4" port: 33635 } attrs { promote: false } } }
W20260630 12:38:48.367475 17092 consensus_peers.cc:597] T 6a7b01e0597e4dbba4f8865afda0dc15 P d788ad642ccd4a79b9f471efb66f6c63 -> Peer aefc575f02a74c32964fd3a100ddab99 (127.15.237.1:33983): Couldn't send request to peer aefc575f02a74c32964fd3a100ddab99. Status: Network error: Client connection negotiation failed: client connection to 127.15.237.1:33983: connect: Connection refused (error 111). This is attempt 1: this message will repeat every 5th retry.
I20260630 12:38:48.376024 17052 raft_consensus.cc:2955] T 6a7b01e0597e4dbba4f8865afda0dc15 P 7819a44b55b0421e9b65ad4d1e0f9d2d [term 3 FOLLOWER]: Committing config change with OpId 3.5: config changed from index 3 to 5, a582360a59e1474bbefd787649048333 (127.15.237.4) changed from NON_VOTER to VOTER. New config: { opid_index: 5 OBSOLETE_local: false peers { permanent_uuid: "aefc575f02a74c32964fd3a100ddab99" member_type: VOTER last_known_addr { host: "127.15.237.1" port: 33983 } } peers { permanent_uuid: "7819a44b55b0421e9b65ad4d1e0f9d2d" member_type: VOTER last_known_addr { host: "127.15.237.2" port: 36207 } attrs { replace: true } } peers { permanent_uuid: "d788ad642ccd4a79b9f471efb66f6c63" member_type: VOTER last_known_addr { host: "127.15.237.3" port: 40921 } } peers { permanent_uuid: "a582360a59e1474bbefd787649048333" member_type: VOTER last_known_addr { host: "127.15.237.4" port: 33635 } attrs { promote: false } } }
I20260630 12:38:48.378408 16875 catalog_manager.cc:5697] T 6a7b01e0597e4dbba4f8865afda0dc15 P a582360a59e1474bbefd787649048333 reported cstate change: config changed from index 3 to 5, a582360a59e1474bbefd787649048333 (127.15.237.4) changed from NON_VOTER to VOTER. New cstate: current_term: 3 leader_uuid: "d788ad642ccd4a79b9f471efb66f6c63" committed_config { opid_index: 5 OBSOLETE_local: false peers { permanent_uuid: "aefc575f02a74c32964fd3a100ddab99" member_type: VOTER last_known_addr { host: "127.15.237.1" port: 33983 } } peers { permanent_uuid: "7819a44b55b0421e9b65ad4d1e0f9d2d" member_type: VOTER last_known_addr { host: "127.15.237.2" port: 36207 } attrs { replace: true } } peers { permanent_uuid: "d788ad642ccd4a79b9f471efb66f6c63" member_type: VOTER last_known_addr { host: "127.15.237.3" port: 40921 } } peers { permanent_uuid: "a582360a59e1474bbefd787649048333" member_type: VOTER last_known_addr { host: "127.15.237.4" port: 33635 } attrs { promote: false } } }
I20260630 12:38:48.399246 17124 raft_consensus.cc:1275] T 78aaa03b925147bdb77521eee72fab8f P d788ad642ccd4a79b9f471efb66f6c63 [term 2 FOLLOWER]: Refusing update from remote peer a582360a59e1474bbefd787649048333: Log matching property violated. Preceding OpId in replica: term: 1 index: 3. Preceding OpId from leader: term: 2 index: 4. (index mismatch)
I20260630 12:38:48.401298 17409 consensus_queue.cc:1048] T 78aaa03b925147bdb77521eee72fab8f P a582360a59e1474bbefd787649048333 [LEADER]: Connected to new peer: Peer: permanent_uuid: "d788ad642ccd4a79b9f471efb66f6c63" member_type: VOTER last_known_addr { host: "127.15.237.3" port: 40921 } attrs { replace: true }, Status: LMP_MISMATCH, Last received: 0.0, Next index: 4, Last known committed idx: 3, Time since last communication: 0.001s
W20260630 12:38:48.434547 17239 consensus_peers.cc:597] T 78aaa03b925147bdb77521eee72fab8f P a582360a59e1474bbefd787649048333 -> Peer aefc575f02a74c32964fd3a100ddab99 (127.15.237.1:33983): Couldn't send request to peer aefc575f02a74c32964fd3a100ddab99. Status: Network error: Client connection negotiation failed: client connection to 127.15.237.1:33983: connect: Connection refused (error 111). This is attempt 1: this message will repeat every 5th retry.
I20260630 12:38:48.469100 17052 raft_consensus.cc:1275] T 78aaa03b925147bdb77521eee72fab8f P 7819a44b55b0421e9b65ad4d1e0f9d2d [term 2 FOLLOWER]: Refusing update from remote peer a582360a59e1474bbefd787649048333: Log matching property violated. Preceding OpId in replica: term: 1 index: 3. Preceding OpId from leader: term: 2 index: 4. (index mismatch)
I20260630 12:38:48.471127 17409 consensus_queue.cc:1048] T 78aaa03b925147bdb77521eee72fab8f P a582360a59e1474bbefd787649048333 [LEADER]: Connected to new peer: Peer: permanent_uuid: "7819a44b55b0421e9b65ad4d1e0f9d2d" member_type: VOTER last_known_addr { host: "127.15.237.2" port: 36207 }, Status: LMP_MISMATCH, Last received: 0.0, Next index: 4, Last known committed idx: 3, Time since last communication: 0.001s
W20260630 12:38:48.763264 17092 consensus_peers.cc:597] T 56cacf2a42fa4665b637f87df6474ef5 P d788ad642ccd4a79b9f471efb66f6c63 -> Peer aefc575f02a74c32964fd3a100ddab99 (127.15.237.1:33983): Couldn't send request to peer aefc575f02a74c32964fd3a100ddab99. Status: Network error: Client connection negotiation failed: client connection to 127.15.237.1:33983: connect: Connection refused (error 111). This is attempt 6: this message will repeat every 5th retry.
W20260630 12:38:48.856812 17018 consensus_peers.cc:597] T 699136b62e5644b286131d6fa7d71c67 P 7819a44b55b0421e9b65ad4d1e0f9d2d -> Peer aefc575f02a74c32964fd3a100ddab99 (127.15.237.1:33983): Couldn't send request to peer aefc575f02a74c32964fd3a100ddab99. Status: Network error: Client connection negotiation failed: client connection to 127.15.237.1:33983: connect: Connection refused (error 111). This is attempt 6: this message will repeat every 5th retry.
W20260630 12:38:49.190095 17092 consensus_peers.cc:597] T d8944b02d4f0448281f8d2c348f46335 P d788ad642ccd4a79b9f471efb66f6c63 -> Peer aefc575f02a74c32964fd3a100ddab99 (127.15.237.1:33983): Couldn't send request to peer aefc575f02a74c32964fd3a100ddab99. Status: Network error: Client connection negotiation failed: client connection to 127.15.237.1:33983: connect: Connection refused (error 111). This is attempt 6: this message will repeat every 5th retry.
I20260630 12:38:49.196470 17179 raft_consensus.cc:493] T 5ef8b41ce86a480d8764a5c06c8cbd5a P d788ad642ccd4a79b9f471efb66f6c63 [term 2 FOLLOWER]: Starting pre-election (no leader contacted us within the election timeout)
I20260630 12:38:49.197028 17179 raft_consensus.cc:515] T 5ef8b41ce86a480d8764a5c06c8cbd5a P d788ad642ccd4a79b9f471efb66f6c63 [term 2 FOLLOWER]: Starting pre-election with config: opid_index: 2 OBSOLETE_local: false peers { permanent_uuid: "aefc575f02a74c32964fd3a100ddab99" member_type: VOTER last_known_addr { host: "127.15.237.1" port: 33983 } } peers { permanent_uuid: "7819a44b55b0421e9b65ad4d1e0f9d2d" member_type: VOTER last_known_addr { host: "127.15.237.2" port: 36207 } } peers { permanent_uuid: "d788ad642ccd4a79b9f471efb66f6c63" member_type: VOTER last_known_addr { host: "127.15.237.3" port: 40921 } attrs { replace: true } } peers { permanent_uuid: "a582360a59e1474bbefd787649048333" member_type: NON_VOTER last_known_addr { host: "127.15.237.4" port: 33635 } attrs { promote: true } }
I20260630 12:38:49.199157 17179 leader_election.cc:290] T 5ef8b41ce86a480d8764a5c06c8cbd5a P d788ad642ccd4a79b9f471efb66f6c63 [CANDIDATE]: Term 3 pre-election: Requested pre-vote from peers aefc575f02a74c32964fd3a100ddab99 (127.15.237.1:33983), 7819a44b55b0421e9b65ad4d1e0f9d2d (127.15.237.2:36207)
I20260630 12:38:49.200929 17052 tablet_service.cc:1917] Received RequestConsensusVote() RPC: tablet_id: "5ef8b41ce86a480d8764a5c06c8cbd5a" candidate_uuid: "d788ad642ccd4a79b9f471efb66f6c63" candidate_term: 3 candidate_status { last_received { term: 1 index: 2 } } ignore_live_leader: false dest_uuid: "7819a44b55b0421e9b65ad4d1e0f9d2d" is_pre_election: true
I20260630 12:38:49.201689 17052 raft_consensus.cc:2468] T 5ef8b41ce86a480d8764a5c06c8cbd5a P 7819a44b55b0421e9b65ad4d1e0f9d2d [term 2 FOLLOWER]: Leader pre-election vote request: Granting yes vote for candidate d788ad642ccd4a79b9f471efb66f6c63 in term 2.
I20260630 12:38:49.203372 17092 leader_election.cc:304] T 5ef8b41ce86a480d8764a5c06c8cbd5a P d788ad642ccd4a79b9f471efb66f6c63 [CANDIDATE]: Term 3 pre-election: Election decided. Result: candidate won. Election summary: received 2 responses out of 3 voters: 2 yes votes; 0 no votes. yes voters: 7819a44b55b0421e9b65ad4d1e0f9d2d, d788ad642ccd4a79b9f471efb66f6c63; no voters: 
I20260630 12:38:49.204133 17179 raft_consensus.cc:2804] T 5ef8b41ce86a480d8764a5c06c8cbd5a P d788ad642ccd4a79b9f471efb66f6c63 [term 2 FOLLOWER]: Leader pre-election won for term 3
I20260630 12:38:49.204571 17179 raft_consensus.cc:493] T 5ef8b41ce86a480d8764a5c06c8cbd5a P d788ad642ccd4a79b9f471efb66f6c63 [term 2 FOLLOWER]: Starting leader election (no leader contacted us within the election timeout)
I20260630 12:38:49.204963 17179 raft_consensus.cc:3060] T 5ef8b41ce86a480d8764a5c06c8cbd5a P d788ad642ccd4a79b9f471efb66f6c63 [term 2 FOLLOWER]: Advancing to term 3
W20260630 12:38:49.206002 17092 leader_election.cc:336] T 5ef8b41ce86a480d8764a5c06c8cbd5a P d788ad642ccd4a79b9f471efb66f6c63 [CANDIDATE]: Term 3 pre-election: RPC error from VoteRequest() call to peer aefc575f02a74c32964fd3a100ddab99 (127.15.237.1:33983): Network error: Client connection negotiation failed: client connection to 127.15.237.1:33983: connect: Connection refused (error 111)
I20260630 12:38:49.212337 17179 raft_consensus.cc:515] T 5ef8b41ce86a480d8764a5c06c8cbd5a P d788ad642ccd4a79b9f471efb66f6c63 [term 3 FOLLOWER]: Starting leader election with config: opid_index: 2 OBSOLETE_local: false peers { permanent_uuid: "aefc575f02a74c32964fd3a100ddab99" member_type: VOTER last_known_addr { host: "127.15.237.1" port: 33983 } } peers { permanent_uuid: "7819a44b55b0421e9b65ad4d1e0f9d2d" member_type: VOTER last_known_addr { host: "127.15.237.2" port: 36207 } } peers { permanent_uuid: "d788ad642ccd4a79b9f471efb66f6c63" member_type: VOTER last_known_addr { host: "127.15.237.3" port: 40921 } attrs { replace: true } } peers { permanent_uuid: "a582360a59e1474bbefd787649048333" member_type: NON_VOTER last_known_addr { host: "127.15.237.4" port: 33635 } attrs { promote: true } }
I20260630 12:38:49.216523 17179 leader_election.cc:290] T 5ef8b41ce86a480d8764a5c06c8cbd5a P d788ad642ccd4a79b9f471efb66f6c63 [CANDIDATE]: Term 3 election: Requested vote from peers aefc575f02a74c32964fd3a100ddab99 (127.15.237.1:33983), 7819a44b55b0421e9b65ad4d1e0f9d2d (127.15.237.2:36207)
I20260630 12:38:49.219883 17052 tablet_service.cc:1917] Received RequestConsensusVote() RPC: tablet_id: "5ef8b41ce86a480d8764a5c06c8cbd5a" candidate_uuid: "d788ad642ccd4a79b9f471efb66f6c63" candidate_term: 3 candidate_status { last_received { term: 1 index: 2 } } ignore_live_leader: false dest_uuid: "7819a44b55b0421e9b65ad4d1e0f9d2d"
I20260630 12:38:49.220564 17052 raft_consensus.cc:3060] T 5ef8b41ce86a480d8764a5c06c8cbd5a P 7819a44b55b0421e9b65ad4d1e0f9d2d [term 2 FOLLOWER]: Advancing to term 3
W20260630 12:38:49.222663 17092 leader_election.cc:336] T 5ef8b41ce86a480d8764a5c06c8cbd5a P d788ad642ccd4a79b9f471efb66f6c63 [CANDIDATE]: Term 3 election: RPC error from VoteRequest() call to peer aefc575f02a74c32964fd3a100ddab99 (127.15.237.1:33983): Network error: Client connection negotiation failed: client connection to 127.15.237.1:33983: connect: Connection refused (error 111)
I20260630 12:38:49.228216 17052 raft_consensus.cc:2468] T 5ef8b41ce86a480d8764a5c06c8cbd5a P 7819a44b55b0421e9b65ad4d1e0f9d2d [term 3 FOLLOWER]: Leader election vote request: Granting yes vote for candidate d788ad642ccd4a79b9f471efb66f6c63 in term 3.
