I20260630 12:38:57.403306 15755 consensus_queue.cc:237] T 7c236d118b274514b9a88c55b4f24376 P 3716f849a4dd40ab823933cb3595d682 [LEADER]: Queue going to LEADER mode. State: All replicated index: 0, Majority replicated index: 0, Committed index: 0, Last appended: 0.0, Last appended by leader: 0, Current term: 1, Majority size: 2, State: 0, Mode: LEADER, active raft config: opid_index: -1 OBSOLETE_local: false peers { permanent_uuid: "30213c146835428db3d5031e47b15c40" member_type: VOTER last_known_addr { host: "127.13.123.1" port: 42277 } } peers { permanent_uuid: "4ba684a83aeb4f89a9877959a1237cfe" member_type: VOTER last_known_addr { host: "127.13.123.3" port: 46325 } } peers { permanent_uuid: "3716f849a4dd40ab823933cb3595d682" member_type: VOTER last_known_addr { host: "127.13.123.2" port: 44141 } }
I20260630 12:38:57.409741 15448 catalog_manager.cc:5697] T 7c236d118b274514b9a88c55b4f24376 P 3716f849a4dd40ab823933cb3595d682 reported cstate change: term changed from 0 to 1, leader changed from <none> to 3716f849a4dd40ab823933cb3595d682 (127.13.123.2). New cstate: current_term: 1 leader_uuid: "3716f849a4dd40ab823933cb3595d682" committed_config { opid_index: -1 OBSOLETE_local: false peers { permanent_uuid: "30213c146835428db3d5031e47b15c40" member_type: VOTER last_known_addr { host: "127.13.123.1" port: 42277 } health_report { overall_health: UNKNOWN } } peers { permanent_uuid: "4ba684a83aeb4f89a9877959a1237cfe" member_type: VOTER last_known_addr { host: "127.13.123.3" port: 46325 } health_report { overall_health: UNKNOWN } } peers { permanent_uuid: "3716f849a4dd40ab823933cb3595d682" member_type: VOTER last_known_addr { host: "127.13.123.2" port: 44141 } health_report { overall_health: HEALTHY } } }
I20260630 12:38:57.508296 15503 auto_leader_rebalancer.cc:141] leader rebalance for table test-workload
I20260630 12:38:57.510296 15503 auto_leader_rebalancer.cc:440] table: test-workload, leader rebalance finish, leader transfer count: 0
I20260630 12:38:57.510635 15503 auto_leader_rebalancer.cc:515] All tables' leader rebalancing finished this round
I20260630 12:38:57.810817 15766 consensus_queue.cc:1048] T eaa66519feaa49b5b94cf6033443d95d P 4ba684a83aeb4f89a9877959a1237cfe [LEADER]: Connected to new peer: Peer: permanent_uuid: "30213c146835428db3d5031e47b15c40" member_type: VOTER last_known_addr { host: "127.13.123.1" port: 42277 }, Status: LMP_MISMATCH, Last received: 0.0, Next index: 1, Last known committed idx: 0, Time since last communication: 0.000s
I20260630 12:38:57.824954 15766 consensus_queue.cc:1048] T eaa66519feaa49b5b94cf6033443d95d P 4ba684a83aeb4f89a9877959a1237cfe [LEADER]: Connected to new peer: Peer: permanent_uuid: "3716f849a4dd40ab823933cb3595d682" member_type: VOTER last_known_addr { host: "127.13.123.2" port: 44141 }, Status: LMP_MISMATCH, Last received: 0.0, Next index: 1, Last known committed idx: 0, Time since last communication: 0.000s
I20260630 12:38:57.866892 15755 consensus_queue.cc:1048] T 7c236d118b274514b9a88c55b4f24376 P 3716f849a4dd40ab823933cb3595d682 [LEADER]: Connected to new peer: Peer: permanent_uuid: "30213c146835428db3d5031e47b15c40" member_type: VOTER last_known_addr { host: "127.13.123.1" port: 42277 }, Status: LMP_MISMATCH, Last received: 0.0, Next index: 1, Last known committed idx: 0, Time since last communication: 0.000s
I20260630 12:38:57.876777 15764 consensus_queue.cc:1048] T 7c236d118b274514b9a88c55b4f24376 P 3716f849a4dd40ab823933cb3595d682 [LEADER]: Connected to new peer: Peer: permanent_uuid: "4ba684a83aeb4f89a9877959a1237cfe" member_type: VOTER last_known_addr { host: "127.13.123.3" port: 46325 }, Status: LMP_MISMATCH, Last received: 0.0, Next index: 1, Last known committed idx: 0, Time since last communication: 0.000s
I20260630 12:38:59.511639 15503 auto_leader_rebalancer.cc:141] leader rebalance for table test-workload
I20260630 12:38:59.513769 15503 auto_leader_rebalancer.cc:440] table: test-workload, leader rebalance finish, leader transfer count: 0
I20260630 12:38:59.514122 15503 auto_leader_rebalancer.cc:515] All tables' leader rebalancing finished this round
I20260630 12:39:01.515166 15503 auto_leader_rebalancer.cc:141] leader rebalance for table test-workload
I20260630 12:39:01.517204 15503 auto_leader_rebalancer.cc:440] table: test-workload, leader rebalance finish, leader transfer count: 0
I20260630 12:39:01.517587 15503 auto_leader_rebalancer.cc:515] All tables' leader rebalancing finished this round
I20260630 12:39:03.518463 15503 auto_leader_rebalancer.cc:141] leader rebalance for table test-workload
I20260630 12:39:03.520444 15503 auto_leader_rebalancer.cc:440] table: test-workload, leader rebalance finish, leader transfer count: 0
I20260630 12:39:03.520784 15503 auto_leader_rebalancer.cc:515] All tables' leader rebalancing finished this round
I20260630 12:39:05.521627 15503 auto_leader_rebalancer.cc:141] leader rebalance for table test-workload
I20260630 12:39:05.523494 15503 auto_leader_rebalancer.cc:440] table: test-workload, leader rebalance finish, leader transfer count: 0
I20260630 12:39:05.523834 15503 auto_leader_rebalancer.cc:515] All tables' leader rebalancing finished this round
W20260630 12:39:05.836171 15722 debug-util.cc:398] Leaking SignalData structure 0x7b08000929e0 after lost signal to thread 13807
W20260630 12:39:05.837075 15722 debug-util.cc:398] Leaking SignalData structure 0x7b0800085a00 after lost signal to thread 15484
W20260630 12:39:05.838032 15722 debug-util.cc:398] Leaking SignalData structure 0x7b080019bd80 after lost signal to thread 15576
W20260630 12:39:05.838974 15722 debug-util.cc:398] Leaking SignalData structure 0x7b0800179e00 after lost signal to thread 15651
W20260630 12:39:05.839968 15722 debug-util.cc:398] Leaking SignalData structure 0x7b080018cd60 after lost signal to thread 15725
I20260630 12:39:07.524884 15503 auto_leader_rebalancer.cc:141] leader rebalance for table test-workload
I20260630 12:39:07.527626 15503 auto_leader_rebalancer.cc:440] table: test-workload, leader rebalance finish, leader transfer count: 0
I20260630 12:39:07.528054 15503 auto_leader_rebalancer.cc:515] All tables' leader rebalancing finished this round
I20260630 12:39:07.776675 13804 file_cache.cc:492] Constructed file cache file cache with capacity 419430
W20260630 12:39:07.784797 15784 instance_detector.cc:116] could not retrieve Azure instance metadata: Network error: curl error: HTTP response code said error: The requested URL returned error: 404
W20260630 12:39:07.784790 15783 instance_detector.cc:116] could not retrieve AWS instance metadata: Network error: curl error: HTTP response code said error: The requested URL returned error: 404
W20260630 12:39:07.787273 15786 instance_detector.cc:116] could not retrieve OpenStack instance metadata: Network error: curl error: HTTP response code said error: The requested URL returned error: 404
I20260630 12:39:07.790144 13804 server_base.cc:1061] running on GCE node
I20260630 12:39:07.791152 13804 hybrid_clock.cc:584] initializing the hybrid clock with 'system_unsync' time source
W20260630 12:39:07.791378 13804 system_unsync_time.cc:38] NTP support is disabled. Clock error bounds will not be accurate. This configuration is not suitable for distributed clusters.
I20260630 12:39:07.791570 13804 hybrid_clock.cc:648] HybridClock initialized: now 1782823147791552 us; error 0 us; skew 500 ppm
I20260630 12:39:07.792069 13804 server_base.cc:861] Flag tcmalloc_max_total_thread_cache_bytes is not working since tcmalloc is not enabled.
I20260630 12:39:07.795202 13804 webserver.cc:533] Webserver started at http://127.13.123.4:38253/ using document root <none> and password file <none>
I20260630 12:39:07.795732 13804 fs_manager.cc:362] Metadata directory not provided
I20260630 12:39:07.795938 13804 fs_manager.cc:368] Using write-ahead log directory (fs_wal_dir) as metadata directory
I20260630 12:39:07.796262 13804 server_base.cc:909] This appears to be a new deployment of Kudu; creating new FS layout
I20260630 12:39:07.797850 13804 fs_manager.cc:1068] Generated new instance metadata in path /tmp/dist-test-task6piUC7/test-tmp/auto_rebalancer-test.0.AutoRebalancerTest.MovesScheduledIfAddTserver.1782823109266626-13804-0/minicluster-data/ts-3-root/instance:
uuid: "4b338d42d43f4eacbf1b939a8142bd99"
format_stamp: "Formatted at 2026-06-30 12:39:07 on dist-test-slave-kcgh"
I20260630 12:39:07.803007 13804 fs_manager.cc:696] Time spent creating directory manager: real 0.004s	user 0.005s	sys 0.000s
I20260630 12:39:07.806772 15791 log_block_manager.cc:4031] Time spent loading block containers with low live blocks: real 0.000s	user 0.000s	sys 0.000s
I20260630 12:39:07.807636 13804 fs_manager.cc:730] Time spent opening block manager: real 0.003s	user 0.002s	sys 0.001s
I20260630 12:39:07.807928 13804 fs_manager.cc:647] Opened local filesystem: /tmp/dist-test-task6piUC7/test-tmp/auto_rebalancer-test.0.AutoRebalancerTest.MovesScheduledIfAddTserver.1782823109266626-13804-0/minicluster-data/ts-3-root
uuid: "4b338d42d43f4eacbf1b939a8142bd99"
format_stamp: "Formatted at 2026-06-30 12:39:07 on dist-test-slave-kcgh"
I20260630 12:39:07.808228 13804 fs_report.cc:389] FS layout report
--------------------
wal directory: /tmp/dist-test-task6piUC7/test-tmp/auto_rebalancer-test.0.AutoRebalancerTest.MovesScheduledIfAddTserver.1782823109266626-13804-0/minicluster-data/ts-3-root
metadata directory: /tmp/dist-test-task6piUC7/test-tmp/auto_rebalancer-test.0.AutoRebalancerTest.MovesScheduledIfAddTserver.1782823109266626-13804-0/minicluster-data/ts-3-root
1 data directories: /tmp/dist-test-task6piUC7/test-tmp/auto_rebalancer-test.0.AutoRebalancerTest.MovesScheduledIfAddTserver.1782823109266626-13804-0/minicluster-data/ts-3-root/data
Total live blocks: 0
Total live bytes: 0
Total live bytes (after alignment): 0
Total number of LBM containers: 0 (0 full)
Did not check for missing blocks
Did not check for orphaned blocks
Total full LBM containers with extra space: 0 (0 repaired)
Total full LBM container extra space in bytes: 0 (0 repaired)
Total incomplete LBM containers: 0 (0 repaired)
Total LBM partial records: 0 (0 repaired)
Total corrupted LBM metadata records in RocksDB: 0 (0 repaired)
I20260630 12:39:07.819973 13804 rpc_server.cc:225] running with OpenSSL 1.1.1  11 Sep 2018
I20260630 12:39:07.821376 13804 kserver.cc:163] Server-wide thread pool size limit: 3276
I20260630 12:39:07.823110 13804 txn_system_client.cc:432] TxnSystemClient initialization is disabled...
I20260630 12:39:07.825994 13804 ts_tablet_manager.cc:585] Loaded tablet metadata (0 total tablets, 0 live tablets)
I20260630 12:39:07.826237 13804 ts_tablet_manager.cc:531] Time spent load tablet metadata: real 0.000s	user 0.000s	sys 0.000s
I20260630 12:39:07.826499 13804 ts_tablet_manager.cc:616] Registered 0 tablets
I20260630 12:39:07.826682 13804 ts_tablet_manager.cc:595] Time spent register tablets: real 0.000s	user 0.000s	sys 0.000s
I20260630 12:39:07.883926 13804 rpc_server.cc:307] RPC server started. Bound to: 127.13.123.4:38143
I20260630 12:39:07.884011 15853 acceptor_pool.cc:272] collecting diagnostics on the listening RPC socket 127.13.123.4:38143 every 8 connection(s)
I20260630 12:39:07.907316 15854 heartbeater.cc:344] Connected to a master server at 127.13.123.62:37725
I20260630 12:39:07.907701 15854 heartbeater.cc:461] Registering TS with master...
I20260630 12:39:07.908442 15854 heartbeater.cc:507] Master 127.13.123.62:37725 requested a full tablet report, sending...
I20260630 12:39:07.910583 15448 ts_manager.cc:194] Registered new tserver with Master: 4b338d42d43f4eacbf1b939a8142bd99 (127.13.123.4:38143)
I20260630 12:39:07.912117 15448 master_service.cc:502] Signed X509 certificate for tserver {username='slave'} at 127.0.0.1:51802
I20260630 12:39:08.867008 15701 consensus_queue.cc:237] T eaa66519feaa49b5b94cf6033443d95d P 4ba684a83aeb4f89a9877959a1237cfe [LEADER]: Queue going to LEADER mode. State: All replicated index: 0, Majority replicated index: 1, Committed index: 1, Last appended: 1.1, Last appended by leader: 0, Current term: 1, Majority size: 2, State: 0, Mode: LEADER, active raft config: opid_index: 2 OBSOLETE_local: false peers { permanent_uuid: "30213c146835428db3d5031e47b15c40" member_type: VOTER last_known_addr { host: "127.13.123.1" port: 42277 } attrs { replace: true } } peers { permanent_uuid: "3716f849a4dd40ab823933cb3595d682" member_type: VOTER last_known_addr { host: "127.13.123.2" port: 44141 } } peers { permanent_uuid: "4ba684a83aeb4f89a9877959a1237cfe" member_type: VOTER last_known_addr { host: "127.13.123.3" port: 46325 } } peers { permanent_uuid: "4b338d42d43f4eacbf1b939a8142bd99" member_type: NON_VOTER last_known_addr { host: "127.13.123.4" port: 38143 } attrs { promote: true } }
I20260630 12:39:08.873718 15627 raft_consensus.cc:1275] T eaa66519feaa49b5b94cf6033443d95d P 3716f849a4dd40ab823933cb3595d682 [term 1 FOLLOWER]: Refusing update from remote peer 4ba684a83aeb4f89a9877959a1237cfe: Log matching property violated. Preceding OpId in replica: term: 1 index: 1. Preceding OpId from leader: term: 1 index: 2. (index mismatch)
I20260630 12:39:08.876804 15779 consensus_queue.cc:1048] T eaa66519feaa49b5b94cf6033443d95d P 4ba684a83aeb4f89a9877959a1237cfe [LEADER]: Connected to new peer: Peer: permanent_uuid: "3716f849a4dd40ab823933cb3595d682" member_type: VOTER last_known_addr { host: "127.13.123.2" port: 44141 }, Status: LMP_MISMATCH, Last received: 0.0, Next index: 2, Last known committed idx: 1, Time since last communication: 0.000s
I20260630 12:39:08.877390 15552 raft_consensus.cc:1275] T eaa66519feaa49b5b94cf6033443d95d P 30213c146835428db3d5031e47b15c40 [term 1 FOLLOWER]: Refusing update from remote peer 4ba684a83aeb4f89a9877959a1237cfe: Log matching property violated. Preceding OpId in replica: term: 1 index: 1. Preceding OpId from leader: term: 1 index: 2. (index mismatch)
I20260630 12:39:08.880106 15862 consensus_queue.cc:1048] T eaa66519feaa49b5b94cf6033443d95d P 4ba684a83aeb4f89a9877959a1237cfe [LEADER]: Connected to new peer: Peer: permanent_uuid: "30213c146835428db3d5031e47b15c40" member_type: VOTER last_known_addr { host: "127.13.123.1" port: 42277 } attrs { replace: true }, Status: LMP_MISMATCH, Last received: 0.0, Next index: 2, Last known committed idx: 1, Time since last communication: 0.001s
I20260630 12:39:08.886128 15779 raft_consensus.cc:2955] T eaa66519feaa49b5b94cf6033443d95d P 4ba684a83aeb4f89a9877959a1237cfe [term 1 LEADER]: Committing config change with OpId 1.2: config changed from index -1 to 2, NON_VOTER 4b338d42d43f4eacbf1b939a8142bd99 (127.13.123.4) added. New config: { opid_index: 2 OBSOLETE_local: false peers { permanent_uuid: "30213c146835428db3d5031e47b15c40" member_type: VOTER last_known_addr { host: "127.13.123.1" port: 42277 } attrs { replace: true } } peers { permanent_uuid: "3716f849a4dd40ab823933cb3595d682" member_type: VOTER last_known_addr { host: "127.13.123.2" port: 44141 } } peers { permanent_uuid: "4ba684a83aeb4f89a9877959a1237cfe" member_type: VOTER last_known_addr { host: "127.13.123.3" port: 46325 } } peers { permanent_uuid: "4b338d42d43f4eacbf1b939a8142bd99" member_type: NON_VOTER last_known_addr { host: "127.13.123.4" port: 38143 } attrs { promote: true } } }
I20260630 12:39:08.888038 15627 raft_consensus.cc:2955] T eaa66519feaa49b5b94cf6033443d95d P 3716f849a4dd40ab823933cb3595d682 [term 1 FOLLOWER]: Committing config change with OpId 1.2: config changed from index -1 to 2, NON_VOTER 4b338d42d43f4eacbf1b939a8142bd99 (127.13.123.4) added. New config: { opid_index: 2 OBSOLETE_local: false peers { permanent_uuid: "30213c146835428db3d5031e47b15c40" member_type: VOTER last_known_addr { host: "127.13.123.1" port: 42277 } attrs { replace: true } } peers { permanent_uuid: "3716f849a4dd40ab823933cb3595d682" member_type: VOTER last_known_addr { host: "127.13.123.2" port: 44141 } } peers { permanent_uuid: "4ba684a83aeb4f89a9877959a1237cfe" member_type: VOTER last_known_addr { host: "127.13.123.3" port: 46325 } } peers { permanent_uuid: "4b338d42d43f4eacbf1b939a8142bd99" member_type: NON_VOTER last_known_addr { host: "127.13.123.4" port: 38143 } attrs { promote: true } } }
W20260630 12:39:08.891753 15664 consensus_peers.cc:597] T eaa66519feaa49b5b94cf6033443d95d P 4ba684a83aeb4f89a9877959a1237cfe -> Peer 4b338d42d43f4eacbf1b939a8142bd99 (127.13.123.4:38143): Couldn't send request to peer 4b338d42d43f4eacbf1b939a8142bd99. Error code: TABLET_NOT_FOUND (6). Status: Not found: Tablet not found: eaa66519feaa49b5b94cf6033443d95d. This is attempt 1: this message will repeat every 5th retry.
I20260630 12:39:08.891676 15552 raft_consensus.cc:2955] T eaa66519feaa49b5b94cf6033443d95d P 30213c146835428db3d5031e47b15c40 [term 1 FOLLOWER]: Committing config change with OpId 1.2: config changed from index -1 to 2, NON_VOTER 4b338d42d43f4eacbf1b939a8142bd99 (127.13.123.4) added. New config: { opid_index: 2 OBSOLETE_local: false peers { permanent_uuid: "30213c146835428db3d5031e47b15c40" member_type: VOTER last_known_addr { host: "127.13.123.1" port: 42277 } attrs { replace: true } } peers { permanent_uuid: "3716f849a4dd40ab823933cb3595d682" member_type: VOTER last_known_addr { host: "127.13.123.2" port: 44141 } } peers { permanent_uuid: "4ba684a83aeb4f89a9877959a1237cfe" member_type: VOTER last_known_addr { host: "127.13.123.3" port: 46325 } } peers { permanent_uuid: "4b338d42d43f4eacbf1b939a8142bd99" member_type: NON_VOTER last_known_addr { host: "127.13.123.4" port: 38143 } attrs { promote: true } } }
I20260630 12:39:08.909749 15448 catalog_manager.cc:5697] T eaa66519feaa49b5b94cf6033443d95d P 3716f849a4dd40ab823933cb3595d682 reported cstate change: config changed from index -1 to 2, NON_VOTER 4b338d42d43f4eacbf1b939a8142bd99 (127.13.123.4) added. New cstate: current_term: 1 leader_uuid: "4ba684a83aeb4f89a9877959a1237cfe" committed_config { opid_index: 2 OBSOLETE_local: false peers { permanent_uuid: "30213c146835428db3d5031e47b15c40" member_type: VOTER last_known_addr { host: "127.13.123.1" port: 42277 } attrs { replace: true } } peers { permanent_uuid: "3716f849a4dd40ab823933cb3595d682" member_type: VOTER last_known_addr { host: "127.13.123.2" port: 44141 } } peers { permanent_uuid: "4ba684a83aeb4f89a9877959a1237cfe" member_type: VOTER last_known_addr { host: "127.13.123.3" port: 46325 } } peers { permanent_uuid: "4b338d42d43f4eacbf1b939a8142bd99" member_type: NON_VOTER last_known_addr { host: "127.13.123.4" port: 38143 } attrs { promote: true } } }
I20260630 12:39:08.914577 15854 heartbeater.cc:499] Master 127.13.123.62:37725 was elected leader, sending a full tablet report...
I20260630 12:39:09.370910 15872 ts_tablet_manager.cc:933] T eaa66519feaa49b5b94cf6033443d95d P 4b338d42d43f4eacbf1b939a8142bd99: Initiating tablet copy from peer 4ba684a83aeb4f89a9877959a1237cfe (127.13.123.3:46325)
I20260630 12:39:09.372525 15872 tablet_copy_client.cc:323] T eaa66519feaa49b5b94cf6033443d95d P 4b338d42d43f4eacbf1b939a8142bd99: tablet copy: Beginning tablet copy session from remote peer at address 127.13.123.3:46325
I20260630 12:39:09.383598 15711 tablet_copy_service.cc:140] P 4ba684a83aeb4f89a9877959a1237cfe: Received BeginTabletCopySession request for tablet eaa66519feaa49b5b94cf6033443d95d from peer 4b338d42d43f4eacbf1b939a8142bd99 ({username='slave'} at 127.0.0.1:38242)
I20260630 12:39:09.384055 15711 tablet_copy_service.cc:161] P 4ba684a83aeb4f89a9877959a1237cfe: Beginning new tablet copy session on tablet eaa66519feaa49b5b94cf6033443d95d from peer 4b338d42d43f4eacbf1b939a8142bd99 at {username='slave'} at 127.0.0.1:38242: session id = 4b338d42d43f4eacbf1b939a8142bd99-eaa66519feaa49b5b94cf6033443d95d
I20260630 12:39:09.389981 15711 tablet_copy_source_session.cc:215] T eaa66519feaa49b5b94cf6033443d95d P 4ba684a83aeb4f89a9877959a1237cfe: Tablet Copy: opened 0 blocks and 1 log segments
I20260630 12:39:09.393819 15872 data_dirs.cc:400] Could only allocate 1 dirs of requested 3 for tablet eaa66519feaa49b5b94cf6033443d95d. 1 dirs total, 0 dirs full, 0 dirs failed
I20260630 12:39:09.405325 15872 tablet_copy_client.cc:806] T eaa66519feaa49b5b94cf6033443d95d P 4b338d42d43f4eacbf1b939a8142bd99: tablet copy: Starting download of 0 data blocks...
I20260630 12:39:09.406095 15872 tablet_copy_client.cc:670] T eaa66519feaa49b5b94cf6033443d95d P 4b338d42d43f4eacbf1b939a8142bd99: tablet copy: Starting download of 1 WAL segments...
I20260630 12:39:09.409585 15872 tablet_copy_client.cc:538] T eaa66519feaa49b5b94cf6033443d95d P 4b338d42d43f4eacbf1b939a8142bd99: tablet copy: Tablet Copy complete. Replacing tablet superblock.
I20260630 12:39:09.415575 15872 tablet_bootstrap.cc:492] T eaa66519feaa49b5b94cf6033443d95d P 4b338d42d43f4eacbf1b939a8142bd99: Bootstrap starting.
I20260630 12:39:09.430508 15872 tablet_bootstrap.cc:492] T eaa66519feaa49b5b94cf6033443d95d P 4b338d42d43f4eacbf1b939a8142bd99: Bootstrap replayed 1/1 log segments. Stats: ops{read=2 overwritten=0 applied=2 ignored=0} inserts{seen=0 ignored=0} mutations{seen=0 ignored=0} orphaned_commits=0. Pending: 0 replicates
I20260630 12:39:09.431187 15872 tablet_bootstrap.cc:492] T eaa66519feaa49b5b94cf6033443d95d P 4b338d42d43f4eacbf1b939a8142bd99: Bootstrap complete.
I20260630 12:39:09.431738 15872 ts_tablet_manager.cc:1403] T eaa66519feaa49b5b94cf6033443d95d P 4b338d42d43f4eacbf1b939a8142bd99: Time spent bootstrapping tablet: real 0.016s	user 0.012s	sys 0.004s
I20260630 12:39:09.433960 15872 raft_consensus.cc:359] T eaa66519feaa49b5b94cf6033443d95d P 4b338d42d43f4eacbf1b939a8142bd99 [term 1 LEARNER]: Replica starting. Triggering 0 pending ops. Active config: opid_index: 2 OBSOLETE_local: false peers { permanent_uuid: "30213c146835428db3d5031e47b15c40" member_type: VOTER last_known_addr { host: "127.13.123.1" port: 42277 } attrs { replace: true } } peers { permanent_uuid: "3716f849a4dd40ab823933cb3595d682" member_type: VOTER last_known_addr { host: "127.13.123.2" port: 44141 } } peers { permanent_uuid: "4ba684a83aeb4f89a9877959a1237cfe" member_type: VOTER last_known_addr { host: "127.13.123.3" port: 46325 } } peers { permanent_uuid: "4b338d42d43f4eacbf1b939a8142bd99" member_type: NON_VOTER last_known_addr { host: "127.13.123.4" port: 38143 } attrs { promote: true } }
I20260630 12:39:09.434564 15872 raft_consensus.cc:740] T eaa66519feaa49b5b94cf6033443d95d P 4b338d42d43f4eacbf1b939a8142bd99 [term 1 LEARNER]: Becoming Follower/Learner. State: Replica: 4b338d42d43f4eacbf1b939a8142bd99, State: Initialized, Role: LEARNER
I20260630 12:39:09.435154 15872 consensus_queue.cc:260] T eaa66519feaa49b5b94cf6033443d95d P 4b338d42d43f4eacbf1b939a8142bd99 [NON_LEADER]: Queue going to NON_LEADER mode. State: All replicated index: 0, Majority replicated index: 0, Committed index: 2, Last appended: 1.2, Last appended by leader: 2, Current term: 0, Majority size: -1, State: 0, Mode: NON_LEADER, active raft config: opid_index: 2 OBSOLETE_local: false peers { permanent_uuid: "30213c146835428db3d5031e47b15c40" member_type: VOTER last_known_addr { host: "127.13.123.1" port: 42277 } attrs { replace: true } } peers { permanent_uuid: "3716f849a4dd40ab823933cb3595d682" member_type: VOTER last_known_addr { host: "127.13.123.2" port: 44141 } } peers { permanent_uuid: "4ba684a83aeb4f89a9877959a1237cfe" member_type: VOTER last_known_addr { host: "127.13.123.3" port: 46325 } } peers { permanent_uuid: "4b338d42d43f4eacbf1b939a8142bd99" member_type: NON_VOTER last_known_addr { host: "127.13.123.4" port: 38143 } attrs { promote: true } }
I20260630 12:39:09.437961 15872 ts_tablet_manager.cc:1434] T eaa66519feaa49b5b94cf6033443d95d P 4b338d42d43f4eacbf1b939a8142bd99: Time spent starting tablet: real 0.006s	user 0.007s	sys 0.001s
I20260630 12:39:09.439571 15711 tablet_copy_service.cc:342] P 4ba684a83aeb4f89a9877959a1237cfe: Request end of tablet copy session 4b338d42d43f4eacbf1b939a8142bd99-eaa66519feaa49b5b94cf6033443d95d received from {username='slave'} at 127.0.0.1:38242
I20260630 12:39:09.439993 15711 tablet_copy_service.cc:434] P 4ba684a83aeb4f89a9877959a1237cfe: ending tablet copy session 4b338d42d43f4eacbf1b939a8142bd99-eaa66519feaa49b5b94cf6033443d95d on tablet eaa66519feaa49b5b94cf6033443d95d with peer 4b338d42d43f4eacbf1b939a8142bd99
I20260630 12:39:09.529050 15503 auto_leader_rebalancer.cc:141] leader rebalance for table test-workload
I20260630 12:39:09.531145 15503 auto_leader_rebalancer.cc:440] table: test-workload, leader rebalance finish, leader transfer count: 0
I20260630 12:39:09.531492 15503 auto_leader_rebalancer.cc:515] All tables' leader rebalancing finished this round
I20260630 12:39:09.772959 15829 raft_consensus.cc:1217] T eaa66519feaa49b5b94cf6033443d95d P 4b338d42d43f4eacbf1b939a8142bd99 [term 1 LEARNER]: Deduplicated request from leader. Original: 1.1->[1.2-1.2]   Dedup: 1.2->[]
I20260630 12:39:10.252091 15862 raft_consensus.cc:1064] T eaa66519feaa49b5b94cf6033443d95d P 4ba684a83aeb4f89a9877959a1237cfe: attempting to promote NON_VOTER 4b338d42d43f4eacbf1b939a8142bd99 to VOTER
I20260630 12:39:10.255537 15862 consensus_queue.cc:237] T eaa66519feaa49b5b94cf6033443d95d P 4ba684a83aeb4f89a9877959a1237cfe [LEADER]: Queue going to LEADER mode. State: All replicated index: 0, Majority replicated index: 2, Committed index: 2, Last appended: 1.2, Last appended by leader: 0, Current term: 1, Majority size: 3, State: 0, Mode: LEADER, active raft config: opid_index: 3 OBSOLETE_local: false peers { permanent_uuid: "30213c146835428db3d5031e47b15c40" member_type: VOTER last_known_addr { host: "127.13.123.1" port: 42277 } attrs { replace: true } } peers { permanent_uuid: "3716f849a4dd40ab823933cb3595d682" member_type: VOTER last_known_addr { host: "127.13.123.2" port: 44141 } } peers { permanent_uuid: "4ba684a83aeb4f89a9877959a1237cfe" member_type: VOTER last_known_addr { host: "127.13.123.3" port: 46325 } } peers { permanent_uuid: "4b338d42d43f4eacbf1b939a8142bd99" member_type: VOTER last_known_addr { host: "127.13.123.4" port: 38143 } attrs { promote: false } }
I20260630 12:39:10.272850 15627 raft_consensus.cc:1275] T eaa66519feaa49b5b94cf6033443d95d P 3716f849a4dd40ab823933cb3595d682 [term 1 FOLLOWER]: Refusing update from remote peer 4ba684a83aeb4f89a9877959a1237cfe: Log matching property violated. Preceding OpId in replica: term: 1 index: 2. Preceding OpId from leader: term: 1 index: 3. (index mismatch)
I20260630 12:39:10.276538 15829 raft_consensus.cc:1275] T eaa66519feaa49b5b94cf6033443d95d P 4b338d42d43f4eacbf1b939a8142bd99 [term 1 LEARNER]: Refusing update from remote peer 4ba684a83aeb4f89a9877959a1237cfe: Log matching property violated. Preceding OpId in replica: term: 1 index: 2. Preceding OpId from leader: term: 1 index: 3. (index mismatch)
I20260630 12:39:10.279453 15879 consensus_queue.cc:1048] T eaa66519feaa49b5b94cf6033443d95d P 4ba684a83aeb4f89a9877959a1237cfe [LEADER]: Connected to new peer: Peer: permanent_uuid: "4b338d42d43f4eacbf1b939a8142bd99" member_type: VOTER last_known_addr { host: "127.13.123.4" port: 38143 } attrs { promote: false }, Status: LMP_MISMATCH, Last received: 0.0, Next index: 3, Last known committed idx: 2, Time since last communication: 0.033s
I20260630 12:39:10.723405 15879 consensus_queue.cc:1048] T eaa66519feaa49b5b94cf6033443d95d P 4ba684a83aeb4f89a9877959a1237cfe [LEADER]: Connected to new peer: Peer: permanent_uuid: "3716f849a4dd40ab823933cb3595d682" member_type: VOTER last_known_addr { host: "127.13.123.2" port: 44141 }, Status: LMP_MISMATCH, Last received: 0.0, Next index: 3, Last known committed idx: 2, Time since last communication: 0.000s
I20260630 12:39:10.756529 15862 raft_consensus.cc:2955] T eaa66519feaa49b5b94cf6033443d95d P 4ba684a83aeb4f89a9877959a1237cfe [term 1 LEADER]: Committing config change with OpId 1.3: config changed from index 2 to 3, 4b338d42d43f4eacbf1b939a8142bd99 (127.13.123.4) changed from NON_VOTER to VOTER. New config: { opid_index: 3 OBSOLETE_local: false peers { permanent_uuid: "30213c146835428db3d5031e47b15c40" member_type: VOTER last_known_addr { host: "127.13.123.1" port: 42277 } attrs { replace: true } } peers { permanent_uuid: "3716f849a4dd40ab823933cb3595d682" member_type: VOTER last_known_addr { host: "127.13.123.2" port: 44141 } } peers { permanent_uuid: "4ba684a83aeb4f89a9877959a1237cfe" member_type: VOTER last_known_addr { host: "127.13.123.3" port: 46325 } } peers { permanent_uuid: "4b338d42d43f4eacbf1b939a8142bd99" member_type: VOTER last_known_addr { host: "127.13.123.4" port: 38143 } attrs { promote: false } } }
I20260630 12:39:10.763345 15627 raft_consensus.cc:2955] T eaa66519feaa49b5b94cf6033443d95d P 3716f849a4dd40ab823933cb3595d682 [term 1 FOLLOWER]: Committing config change with OpId 1.3: config changed from index 2 to 3, 4b338d42d43f4eacbf1b939a8142bd99 (127.13.123.4) changed from NON_VOTER to VOTER. New config: { opid_index: 3 OBSOLETE_local: false peers { permanent_uuid: "30213c146835428db3d5031e47b15c40" member_type: VOTER last_known_addr { host: "127.13.123.1" port: 42277 } attrs { replace: true } } peers { permanent_uuid: "3716f849a4dd40ab823933cb3595d682" member_type: VOTER last_known_addr { host: "127.13.123.2" port: 44141 } } peers { permanent_uuid: "4ba684a83aeb4f89a9877959a1237cfe" member_type: VOTER last_known_addr { host: "127.13.123.3" port: 46325 } } peers { permanent_uuid: "4b338d42d43f4eacbf1b939a8142bd99" member_type: VOTER last_known_addr { host: "127.13.123.4" port: 38143 } attrs { promote: false } } }
I20260630 12:39:10.776602 15552 raft_consensus.cc:1275] T eaa66519feaa49b5b94cf6033443d95d P 30213c146835428db3d5031e47b15c40 [term 1 FOLLOWER]: Refusing update from remote peer 4ba684a83aeb4f89a9877959a1237cfe: Log matching property violated. Preceding OpId in replica: term: 1 index: 2. Preceding OpId from leader: term: 1 index: 3. (index mismatch)
I20260630 12:39:10.778770 15879 consensus_queue.cc:1048] T eaa66519feaa49b5b94cf6033443d95d P 4ba684a83aeb4f89a9877959a1237cfe [LEADER]: Connected to new peer: Peer: permanent_uuid: "30213c146835428db3d5031e47b15c40" member_type: VOTER last_known_addr { host: "127.13.123.1" port: 42277 } attrs { replace: true }, Status: LMP_MISMATCH, Last received: 0.0, Next index: 3, Last known committed idx: 2, Time since last communication: 0.000s
I20260630 12:39:10.809725 15552 raft_consensus.cc:2955] T eaa66519feaa49b5b94cf6033443d95d P 30213c146835428db3d5031e47b15c40 [term 1 FOLLOWER]: Committing config change with OpId 1.3: config changed from index 2 to 3, 4b338d42d43f4eacbf1b939a8142bd99 (127.13.123.4) changed from NON_VOTER to VOTER. New config: { opid_index: 3 OBSOLETE_local: false peers { permanent_uuid: "30213c146835428db3d5031e47b15c40" member_type: VOTER last_known_addr { host: "127.13.123.1" port: 42277 } attrs { replace: true } } peers { permanent_uuid: "3716f849a4dd40ab823933cb3595d682" member_type: VOTER last_known_addr { host: "127.13.123.2" port: 44141 } } peers { permanent_uuid: "4ba684a83aeb4f89a9877959a1237cfe" member_type: VOTER last_known_addr { host: "127.13.123.3" port: 46325 } } peers { permanent_uuid: "4b338d42d43f4eacbf1b939a8142bd99" member_type: VOTER last_known_addr { host: "127.13.123.4" port: 38143 } attrs { promote: false } } }
I20260630 12:39:11.119328 15449 catalog_manager.cc:5697] T eaa66519feaa49b5b94cf6033443d95d P 30213c146835428db3d5031e47b15c40 reported cstate change: config changed from index 2 to 3, 4b338d42d43f4eacbf1b939a8142bd99 (127.13.123.4) changed from NON_VOTER to VOTER. New cstate: current_term: 1 leader_uuid: "4ba684a83aeb4f89a9877959a1237cfe" committed_config { opid_index: 3 OBSOLETE_local: false peers { permanent_uuid: "30213c146835428db3d5031e47b15c40" member_type: VOTER last_known_addr { host: "127.13.123.1" port: 42277 } attrs { replace: true } } peers { permanent_uuid: "3716f849a4dd40ab823933cb3595d682" member_type: VOTER last_known_addr { host: "127.13.123.2" port: 44141 } } peers { permanent_uuid: "4ba684a83aeb4f89a9877959a1237cfe" member_type: VOTER last_known_addr { host: "127.13.123.3" port: 46325 } } peers { permanent_uuid: "4b338d42d43f4eacbf1b939a8142bd99" member_type: VOTER last_known_addr { host: "127.13.123.4" port: 38143 } attrs { promote: false } } }
I20260630 12:39:11.136565 15829 raft_consensus.cc:2955] T eaa66519feaa49b5b94cf6033443d95d P 4b338d42d43f4eacbf1b939a8142bd99 [term 1 FOLLOWER]: Committing config change with OpId 1.3: config changed from index 2 to 3, 4b338d42d43f4eacbf1b939a8142bd99 (127.13.123.4) changed from NON_VOTER to VOTER. New config: { opid_index: 3 OBSOLETE_local: false peers { permanent_uuid: "30213c146835428db3d5031e47b15c40" member_type: VOTER last_known_addr { host: "127.13.123.1" port: 42277 } attrs { replace: true } } peers { permanent_uuid: "3716f849a4dd40ab823933cb3595d682" member_type: VOTER last_known_addr { host: "127.13.123.2" port: 44141 } } peers { permanent_uuid: "4ba684a83aeb4f89a9877959a1237cfe" member_type: VOTER last_known_addr { host: "127.13.123.3" port: 46325 } } peers { permanent_uuid: "4b338d42d43f4eacbf1b939a8142bd99" member_type: VOTER last_known_addr { host: "127.13.123.4" port: 38143 } attrs { promote: false } } }
I20260630 12:39:11.158242 15701 consensus_queue.cc:237] T eaa66519feaa49b5b94cf6033443d95d P 4ba684a83aeb4f89a9877959a1237cfe [LEADER]: Queue going to LEADER mode. State: All replicated index: 0, Majority replicated index: 3, Committed index: 3, Last appended: 1.3, Last appended by leader: 0, Current term: 1, Majority size: 2, State: 0, Mode: LEADER, active raft config: opid_index: 4 OBSOLETE_local: false peers { permanent_uuid: "3716f849a4dd40ab823933cb3595d682" member_type: VOTER last_known_addr { host: "127.13.123.2" port: 44141 } } peers { permanent_uuid: "4ba684a83aeb4f89a9877959a1237cfe" member_type: VOTER last_known_addr { host: "127.13.123.3" port: 46325 } } peers { permanent_uuid: "4b338d42d43f4eacbf1b939a8142bd99" member_type: VOTER last_known_addr { host: "127.13.123.4" port: 38143 } attrs { promote: false } }
I20260630 12:39:11.163635 15829 raft_consensus.cc:1275] T eaa66519feaa49b5b94cf6033443d95d P 4b338d42d43f4eacbf1b939a8142bd99 [term 1 FOLLOWER]: Refusing update from remote peer 4ba684a83aeb4f89a9877959a1237cfe: Log matching property violated. Preceding OpId in replica: term: 1 index: 3. Preceding OpId from leader: term: 1 index: 4. (index mismatch)
I20260630 12:39:11.164764 15627 raft_consensus.cc:1275] T eaa66519feaa49b5b94cf6033443d95d P 3716f849a4dd40ab823933cb3595d682 [term 1 FOLLOWER]: Refusing update from remote peer 4ba684a83aeb4f89a9877959a1237cfe: Log matching property violated. Preceding OpId in replica: term: 1 index: 3. Preceding OpId from leader: term: 1 index: 4. (index mismatch)
I20260630 12:39:11.166276 15884 consensus_queue.cc:1048] T eaa66519feaa49b5b94cf6033443d95d P 4ba684a83aeb4f89a9877959a1237cfe [LEADER]: Connected to new peer: Peer: permanent_uuid: "4b338d42d43f4eacbf1b939a8142bd99" member_type: VOTER last_known_addr { host: "127.13.123.4" port: 38143 } attrs { promote: false }, Status: LMP_MISMATCH, Last received: 0.0, Next index: 4, Last known committed idx: 3, Time since last communication: 0.000s
I20260630 12:39:11.167049 15862 consensus_queue.cc:1048] T eaa66519feaa49b5b94cf6033443d95d P 4ba684a83aeb4f89a9877959a1237cfe [LEADER]: Connected to new peer: Peer: permanent_uuid: "3716f849a4dd40ab823933cb3595d682" member_type: VOTER last_known_addr { host: "127.13.123.2" port: 44141 }, Status: LMP_MISMATCH, Last received: 0.0, Next index: 4, Last known committed idx: 3, Time since last communication: 0.000s
I20260630 12:39:11.174672 15884 raft_consensus.cc:2955] T eaa66519feaa49b5b94cf6033443d95d P 4ba684a83aeb4f89a9877959a1237cfe [term 1 LEADER]: Committing config change with OpId 1.4: config changed from index 3 to 4, VOTER 30213c146835428db3d5031e47b15c40 (127.13.123.1) evicted. New config: { opid_index: 4 OBSOLETE_local: false peers { permanent_uuid: "3716f849a4dd40ab823933cb3595d682" member_type: VOTER last_known_addr { host: "127.13.123.2" port: 44141 } } peers { permanent_uuid: "4ba684a83aeb4f89a9877959a1237cfe" member_type: VOTER last_known_addr { host: "127.13.123.3" port: 46325 } } peers { permanent_uuid: "4b338d42d43f4eacbf1b939a8142bd99" member_type: VOTER last_known_addr { host: "127.13.123.4" port: 38143 } attrs { promote: false } } }
I20260630 12:39:11.180055 15627 raft_consensus.cc:2955] T eaa66519feaa49b5b94cf6033443d95d P 3716f849a4dd40ab823933cb3595d682 [term 1 FOLLOWER]: Committing config change with OpId 1.4: config changed from index 3 to 4, VOTER 30213c146835428db3d5031e47b15c40 (127.13.123.1) evicted. New config: { opid_index: 4 OBSOLETE_local: false peers { permanent_uuid: "3716f849a4dd40ab823933cb3595d682" member_type: VOTER last_known_addr { host: "127.13.123.2" port: 44141 } } peers { permanent_uuid: "4ba684a83aeb4f89a9877959a1237cfe" member_type: VOTER last_known_addr { host: "127.13.123.3" port: 46325 } } peers { permanent_uuid: "4b338d42d43f4eacbf1b939a8142bd99" member_type: VOTER last_known_addr { host: "127.13.123.4" port: 38143 } attrs { promote: false } } }
I20260630 12:39:11.184428 15435 catalog_manager.cc:5210] ChangeConfig:REMOVE_PEER RPC for tablet eaa66519feaa49b5b94cf6033443d95d with cas_config_opid_index 3: ChangeConfig:REMOVE_PEER succeeded (attempt 1)
I20260630 12:39:11.190232 15448 catalog_manager.cc:5697] T eaa66519feaa49b5b94cf6033443d95d P 4ba684a83aeb4f89a9877959a1237cfe reported cstate change: config changed from index 3 to 4, VOTER 30213c146835428db3d5031e47b15c40 (127.13.123.1) evicted. New cstate: current_term: 1 leader_uuid: "4ba684a83aeb4f89a9877959a1237cfe" committed_config { opid_index: 4 OBSOLETE_local: false peers { permanent_uuid: "3716f849a4dd40ab823933cb3595d682" member_type: VOTER last_known_addr { host: "127.13.123.2" port: 44141 } health_report { overall_health: HEALTHY } } peers { permanent_uuid: "4ba684a83aeb4f89a9877959a1237cfe" member_type: VOTER last_known_addr { host: "127.13.123.3" port: 46325 } health_report { overall_health: HEALTHY } } peers { permanent_uuid: "4b338d42d43f4eacbf1b939a8142bd99" member_type: VOTER last_known_addr { host: "127.13.123.4" port: 38143 } attrs { promote: false } health_report { overall_health: HEALTHY } } }
I20260630 12:39:11.186861 15829 raft_consensus.cc:2955] T eaa66519feaa49b5b94cf6033443d95d P 4b338d42d43f4eacbf1b939a8142bd99 [term 1 FOLLOWER]: Committing config change with OpId 1.4: config changed from index 3 to 4, VOTER 30213c146835428db3d5031e47b15c40 (127.13.123.1) evicted. New config: { opid_index: 4 OBSOLETE_local: false peers { permanent_uuid: "3716f849a4dd40ab823933cb3595d682" member_type: VOTER last_known_addr { host: "127.13.123.2" port: 44141 } } peers { permanent_uuid: "4ba684a83aeb4f89a9877959a1237cfe" member_type: VOTER last_known_addr { host: "127.13.123.3" port: 46325 } } peers { permanent_uuid: "4b338d42d43f4eacbf1b939a8142bd99" member_type: VOTER last_known_addr { host: "127.13.123.4" port: 38143 } attrs { promote: false } } }
I20260630 12:39:11.209537 15541 tablet_service.cc:1558] Processing DeleteTablet for tablet eaa66519feaa49b5b94cf6033443d95d with delete_type TABLET_DATA_TOMBSTONED (TS 30213c146835428db3d5031e47b15c40 not found in new config with opid_index 4) from {username='slave'} at 127.0.0.1:47320
I20260630 12:39:11.212325 15893 tablet_replica.cc:333] T eaa66519feaa49b5b94cf6033443d95d P 30213c146835428db3d5031e47b15c40: stopping tablet replica
I20260630 12:39:11.213171 15893 raft_consensus.cc:2243] T eaa66519feaa49b5b94cf6033443d95d P 30213c146835428db3d5031e47b15c40 [term 1 FOLLOWER]: Raft consensus shutting down.
I20260630 12:39:11.213932 15893 raft_consensus.cc:2272] T eaa66519feaa49b5b94cf6033443d95d P 30213c146835428db3d5031e47b15c40 [term 1 FOLLOWER]: Raft consensus is shut down!
I20260630 12:39:11.216969 15893 ts_tablet_manager.cc:1916] T eaa66519feaa49b5b94cf6033443d95d P 30213c146835428db3d5031e47b15c40: Deleting tablet data with delete state TABLET_DATA_TOMBSTONED
I20260630 12:39:11.228019 15893 ts_tablet_manager.cc:1929] T eaa66519feaa49b5b94cf6033443d95d P 30213c146835428db3d5031e47b15c40: tablet deleted with delete type TABLET_DATA_TOMBSTONED: last-logged OpId 1.3
I20260630 12:39:11.228464 15893 log.cc:1199] T eaa66519feaa49b5b94cf6033443d95d P 30213c146835428db3d5031e47b15c40: Deleting WAL directory at /tmp/dist-test-task6piUC7/test-tmp/auto_rebalancer-test.0.AutoRebalancerTest.MovesScheduledIfAddTserver.1782823109266626-13804-0/minicluster-data/ts-0-root/wals/eaa66519feaa49b5b94cf6033443d95d
I20260630 12:39:11.230219 15436 catalog_manager.cc:5028] TS 30213c146835428db3d5031e47b15c40 (127.13.123.1:42277): tablet eaa66519feaa49b5b94cf6033443d95d (table test-workload [id=6b01af983706431fa21780f9f8970f75]) successfully deleted
I20260630 12:39:11.532543 15503 auto_leader_rebalancer.cc:141] leader rebalance for table test-workload
I20260630 12:39:11.534600 15503 auto_leader_rebalancer.cc:440] table: test-workload, leader rebalance finish, leader transfer count: 0
I20260630 12:39:11.534965 15503 auto_leader_rebalancer.cc:515] All tables' leader rebalancing finished this round
W20260630 12:39:11.795926 15648 debug-util.cc:398] Leaking SignalData structure 0x7b08000adc60 after lost signal to thread 13807
W20260630 12:39:11.796833 15648 debug-util.cc:398] Leaking SignalData structure 0x7b0800132640 after lost signal to thread 15484
W20260630 12:39:11.797771 15648 debug-util.cc:398] Leaking SignalData structure 0x7b08000c7c40 after lost signal to thread 15576
W20260630 12:39:11.798550 15648 debug-util.cc:398] Leaking SignalData structure 0x7b08002391c0 after lost signal to thread 15651
W20260630 12:39:11.799328 15648 debug-util.cc:398] Leaking SignalData structure 0x7b08000629a0 after lost signal to thread 15725
W20260630 12:39:11.800184 15648 debug-util.cc:398] Leaking SignalData structure 0x7b0800147660 after lost signal to thread 15853
I20260630 12:39:13.536027 15503 auto_leader_rebalancer.cc:141] leader rebalance for table test-workload
I20260630 12:39:13.538776 15503 auto_leader_rebalancer.cc:440] table: test-workload, leader rebalance finish, leader transfer count: 0
I20260630 12:39:13.539187 15503 auto_leader_rebalancer.cc:515] All tables' leader rebalancing finished this round
I20260630 12:39:15.540149 15503 auto_leader_rebalancer.cc:141] leader rebalance for table test-workload
I20260630 12:39:15.542197 15503 auto_leader_rebalancer.cc:440] table: test-workload, leader rebalance finish, leader transfer count: 0
I20260630 12:39:15.542516 15503 auto_leader_rebalancer.cc:515] All tables' leader rebalancing finished this round
I20260630 12:39:17.543416 15503 auto_leader_rebalancer.cc:141] leader rebalance for table test-workload
I20260630 12:39:17.545634 15503 auto_leader_rebalancer.cc:440] table: test-workload, leader rebalance finish, leader transfer count: 0
I20260630 12:39:17.545950 15503 auto_leader_rebalancer.cc:515] All tables' leader rebalancing finished this round
I20260630 12:39:19.546825 15503 auto_leader_rebalancer.cc:141] leader rebalance for table test-workload
I20260630 12:39:19.548712 15503 auto_leader_rebalancer.cc:440] table: test-workload, leader rebalance finish, leader transfer count: 0
I20260630 12:39:19.549006 15503 auto_leader_rebalancer.cc:515] All tables' leader rebalancing finished this round
I20260630 12:39:21.550160 15503 auto_leader_rebalancer.cc:141] leader rebalance for table test-workload
I20260630 12:39:21.552229 15503 auto_leader_rebalancer.cc:440] table: test-workload, leader rebalance finish, leader transfer count: 0
I20260630 12:39:21.552573 15503 auto_leader_rebalancer.cc:515] All tables' leader rebalancing finished this round
I20260630 12:39:23.553532 15503 auto_leader_rebalancer.cc:141] leader rebalance for table test-workload
I20260630 12:39:23.555542 15503 auto_leader_rebalancer.cc:440] table: test-workload, leader rebalance finish, leader transfer count: 0
I20260630 12:39:23.555898 15503 auto_leader_rebalancer.cc:515] All tables' leader rebalancing finished this round
I20260630 12:39:24.583320 13804 tablet_server.cc:179] TabletServer@127.13.123.1:0 shutting down...
I20260630 12:39:24.677007 13804 ts_tablet_manager.cc:1507] Shutting down tablet manager...
I20260630 12:39:24.677883 13804 tablet_replica.cc:333] T 7c236d118b274514b9a88c55b4f24376 P 30213c146835428db3d5031e47b15c40: stopping tablet replica
I20260630 12:39:24.678443 13804 raft_consensus.cc:2243] T 7c236d118b274514b9a88c55b4f24376 P 30213c146835428db3d5031e47b15c40 [term 1 FOLLOWER]: Raft consensus shutting down.
I20260630 12:39:24.679096 13804 raft_consensus.cc:2272] T 7c236d118b274514b9a88c55b4f24376 P 30213c146835428db3d5031e47b15c40 [term 1 FOLLOWER]: Raft consensus is shut down!
I20260630 12:39:24.701560 13804 tablet_server.cc:196] TabletServer@127.13.123.1:0 shutdown complete.
I20260630 12:39:24.716043 13804 tablet_server.cc:179] TabletServer@127.13.123.2:0 shutting down...
I20260630 12:39:24.735746 13804 ts_tablet_manager.cc:1507] Shutting down tablet manager...
I20260630 12:39:24.736470 13804 tablet_replica.cc:333] T 7c236d118b274514b9a88c55b4f24376 P 3716f849a4dd40ab823933cb3595d682: stopping tablet replica
I20260630 12:39:24.737068 13804 raft_consensus.cc:2243] T 7c236d118b274514b9a88c55b4f24376 P 3716f849a4dd40ab823933cb3595d682 [term 1 LEADER]: Raft consensus shutting down.
I20260630 12:39:24.737962 13804 raft_consensus.cc:2272] T 7c236d118b274514b9a88c55b4f24376 P 3716f849a4dd40ab823933cb3595d682 [term 1 FOLLOWER]: Raft consensus is shut down!
I20260630 12:39:24.740072 13804 tablet_replica.cc:333] T eaa66519feaa49b5b94cf6033443d95d P 3716f849a4dd40ab823933cb3595d682: stopping tablet replica
I20260630 12:39:24.740497 13804 raft_consensus.cc:2243] T eaa66519feaa49b5b94cf6033443d95d P 3716f849a4dd40ab823933cb3595d682 [term 1 FOLLOWER]: Raft consensus shutting down.
I20260630 12:39:24.741317 13804 raft_consensus.cc:2272] T eaa66519feaa49b5b94cf6033443d95d P 3716f849a4dd40ab823933cb3595d682 [term 1 FOLLOWER]: Raft consensus is shut down!
I20260630 12:39:24.783116 13804 tablet_server.cc:196] TabletServer@127.13.123.2:0 shutdown complete.
I20260630 12:39:24.795424 13804 tablet_server.cc:179] TabletServer@127.13.123.3:0 shutting down...
I20260630 12:39:24.816561 13804 ts_tablet_manager.cc:1507] Shutting down tablet manager...
I20260630 12:39:24.817292 13804 tablet_replica.cc:333] T eaa66519feaa49b5b94cf6033443d95d P 4ba684a83aeb4f89a9877959a1237cfe: stopping tablet replica
I20260630 12:39:24.817888 13804 raft_consensus.cc:2243] T eaa66519feaa49b5b94cf6033443d95d P 4ba684a83aeb4f89a9877959a1237cfe [term 1 LEADER]: Raft consensus shutting down.
I20260630 12:39:24.818755 13804 raft_consensus.cc:2272] T eaa66519feaa49b5b94cf6033443d95d P 4ba684a83aeb4f89a9877959a1237cfe [term 1 FOLLOWER]: Raft consensus is shut down!
I20260630 12:39:24.820730 13804 tablet_replica.cc:333] T 7c236d118b274514b9a88c55b4f24376 P 4ba684a83aeb4f89a9877959a1237cfe: stopping tablet replica
I20260630 12:39:24.821166 13804 raft_consensus.cc:2243] T 7c236d118b274514b9a88c55b4f24376 P 4ba684a83aeb4f89a9877959a1237cfe [term 1 FOLLOWER]: Raft consensus shutting down.
I20260630 12:39:24.821600 13804 raft_consensus.cc:2272] T 7c236d118b274514b9a88c55b4f24376 P 4ba684a83aeb4f89a9877959a1237cfe [term 1 FOLLOWER]: Raft consensus is shut down!
I20260630 12:39:25.556744 15503 auto_leader_rebalancer.cc:141] leader rebalance for table test-workload
I20260630 12:39:25.558660 15503 auto_leader_rebalancer.cc:440] table: test-workload, leader rebalance finish, leader transfer count: 0
I20260630 12:39:25.558948 15503 auto_leader_rebalancer.cc:515] All tables' leader rebalancing finished this round
W20260630 12:39:25.573134 15722 debug-util.cc:398] Leaking SignalData structure 0x7b080018cf80 after lost signal to thread 13807
W20260630 12:39:25.573980 15722 debug-util.cc:398] Leaking SignalData structure 0x7b0800183040 after lost signal to thread 15484
W20260630 12:39:25.574788 15722 debug-util.cc:398] Leaking SignalData structure 0x7b0800092ae0 after lost signal to thread 15576
W20260630 12:39:25.575515 15722 debug-util.cc:398] Leaking SignalData structure 0x7b0800204660 after lost signal to thread 15651
W20260630 12:39:25.576215 15722 debug-util.cc:398] Leaking SignalData structure 0x7b08000ea620 after lost signal to thread 15725
W20260630 12:39:25.576959 15722 debug-util.cc:398] Leaking SignalData structure 0x7b08000d8a60 after lost signal to thread 15853
I20260630 12:39:25.712481 13804 tablet_server.cc:196] TabletServer@127.13.123.3:0 shutdown complete.
I20260630 12:39:25.724710 13804 tablet_server.cc:179] TabletServer@127.13.123.4:0 shutting down...
I20260630 12:39:25.744149 13804 ts_tablet_manager.cc:1507] Shutting down tablet manager...
I20260630 12:39:25.744828 13804 tablet_replica.cc:333] T eaa66519feaa49b5b94cf6033443d95d P 4b338d42d43f4eacbf1b939a8142bd99: stopping tablet replica
I20260630 12:39:25.745576 13804 raft_consensus.cc:2243] T eaa66519feaa49b5b94cf6033443d95d P 4b338d42d43f4eacbf1b939a8142bd99 [term 1 FOLLOWER]: Raft consensus shutting down.
I20260630 12:39:25.746174 13804 raft_consensus.cc:2272] T eaa66519feaa49b5b94cf6033443d95d P 4b338d42d43f4eacbf1b939a8142bd99 [term 1 FOLLOWER]: Raft consensus is shut down!
I20260630 12:39:25.764750 13804 tablet_server.cc:196] TabletServer@127.13.123.4:0 shutdown complete.
I20260630 12:39:25.774717 13804 master.cc:562] Master@127.13.123.62:37725 shutting down...
I20260630 12:39:25.790612 13804 raft_consensus.cc:2243] T 00000000000000000000000000000000 P 47d2f92cbead41a0a82fe44317c28098 [term 1 LEADER]: Raft consensus shutting down.
I20260630 12:39:25.791177 13804 raft_consensus.cc:2272] T 00000000000000000000000000000000 P 47d2f92cbead41a0a82fe44317c28098 [term 1 FOLLOWER]: Raft consensus is shut down!
I20260630 12:39:25.791464 13804 tablet_replica.cc:333] T 00000000000000000000000000000000 P 47d2f92cbead41a0a82fe44317c28098: stopping tablet replica
I20260630 12:39:25.809862 13804 master.cc:584] Master@127.13.123.62:37725 shutdown complete.
[       OK ] AutoRebalancerTest.MovesScheduledIfAddTserver (30484 ms)
[ RUN      ] AutoRebalancerTest.NoReplicaMovesIfNoTservers
I20260630 12:39:25.845306 13804 internal_mini_cluster.cc:156] Creating distributed mini masters. Addrs: 127.13.123.62:37841
