I20260630 12:39:58.488353 16747 raft_consensus.cc:2955] T 2998fd329a0043ad8f3d89a7b6808fa9 P db9a4cf6e60d47c09abb0d1efe804af3 [term 1 FOLLOWER]: Committing config change with OpId 1.3: config changed from index 2 to 3, bbfeffa321974796b9caa3e5c663d98a (127.13.125.132) changed from NON_VOTER to VOTER. New config: { opid_index: 3 OBSOLETE_local: false peers { permanent_uuid: "db9a4cf6e60d47c09abb0d1efe804af3" member_type: VOTER last_known_addr { host: "127.13.125.129" port: 45795 } } peers { permanent_uuid: "aff0beef96114ee3839e09a7034303c9" member_type: VOTER last_known_addr { host: "127.13.125.130" port: 35781 } } peers { permanent_uuid: "7b6d90991f034527b58a0f5e3ce92398" member_type: VOTER last_known_addr { host: "127.13.125.131" port: 41533 } attrs { replace: true } } peers { permanent_uuid: "bbfeffa321974796b9caa3e5c663d98a" member_type: VOTER last_known_addr { host: "127.13.125.132" port: 33277 } attrs { promote: false } } }
I20260630 12:39:58.491825 16749 raft_consensus.cc:2955] T 7356f4f78532472fa1b38ddaa1b6e3f8 P db9a4cf6e60d47c09abb0d1efe804af3 [term 2 FOLLOWER]: Committing config change with OpId 2.4: config changed from index 3 to 4, bbfeffa321974796b9caa3e5c663d98a (127.13.125.132) changed from NON_VOTER to VOTER. New config: { opid_index: 4 OBSOLETE_local: false peers { permanent_uuid: "aff0beef96114ee3839e09a7034303c9" member_type: VOTER last_known_addr { host: "127.13.125.130" port: 35781 } } peers { permanent_uuid: "db9a4cf6e60d47c09abb0d1efe804af3" member_type: VOTER last_known_addr { host: "127.13.125.129" port: 45795 } attrs { replace: true } } peers { permanent_uuid: "7b6d90991f034527b58a0f5e3ce92398" member_type: VOTER last_known_addr { host: "127.13.125.131" port: 41533 } } peers { permanent_uuid: "bbfeffa321974796b9caa3e5c663d98a" member_type: VOTER last_known_addr { host: "127.13.125.132" port: 33277 } attrs { promote: false } } }
I20260630 12:39:58.508067 16649 catalog_manager.cc:5697] T 2998fd329a0043ad8f3d89a7b6808fa9 P db9a4cf6e60d47c09abb0d1efe804af3 reported cstate change: config changed from index 2 to 3, bbfeffa321974796b9caa3e5c663d98a (127.13.125.132) changed from NON_VOTER to VOTER. New cstate: current_term: 1 leader_uuid: "aff0beef96114ee3839e09a7034303c9" committed_config { opid_index: 3 OBSOLETE_local: false peers { permanent_uuid: "db9a4cf6e60d47c09abb0d1efe804af3" member_type: VOTER last_known_addr { host: "127.13.125.129" port: 45795 } } peers { permanent_uuid: "aff0beef96114ee3839e09a7034303c9" member_type: VOTER last_known_addr { host: "127.13.125.130" port: 35781 } } peers { permanent_uuid: "7b6d90991f034527b58a0f5e3ce92398" member_type: VOTER last_known_addr { host: "127.13.125.131" port: 41533 } attrs { replace: true } } peers { permanent_uuid: "bbfeffa321974796b9caa3e5c663d98a" member_type: VOTER last_known_addr { host: "127.13.125.132" port: 33277 } attrs { promote: false } } }
I20260630 12:39:58.509486 16651 catalog_manager.cc:5697] T 7356f4f78532472fa1b38ddaa1b6e3f8 P 7b6d90991f034527b58a0f5e3ce92398 reported cstate change: config changed from index 3 to 4, bbfeffa321974796b9caa3e5c663d98a (127.13.125.132) changed from NON_VOTER to VOTER. New cstate: current_term: 2 leader_uuid: "aff0beef96114ee3839e09a7034303c9" committed_config { opid_index: 4 OBSOLETE_local: false peers { permanent_uuid: "aff0beef96114ee3839e09a7034303c9" member_type: VOTER last_known_addr { host: "127.13.125.130" port: 35781 } } peers { permanent_uuid: "db9a4cf6e60d47c09abb0d1efe804af3" member_type: VOTER last_known_addr { host: "127.13.125.129" port: 45795 } attrs { replace: true } } peers { permanent_uuid: "7b6d90991f034527b58a0f5e3ce92398" member_type: VOTER last_known_addr { host: "127.13.125.131" port: 41533 } } peers { permanent_uuid: "bbfeffa321974796b9caa3e5c663d98a" member_type: VOTER last_known_addr { host: "127.13.125.132" port: 33277 } attrs { promote: false } } }
I20260630 12:39:58.502066 17055 raft_consensus.cc:2955] T 7356f4f78532472fa1b38ddaa1b6e3f8 P bbfeffa321974796b9caa3e5c663d98a [term 2 FOLLOWER]: Committing config change with OpId 2.4: config changed from index 3 to 4, bbfeffa321974796b9caa3e5c663d98a (127.13.125.132) changed from NON_VOTER to VOTER. New config: { opid_index: 4 OBSOLETE_local: false peers { permanent_uuid: "aff0beef96114ee3839e09a7034303c9" member_type: VOTER last_known_addr { host: "127.13.125.130" port: 35781 } } peers { permanent_uuid: "db9a4cf6e60d47c09abb0d1efe804af3" member_type: VOTER last_known_addr { host: "127.13.125.129" port: 45795 } attrs { replace: true } } peers { permanent_uuid: "7b6d90991f034527b58a0f5e3ce92398" member_type: VOTER last_known_addr { host: "127.13.125.131" port: 41533 } } peers { permanent_uuid: "bbfeffa321974796b9caa3e5c663d98a" member_type: VOTER last_known_addr { host: "127.13.125.132" port: 33277 } attrs { promote: false } } }
I20260630 12:39:58.507905 17304 ts_tablet_manager.cc:1916] T 279c626d1d844e46b16583c8b88782db P aff0beef96114ee3839e09a7034303c9: Deleting tablet data with delete state TABLET_DATA_TOMBSTONED
I20260630 12:39:58.526607 17053 raft_consensus.cc:2955] T 2998fd329a0043ad8f3d89a7b6808fa9 P bbfeffa321974796b9caa3e5c663d98a [term 1 FOLLOWER]: Committing config change with OpId 1.3: config changed from index 2 to 3, bbfeffa321974796b9caa3e5c663d98a (127.13.125.132) changed from NON_VOTER to VOTER. New config: { opid_index: 3 OBSOLETE_local: false peers { permanent_uuid: "db9a4cf6e60d47c09abb0d1efe804af3" member_type: VOTER last_known_addr { host: "127.13.125.129" port: 45795 } } peers { permanent_uuid: "aff0beef96114ee3839e09a7034303c9" member_type: VOTER last_known_addr { host: "127.13.125.130" port: 35781 } } peers { permanent_uuid: "7b6d90991f034527b58a0f5e3ce92398" member_type: VOTER last_known_addr { host: "127.13.125.131" port: 41533 } attrs { replace: true } } peers { permanent_uuid: "bbfeffa321974796b9caa3e5c663d98a" member_type: VOTER last_known_addr { host: "127.13.125.132" port: 33277 } attrs { promote: false } } }
I20260630 12:39:58.538605 17056 raft_consensus.cc:1275] T 7c3b9bfc4bd748858c679765186b2440 P bbfeffa321974796b9caa3e5c663d98a [term 1 LEARNER]: Refusing update from remote peer 7b6d90991f034527b58a0f5e3ce92398: Log matching property violated. Preceding OpId in replica: term: 1 index: 2. Preceding OpId from leader: term: 1 index: 3. (index mismatch)
I20260630 12:39:58.540913 16825 consensus_queue.cc:237] T 7356f4f78532472fa1b38ddaa1b6e3f8 P aff0beef96114ee3839e09a7034303c9 [LEADER]: Queue going to LEADER mode. State: All replicated index: 0, Majority replicated index: 4, Committed index: 4, Last appended: 2.4, Last appended by leader: 1, Current term: 2, Majority size: 2, State: 0, Mode: LEADER, active raft config: opid_index: 5 OBSOLETE_local: false peers { permanent_uuid: "aff0beef96114ee3839e09a7034303c9" member_type: VOTER last_known_addr { host: "127.13.125.130" port: 35781 } } peers { permanent_uuid: "7b6d90991f034527b58a0f5e3ce92398" member_type: VOTER last_known_addr { host: "127.13.125.131" port: 41533 } } peers { permanent_uuid: "bbfeffa321974796b9caa3e5c663d98a" member_type: VOTER last_known_addr { host: "127.13.125.132" port: 33277 } attrs { promote: false } }
I20260630 12:39:58.543941 16824 raft_consensus.cc:1275] T 7c3b9bfc4bd748858c679765186b2440 P aff0beef96114ee3839e09a7034303c9 [term 1 FOLLOWER]: Refusing update from remote peer 7b6d90991f034527b58a0f5e3ce92398: Log matching property violated. Preceding OpId in replica: term: 1 index: 2. Preceding OpId from leader: term: 1 index: 3. (index mismatch)
I20260630 12:39:58.557651 17281 consensus_queue.cc:1048] T 7c3b9bfc4bd748858c679765186b2440 P 7b6d90991f034527b58a0f5e3ce92398 [LEADER]: Connected to new peer: Peer: permanent_uuid: "bbfeffa321974796b9caa3e5c663d98a" member_type: VOTER last_known_addr { host: "127.13.125.132" port: 33277 } attrs { promote: false }, Status: LMP_MISMATCH, Last received: 0.0, Next index: 3, Last known committed idx: 2, Time since last communication: 0.001s
I20260630 12:39:58.562525 17281 consensus_queue.cc:1048] T 7c3b9bfc4bd748858c679765186b2440 P 7b6d90991f034527b58a0f5e3ce92398 [LEADER]: Connected to new peer: Peer: permanent_uuid: "aff0beef96114ee3839e09a7034303c9" member_type: VOTER last_known_addr { host: "127.13.125.130" port: 35781 }, Status: LMP_MISMATCH, Last received: 0.0, Next index: 3, Last known committed idx: 2, Time since last communication: 0.000s
I20260630 12:39:58.577989 16749 raft_consensus.cc:1275] T 7c3b9bfc4bd748858c679765186b2440 P db9a4cf6e60d47c09abb0d1efe804af3 [term 1 FOLLOWER]: Refusing update from remote peer 7b6d90991f034527b58a0f5e3ce92398: Log matching property violated. Preceding OpId in replica: term: 1 index: 2. Preceding OpId from leader: term: 1 index: 3. (index mismatch)
I20260630 12:39:58.578023 17304 ts_tablet_manager.cc:1929] T 279c626d1d844e46b16583c8b88782db P aff0beef96114ee3839e09a7034303c9: tablet deleted with delete type TABLET_DATA_TOMBSTONED: last-logged OpId 3.4
I20260630 12:39:58.585834 17304 log.cc:1199] T 279c626d1d844e46b16583c8b88782db P aff0beef96114ee3839e09a7034303c9: Deleting WAL directory at /tmp/dist-test-taskxdx7lX/test-tmp/auto_rebalancer-test.0.AutoRebalancerTest.RangeAwareRebalancesNewRangeReplicas.1782823108758809-13814-0/minicluster-data/ts-1-root/wals/279c626d1d844e46b16583c8b88782db
I20260630 12:39:58.583859 17053 raft_consensus.cc:1275] T 7356f4f78532472fa1b38ddaa1b6e3f8 P bbfeffa321974796b9caa3e5c663d98a [term 2 FOLLOWER]: Refusing update from remote peer aff0beef96114ee3839e09a7034303c9: Log matching property violated. Preceding OpId in replica: term: 2 index: 4. Preceding OpId from leader: term: 2 index: 5. (index mismatch)
I20260630 12:39:58.588116 16898 raft_consensus.cc:1275] T 7356f4f78532472fa1b38ddaa1b6e3f8 P 7b6d90991f034527b58a0f5e3ce92398 [term 2 FOLLOWER]: Refusing update from remote peer aff0beef96114ee3839e09a7034303c9: Log matching property violated. Preceding OpId in replica: term: 2 index: 4. Preceding OpId from leader: term: 2 index: 5. (index mismatch)
I20260630 12:39:58.589123 17299 consensus_queue.cc:1048] T 7356f4f78532472fa1b38ddaa1b6e3f8 P aff0beef96114ee3839e09a7034303c9 [LEADER]: Connected to new peer: Peer: permanent_uuid: "bbfeffa321974796b9caa3e5c663d98a" member_type: VOTER last_known_addr { host: "127.13.125.132" port: 33277 } attrs { promote: false }, Status: LMP_MISMATCH, Last received: 0.0, Next index: 5, Last known committed idx: 4, Time since last communication: 0.000s
I20260630 12:39:58.585726 17278 consensus_queue.cc:1048] T 7c3b9bfc4bd748858c679765186b2440 P 7b6d90991f034527b58a0f5e3ce92398 [LEADER]: Connected to new peer: Peer: permanent_uuid: "db9a4cf6e60d47c09abb0d1efe804af3" member_type: VOTER last_known_addr { host: "127.13.125.129" port: 45795 } attrs { replace: true }, Status: LMP_MISMATCH, Last received: 0.0, Next index: 3, Last known committed idx: 2, Time since last communication: 0.000s
I20260630 12:39:58.596050 17275 consensus_queue.cc:1048] T 7356f4f78532472fa1b38ddaa1b6e3f8 P aff0beef96114ee3839e09a7034303c9 [LEADER]: Connected to new peer: Peer: permanent_uuid: "7b6d90991f034527b58a0f5e3ce92398" member_type: VOTER last_known_addr { host: "127.13.125.131" port: 41533 }, Status: LMP_MISMATCH, Last received: 0.0, Next index: 5, Last known committed idx: 4, Time since last communication: 0.000s
I20260630 12:39:58.598778 17275 raft_consensus.cc:2955] T 7356f4f78532472fa1b38ddaa1b6e3f8 P aff0beef96114ee3839e09a7034303c9 [term 2 LEADER]: Committing config change with OpId 2.5: config changed from index 4 to 5, VOTER db9a4cf6e60d47c09abb0d1efe804af3 (127.13.125.129) evicted. New config: { opid_index: 5 OBSOLETE_local: false peers { permanent_uuid: "aff0beef96114ee3839e09a7034303c9" member_type: VOTER last_known_addr { host: "127.13.125.130" port: 35781 } } peers { permanent_uuid: "7b6d90991f034527b58a0f5e3ce92398" member_type: VOTER last_known_addr { host: "127.13.125.131" port: 41533 } } peers { permanent_uuid: "bbfeffa321974796b9caa3e5c663d98a" member_type: VOTER last_known_addr { host: "127.13.125.132" port: 33277 } attrs { promote: false } } }
W20260630 12:39:58.608222 16716 outbound_call.cc:321] RPC callback for RPC call kudu.consensus.ConsensusService.UpdateConsensus -> {remote=127.13.125.130:35781, user_credentials={real_user=slave}} blocked reactor thread for 55083.6us
I20260630 12:39:58.609193 16902 raft_consensus.cc:2955] T 7356f4f78532472fa1b38ddaa1b6e3f8 P 7b6d90991f034527b58a0f5e3ce92398 [term 2 FOLLOWER]: Committing config change with OpId 2.5: config changed from index 4 to 5, VOTER db9a4cf6e60d47c09abb0d1efe804af3 (127.13.125.129) evicted. New config: { opid_index: 5 OBSOLETE_local: false peers { permanent_uuid: "aff0beef96114ee3839e09a7034303c9" member_type: VOTER last_known_addr { host: "127.13.125.130" port: 35781 } } peers { permanent_uuid: "7b6d90991f034527b58a0f5e3ce92398" member_type: VOTER last_known_addr { host: "127.13.125.131" port: 41533 } } peers { permanent_uuid: "bbfeffa321974796b9caa3e5c663d98a" member_type: VOTER last_known_addr { host: "127.13.125.132" port: 33277 } attrs { promote: false } } }
I20260630 12:39:58.609622 17053 raft_consensus.cc:2955] T 7356f4f78532472fa1b38ddaa1b6e3f8 P bbfeffa321974796b9caa3e5c663d98a [term 2 FOLLOWER]: Committing config change with OpId 2.5: config changed from index 4 to 5, VOTER db9a4cf6e60d47c09abb0d1efe804af3 (127.13.125.129) evicted. New config: { opid_index: 5 OBSOLETE_local: false peers { permanent_uuid: "aff0beef96114ee3839e09a7034303c9" member_type: VOTER last_known_addr { host: "127.13.125.130" port: 35781 } } peers { permanent_uuid: "7b6d90991f034527b58a0f5e3ce92398" member_type: VOTER last_known_addr { host: "127.13.125.131" port: 41533 } } peers { permanent_uuid: "bbfeffa321974796b9caa3e5c663d98a" member_type: VOTER last_known_addr { host: "127.13.125.132" port: 33277 } attrs { promote: false } } }
I20260630 12:39:58.588768 16635 catalog_manager.cc:5028] TS aff0beef96114ee3839e09a7034303c9 (127.13.125.130:35781): tablet 279c626d1d844e46b16583c8b88782db (table range_aware_rebalance_new_range [id=ab71b911990c4c0089c557f6a1399d39]) successfully deleted
I20260630 12:39:58.626255 16825 consensus_queue.cc:237] T 2998fd329a0043ad8f3d89a7b6808fa9 P aff0beef96114ee3839e09a7034303c9 [LEADER]: Queue going to LEADER mode. State: All replicated index: 0, Majority replicated index: 3, Committed index: 3, Last appended: 1.3, Last appended by leader: 0, Current term: 1, Majority size: 2, State: 0, Mode: LEADER, active raft config: opid_index: 4 OBSOLETE_local: false peers { permanent_uuid: "db9a4cf6e60d47c09abb0d1efe804af3" member_type: VOTER last_known_addr { host: "127.13.125.129" port: 45795 } } peers { permanent_uuid: "aff0beef96114ee3839e09a7034303c9" member_type: VOTER last_known_addr { host: "127.13.125.130" port: 35781 } } peers { permanent_uuid: "bbfeffa321974796b9caa3e5c663d98a" member_type: VOTER last_known_addr { host: "127.13.125.132" port: 33277 } attrs { promote: false } }
I20260630 12:39:58.633476 17056 raft_consensus.cc:1275] T 2998fd329a0043ad8f3d89a7b6808fa9 P bbfeffa321974796b9caa3e5c663d98a [term 1 FOLLOWER]: Refusing update from remote peer aff0beef96114ee3839e09a7034303c9: Log matching property violated. Preceding OpId in replica: term: 1 index: 3. Preceding OpId from leader: term: 1 index: 4. (index mismatch)
I20260630 12:39:58.635121 17299 consensus_queue.cc:1048] T 2998fd329a0043ad8f3d89a7b6808fa9 P aff0beef96114ee3839e09a7034303c9 [LEADER]: Connected to new peer: Peer: permanent_uuid: "bbfeffa321974796b9caa3e5c663d98a" member_type: VOTER last_known_addr { host: "127.13.125.132" port: 33277 } attrs { promote: false }, Status: LMP_MISMATCH, Last received: 0.0, Next index: 4, Last known committed idx: 3, Time since last communication: 0.000s
I20260630 12:39:58.632367 16649 catalog_manager.cc:5697] T 7356f4f78532472fa1b38ddaa1b6e3f8 P 7b6d90991f034527b58a0f5e3ce92398 reported cstate change: config changed from index 4 to 5, VOTER db9a4cf6e60d47c09abb0d1efe804af3 (127.13.125.129) evicted. New cstate: current_term: 2 leader_uuid: "aff0beef96114ee3839e09a7034303c9" committed_config { opid_index: 5 OBSOLETE_local: false peers { permanent_uuid: "aff0beef96114ee3839e09a7034303c9" member_type: VOTER last_known_addr { host: "127.13.125.130" port: 35781 } } peers { permanent_uuid: "7b6d90991f034527b58a0f5e3ce92398" member_type: VOTER last_known_addr { host: "127.13.125.131" port: 41533 } } peers { permanent_uuid: "bbfeffa321974796b9caa3e5c663d98a" member_type: VOTER last_known_addr { host: "127.13.125.132" port: 33277 } attrs { promote: false } } }
I20260630 12:39:58.643644 17278 raft_consensus.cc:2955] T 7c3b9bfc4bd748858c679765186b2440 P 7b6d90991f034527b58a0f5e3ce92398 [term 1 LEADER]: Committing config change with OpId 1.3: config changed from index 2 to 3, bbfeffa321974796b9caa3e5c663d98a (127.13.125.132) changed from NON_VOTER to VOTER. New config: { opid_index: 3 OBSOLETE_local: false peers { permanent_uuid: "db9a4cf6e60d47c09abb0d1efe804af3" member_type: VOTER last_known_addr { host: "127.13.125.129" port: 45795 } attrs { replace: true } } peers { permanent_uuid: "aff0beef96114ee3839e09a7034303c9" member_type: VOTER last_known_addr { host: "127.13.125.130" port: 35781 } } peers { permanent_uuid: "7b6d90991f034527b58a0f5e3ce92398" member_type: VOTER last_known_addr { host: "127.13.125.131" port: 41533 } } peers { permanent_uuid: "bbfeffa321974796b9caa3e5c663d98a" member_type: VOTER last_known_addr { host: "127.13.125.132" port: 33277 } attrs { promote: false } } }
I20260630 12:39:58.649178 16635 catalog_manager.cc:5210] ChangeConfig:REMOVE_PEER RPC for tablet 7356f4f78532472fa1b38ddaa1b6e3f8 with cas_config_opid_index 4: ChangeConfig:REMOVE_PEER succeeded (attempt 1)
I20260630 12:39:58.651151 17247 raft_consensus.cc:2955] T 2998fd329a0043ad8f3d89a7b6808fa9 P aff0beef96114ee3839e09a7034303c9 [term 1 LEADER]: Committing config change with OpId 1.4: config changed from index 3 to 4, VOTER 7b6d90991f034527b58a0f5e3ce92398 (127.13.125.131) evicted. New config: { opid_index: 4 OBSOLETE_local: false peers { permanent_uuid: "db9a4cf6e60d47c09abb0d1efe804af3" member_type: VOTER last_known_addr { host: "127.13.125.129" port: 45795 } } peers { permanent_uuid: "aff0beef96114ee3839e09a7034303c9" member_type: VOTER last_known_addr { host: "127.13.125.130" port: 35781 } } peers { permanent_uuid: "bbfeffa321974796b9caa3e5c663d98a" member_type: VOTER last_known_addr { host: "127.13.125.132" port: 33277 } attrs { promote: false } } }
I20260630 12:39:58.655488 16749 raft_consensus.cc:2955] T 7c3b9bfc4bd748858c679765186b2440 P db9a4cf6e60d47c09abb0d1efe804af3 [term 1 FOLLOWER]: Committing config change with OpId 1.3: config changed from index 2 to 3, bbfeffa321974796b9caa3e5c663d98a (127.13.125.132) changed from NON_VOTER to VOTER. New config: { opid_index: 3 OBSOLETE_local: false peers { permanent_uuid: "db9a4cf6e60d47c09abb0d1efe804af3" member_type: VOTER last_known_addr { host: "127.13.125.129" port: 45795 } attrs { replace: true } } peers { permanent_uuid: "aff0beef96114ee3839e09a7034303c9" member_type: VOTER last_known_addr { host: "127.13.125.130" port: 35781 } } peers { permanent_uuid: "7b6d90991f034527b58a0f5e3ce92398" member_type: VOTER last_known_addr { host: "127.13.125.131" port: 41533 } } peers { permanent_uuid: "bbfeffa321974796b9caa3e5c663d98a" member_type: VOTER last_known_addr { host: "127.13.125.132" port: 33277 } attrs { promote: false } } }
I20260630 12:39:58.667536 16824 raft_consensus.cc:2955] T 7c3b9bfc4bd748858c679765186b2440 P aff0beef96114ee3839e09a7034303c9 [term 1 FOLLOWER]: Committing config change with OpId 1.3: config changed from index 2 to 3, bbfeffa321974796b9caa3e5c663d98a (127.13.125.132) changed from NON_VOTER to VOTER. New config: { opid_index: 3 OBSOLETE_local: false peers { permanent_uuid: "db9a4cf6e60d47c09abb0d1efe804af3" member_type: VOTER last_known_addr { host: "127.13.125.129" port: 45795 } attrs { replace: true } } peers { permanent_uuid: "aff0beef96114ee3839e09a7034303c9" member_type: VOTER last_known_addr { host: "127.13.125.130" port: 35781 } } peers { permanent_uuid: "7b6d90991f034527b58a0f5e3ce92398" member_type: VOTER last_known_addr { host: "127.13.125.131" port: 41533 } } peers { permanent_uuid: "bbfeffa321974796b9caa3e5c663d98a" member_type: VOTER last_known_addr { host: "127.13.125.132" port: 33277 } attrs { promote: false } } }
I20260630 12:39:58.670863 17053 raft_consensus.cc:2955] T 2998fd329a0043ad8f3d89a7b6808fa9 P bbfeffa321974796b9caa3e5c663d98a [term 1 FOLLOWER]: Committing config change with OpId 1.4: config changed from index 3 to 4, VOTER 7b6d90991f034527b58a0f5e3ce92398 (127.13.125.131) evicted. New config: { opid_index: 4 OBSOLETE_local: false peers { permanent_uuid: "db9a4cf6e60d47c09abb0d1efe804af3" member_type: VOTER last_known_addr { host: "127.13.125.129" port: 45795 } } peers { permanent_uuid: "aff0beef96114ee3839e09a7034303c9" member_type: VOTER last_known_addr { host: "127.13.125.130" port: 35781 } } peers { permanent_uuid: "bbfeffa321974796b9caa3e5c663d98a" member_type: VOTER last_known_addr { host: "127.13.125.132" port: 33277 } attrs { promote: false } } }
I20260630 12:39:58.686167 16739 tablet_service.cc:1558] Processing DeleteTablet for tablet 7356f4f78532472fa1b38ddaa1b6e3f8 with delete_type TABLET_DATA_TOMBSTONED (TS db9a4cf6e60d47c09abb0d1efe804af3 not found in new config with opid_index 5) from {username='slave'} at 127.0.0.1:51554
I20260630 12:39:58.679338 16648 catalog_manager.cc:5697] T 7c3b9bfc4bd748858c679765186b2440 P db9a4cf6e60d47c09abb0d1efe804af3 reported cstate change: config changed from index 2 to 3, bbfeffa321974796b9caa3e5c663d98a (127.13.125.132) changed from NON_VOTER to VOTER. New cstate: current_term: 1 leader_uuid: "7b6d90991f034527b58a0f5e3ce92398" committed_config { opid_index: 3 OBSOLETE_local: false peers { permanent_uuid: "db9a4cf6e60d47c09abb0d1efe804af3" member_type: VOTER last_known_addr { host: "127.13.125.129" port: 45795 } attrs { replace: true } } peers { permanent_uuid: "aff0beef96114ee3839e09a7034303c9" member_type: VOTER last_known_addr { host: "127.13.125.130" port: 35781 } } peers { permanent_uuid: "7b6d90991f034527b58a0f5e3ce92398" member_type: VOTER last_known_addr { host: "127.13.125.131" port: 41533 } } peers { permanent_uuid: "bbfeffa321974796b9caa3e5c663d98a" member_type: VOTER last_known_addr { host: "127.13.125.132" port: 33277 } attrs { promote: false } } }
I20260630 12:39:58.689898 16635 catalog_manager.cc:5210] ChangeConfig:REMOVE_PEER RPC for tablet 2998fd329a0043ad8f3d89a7b6808fa9 with cas_config_opid_index 3: ChangeConfig:REMOVE_PEER succeeded (attempt 1)
I20260630 12:39:58.683434 17055 raft_consensus.cc:2955] T 7c3b9bfc4bd748858c679765186b2440 P bbfeffa321974796b9caa3e5c663d98a [term 1 FOLLOWER]: Committing config change with OpId 1.3: config changed from index 2 to 3, bbfeffa321974796b9caa3e5c663d98a (127.13.125.132) changed from NON_VOTER to VOTER. New config: { opid_index: 3 OBSOLETE_local: false peers { permanent_uuid: "db9a4cf6e60d47c09abb0d1efe804af3" member_type: VOTER last_known_addr { host: "127.13.125.129" port: 45795 } attrs { replace: true } } peers { permanent_uuid: "aff0beef96114ee3839e09a7034303c9" member_type: VOTER last_known_addr { host: "127.13.125.130" port: 35781 } } peers { permanent_uuid: "7b6d90991f034527b58a0f5e3ce92398" member_type: VOTER last_known_addr { host: "127.13.125.131" port: 41533 } } peers { permanent_uuid: "bbfeffa321974796b9caa3e5c663d98a" member_type: VOTER last_known_addr { host: "127.13.125.132" port: 33277 } attrs { promote: false } } }
I20260630 12:39:58.703133 16650 catalog_manager.cc:5697] T 2998fd329a0043ad8f3d89a7b6808fa9 P bbfeffa321974796b9caa3e5c663d98a reported cstate change: config changed from index 3 to 4, VOTER 7b6d90991f034527b58a0f5e3ce92398 (127.13.125.131) evicted. New cstate: current_term: 1 leader_uuid: "aff0beef96114ee3839e09a7034303c9" committed_config { opid_index: 4 OBSOLETE_local: false peers { permanent_uuid: "db9a4cf6e60d47c09abb0d1efe804af3" member_type: VOTER last_known_addr { host: "127.13.125.129" port: 45795 } } peers { permanent_uuid: "aff0beef96114ee3839e09a7034303c9" member_type: VOTER last_known_addr { host: "127.13.125.130" port: 35781 } } peers { permanent_uuid: "bbfeffa321974796b9caa3e5c663d98a" member_type: VOTER last_known_addr { host: "127.13.125.132" port: 33277 } attrs { promote: false } } }
I20260630 12:39:58.706852 16749 raft_consensus.cc:1275] T 2998fd329a0043ad8f3d89a7b6808fa9 P db9a4cf6e60d47c09abb0d1efe804af3 [term 1 FOLLOWER]: Refusing update from remote peer aff0beef96114ee3839e09a7034303c9: Log matching property violated. Preceding OpId in replica: term: 1 index: 3. Preceding OpId from leader: term: 1 index: 4. (index mismatch)
I20260630 12:39:58.716027 17247 consensus_queue.cc:1048] T 2998fd329a0043ad8f3d89a7b6808fa9 P aff0beef96114ee3839e09a7034303c9 [LEADER]: Connected to new peer: Peer: permanent_uuid: "db9a4cf6e60d47c09abb0d1efe804af3" member_type: VOTER last_known_addr { host: "127.13.125.129" port: 45795 }, Status: LMP_MISMATCH, Last received: 0.0, Next index: 4, Last known committed idx: 3, Time since last communication: 0.000s
I20260630 12:39:58.723783 16747 raft_consensus.cc:2955] T 2998fd329a0043ad8f3d89a7b6808fa9 P db9a4cf6e60d47c09abb0d1efe804af3 [term 1 FOLLOWER]: Committing config change with OpId 1.4: config changed from index 3 to 4, VOTER 7b6d90991f034527b58a0f5e3ce92398 (127.13.125.131) evicted. New config: { opid_index: 4 OBSOLETE_local: false peers { permanent_uuid: "db9a4cf6e60d47c09abb0d1efe804af3" member_type: VOTER last_known_addr { host: "127.13.125.129" port: 45795 } } peers { permanent_uuid: "aff0beef96114ee3839e09a7034303c9" member_type: VOTER last_known_addr { host: "127.13.125.130" port: 35781 } } peers { permanent_uuid: "bbfeffa321974796b9caa3e5c663d98a" member_type: VOTER last_known_addr { host: "127.13.125.132" port: 33277 } attrs { promote: false } } }
I20260630 12:39:58.727129 17315 tablet_replica.cc:333] T 7356f4f78532472fa1b38ddaa1b6e3f8 P db9a4cf6e60d47c09abb0d1efe804af3: stopping tablet replica
I20260630 12:39:58.728185 17315 raft_consensus.cc:2243] T 7356f4f78532472fa1b38ddaa1b6e3f8 P db9a4cf6e60d47c09abb0d1efe804af3 [term 2 FOLLOWER]: Raft consensus shutting down.
I20260630 12:39:58.728968 17315 raft_consensus.cc:2272] T 7356f4f78532472fa1b38ddaa1b6e3f8 P db9a4cf6e60d47c09abb0d1efe804af3 [term 2 FOLLOWER]: Raft consensus is shut down!
I20260630 12:39:58.732236 16886 tablet_service.cc:1558] Processing DeleteTablet for tablet 2998fd329a0043ad8f3d89a7b6808fa9 with delete_type TABLET_DATA_TOMBSTONED (TS 7b6d90991f034527b58a0f5e3ce92398 not found in new config with opid_index 4) from {username='slave'} at 127.0.0.1:54228
I20260630 12:39:58.740325 17315 ts_tablet_manager.cc:1916] T 7356f4f78532472fa1b38ddaa1b6e3f8 P db9a4cf6e60d47c09abb0d1efe804af3: Deleting tablet data with delete state TABLET_DATA_TOMBSTONED
I20260630 12:39:58.741498 16902 consensus_queue.cc:237] T 7c3b9bfc4bd748858c679765186b2440 P 7b6d90991f034527b58a0f5e3ce92398 [LEADER]: Queue going to LEADER mode. State: All replicated index: 0, Majority replicated index: 3, Committed index: 3, Last appended: 1.3, Last appended by leader: 0, Current term: 1, Majority size: 2, State: 0, Mode: LEADER, active raft config: opid_index: 4 OBSOLETE_local: false peers { permanent_uuid: "aff0beef96114ee3839e09a7034303c9" member_type: VOTER last_known_addr { host: "127.13.125.130" port: 35781 } } peers { permanent_uuid: "7b6d90991f034527b58a0f5e3ce92398" member_type: VOTER last_known_addr { host: "127.13.125.131" port: 41533 } } peers { permanent_uuid: "bbfeffa321974796b9caa3e5c663d98a" member_type: VOTER last_known_addr { host: "127.13.125.132" port: 33277 } attrs { promote: false } }
I20260630 12:39:58.748354 17316 tablet_replica.cc:333] T 2998fd329a0043ad8f3d89a7b6808fa9 P 7b6d90991f034527b58a0f5e3ce92398: stopping tablet replica
I20260630 12:39:58.749461 17316 raft_consensus.cc:2243] T 2998fd329a0043ad8f3d89a7b6808fa9 P 7b6d90991f034527b58a0f5e3ce92398 [term 1 FOLLOWER]: Raft consensus shutting down.
I20260630 12:39:58.750195 17316 raft_consensus.cc:2272] T 2998fd329a0043ad8f3d89a7b6808fa9 P 7b6d90991f034527b58a0f5e3ce92398 [term 1 FOLLOWER]: Raft consensus is shut down!
I20260630 12:39:58.758958 17316 ts_tablet_manager.cc:1916] T 2998fd329a0043ad8f3d89a7b6808fa9 P 7b6d90991f034527b58a0f5e3ce92398: Deleting tablet data with delete state TABLET_DATA_TOMBSTONED
I20260630 12:39:58.761746 17315 ts_tablet_manager.cc:1929] T 7356f4f78532472fa1b38ddaa1b6e3f8 P db9a4cf6e60d47c09abb0d1efe804af3: tablet deleted with delete type TABLET_DATA_TOMBSTONED: last-logged OpId 2.4
I20260630 12:39:58.762238 17315 log.cc:1199] T 7356f4f78532472fa1b38ddaa1b6e3f8 P db9a4cf6e60d47c09abb0d1efe804af3: Deleting WAL directory at /tmp/dist-test-taskxdx7lX/test-tmp/auto_rebalancer-test.0.AutoRebalancerTest.RangeAwareRebalancesNewRangeReplicas.1782823108758809-13814-0/minicluster-data/ts-0-root/wals/7356f4f78532472fa1b38ddaa1b6e3f8
I20260630 12:39:58.765532 16637 catalog_manager.cc:5028] TS db9a4cf6e60d47c09abb0d1efe804af3 (127.13.125.129:45795): tablet 7356f4f78532472fa1b38ddaa1b6e3f8 (table range_aware_rebalance_new_range [id=ab71b911990c4c0089c557f6a1399d39]) successfully deleted
I20260630 12:39:58.767699 17055 raft_consensus.cc:1275] T 7c3b9bfc4bd748858c679765186b2440 P bbfeffa321974796b9caa3e5c663d98a [term 1 FOLLOWER]: Refusing update from remote peer 7b6d90991f034527b58a0f5e3ce92398: Log matching property violated. Preceding OpId in replica: term: 1 index: 3. Preceding OpId from leader: term: 1 index: 4. (index mismatch)
I20260630 12:39:58.769438 17278 consensus_queue.cc:1048] T 7c3b9bfc4bd748858c679765186b2440 P 7b6d90991f034527b58a0f5e3ce92398 [LEADER]: Connected to new peer: Peer: permanent_uuid: "bbfeffa321974796b9caa3e5c663d98a" member_type: VOTER last_known_addr { host: "127.13.125.132" port: 33277 } attrs { promote: false }, Status: LMP_MISMATCH, Last received: 0.0, Next index: 4, Last known committed idx: 3, Time since last communication: 0.000s
I20260630 12:39:58.770704 16824 raft_consensus.cc:1275] T 7c3b9bfc4bd748858c679765186b2440 P aff0beef96114ee3839e09a7034303c9 [term 1 FOLLOWER]: Refusing update from remote peer 7b6d90991f034527b58a0f5e3ce92398: Log matching property violated. Preceding OpId in replica: term: 1 index: 3. Preceding OpId from leader: term: 1 index: 4. (index mismatch)
I20260630 12:39:58.779579 17279 raft_consensus.cc:2955] T 7c3b9bfc4bd748858c679765186b2440 P 7b6d90991f034527b58a0f5e3ce92398 [term 1 LEADER]: Committing config change with OpId 1.4: config changed from index 3 to 4, VOTER db9a4cf6e60d47c09abb0d1efe804af3 (127.13.125.129) evicted. New config: { opid_index: 4 OBSOLETE_local: false peers { permanent_uuid: "aff0beef96114ee3839e09a7034303c9" member_type: VOTER last_known_addr { host: "127.13.125.130" port: 35781 } } peers { permanent_uuid: "7b6d90991f034527b58a0f5e3ce92398" member_type: VOTER last_known_addr { host: "127.13.125.131" port: 41533 } } peers { permanent_uuid: "bbfeffa321974796b9caa3e5c663d98a" member_type: VOTER last_known_addr { host: "127.13.125.132" port: 33277 } attrs { promote: false } } }
I20260630 12:39:58.783306 17053 raft_consensus.cc:2955] T 7c3b9bfc4bd748858c679765186b2440 P bbfeffa321974796b9caa3e5c663d98a [term 1 FOLLOWER]: Committing config change with OpId 1.4: config changed from index 3 to 4, VOTER db9a4cf6e60d47c09abb0d1efe804af3 (127.13.125.129) evicted. New config: { opid_index: 4 OBSOLETE_local: false peers { permanent_uuid: "aff0beef96114ee3839e09a7034303c9" member_type: VOTER last_known_addr { host: "127.13.125.130" port: 35781 } } peers { permanent_uuid: "7b6d90991f034527b58a0f5e3ce92398" member_type: VOTER last_known_addr { host: "127.13.125.131" port: 41533 } } peers { permanent_uuid: "bbfeffa321974796b9caa3e5c663d98a" member_type: VOTER last_known_addr { host: "127.13.125.132" port: 33277 } attrs { promote: false } } }
I20260630 12:39:58.789806 17277 consensus_queue.cc:1048] T 7c3b9bfc4bd748858c679765186b2440 P 7b6d90991f034527b58a0f5e3ce92398 [LEADER]: Connected to new peer: Peer: permanent_uuid: "aff0beef96114ee3839e09a7034303c9" member_type: VOTER last_known_addr { host: "127.13.125.130" port: 35781 }, Status: LMP_MISMATCH, Last received: 0.0, Next index: 4, Last known committed idx: 3, Time since last communication: 0.001s
I20260630 12:39:58.792871 17316 ts_tablet_manager.cc:1929] T 2998fd329a0043ad8f3d89a7b6808fa9 P 7b6d90991f034527b58a0f5e3ce92398: tablet deleted with delete type TABLET_DATA_TOMBSTONED: last-logged OpId 1.3
I20260630 12:39:58.793388 17316 log.cc:1199] T 2998fd329a0043ad8f3d89a7b6808fa9 P 7b6d90991f034527b58a0f5e3ce92398: Deleting WAL directory at /tmp/dist-test-taskxdx7lX/test-tmp/auto_rebalancer-test.0.AutoRebalancerTest.RangeAwareRebalancesNewRangeReplicas.1782823108758809-13814-0/minicluster-data/ts-2-root/wals/2998fd329a0043ad8f3d89a7b6808fa9
I20260630 12:39:58.795455 16635 catalog_manager.cc:5028] TS 7b6d90991f034527b58a0f5e3ce92398 (127.13.125.131:41533): tablet 2998fd329a0043ad8f3d89a7b6808fa9 (table range_aware_rebalance_new_range [id=ab71b911990c4c0089c557f6a1399d39]) successfully deleted
I20260630 12:39:58.802165 16824 raft_consensus.cc:2955] T 7c3b9bfc4bd748858c679765186b2440 P aff0beef96114ee3839e09a7034303c9 [term 1 FOLLOWER]: Committing config change with OpId 1.4: config changed from index 3 to 4, VOTER db9a4cf6e60d47c09abb0d1efe804af3 (127.13.125.129) evicted. New config: { opid_index: 4 OBSOLETE_local: false peers { permanent_uuid: "aff0beef96114ee3839e09a7034303c9" member_type: VOTER last_known_addr { host: "127.13.125.130" port: 35781 } } peers { permanent_uuid: "7b6d90991f034527b58a0f5e3ce92398" member_type: VOTER last_known_addr { host: "127.13.125.131" port: 41533 } } peers { permanent_uuid: "bbfeffa321974796b9caa3e5c663d98a" member_type: VOTER last_known_addr { host: "127.13.125.132" port: 33277 } attrs { promote: false } } }
I20260630 12:39:58.804574 16635 catalog_manager.cc:5210] ChangeConfig:REMOVE_PEER RPC for tablet 7c3b9bfc4bd748858c679765186b2440 with cas_config_opid_index 3: ChangeConfig:REMOVE_PEER succeeded (attempt 1)
I20260630 12:39:58.807929 16649 catalog_manager.cc:5697] T 7c3b9bfc4bd748858c679765186b2440 P bbfeffa321974796b9caa3e5c663d98a reported cstate change: config changed from index 3 to 4, VOTER db9a4cf6e60d47c09abb0d1efe804af3 (127.13.125.129) evicted. New cstate: current_term: 1 leader_uuid: "7b6d90991f034527b58a0f5e3ce92398" committed_config { opid_index: 4 OBSOLETE_local: false peers { permanent_uuid: "aff0beef96114ee3839e09a7034303c9" member_type: VOTER last_known_addr { host: "127.13.125.130" port: 35781 } } peers { permanent_uuid: "7b6d90991f034527b58a0f5e3ce92398" member_type: VOTER last_known_addr { host: "127.13.125.131" port: 41533 } } peers { permanent_uuid: "bbfeffa321974796b9caa3e5c663d98a" member_type: VOTER last_known_addr { host: "127.13.125.132" port: 33277 } attrs { promote: false } } }
I20260630 12:39:58.829658 16739 tablet_service.cc:1558] Processing DeleteTablet for tablet 7c3b9bfc4bd748858c679765186b2440 with delete_type TABLET_DATA_TOMBSTONED (TS db9a4cf6e60d47c09abb0d1efe804af3 not found in new config with opid_index 4) from {username='slave'} at 127.0.0.1:51554
I20260630 12:39:58.830610 17315 tablet_replica.cc:333] T 7c3b9bfc4bd748858c679765186b2440 P db9a4cf6e60d47c09abb0d1efe804af3: stopping tablet replica
I20260630 12:39:58.831537 17315 raft_consensus.cc:2243] T 7c3b9bfc4bd748858c679765186b2440 P db9a4cf6e60d47c09abb0d1efe804af3 [term 1 FOLLOWER]: Raft consensus shutting down.
I20260630 12:39:58.832300 17315 raft_consensus.cc:2272] T 7c3b9bfc4bd748858c679765186b2440 P db9a4cf6e60d47c09abb0d1efe804af3 [term 1 FOLLOWER]: Raft consensus is shut down!
I20260630 12:39:58.835210 17315 ts_tablet_manager.cc:1916] T 7c3b9bfc4bd748858c679765186b2440 P db9a4cf6e60d47c09abb0d1efe804af3: Deleting tablet data with delete state TABLET_DATA_TOMBSTONED
I20260630 12:39:58.845894 17315 ts_tablet_manager.cc:1929] T 7c3b9bfc4bd748858c679765186b2440 P db9a4cf6e60d47c09abb0d1efe804af3: tablet deleted with delete type TABLET_DATA_TOMBSTONED: last-logged OpId 1.3
I20260630 12:39:58.846231 17315 log.cc:1199] T 7c3b9bfc4bd748858c679765186b2440 P db9a4cf6e60d47c09abb0d1efe804af3: Deleting WAL directory at /tmp/dist-test-taskxdx7lX/test-tmp/auto_rebalancer-test.0.AutoRebalancerTest.RangeAwareRebalancesNewRangeReplicas.1782823108758809-13814-0/minicluster-data/ts-0-root/wals/7c3b9bfc4bd748858c679765186b2440
I20260630 12:39:58.847545 16637 catalog_manager.cc:5028] TS db9a4cf6e60d47c09abb0d1efe804af3 (127.13.125.129:45795): tablet 7c3b9bfc4bd748858c679765186b2440 (table range_aware_rebalance_new_range [id=ab71b911990c4c0089c557f6a1399d39]) successfully deleted
I20260630 12:39:59.569332 16704 auto_leader_rebalancer.cc:141] leader rebalance for table range_aware_rebalance_new_range
I20260630 12:39:59.584097 16902 tablet_service.cc:2072] Received LeaderStepDown RPC: tablet_id: "279c626d1d844e46b16583c8b88782db"
dest_uuid: "7b6d90991f034527b58a0f5e3ce92398"
mode: GRACEFUL
new_leader_uuid: "bbfeffa321974796b9caa3e5c663d98a"
 from {username='slave'} at 127.0.0.1:47994
I20260630 12:39:59.584877 16902 raft_consensus.cc:606] T 279c626d1d844e46b16583c8b88782db P 7b6d90991f034527b58a0f5e3ce92398 [term 3 LEADER]: Received request to transfer leadership to TS bbfeffa321974796b9caa3e5c663d98a
I20260630 12:39:59.586532 16704 auto_leader_rebalancer.cc:440] table: range_aware_rebalance_new_range, leader rebalance finish, leader transfer count: 1
I20260630 12:39:59.587184 16704 auto_leader_rebalancer.cc:515] All tables' leader rebalancing finished this round
I20260630 12:39:59.810791 17321 raft_consensus.cc:993] T 279c626d1d844e46b16583c8b88782db P 7b6d90991f034527b58a0f5e3ce92398: : Instructing follower bbfeffa321974796b9caa3e5c663d98a to start an election
I20260630 12:39:59.811515 17321 raft_consensus.cc:1081] T 279c626d1d844e46b16583c8b88782db P 7b6d90991f034527b58a0f5e3ce92398 [term 3 LEADER]: Signalling peer bbfeffa321974796b9caa3e5c663d98a to start an election
I20260630 12:39:59.814018 17055 tablet_service.cc:2044] Received Run Leader Election RPC: tablet_id: "279c626d1d844e46b16583c8b88782db"
dest_uuid: "bbfeffa321974796b9caa3e5c663d98a"
 from {username='slave'} at 127.0.0.1:56614
I20260630 12:39:59.815001 17055 raft_consensus.cc:493] T 279c626d1d844e46b16583c8b88782db P bbfeffa321974796b9caa3e5c663d98a [term 3 FOLLOWER]: Starting forced leader election (received explicit request)
I20260630 12:39:59.815546 17055 raft_consensus.cc:3060] T 279c626d1d844e46b16583c8b88782db P bbfeffa321974796b9caa3e5c663d98a [term 3 FOLLOWER]: Advancing to term 4
I20260630 12:39:59.826926 17055 raft_consensus.cc:515] T 279c626d1d844e46b16583c8b88782db P bbfeffa321974796b9caa3e5c663d98a [term 4 FOLLOWER]: Starting forced leader election with config: opid_index: 5 OBSOLETE_local: false peers { permanent_uuid: "7b6d90991f034527b58a0f5e3ce92398" member_type: VOTER last_known_addr { host: "127.13.125.131" port: 41533 } } peers { permanent_uuid: "db9a4cf6e60d47c09abb0d1efe804af3" member_type: VOTER last_known_addr { host: "127.13.125.129" port: 45795 } } peers { permanent_uuid: "bbfeffa321974796b9caa3e5c663d98a" member_type: VOTER last_known_addr { host: "127.13.125.132" port: 33277 } attrs { promote: false } }
I20260630 12:39:59.830067 17055 leader_election.cc:290] T 279c626d1d844e46b16583c8b88782db P bbfeffa321974796b9caa3e5c663d98a [CANDIDATE]: Term 4 election: Requested vote from peers 7b6d90991f034527b58a0f5e3ce92398 (127.13.125.131:41533), db9a4cf6e60d47c09abb0d1efe804af3 (127.13.125.129:45795)
I20260630 12:39:59.831038 16902 tablet_service.cc:1917] Received RequestConsensusVote() RPC: tablet_id: "279c626d1d844e46b16583c8b88782db" candidate_uuid: "bbfeffa321974796b9caa3e5c663d98a" candidate_term: 4 candidate_status { last_received { term: 3 index: 5 } } ignore_live_leader: true dest_uuid: "7b6d90991f034527b58a0f5e3ce92398"
I20260630 12:39:59.831842 16902 raft_consensus.cc:3055] T 279c626d1d844e46b16583c8b88782db P 7b6d90991f034527b58a0f5e3ce92398 [term 3 LEADER]: Stepping down as leader of term 3
I20260630 12:39:59.832123 16902 raft_consensus.cc:740] T 279c626d1d844e46b16583c8b88782db P 7b6d90991f034527b58a0f5e3ce92398 [term 3 LEADER]: Becoming Follower/Learner. State: Replica: 7b6d90991f034527b58a0f5e3ce92398, State: Running, Role: LEADER
I20260630 12:39:59.832644 16749 tablet_service.cc:1917] Received RequestConsensusVote() RPC: tablet_id: "279c626d1d844e46b16583c8b88782db" candidate_uuid: "bbfeffa321974796b9caa3e5c663d98a" candidate_term: 4 candidate_status { last_received { term: 3 index: 5 } } ignore_live_leader: true dest_uuid: "db9a4cf6e60d47c09abb0d1efe804af3"
I20260630 12:39:59.833323 16749 raft_consensus.cc:3060] T 279c626d1d844e46b16583c8b88782db P db9a4cf6e60d47c09abb0d1efe804af3 [term 3 FOLLOWER]: Advancing to term 4
I20260630 12:39:59.832984 16902 consensus_queue.cc:260] T 279c626d1d844e46b16583c8b88782db P 7b6d90991f034527b58a0f5e3ce92398 [NON_LEADER]: Queue going to NON_LEADER mode. State: All replicated index: 0, Majority replicated index: 5, Committed index: 5, Last appended: 3.5, Last appended by leader: 5, Current term: 3, Majority size: -1, State: 0, Mode: NON_LEADER, active raft config: opid_index: 5 OBSOLETE_local: false peers { permanent_uuid: "7b6d90991f034527b58a0f5e3ce92398" member_type: VOTER last_known_addr { host: "127.13.125.131" port: 41533 } } peers { permanent_uuid: "db9a4cf6e60d47c09abb0d1efe804af3" member_type: VOTER last_known_addr { host: "127.13.125.129" port: 45795 } } peers { permanent_uuid: "bbfeffa321974796b9caa3e5c663d98a" member_type: VOTER last_known_addr { host: "127.13.125.132" port: 33277 } attrs { promote: false } }
I20260630 12:39:59.834493 16902 raft_consensus.cc:3060] T 279c626d1d844e46b16583c8b88782db P 7b6d90991f034527b58a0f5e3ce92398 [term 3 FOLLOWER]: Advancing to term 4
I20260630 12:39:59.841686 16749 raft_consensus.cc:2468] T 279c626d1d844e46b16583c8b88782db P db9a4cf6e60d47c09abb0d1efe804af3 [term 4 FOLLOWER]: Leader election vote request: Granting yes vote for candidate bbfeffa321974796b9caa3e5c663d98a in term 4.
I20260630 12:39:59.841957 16902 raft_consensus.cc:2468] T 279c626d1d844e46b16583c8b88782db P 7b6d90991f034527b58a0f5e3ce92398 [term 4 FOLLOWER]: Leader election vote request: Granting yes vote for candidate bbfeffa321974796b9caa3e5c663d98a in term 4.
I20260630 12:39:59.843323 17016 leader_election.cc:304] T 279c626d1d844e46b16583c8b88782db P bbfeffa321974796b9caa3e5c663d98a [CANDIDATE]: Term 4 election: Election decided. Result: candidate won. Election summary: received 2 responses out of 3 voters: 2 yes votes; 0 no votes. yes voters: bbfeffa321974796b9caa3e5c663d98a, db9a4cf6e60d47c09abb0d1efe804af3; no voters: 
I20260630 12:39:59.844369 17317 raft_consensus.cc:2804] T 279c626d1d844e46b16583c8b88782db P bbfeffa321974796b9caa3e5c663d98a [term 4 FOLLOWER]: Leader election won for term 4
I20260630 12:39:59.844856 17317 raft_consensus.cc:697] T 279c626d1d844e46b16583c8b88782db P bbfeffa321974796b9caa3e5c663d98a [term 4 LEADER]: Becoming Leader. State: Replica: bbfeffa321974796b9caa3e5c663d98a, State: Running, Role: LEADER
I20260630 12:39:59.845846 17317 consensus_queue.cc:237] T 279c626d1d844e46b16583c8b88782db P bbfeffa321974796b9caa3e5c663d98a [LEADER]: Queue going to LEADER mode. State: All replicated index: 0, Majority replicated index: 5, Committed index: 5, Last appended: 3.5, Last appended by leader: 5, Current term: 4, Majority size: 2, State: 0, Mode: LEADER, active raft config: opid_index: 5 OBSOLETE_local: false peers { permanent_uuid: "7b6d90991f034527b58a0f5e3ce92398" member_type: VOTER last_known_addr { host: "127.13.125.131" port: 41533 } } peers { permanent_uuid: "db9a4cf6e60d47c09abb0d1efe804af3" member_type: VOTER last_known_addr { host: "127.13.125.129" port: 45795 } } peers { permanent_uuid: "bbfeffa321974796b9caa3e5c663d98a" member_type: VOTER last_known_addr { host: "127.13.125.132" port: 33277 } attrs { promote: false } }
I20260630 12:39:59.864252 16902 consensus_queue.cc:237] T 1cacfc5b429a4a96812ad36e8c2450a3 P 7b6d90991f034527b58a0f5e3ce92398 [LEADER]: Queue going to LEADER mode. State: All replicated index: 0, Majority replicated index: 1, Committed index: 1, Last appended: 1.1, Last appended by leader: 0, Current term: 1, Majority size: 2, State: 0, Mode: LEADER, active raft config: opid_index: 2 OBSOLETE_local: false peers { permanent_uuid: "bbfeffa321974796b9caa3e5c663d98a" member_type: VOTER last_known_addr { host: "127.13.125.132" port: 33277 } attrs { replace: true } } peers { permanent_uuid: "db9a4cf6e60d47c09abb0d1efe804af3" member_type: VOTER last_known_addr { host: "127.13.125.129" port: 45795 } } peers { permanent_uuid: "7b6d90991f034527b58a0f5e3ce92398" member_type: VOTER last_known_addr { host: "127.13.125.131" port: 41533 } } peers { permanent_uuid: "aff0beef96114ee3839e09a7034303c9" member_type: NON_VOTER last_known_addr { host: "127.13.125.130" port: 35781 } attrs { promote: true } }
I20260630 12:39:59.864760 16649 catalog_manager.cc:5697] T 279c626d1d844e46b16583c8b88782db P bbfeffa321974796b9caa3e5c663d98a reported cstate change: term changed from 3 to 4, leader changed from 7b6d90991f034527b58a0f5e3ce92398 (127.13.125.131) to bbfeffa321974796b9caa3e5c663d98a (127.13.125.132). New cstate: current_term: 4 leader_uuid: "bbfeffa321974796b9caa3e5c663d98a" committed_config { opid_index: 5 OBSOLETE_local: false peers { permanent_uuid: "7b6d90991f034527b58a0f5e3ce92398" member_type: VOTER last_known_addr { host: "127.13.125.131" port: 41533 } health_report { overall_health: UNKNOWN } } peers { permanent_uuid: "db9a4cf6e60d47c09abb0d1efe804af3" member_type: VOTER last_known_addr { host: "127.13.125.129" port: 45795 } health_report { overall_health: UNKNOWN } } peers { permanent_uuid: "bbfeffa321974796b9caa3e5c663d98a" member_type: VOTER last_known_addr { host: "127.13.125.132" port: 33277 } attrs { promote: false } health_report { overall_health: HEALTHY } } }
I20260630 12:39:59.872676 16749 raft_consensus.cc:1275] T 1cacfc5b429a4a96812ad36e8c2450a3 P db9a4cf6e60d47c09abb0d1efe804af3 [term 1 FOLLOWER]: Refusing update from remote peer 7b6d90991f034527b58a0f5e3ce92398: Log matching property violated. Preceding OpId in replica: term: 1 index: 1. Preceding OpId from leader: term: 1 index: 2. (index mismatch)
I20260630 12:39:59.872725 17055 raft_consensus.cc:1275] T 1cacfc5b429a4a96812ad36e8c2450a3 P bbfeffa321974796b9caa3e5c663d98a [term 1 FOLLOWER]: Refusing update from remote peer 7b6d90991f034527b58a0f5e3ce92398: Log matching property violated. Preceding OpId in replica: term: 1 index: 1. Preceding OpId from leader: term: 1 index: 2. (index mismatch)
I20260630 12:39:59.874887 17278 consensus_queue.cc:1048] T 1cacfc5b429a4a96812ad36e8c2450a3 P 7b6d90991f034527b58a0f5e3ce92398 [LEADER]: Connected to new peer: Peer: permanent_uuid: "db9a4cf6e60d47c09abb0d1efe804af3" member_type: VOTER last_known_addr { host: "127.13.125.129" port: 45795 }, Status: LMP_MISMATCH, Last received: 0.0, Next index: 2, Last known committed idx: 1, Time since last communication: 0.001s
I20260630 12:39:59.877576 17278 consensus_queue.cc:1048] T 1cacfc5b429a4a96812ad36e8c2450a3 P 7b6d90991f034527b58a0f5e3ce92398 [LEADER]: Connected to new peer: Peer: permanent_uuid: "bbfeffa321974796b9caa3e5c663d98a" member_type: VOTER last_known_addr { host: "127.13.125.132" port: 33277 } attrs { replace: true }, Status: LMP_MISMATCH, Last received: 0.0, Next index: 2, Last known committed idx: 1, Time since last communication: 0.000s
W20260630 12:39:59.878525 16865 consensus_peers.cc:597] T 1cacfc5b429a4a96812ad36e8c2450a3 P 7b6d90991f034527b58a0f5e3ce92398 -> Peer aff0beef96114ee3839e09a7034303c9 (127.13.125.130:35781): Couldn't send request to peer aff0beef96114ee3839e09a7034303c9. Error code: TABLET_NOT_FOUND (6). Status: Not found: Tablet not found: 1cacfc5b429a4a96812ad36e8c2450a3. This is attempt 1: this message will repeat every 5th retry.
I20260630 12:39:59.897444 17321 raft_consensus.cc:2955] T 1cacfc5b429a4a96812ad36e8c2450a3 P 7b6d90991f034527b58a0f5e3ce92398 [term 1 LEADER]: Committing config change with OpId 1.2: config changed from index -1 to 2, NON_VOTER aff0beef96114ee3839e09a7034303c9 (127.13.125.130) added. New config: { opid_index: 2 OBSOLETE_local: false peers { permanent_uuid: "bbfeffa321974796b9caa3e5c663d98a" member_type: VOTER last_known_addr { host: "127.13.125.132" port: 33277 } attrs { replace: true } } peers { permanent_uuid: "db9a4cf6e60d47c09abb0d1efe804af3" member_type: VOTER last_known_addr { host: "127.13.125.129" port: 45795 } } peers { permanent_uuid: "7b6d90991f034527b58a0f5e3ce92398" member_type: VOTER last_known_addr { host: "127.13.125.131" port: 41533 } } peers { permanent_uuid: "aff0beef96114ee3839e09a7034303c9" member_type: NON_VOTER last_known_addr { host: "127.13.125.130" port: 35781 } attrs { promote: true } } }
I20260630 12:39:59.901822 17053 raft_consensus.cc:2955] T 1cacfc5b429a4a96812ad36e8c2450a3 P bbfeffa321974796b9caa3e5c663d98a [term 1 FOLLOWER]: Committing config change with OpId 1.2: config changed from index -1 to 2, NON_VOTER aff0beef96114ee3839e09a7034303c9 (127.13.125.130) added. New config: { opid_index: 2 OBSOLETE_local: false peers { permanent_uuid: "bbfeffa321974796b9caa3e5c663d98a" member_type: VOTER last_known_addr { host: "127.13.125.132" port: 33277 } attrs { replace: true } } peers { permanent_uuid: "db9a4cf6e60d47c09abb0d1efe804af3" member_type: VOTER last_known_addr { host: "127.13.125.129" port: 45795 } } peers { permanent_uuid: "7b6d90991f034527b58a0f5e3ce92398" member_type: VOTER last_known_addr { host: "127.13.125.131" port: 41533 } } peers { permanent_uuid: "aff0beef96114ee3839e09a7034303c9" member_type: NON_VOTER last_known_addr { host: "127.13.125.130" port: 35781 } attrs { promote: true } } }
