I20260630 12:40:39.750545 18628 tablet_service.cc:1917] Received RequestConsensusVote() RPC: tablet_id: "76c1f409d10142bab99ebeba29889987" candidate_uuid: "450cdecdf6bf4ea386e0c7b8b00a3e52" candidate_term: 1 candidate_status { last_received { term: 0 index: 0 } } ignore_live_leader: false dest_uuid: "186506422fd146c8888fec3e6b1382e0"
I20260630 12:40:39.777390 18628 raft_consensus.cc:3060] T 76c1f409d10142bab99ebeba29889987 P 186506422fd146c8888fec3e6b1382e0 [term 0 FOLLOWER]: Advancing to term 1
I20260630 12:40:39.781176 18683 leader_election.cc:290] T 76c1f409d10142bab99ebeba29889987 P 450cdecdf6bf4ea386e0c7b8b00a3e52 [CANDIDATE]: Term 1 election: Requested vote from peers d2605ad64e124e38b4ed0613f47b3982 (127.13.140.2:38503), 186506422fd146c8888fec3e6b1382e0 (127.13.140.3:38731)
I20260630 12:40:39.781680 18678 tablet_bootstrap.cc:492] T baf7ff9e796f45c4b8f6230323224725 P 450cdecdf6bf4ea386e0c7b8b00a3e52: No bootstrap required, opened a new log
I20260630 12:40:39.782171 18678 ts_tablet_manager.cc:1403] T baf7ff9e796f45c4b8f6230323224725 P 450cdecdf6bf4ea386e0c7b8b00a3e52: Time spent bootstrapping tablet: real 0.014s	user 0.011s	sys 0.000s
I20260630 12:40:39.784075 18682 raft_consensus.cc:493] T 647f4e1a6bd148e682ecfdbb07ad2928 P d2605ad64e124e38b4ed0613f47b3982 [term 0 FOLLOWER]: Starting pre-election (no leader contacted us within the election timeout)
I20260630 12:40:39.784556 18682 raft_consensus.cc:515] T 647f4e1a6bd148e682ecfdbb07ad2928 P d2605ad64e124e38b4ed0613f47b3982 [term 0 FOLLOWER]: Starting pre-election with config: opid_index: -1 OBSOLETE_local: false peers { permanent_uuid: "450cdecdf6bf4ea386e0c7b8b00a3e52" member_type: VOTER last_known_addr { host: "127.13.140.1" port: 45173 } } peers { permanent_uuid: "d2605ad64e124e38b4ed0613f47b3982" member_type: VOTER last_known_addr { host: "127.13.140.2" port: 38503 } } peers { permanent_uuid: "186506422fd146c8888fec3e6b1382e0" member_type: VOTER last_known_addr { host: "127.13.140.3" port: 38731 } }
I20260630 12:40:39.784900 18677 ts_tablet_manager.cc:1434] T baf7ff9e796f45c4b8f6230323224725 P 186506422fd146c8888fec3e6b1382e0: Time spent starting tablet: real 0.111s	user 0.048s	sys 0.055s
I20260630 12:40:39.784789 18678 raft_consensus.cc:359] T baf7ff9e796f45c4b8f6230323224725 P 450cdecdf6bf4ea386e0c7b8b00a3e52 [term 0 FOLLOWER]: Replica starting. Triggering 0 pending ops. Active config: opid_index: -1 OBSOLETE_local: false peers { permanent_uuid: "450cdecdf6bf4ea386e0c7b8b00a3e52" member_type: VOTER last_known_addr { host: "127.13.140.1" port: 45173 } } peers { permanent_uuid: "d2605ad64e124e38b4ed0613f47b3982" member_type: VOTER last_known_addr { host: "127.13.140.2" port: 38503 } } peers { permanent_uuid: "186506422fd146c8888fec3e6b1382e0" member_type: VOTER last_known_addr { host: "127.13.140.3" port: 38731 } }
I20260630 12:40:39.785481 18678 raft_consensus.cc:385] T baf7ff9e796f45c4b8f6230323224725 P 450cdecdf6bf4ea386e0c7b8b00a3e52 [term 0 FOLLOWER]: Consensus starting up: Expiring failure detector timer to make a prompt election more likely
I20260630 12:40:39.785737 18678 raft_consensus.cc:740] T baf7ff9e796f45c4b8f6230323224725 P 450cdecdf6bf4ea386e0c7b8b00a3e52 [term 0 FOLLOWER]: Becoming Follower/Learner. State: Replica: 450cdecdf6bf4ea386e0c7b8b00a3e52, State: Initialized, Role: FOLLOWER
I20260630 12:40:39.786402 18678 consensus_queue.cc:260] T baf7ff9e796f45c4b8f6230323224725 P 450cdecdf6bf4ea386e0c7b8b00a3e52 [NON_LEADER]: Queue going to NON_LEADER mode. State: All replicated index: 0, Majority replicated index: 0, Committed index: 0, Last appended: 0.0, Last appended by leader: 0, Current term: 0, Majority size: -1, State: 0, Mode: NON_LEADER, active raft config: opid_index: -1 OBSOLETE_local: false peers { permanent_uuid: "450cdecdf6bf4ea386e0c7b8b00a3e52" member_type: VOTER last_known_addr { host: "127.13.140.1" port: 45173 } } peers { permanent_uuid: "d2605ad64e124e38b4ed0613f47b3982" member_type: VOTER last_known_addr { host: "127.13.140.2" port: 38503 } } peers { permanent_uuid: "186506422fd146c8888fec3e6b1382e0" member_type: VOTER last_known_addr { host: "127.13.140.3" port: 38731 } }
I20260630 12:40:39.786803 18682 leader_election.cc:290] T 647f4e1a6bd148e682ecfdbb07ad2928 P d2605ad64e124e38b4ed0613f47b3982 [CANDIDATE]: Term 1 pre-election: Requested pre-vote from peers 450cdecdf6bf4ea386e0c7b8b00a3e52 (127.13.140.1:45173), 186506422fd146c8888fec3e6b1382e0 (127.13.140.3:38731)
I20260630 12:40:39.788370 18678 ts_tablet_manager.cc:1434] T baf7ff9e796f45c4b8f6230323224725 P 450cdecdf6bf4ea386e0c7b8b00a3e52: Time spent starting tablet: real 0.006s	user 0.004s	sys 0.000s
I20260630 12:40:39.788700 18630 tablet_service.cc:1917] Received RequestConsensusVote() RPC: tablet_id: "647f4e1a6bd148e682ecfdbb07ad2928" candidate_uuid: "d2605ad64e124e38b4ed0613f47b3982" candidate_term: 1 candidate_status { last_received { term: 0 index: 0 } } ignore_live_leader: false dest_uuid: "186506422fd146c8888fec3e6b1382e0" is_pre_election: true
I20260630 12:40:39.789230 18707 raft_consensus.cc:493] T baf7ff9e796f45c4b8f6230323224725 P 450cdecdf6bf4ea386e0c7b8b00a3e52 [term 0 FOLLOWER]: Starting pre-election (no leader contacted us within the election timeout)
I20260630 12:40:39.789467 18677 tablet_bootstrap.cc:492] T 194e30a5c6c0487b983b69dea0c27cbc P 186506422fd146c8888fec3e6b1382e0: Bootstrap starting.
I20260630 12:40:39.789623 18676 tablet_bootstrap.cc:492] T d0962b06e8f94b02b21f8ac3427c74fb P d2605ad64e124e38b4ed0613f47b3982: No bootstrap required, opened a new log
I20260630 12:40:39.790087 18676 ts_tablet_manager.cc:1403] T d0962b06e8f94b02b21f8ac3427c74fb P d2605ad64e124e38b4ed0613f47b3982: Time spent bootstrapping tablet: real 0.025s	user 0.015s	sys 0.000s
I20260630 12:40:39.790921 18481 tablet_service.cc:1917] Received RequestConsensusVote() RPC: tablet_id: "647f4e1a6bd148e682ecfdbb07ad2928" candidate_uuid: "d2605ad64e124e38b4ed0613f47b3982" candidate_term: 1 candidate_status { last_received { term: 0 index: 0 } } ignore_live_leader: false dest_uuid: "450cdecdf6bf4ea386e0c7b8b00a3e52" is_pre_election: true
I20260630 12:40:39.791563 18481 raft_consensus.cc:2468] T 647f4e1a6bd148e682ecfdbb07ad2928 P 450cdecdf6bf4ea386e0c7b8b00a3e52 [term 0 FOLLOWER]: Leader pre-election vote request: Granting yes vote for candidate d2605ad64e124e38b4ed0613f47b3982 in term 0.
I20260630 12:40:39.792070 18707 raft_consensus.cc:515] T baf7ff9e796f45c4b8f6230323224725 P 450cdecdf6bf4ea386e0c7b8b00a3e52 [term 0 FOLLOWER]: Starting pre-election with config: opid_index: -1 OBSOLETE_local: false peers { permanent_uuid: "450cdecdf6bf4ea386e0c7b8b00a3e52" member_type: VOTER last_known_addr { host: "127.13.140.1" port: 45173 } } peers { permanent_uuid: "d2605ad64e124e38b4ed0613f47b3982" member_type: VOTER last_known_addr { host: "127.13.140.2" port: 38503 } } peers { permanent_uuid: "186506422fd146c8888fec3e6b1382e0" member_type: VOTER last_known_addr { host: "127.13.140.3" port: 38731 } }
I20260630 12:40:39.792701 18676 raft_consensus.cc:359] T d0962b06e8f94b02b21f8ac3427c74fb P d2605ad64e124e38b4ed0613f47b3982 [term 0 FOLLOWER]: Replica starting. Triggering 0 pending ops. Active config: opid_index: -1 OBSOLETE_local: false peers { permanent_uuid: "450cdecdf6bf4ea386e0c7b8b00a3e52" member_type: VOTER last_known_addr { host: "127.13.140.1" port: 45173 } } peers { permanent_uuid: "d2605ad64e124e38b4ed0613f47b3982" member_type: VOTER last_known_addr { host: "127.13.140.2" port: 38503 } } peers { permanent_uuid: "186506422fd146c8888fec3e6b1382e0" member_type: VOTER last_known_addr { host: "127.13.140.3" port: 38731 } }
I20260630 12:40:39.792948 18522 leader_election.cc:304] T 647f4e1a6bd148e682ecfdbb07ad2928 P d2605ad64e124e38b4ed0613f47b3982 [CANDIDATE]: Term 1 pre-election: Election decided. Result: candidate won. Election summary: received 2 responses out of 3 voters: 2 yes votes; 0 no votes. yes voters: 450cdecdf6bf4ea386e0c7b8b00a3e52, d2605ad64e124e38b4ed0613f47b3982; no voters: 
I20260630 12:40:39.793447 18676 raft_consensus.cc:385] T d0962b06e8f94b02b21f8ac3427c74fb P d2605ad64e124e38b4ed0613f47b3982 [term 0 FOLLOWER]: Consensus starting up: Expiring failure detector timer to make a prompt election more likely
I20260630 12:40:39.789361 18630 raft_consensus.cc:2468] T 647f4e1a6bd148e682ecfdbb07ad2928 P 186506422fd146c8888fec3e6b1382e0 [term 0 FOLLOWER]: Leader pre-election vote request: Granting yes vote for candidate d2605ad64e124e38b4ed0613f47b3982 in term 0.
I20260630 12:40:39.793751 18676 raft_consensus.cc:740] T d0962b06e8f94b02b21f8ac3427c74fb P d2605ad64e124e38b4ed0613f47b3982 [term 0 FOLLOWER]: Becoming Follower/Learner. State: Replica: d2605ad64e124e38b4ed0613f47b3982, State: Initialized, Role: FOLLOWER
I20260630 12:40:39.794669 18676 consensus_queue.cc:260] T d0962b06e8f94b02b21f8ac3427c74fb P d2605ad64e124e38b4ed0613f47b3982 [NON_LEADER]: Queue going to NON_LEADER mode. State: All replicated index: 0, Majority replicated index: 0, Committed index: 0, Last appended: 0.0, Last appended by leader: 0, Current term: 0, Majority size: -1, State: 0, Mode: NON_LEADER, active raft config: opid_index: -1 OBSOLETE_local: false peers { permanent_uuid: "450cdecdf6bf4ea386e0c7b8b00a3e52" member_type: VOTER last_known_addr { host: "127.13.140.1" port: 45173 } } peers { permanent_uuid: "d2605ad64e124e38b4ed0613f47b3982" member_type: VOTER last_known_addr { host: "127.13.140.2" port: 38503 } } peers { permanent_uuid: "186506422fd146c8888fec3e6b1382e0" member_type: VOTER last_known_addr { host: "127.13.140.3" port: 38731 } }
I20260630 12:40:39.795316 18707 leader_election.cc:290] T baf7ff9e796f45c4b8f6230323224725 P 450cdecdf6bf4ea386e0c7b8b00a3e52 [CANDIDATE]: Term 1 pre-election: Requested pre-vote from peers d2605ad64e124e38b4ed0613f47b3982 (127.13.140.2:38503), 186506422fd146c8888fec3e6b1382e0 (127.13.140.3:38731)
I20260630 12:40:39.795562 18677 tablet_bootstrap.cc:654] T 194e30a5c6c0487b983b69dea0c27cbc P 186506422fd146c8888fec3e6b1382e0: Neither blocks nor log segments found. Creating new log.
I20260630 12:40:39.795746 18630 tablet_service.cc:1917] Received RequestConsensusVote() RPC: tablet_id: "baf7ff9e796f45c4b8f6230323224725" candidate_uuid: "450cdecdf6bf4ea386e0c7b8b00a3e52" candidate_term: 1 candidate_status { last_received { term: 0 index: 0 } } ignore_live_leader: false dest_uuid: "186506422fd146c8888fec3e6b1382e0" is_pre_election: true
I20260630 12:40:39.796361 18630 raft_consensus.cc:2468] T baf7ff9e796f45c4b8f6230323224725 P 186506422fd146c8888fec3e6b1382e0 [term 0 FOLLOWER]: Leader pre-election vote request: Granting yes vote for candidate 450cdecdf6bf4ea386e0c7b8b00a3e52 in term 0.
I20260630 12:40:39.796566 18676 ts_tablet_manager.cc:1434] T d0962b06e8f94b02b21f8ac3427c74fb P d2605ad64e124e38b4ed0613f47b3982: Time spent starting tablet: real 0.006s	user 0.005s	sys 0.001s
I20260630 12:40:39.797374 18445 leader_election.cc:304] T baf7ff9e796f45c4b8f6230323224725 P 450cdecdf6bf4ea386e0c7b8b00a3e52 [CANDIDATE]: Term 1 pre-election: Election decided. Result: candidate won. Election summary: received 2 responses out of 3 voters: 2 yes votes; 0 no votes. yes voters: 186506422fd146c8888fec3e6b1382e0, 450cdecdf6bf4ea386e0c7b8b00a3e52; no voters: 
I20260630 12:40:39.799837 18555 tablet_service.cc:1917] Received RequestConsensusVote() RPC: tablet_id: "baf7ff9e796f45c4b8f6230323224725" candidate_uuid: "450cdecdf6bf4ea386e0c7b8b00a3e52" candidate_term: 1 candidate_status { last_received { term: 0 index: 0 } } ignore_live_leader: false dest_uuid: "d2605ad64e124e38b4ed0613f47b3982" is_pre_election: true
I20260630 12:40:39.800490 18555 raft_consensus.cc:2468] T baf7ff9e796f45c4b8f6230323224725 P d2605ad64e124e38b4ed0613f47b3982 [term 0 FOLLOWER]: Leader pre-election vote request: Granting yes vote for candidate 450cdecdf6bf4ea386e0c7b8b00a3e52 in term 0.
I20260630 12:40:39.801801 18628 raft_consensus.cc:2468] T 76c1f409d10142bab99ebeba29889987 P 186506422fd146c8888fec3e6b1382e0 [term 1 FOLLOWER]: Leader election vote request: Granting yes vote for candidate 450cdecdf6bf4ea386e0c7b8b00a3e52 in term 1.
I20260630 12:40:39.789253 18678 tablet_bootstrap.cc:492] T 4b7e242935d74cd0a777fccaef75944e P 450cdecdf6bf4ea386e0c7b8b00a3e52: Bootstrap starting.
I20260630 12:40:39.802937 18719 raft_consensus.cc:493] T d0962b06e8f94b02b21f8ac3427c74fb P 186506422fd146c8888fec3e6b1382e0 [term 0 FOLLOWER]: Starting pre-election (no leader contacted us within the election timeout)
I20260630 12:40:39.803110 18676 tablet_bootstrap.cc:492] T bc731b330a4d45d28577a10e89526987 P d2605ad64e124e38b4ed0613f47b3982: Bootstrap starting.
I20260630 12:40:39.803474 18719 raft_consensus.cc:515] T d0962b06e8f94b02b21f8ac3427c74fb P 186506422fd146c8888fec3e6b1382e0 [term 0 FOLLOWER]: Starting pre-election with config: opid_index: -1 OBSOLETE_local: false peers { permanent_uuid: "450cdecdf6bf4ea386e0c7b8b00a3e52" member_type: VOTER last_known_addr { host: "127.13.140.1" port: 45173 } } peers { permanent_uuid: "d2605ad64e124e38b4ed0613f47b3982" member_type: VOTER last_known_addr { host: "127.13.140.2" port: 38503 } } peers { permanent_uuid: "186506422fd146c8888fec3e6b1382e0" member_type: VOTER last_known_addr { host: "127.13.140.3" port: 38731 } }
I20260630 12:40:39.804677 18445 leader_election.cc:304] T 76c1f409d10142bab99ebeba29889987 P 450cdecdf6bf4ea386e0c7b8b00a3e52 [CANDIDATE]: Term 1 election: Election decided. Result: candidate won. Election summary: received 3 responses out of 3 voters: 2 yes votes; 1 no votes. yes voters: 186506422fd146c8888fec3e6b1382e0, 450cdecdf6bf4ea386e0c7b8b00a3e52; no voters: d2605ad64e124e38b4ed0613f47b3982
I20260630 12:40:39.805848 18707 raft_consensus.cc:2804] T baf7ff9e796f45c4b8f6230323224725 P 450cdecdf6bf4ea386e0c7b8b00a3e52 [term 0 FOLLOWER]: Leader pre-election won for term 1
I20260630 12:40:39.806182 18707 raft_consensus.cc:493] T baf7ff9e796f45c4b8f6230323224725 P 450cdecdf6bf4ea386e0c7b8b00a3e52 [term 0 FOLLOWER]: Starting leader election (no leader contacted us within the election timeout)
I20260630 12:40:39.806555 18707 raft_consensus.cc:3060] T baf7ff9e796f45c4b8f6230323224725 P 450cdecdf6bf4ea386e0c7b8b00a3e52 [term 0 FOLLOWER]: Advancing to term 1
I20260630 12:40:39.807914 18719 leader_election.cc:290] T d0962b06e8f94b02b21f8ac3427c74fb P 186506422fd146c8888fec3e6b1382e0 [CANDIDATE]: Term 1 pre-election: Requested pre-vote from peers 450cdecdf6bf4ea386e0c7b8b00a3e52 (127.13.140.1:45173), d2605ad64e124e38b4ed0613f47b3982 (127.13.140.2:38503)
I20260630 12:40:39.808625 18678 tablet_bootstrap.cc:654] T 4b7e242935d74cd0a777fccaef75944e P 450cdecdf6bf4ea386e0c7b8b00a3e52: Neither blocks nor log segments found. Creating new log.
I20260630 12:40:39.809522 18481 tablet_service.cc:1917] Received RequestConsensusVote() RPC: tablet_id: "d0962b06e8f94b02b21f8ac3427c74fb" candidate_uuid: "186506422fd146c8888fec3e6b1382e0" candidate_term: 1 candidate_status { last_received { term: 0 index: 0 } } ignore_live_leader: false dest_uuid: "450cdecdf6bf4ea386e0c7b8b00a3e52" is_pre_election: true
I20260630 12:40:39.810177 18481 raft_consensus.cc:2468] T d0962b06e8f94b02b21f8ac3427c74fb P 450cdecdf6bf4ea386e0c7b8b00a3e52 [term 0 FOLLOWER]: Leader pre-election vote request: Granting yes vote for candidate 186506422fd146c8888fec3e6b1382e0 in term 0.
I20260630 12:40:39.811354 18596 leader_election.cc:304] T d0962b06e8f94b02b21f8ac3427c74fb P 186506422fd146c8888fec3e6b1382e0 [CANDIDATE]: Term 1 pre-election: Election decided. Result: candidate won. Election summary: received 2 responses out of 3 voters: 2 yes votes; 0 no votes. yes voters: 186506422fd146c8888fec3e6b1382e0, 450cdecdf6bf4ea386e0c7b8b00a3e52; no voters: 
I20260630 12:40:39.812640 18555 tablet_service.cc:1917] Received RequestConsensusVote() RPC: tablet_id: "d0962b06e8f94b02b21f8ac3427c74fb" candidate_uuid: "186506422fd146c8888fec3e6b1382e0" candidate_term: 1 candidate_status { last_received { term: 0 index: 0 } } ignore_live_leader: false dest_uuid: "d2605ad64e124e38b4ed0613f47b3982" is_pre_election: true
I20260630 12:40:39.813298 18555 raft_consensus.cc:2468] T d0962b06e8f94b02b21f8ac3427c74fb P d2605ad64e124e38b4ed0613f47b3982 [term 0 FOLLOWER]: Leader pre-election vote request: Granting yes vote for candidate 186506422fd146c8888fec3e6b1382e0 in term 0.
I20260630 12:40:39.815006 18719 raft_consensus.cc:2804] T d0962b06e8f94b02b21f8ac3427c74fb P 186506422fd146c8888fec3e6b1382e0 [term 0 FOLLOWER]: Leader pre-election won for term 1
I20260630 12:40:39.815397 18719 raft_consensus.cc:493] T d0962b06e8f94b02b21f8ac3427c74fb P 186506422fd146c8888fec3e6b1382e0 [term 0 FOLLOWER]: Starting leader election (no leader contacted us within the election timeout)
I20260630 12:40:39.815702 18719 raft_consensus.cc:3060] T d0962b06e8f94b02b21f8ac3427c74fb P 186506422fd146c8888fec3e6b1382e0 [term 0 FOLLOWER]: Advancing to term 1
I20260630 12:40:39.816481 18377 catalog_manager.cc:5697] T 419848bce57442fca70db7296d467937 P 450cdecdf6bf4ea386e0c7b8b00a3e52 reported cstate change: term changed from 0 to 1, leader changed from <none> to 450cdecdf6bf4ea386e0c7b8b00a3e52 (127.13.140.1). New cstate: current_term: 1 leader_uuid: "450cdecdf6bf4ea386e0c7b8b00a3e52" committed_config { opid_index: -1 OBSOLETE_local: false peers { permanent_uuid: "450cdecdf6bf4ea386e0c7b8b00a3e52" member_type: VOTER last_known_addr { host: "127.13.140.1" port: 45173 } health_report { overall_health: HEALTHY } } peers { permanent_uuid: "d2605ad64e124e38b4ed0613f47b3982" member_type: VOTER last_known_addr { host: "127.13.140.2" port: 38503 } health_report { overall_health: UNKNOWN } } peers { permanent_uuid: "186506422fd146c8888fec3e6b1382e0" member_type: VOTER last_known_addr { host: "127.13.140.3" port: 38731 } health_report { overall_health: UNKNOWN } } }
I20260630 12:40:39.821012 18678 tablet_bootstrap.cc:492] T 4b7e242935d74cd0a777fccaef75944e P 450cdecdf6bf4ea386e0c7b8b00a3e52: No bootstrap required, opened a new log
I20260630 12:40:39.821604 18678 ts_tablet_manager.cc:1403] T 4b7e242935d74cd0a777fccaef75944e P 450cdecdf6bf4ea386e0c7b8b00a3e52: Time spent bootstrapping tablet: real 0.033s	user 0.015s	sys 0.002s
I20260630 12:40:39.824669 18678 raft_consensus.cc:359] T 4b7e242935d74cd0a777fccaef75944e P 450cdecdf6bf4ea386e0c7b8b00a3e52 [term 0 FOLLOWER]: Replica starting. Triggering 0 pending ops. Active config: opid_index: -1 OBSOLETE_local: false peers { permanent_uuid: "450cdecdf6bf4ea386e0c7b8b00a3e52" member_type: VOTER last_known_addr { host: "127.13.140.1" port: 45173 } } peers { permanent_uuid: "d2605ad64e124e38b4ed0613f47b3982" member_type: VOTER last_known_addr { host: "127.13.140.2" port: 38503 } } peers { permanent_uuid: "186506422fd146c8888fec3e6b1382e0" member_type: VOTER last_known_addr { host: "127.13.140.3" port: 38731 } }
I20260630 12:40:39.825670 18682 raft_consensus.cc:2804] T 647f4e1a6bd148e682ecfdbb07ad2928 P d2605ad64e124e38b4ed0613f47b3982 [term 0 FOLLOWER]: Leader pre-election won for term 1
I20260630 12:40:39.826159 18682 raft_consensus.cc:493] T 647f4e1a6bd148e682ecfdbb07ad2928 P d2605ad64e124e38b4ed0613f47b3982 [term 0 FOLLOWER]: Starting leader election (no leader contacted us within the election timeout)
I20260630 12:40:39.826606 18682 raft_consensus.cc:3060] T 647f4e1a6bd148e682ecfdbb07ad2928 P d2605ad64e124e38b4ed0613f47b3982 [term 0 FOLLOWER]: Advancing to term 1
I20260630 12:40:39.827039 18683 raft_consensus.cc:2804] T 76c1f409d10142bab99ebeba29889987 P 450cdecdf6bf4ea386e0c7b8b00a3e52 [term 1 FOLLOWER]: Leader election won for term 1
I20260630 12:40:39.829101 18676 tablet_bootstrap.cc:654] T bc731b330a4d45d28577a10e89526987 P d2605ad64e124e38b4ed0613f47b3982: Neither blocks nor log segments found. Creating new log.
I20260630 12:40:39.829676 18683 raft_consensus.cc:697] T 76c1f409d10142bab99ebeba29889987 P 450cdecdf6bf4ea386e0c7b8b00a3e52 [term 1 LEADER]: Becoming Leader. State: Replica: 450cdecdf6bf4ea386e0c7b8b00a3e52, State: Running, Role: LEADER
I20260630 12:40:39.830600 18683 consensus_queue.cc:237] T 76c1f409d10142bab99ebeba29889987 P 450cdecdf6bf4ea386e0c7b8b00a3e52 [LEADER]: Queue going to LEADER mode. State: All replicated index: 0, Majority replicated index: 0, Committed index: 0, Last appended: 0.0, Last appended by leader: 0, Current term: 1, Majority size: 2, State: 0, Mode: LEADER, active raft config: opid_index: -1 OBSOLETE_local: false peers { permanent_uuid: "450cdecdf6bf4ea386e0c7b8b00a3e52" member_type: VOTER last_known_addr { host: "127.13.140.1" port: 45173 } } peers { permanent_uuid: "d2605ad64e124e38b4ed0613f47b3982" member_type: VOTER last_known_addr { host: "127.13.140.2" port: 38503 } } peers { permanent_uuid: "186506422fd146c8888fec3e6b1382e0" member_type: VOTER last_known_addr { host: "127.13.140.3" port: 38731 } }
I20260630 12:40:39.831820 18678 raft_consensus.cc:385] T 4b7e242935d74cd0a777fccaef75944e P 450cdecdf6bf4ea386e0c7b8b00a3e52 [term 0 FOLLOWER]: Consensus starting up: Expiring failure detector timer to make a prompt election more likely
I20260630 12:40:39.840768 18678 raft_consensus.cc:740] T 4b7e242935d74cd0a777fccaef75944e P 450cdecdf6bf4ea386e0c7b8b00a3e52 [term 0 FOLLOWER]: Becoming Follower/Learner. State: Replica: 450cdecdf6bf4ea386e0c7b8b00a3e52, State: Initialized, Role: FOLLOWER
I20260630 12:40:39.841509 18707 raft_consensus.cc:515] T baf7ff9e796f45c4b8f6230323224725 P 450cdecdf6bf4ea386e0c7b8b00a3e52 [term 1 FOLLOWER]: Starting leader election with config: opid_index: -1 OBSOLETE_local: false peers { permanent_uuid: "450cdecdf6bf4ea386e0c7b8b00a3e52" member_type: VOTER last_known_addr { host: "127.13.140.1" port: 45173 } } peers { permanent_uuid: "d2605ad64e124e38b4ed0613f47b3982" member_type: VOTER last_known_addr { host: "127.13.140.2" port: 38503 } } peers { permanent_uuid: "186506422fd146c8888fec3e6b1382e0" member_type: VOTER last_known_addr { host: "127.13.140.3" port: 38731 } }
I20260630 12:40:39.844430 18682 raft_consensus.cc:515] T 647f4e1a6bd148e682ecfdbb07ad2928 P d2605ad64e124e38b4ed0613f47b3982 [term 1 FOLLOWER]: Starting leader election with config: opid_index: -1 OBSOLETE_local: false peers { permanent_uuid: "450cdecdf6bf4ea386e0c7b8b00a3e52" member_type: VOTER last_known_addr { host: "127.13.140.1" port: 45173 } } peers { permanent_uuid: "d2605ad64e124e38b4ed0613f47b3982" member_type: VOTER last_known_addr { host: "127.13.140.2" port: 38503 } } peers { permanent_uuid: "186506422fd146c8888fec3e6b1382e0" member_type: VOTER last_known_addr { host: "127.13.140.3" port: 38731 } }
I20260630 12:40:39.849172 18682 leader_election.cc:290] T 647f4e1a6bd148e682ecfdbb07ad2928 P d2605ad64e124e38b4ed0613f47b3982 [CANDIDATE]: Term 1 election: Requested vote from peers 450cdecdf6bf4ea386e0c7b8b00a3e52 (127.13.140.1:45173), 186506422fd146c8888fec3e6b1382e0 (127.13.140.3:38731)
I20260630 12:40:39.849330 18630 tablet_service.cc:1917] Received RequestConsensusVote() RPC: tablet_id: "647f4e1a6bd148e682ecfdbb07ad2928" candidate_uuid: "d2605ad64e124e38b4ed0613f47b3982" candidate_term: 1 candidate_status { last_received { term: 0 index: 0 } } ignore_live_leader: false dest_uuid: "186506422fd146c8888fec3e6b1382e0"
I20260630 12:40:39.849496 18628 tablet_service.cc:1917] Received RequestConsensusVote() RPC: tablet_id: "baf7ff9e796f45c4b8f6230323224725" candidate_uuid: "450cdecdf6bf4ea386e0c7b8b00a3e52" candidate_term: 1 candidate_status { last_received { term: 0 index: 0 } } ignore_live_leader: false dest_uuid: "186506422fd146c8888fec3e6b1382e0"
I20260630 12:40:39.849938 18630 raft_consensus.cc:3060] T 647f4e1a6bd148e682ecfdbb07ad2928 P 186506422fd146c8888fec3e6b1382e0 [term 0 FOLLOWER]: Advancing to term 1
I20260630 12:40:39.851389 18481 tablet_service.cc:1917] Received RequestConsensusVote() RPC: tablet_id: "647f4e1a6bd148e682ecfdbb07ad2928" candidate_uuid: "d2605ad64e124e38b4ed0613f47b3982" candidate_term: 1 candidate_status { last_received { term: 0 index: 0 } } ignore_live_leader: false dest_uuid: "450cdecdf6bf4ea386e0c7b8b00a3e52"
I20260630 12:40:39.852087 18481 raft_consensus.cc:3060] T 647f4e1a6bd148e682ecfdbb07ad2928 P 450cdecdf6bf4ea386e0c7b8b00a3e52 [term 0 FOLLOWER]: Advancing to term 1
I20260630 12:40:39.853427 18628 raft_consensus.cc:3060] T baf7ff9e796f45c4b8f6230323224725 P 186506422fd146c8888fec3e6b1382e0 [term 0 FOLLOWER]: Advancing to term 1
I20260630 12:40:39.844890 18555 tablet_service.cc:1917] Received RequestConsensusVote() RPC: tablet_id: "baf7ff9e796f45c4b8f6230323224725" candidate_uuid: "450cdecdf6bf4ea386e0c7b8b00a3e52" candidate_term: 1 candidate_status { last_received { term: 0 index: 0 } } ignore_live_leader: false dest_uuid: "d2605ad64e124e38b4ed0613f47b3982"
I20260630 12:40:39.861421 18555 raft_consensus.cc:3060] T baf7ff9e796f45c4b8f6230323224725 P d2605ad64e124e38b4ed0613f47b3982 [term 0 FOLLOWER]: Advancing to term 1
I20260630 12:40:39.861593 18630 raft_consensus.cc:2468] T 647f4e1a6bd148e682ecfdbb07ad2928 P 186506422fd146c8888fec3e6b1382e0 [term 1 FOLLOWER]: Leader election vote request: Granting yes vote for candidate d2605ad64e124e38b4ed0613f47b3982 in term 1.
I20260630 12:40:39.863205 18520 leader_election.cc:304] T 647f4e1a6bd148e682ecfdbb07ad2928 P d2605ad64e124e38b4ed0613f47b3982 [CANDIDATE]: Term 1 election: Election decided. Result: candidate won. Election summary: received 2 responses out of 3 voters: 2 yes votes; 0 no votes. yes voters: 186506422fd146c8888fec3e6b1382e0, d2605ad64e124e38b4ed0613f47b3982; no voters: 
I20260630 12:40:39.864084 18682 raft_consensus.cc:2804] T 647f4e1a6bd148e682ecfdbb07ad2928 P d2605ad64e124e38b4ed0613f47b3982 [term 1 FOLLOWER]: Leader election won for term 1
I20260630 12:40:39.864545 18682 raft_consensus.cc:697] T 647f4e1a6bd148e682ecfdbb07ad2928 P d2605ad64e124e38b4ed0613f47b3982 [term 1 LEADER]: Becoming Leader. State: Replica: d2605ad64e124e38b4ed0613f47b3982, State: Running, Role: LEADER
I20260630 12:40:39.865355 18682 consensus_queue.cc:237] T 647f4e1a6bd148e682ecfdbb07ad2928 P d2605ad64e124e38b4ed0613f47b3982 [LEADER]: Queue going to LEADER mode. State: All replicated index: 0, Majority replicated index: 0, Committed index: 0, Last appended: 0.0, Last appended by leader: 0, Current term: 1, Majority size: 2, State: 0, Mode: LEADER, active raft config: opid_index: -1 OBSOLETE_local: false peers { permanent_uuid: "450cdecdf6bf4ea386e0c7b8b00a3e52" member_type: VOTER last_known_addr { host: "127.13.140.1" port: 45173 } } peers { permanent_uuid: "d2605ad64e124e38b4ed0613f47b3982" member_type: VOTER last_known_addr { host: "127.13.140.2" port: 38503 } } peers { permanent_uuid: "186506422fd146c8888fec3e6b1382e0" member_type: VOTER last_known_addr { host: "127.13.140.3" port: 38731 } }
I20260630 12:40:39.841763 18678 consensus_queue.cc:260] T 4b7e242935d74cd0a777fccaef75944e P 450cdecdf6bf4ea386e0c7b8b00a3e52 [NON_LEADER]: Queue going to NON_LEADER mode. State: All replicated index: 0, Majority replicated index: 0, Committed index: 0, Last appended: 0.0, Last appended by leader: 0, Current term: 0, Majority size: -1, State: 0, Mode: NON_LEADER, active raft config: opid_index: -1 OBSOLETE_local: false peers { permanent_uuid: "450cdecdf6bf4ea386e0c7b8b00a3e52" member_type: VOTER last_known_addr { host: "127.13.140.1" port: 45173 } } peers { permanent_uuid: "d2605ad64e124e38b4ed0613f47b3982" member_type: VOTER last_known_addr { host: "127.13.140.2" port: 38503 } } peers { permanent_uuid: "186506422fd146c8888fec3e6b1382e0" member_type: VOTER last_known_addr { host: "127.13.140.3" port: 38731 } }
I20260630 12:40:39.840755 18719 raft_consensus.cc:515] T d0962b06e8f94b02b21f8ac3427c74fb P 186506422fd146c8888fec3e6b1382e0 [term 1 FOLLOWER]: Starting leader election with config: opid_index: -1 OBSOLETE_local: false peers { permanent_uuid: "450cdecdf6bf4ea386e0c7b8b00a3e52" member_type: VOTER last_known_addr { host: "127.13.140.1" port: 45173 } } peers { permanent_uuid: "d2605ad64e124e38b4ed0613f47b3982" member_type: VOTER last_known_addr { host: "127.13.140.2" port: 38503 } } peers { permanent_uuid: "186506422fd146c8888fec3e6b1382e0" member_type: VOTER last_known_addr { host: "127.13.140.3" port: 38731 } }
I20260630 12:40:39.868279 18678 ts_tablet_manager.cc:1434] T 4b7e242935d74cd0a777fccaef75944e P 450cdecdf6bf4ea386e0c7b8b00a3e52: Time spent starting tablet: real 0.046s	user 0.007s	sys 0.000s
I20260630 12:40:39.869997 18556 tablet_service.cc:1917] Received RequestConsensusVote() RPC: tablet_id: "d0962b06e8f94b02b21f8ac3427c74fb" candidate_uuid: "186506422fd146c8888fec3e6b1382e0" candidate_term: 1 candidate_status { last_received { term: 0 index: 0 } } ignore_live_leader: false dest_uuid: "d2605ad64e124e38b4ed0613f47b3982"
I20260630 12:40:39.870692 18556 raft_consensus.cc:3060] T d0962b06e8f94b02b21f8ac3427c74fb P d2605ad64e124e38b4ed0613f47b3982 [term 0 FOLLOWER]: Advancing to term 1
I20260630 12:40:39.871519 18678 tablet_bootstrap.cc:492] T abb10a07355143f3b550b2cd833ab64b P 450cdecdf6bf4ea386e0c7b8b00a3e52: Bootstrap starting.
I20260630 12:40:39.874395 18480 tablet_service.cc:1917] Received RequestConsensusVote() RPC: tablet_id: "d0962b06e8f94b02b21f8ac3427c74fb" candidate_uuid: "186506422fd146c8888fec3e6b1382e0" candidate_term: 1 candidate_status { last_received { term: 0 index: 0 } } ignore_live_leader: false dest_uuid: "450cdecdf6bf4ea386e0c7b8b00a3e52"
I20260630 12:40:39.875084 18480 raft_consensus.cc:3060] T d0962b06e8f94b02b21f8ac3427c74fb P 450cdecdf6bf4ea386e0c7b8b00a3e52 [term 0 FOLLOWER]: Advancing to term 1
I20260630 12:40:39.868299 18719 leader_election.cc:290] T d0962b06e8f94b02b21f8ac3427c74fb P 186506422fd146c8888fec3e6b1382e0 [CANDIDATE]: Term 1 election: Requested vote from peers 450cdecdf6bf4ea386e0c7b8b00a3e52 (127.13.140.1:45173), d2605ad64e124e38b4ed0613f47b3982 (127.13.140.2:38503)
I20260630 12:40:39.887830 18480 raft_consensus.cc:2468] T d0962b06e8f94b02b21f8ac3427c74fb P 450cdecdf6bf4ea386e0c7b8b00a3e52 [term 1 FOLLOWER]: Leader election vote request: Granting yes vote for candidate 186506422fd146c8888fec3e6b1382e0 in term 1.
I20260630 12:40:39.891088 18596 leader_election.cc:304] T d0962b06e8f94b02b21f8ac3427c74fb P 186506422fd146c8888fec3e6b1382e0 [CANDIDATE]: Term 1 election: Election decided. Result: candidate won. Election summary: received 2 responses out of 3 voters: 2 yes votes; 0 no votes. yes voters: 186506422fd146c8888fec3e6b1382e0, 450cdecdf6bf4ea386e0c7b8b00a3e52; no voters: 
I20260630 12:40:39.892174 18719 raft_consensus.cc:2804] T d0962b06e8f94b02b21f8ac3427c74fb P 186506422fd146c8888fec3e6b1382e0 [term 1 FOLLOWER]: Leader election won for term 1
I20260630 12:40:39.892761 18719 raft_consensus.cc:697] T d0962b06e8f94b02b21f8ac3427c74fb P 186506422fd146c8888fec3e6b1382e0 [term 1 LEADER]: Becoming Leader. State: Replica: 186506422fd146c8888fec3e6b1382e0, State: Running, Role: LEADER
I20260630 12:40:39.893693 18719 consensus_queue.cc:237] T d0962b06e8f94b02b21f8ac3427c74fb P 186506422fd146c8888fec3e6b1382e0 [LEADER]: Queue going to LEADER mode. State: All replicated index: 0, Majority replicated index: 0, Committed index: 0, Last appended: 0.0, Last appended by leader: 0, Current term: 1, Majority size: 2, State: 0, Mode: LEADER, active raft config: opid_index: -1 OBSOLETE_local: false peers { permanent_uuid: "450cdecdf6bf4ea386e0c7b8b00a3e52" member_type: VOTER last_known_addr { host: "127.13.140.1" port: 45173 } } peers { permanent_uuid: "d2605ad64e124e38b4ed0613f47b3982" member_type: VOTER last_known_addr { host: "127.13.140.2" port: 38503 } } peers { permanent_uuid: "186506422fd146c8888fec3e6b1382e0" member_type: VOTER last_known_addr { host: "127.13.140.3" port: 38731 } }
I20260630 12:40:39.896549 18628 raft_consensus.cc:2468] T baf7ff9e796f45c4b8f6230323224725 P 186506422fd146c8888fec3e6b1382e0 [term 1 FOLLOWER]: Leader election vote request: Granting yes vote for candidate 450cdecdf6bf4ea386e0c7b8b00a3e52 in term 1.
I20260630 12:40:39.898138 18445 leader_election.cc:304] T baf7ff9e796f45c4b8f6230323224725 P 450cdecdf6bf4ea386e0c7b8b00a3e52 [CANDIDATE]: Term 1 election: Election decided. Result: candidate won. Election summary: received 2 responses out of 3 voters: 2 yes votes; 0 no votes. yes voters: 186506422fd146c8888fec3e6b1382e0, 450cdecdf6bf4ea386e0c7b8b00a3e52; no voters: 
I20260630 12:40:39.898772 18556 raft_consensus.cc:2468] T d0962b06e8f94b02b21f8ac3427c74fb P d2605ad64e124e38b4ed0613f47b3982 [term 1 FOLLOWER]: Leader election vote request: Granting yes vote for candidate 186506422fd146c8888fec3e6b1382e0 in term 1.
I20260630 12:40:39.899066 18683 raft_consensus.cc:2804] T baf7ff9e796f45c4b8f6230323224725 P 450cdecdf6bf4ea386e0c7b8b00a3e52 [term 1 FOLLOWER]: Leader election won for term 1
I20260630 12:40:39.888701 18678 tablet_bootstrap.cc:654] T abb10a07355143f3b550b2cd833ab64b P 450cdecdf6bf4ea386e0c7b8b00a3e52: Neither blocks nor log segments found. Creating new log.
I20260630 12:40:39.899638 18683 raft_consensus.cc:697] T baf7ff9e796f45c4b8f6230323224725 P 450cdecdf6bf4ea386e0c7b8b00a3e52 [term 1 LEADER]: Becoming Leader. State: Replica: 450cdecdf6bf4ea386e0c7b8b00a3e52, State: Running, Role: LEADER
I20260630 12:40:39.900563 18683 consensus_queue.cc:237] T baf7ff9e796f45c4b8f6230323224725 P 450cdecdf6bf4ea386e0c7b8b00a3e52 [LEADER]: Queue going to LEADER mode. State: All replicated index: 0, Majority replicated index: 0, Committed index: 0, Last appended: 0.0, Last appended by leader: 0, Current term: 1, Majority size: 2, State: 0, Mode: LEADER, active raft config: opid_index: -1 OBSOLETE_local: false peers { permanent_uuid: "450cdecdf6bf4ea386e0c7b8b00a3e52" member_type: VOTER last_known_addr { host: "127.13.140.1" port: 45173 } } peers { permanent_uuid: "d2605ad64e124e38b4ed0613f47b3982" member_type: VOTER last_known_addr { host: "127.13.140.2" port: 38503 } } peers { permanent_uuid: "186506422fd146c8888fec3e6b1382e0" member_type: VOTER last_known_addr { host: "127.13.140.3" port: 38731 } }
I20260630 12:40:39.914166 18710 raft_consensus.cc:493] T 194e30a5c6c0487b983b69dea0c27cbc P 450cdecdf6bf4ea386e0c7b8b00a3e52 [term 0 FOLLOWER]: Starting pre-election (no leader contacted us within the election timeout)
I20260630 12:40:39.918381 18378 catalog_manager.cc:5697] T d0962b06e8f94b02b21f8ac3427c74fb P 186506422fd146c8888fec3e6b1382e0 reported cstate change: term changed from 0 to 1, leader changed from <none> to 186506422fd146c8888fec3e6b1382e0 (127.13.140.3). New cstate: current_term: 1 leader_uuid: "186506422fd146c8888fec3e6b1382e0" committed_config { opid_index: -1 OBSOLETE_local: false peers { permanent_uuid: "450cdecdf6bf4ea386e0c7b8b00a3e52" member_type: VOTER last_known_addr { host: "127.13.140.1" port: 45173 } health_report { overall_health: UNKNOWN } } peers { permanent_uuid: "d2605ad64e124e38b4ed0613f47b3982" member_type: VOTER last_known_addr { host: "127.13.140.2" port: 38503 } health_report { overall_health: UNKNOWN } } peers { permanent_uuid: "186506422fd146c8888fec3e6b1382e0" member_type: VOTER last_known_addr { host: "127.13.140.3" port: 38731 } health_report { overall_health: HEALTHY } } }
I20260630 12:40:39.914762 18710 raft_consensus.cc:515] T 194e30a5c6c0487b983b69dea0c27cbc P 450cdecdf6bf4ea386e0c7b8b00a3e52 [term 0 FOLLOWER]: Starting pre-election with config: opid_index: -1 OBSOLETE_local: false peers { permanent_uuid: "450cdecdf6bf4ea386e0c7b8b00a3e52" member_type: VOTER last_known_addr { host: "127.13.140.1" port: 45173 } } peers { permanent_uuid: "d2605ad64e124e38b4ed0613f47b3982" member_type: VOTER last_known_addr { host: "127.13.140.2" port: 38503 } } peers { permanent_uuid: "186506422fd146c8888fec3e6b1382e0" member_type: VOTER last_known_addr { host: "127.13.140.3" port: 38731 } }
I20260630 12:40:39.921900 18710 leader_election.cc:290] T 194e30a5c6c0487b983b69dea0c27cbc P 450cdecdf6bf4ea386e0c7b8b00a3e52 [CANDIDATE]: Term 1 pre-election: Requested pre-vote from peers d2605ad64e124e38b4ed0613f47b3982 (127.13.140.2:38503), 186506422fd146c8888fec3e6b1382e0 (127.13.140.3:38731)
I20260630 12:40:39.925382 18556 tablet_service.cc:1917] Received RequestConsensusVote() RPC: tablet_id: "194e30a5c6c0487b983b69dea0c27cbc" candidate_uuid: "450cdecdf6bf4ea386e0c7b8b00a3e52" candidate_term: 1 candidate_status { last_received { term: 0 index: 0 } } ignore_live_leader: false dest_uuid: "d2605ad64e124e38b4ed0613f47b3982" is_pre_election: true
I20260630 12:40:39.922247 18377 catalog_manager.cc:5697] T 76c1f409d10142bab99ebeba29889987 P 450cdecdf6bf4ea386e0c7b8b00a3e52 reported cstate change: term changed from 0 to 1, leader changed from <none> to 450cdecdf6bf4ea386e0c7b8b00a3e52 (127.13.140.1). New cstate: current_term: 1 leader_uuid: "450cdecdf6bf4ea386e0c7b8b00a3e52" committed_config { opid_index: -1 OBSOLETE_local: false peers { permanent_uuid: "450cdecdf6bf4ea386e0c7b8b00a3e52" member_type: VOTER last_known_addr { host: "127.13.140.1" port: 45173 } health_report { overall_health: HEALTHY } } peers { permanent_uuid: "d2605ad64e124e38b4ed0613f47b3982" member_type: VOTER last_known_addr { host: "127.13.140.2" port: 38503 } health_report { overall_health: UNKNOWN } } peers { permanent_uuid: "186506422fd146c8888fec3e6b1382e0" member_type: VOTER last_known_addr { host: "127.13.140.3" port: 38731 } health_report { overall_health: UNKNOWN } } }
W20260630 12:40:39.927850 18447 leader_election.cc:343] T 194e30a5c6c0487b983b69dea0c27cbc P 450cdecdf6bf4ea386e0c7b8b00a3e52 [CANDIDATE]: Term 1 pre-election: Tablet error from VoteRequest() call to peer d2605ad64e124e38b4ed0613f47b3982 (127.13.140.2:38503): Illegal state: must be running to vote when last-logged opid is not known
I20260630 12:40:39.920749 18376 catalog_manager.cc:5697] T 647f4e1a6bd148e682ecfdbb07ad2928 P d2605ad64e124e38b4ed0613f47b3982 reported cstate change: term changed from 0 to 1, leader changed from <none> to d2605ad64e124e38b4ed0613f47b3982 (127.13.140.2). New cstate: current_term: 1 leader_uuid: "d2605ad64e124e38b4ed0613f47b3982" committed_config { opid_index: -1 OBSOLETE_local: false peers { permanent_uuid: "450cdecdf6bf4ea386e0c7b8b00a3e52" member_type: VOTER last_known_addr { host: "127.13.140.1" port: 45173 } health_report { overall_health: UNKNOWN } } peers { permanent_uuid: "d2605ad64e124e38b4ed0613f47b3982" member_type: VOTER last_known_addr { host: "127.13.140.2" port: 38503 } health_report { overall_health: HEALTHY } } peers { permanent_uuid: "186506422fd146c8888fec3e6b1382e0" member_type: VOTER last_known_addr { host: "127.13.140.3" port: 38731 } health_report { overall_health: UNKNOWN } } }
I20260630 12:40:39.932718 18480 raft_consensus.cc:3060] T 80ec149149e74e3295cef48f6e73fc8c P 450cdecdf6bf4ea386e0c7b8b00a3e52 [term 0 FOLLOWER]: Advancing to term 1
I20260630 12:40:39.912516 18707 leader_election.cc:290] T baf7ff9e796f45c4b8f6230323224725 P 450cdecdf6bf4ea386e0c7b8b00a3e52 [CANDIDATE]: Term 1 election: Requested vote from peers d2605ad64e124e38b4ed0613f47b3982 (127.13.140.2:38503), 186506422fd146c8888fec3e6b1382e0 (127.13.140.3:38731)
I20260630 12:40:39.883646 18481 raft_consensus.cc:2468] T 647f4e1a6bd148e682ecfdbb07ad2928 P 450cdecdf6bf4ea386e0c7b8b00a3e52 [term 1 FOLLOWER]: Leader election vote request: Granting yes vote for candidate d2605ad64e124e38b4ed0613f47b3982 in term 1.
I20260630 12:40:39.935283 18628 tablet_service.cc:1917] Received RequestConsensusVote() RPC: tablet_id: "194e30a5c6c0487b983b69dea0c27cbc" candidate_uuid: "450cdecdf6bf4ea386e0c7b8b00a3e52" candidate_term: 1 candidate_status { last_received { term: 0 index: 0 } } ignore_live_leader: false dest_uuid: "186506422fd146c8888fec3e6b1382e0" is_pre_election: true
W20260630 12:40:39.936830 18445 leader_election.cc:343] T 194e30a5c6c0487b983b69dea0c27cbc P 450cdecdf6bf4ea386e0c7b8b00a3e52 [CANDIDATE]: Term 1 pre-election: Tablet error from VoteRequest() call to peer 186506422fd146c8888fec3e6b1382e0 (127.13.140.3:38731): Illegal state: must be running to vote when last-logged opid is not known
I20260630 12:40:39.937314 18445 leader_election.cc:304] T 194e30a5c6c0487b983b69dea0c27cbc P 450cdecdf6bf4ea386e0c7b8b00a3e52 [CANDIDATE]: Term 1 pre-election: Election decided. Result: candidate lost. Election summary: received 3 responses out of 3 voters: 1 yes votes; 2 no votes. yes voters: 450cdecdf6bf4ea386e0c7b8b00a3e52; no voters: 186506422fd146c8888fec3e6b1382e0, d2605ad64e124e38b4ed0613f47b3982
I20260630 12:40:39.938576 18682 raft_consensus.cc:493] T 76c1f409d10142bab99ebeba29889987 P d2605ad64e124e38b4ed0613f47b3982 [term 0 FOLLOWER]: Starting pre-election (no leader contacted us within the election timeout)
I20260630 12:40:39.939102 18682 raft_consensus.cc:515] T 76c1f409d10142bab99ebeba29889987 P d2605ad64e124e38b4ed0613f47b3982 [term 0 FOLLOWER]: Starting pre-election with config: opid_index: -1 OBSOLETE_local: false peers { permanent_uuid: "450cdecdf6bf4ea386e0c7b8b00a3e52" member_type: VOTER last_known_addr { host: "127.13.140.1" port: 45173 } } peers { permanent_uuid: "d2605ad64e124e38b4ed0613f47b3982" member_type: VOTER last_known_addr { host: "127.13.140.2" port: 38503 } } peers { permanent_uuid: "186506422fd146c8888fec3e6b1382e0" member_type: VOTER last_known_addr { host: "127.13.140.3" port: 38731 } }
I20260630 12:40:39.942102 18707 raft_consensus.cc:2749] T 194e30a5c6c0487b983b69dea0c27cbc P 450cdecdf6bf4ea386e0c7b8b00a3e52 [term 0 FOLLOWER]: Leader pre-election lost for term 1. Reason: could not achieve majority
I20260630 12:40:39.944242 18682 leader_election.cc:290] T 76c1f409d10142bab99ebeba29889987 P d2605ad64e124e38b4ed0613f47b3982 [CANDIDATE]: Term 1 pre-election: Requested pre-vote from peers 450cdecdf6bf4ea386e0c7b8b00a3e52 (127.13.140.1:45173), 186506422fd146c8888fec3e6b1382e0 (127.13.140.3:38731)
I20260630 12:40:39.944401 18630 tablet_service.cc:1917] Received RequestConsensusVote() RPC: tablet_id: "76c1f409d10142bab99ebeba29889987" candidate_uuid: "d2605ad64e124e38b4ed0613f47b3982" candidate_term: 1 candidate_status { last_received { term: 0 index: 0 } } ignore_live_leader: false dest_uuid: "186506422fd146c8888fec3e6b1382e0" is_pre_election: true
I20260630 12:40:39.945336 18630 raft_consensus.cc:2393] T 76c1f409d10142bab99ebeba29889987 P 186506422fd146c8888fec3e6b1382e0 [term 1 FOLLOWER]: Leader pre-election vote request: Denying vote to candidate d2605ad64e124e38b4ed0613f47b3982 in current term 1: Already voted for candidate 450cdecdf6bf4ea386e0c7b8b00a3e52 in this term.
I20260630 12:40:39.945174 18481 tablet_service.cc:1917] Received RequestConsensusVote() RPC: tablet_id: "76c1f409d10142bab99ebeba29889987" candidate_uuid: "d2605ad64e124e38b4ed0613f47b3982" candidate_term: 1 candidate_status { last_received { term: 0 index: 0 } } ignore_live_leader: false dest_uuid: "450cdecdf6bf4ea386e0c7b8b00a3e52" is_pre_election: true
I20260630 12:40:39.946867 18522 leader_election.cc:304] T 76c1f409d10142bab99ebeba29889987 P d2605ad64e124e38b4ed0613f47b3982 [CANDIDATE]: Term 1 pre-election: Election decided. Result: candidate lost. Election summary: received 3 responses out of 3 voters: 1 yes votes; 2 no votes. yes voters: d2605ad64e124e38b4ed0613f47b3982; no voters: 186506422fd146c8888fec3e6b1382e0, 450cdecdf6bf4ea386e0c7b8b00a3e52
I20260630 12:40:39.948383 18682 raft_consensus.cc:3060] T 76c1f409d10142bab99ebeba29889987 P d2605ad64e124e38b4ed0613f47b3982 [term 0 FOLLOWER]: Advancing to term 1
I20260630 12:40:39.948599 18699 consensus_queue.cc:1048] T 80ec149149e74e3295cef48f6e73fc8c P d2605ad64e124e38b4ed0613f47b3982 [LEADER]: Connected to new peer: Peer: permanent_uuid: "450cdecdf6bf4ea386e0c7b8b00a3e52" member_type: VOTER last_known_addr { host: "127.13.140.1" port: 45173 }, Status: LMP_MISMATCH, Last received: 0.0, Next index: 1, Last known committed idx: 0, Time since last communication: 0.001s
I20260630 12:40:39.950214 18555 raft_consensus.cc:2468] T baf7ff9e796f45c4b8f6230323224725 P d2605ad64e124e38b4ed0613f47b3982 [term 1 FOLLOWER]: Leader election vote request: Granting yes vote for candidate 450cdecdf6bf4ea386e0c7b8b00a3e52 in term 1.
I20260630 12:40:39.962896 18682 raft_consensus.cc:2749] T 76c1f409d10142bab99ebeba29889987 P d2605ad64e124e38b4ed0613f47b3982 [term 1 FOLLOWER]: Leader pre-election lost for term 1. Reason: could not achieve majority
I20260630 12:40:39.967694 18678 tablet_bootstrap.cc:492] T abb10a07355143f3b550b2cd833ab64b P 450cdecdf6bf4ea386e0c7b8b00a3e52: No bootstrap required, opened a new log
I20260630 12:40:39.967573 18376 catalog_manager.cc:5697] T baf7ff9e796f45c4b8f6230323224725 P 450cdecdf6bf4ea386e0c7b8b00a3e52 reported cstate change: term changed from 0 to 1, leader changed from <none> to 450cdecdf6bf4ea386e0c7b8b00a3e52 (127.13.140.1). New cstate: current_term: 1 leader_uuid: "450cdecdf6bf4ea386e0c7b8b00a3e52" committed_config { opid_index: -1 OBSOLETE_local: false peers { permanent_uuid: "450cdecdf6bf4ea386e0c7b8b00a3e52" member_type: VOTER last_known_addr { host: "127.13.140.1" port: 45173 } health_report { overall_health: HEALTHY } } peers { permanent_uuid: "d2605ad64e124e38b4ed0613f47b3982" member_type: VOTER last_known_addr { host: "127.13.140.2" port: 38503 } health_report { overall_health: UNKNOWN } } peers { permanent_uuid: "186506422fd146c8888fec3e6b1382e0" member_type: VOTER last_known_addr { host: "127.13.140.3" port: 38731 } health_report { overall_health: UNKNOWN } } }
I20260630 12:40:39.968233 18678 ts_tablet_manager.cc:1403] T abb10a07355143f3b550b2cd833ab64b P 450cdecdf6bf4ea386e0c7b8b00a3e52: Time spent bootstrapping tablet: real 0.097s	user 0.016s	sys 0.001s
I20260630 12:40:39.970947 18677 tablet_bootstrap.cc:492] T 194e30a5c6c0487b983b69dea0c27cbc P 186506422fd146c8888fec3e6b1382e0: No bootstrap required, opened a new log
I20260630 12:40:39.971516 18677 ts_tablet_manager.cc:1403] T 194e30a5c6c0487b983b69dea0c27cbc P 186506422fd146c8888fec3e6b1382e0: Time spent bootstrapping tablet: real 0.182s	user 0.034s	sys 0.095s
I20260630 12:40:39.972200 18678 raft_consensus.cc:359] T abb10a07355143f3b550b2cd833ab64b P 450cdecdf6bf4ea386e0c7b8b00a3e52 [term 0 FOLLOWER]: Replica starting. Triggering 0 pending ops. Active config: opid_index: -1 OBSOLETE_local: false peers { permanent_uuid: "450cdecdf6bf4ea386e0c7b8b00a3e52" member_type: VOTER last_known_addr { host: "127.13.140.1" port: 45173 } } peers { permanent_uuid: "d2605ad64e124e38b4ed0613f47b3982" member_type: VOTER last_known_addr { host: "127.13.140.2" port: 38503 } } peers { permanent_uuid: "186506422fd146c8888fec3e6b1382e0" member_type: VOTER last_known_addr { host: "127.13.140.3" port: 38731 } }
I20260630 12:40:39.972932 18678 raft_consensus.cc:385] T abb10a07355143f3b550b2cd833ab64b P 450cdecdf6bf4ea386e0c7b8b00a3e52 [term 0 FOLLOWER]: Consensus starting up: Expiring failure detector timer to make a prompt election more likely
I20260630 12:40:39.973264 18678 raft_consensus.cc:740] T abb10a07355143f3b550b2cd833ab64b P 450cdecdf6bf4ea386e0c7b8b00a3e52 [term 0 FOLLOWER]: Becoming Follower/Learner. State: Replica: 450cdecdf6bf4ea386e0c7b8b00a3e52, State: Initialized, Role: FOLLOWER
I20260630 12:40:39.974049 18678 consensus_queue.cc:260] T abb10a07355143f3b550b2cd833ab64b P 450cdecdf6bf4ea386e0c7b8b00a3e52 [NON_LEADER]: Queue going to NON_LEADER mode. State: All replicated index: 0, Majority replicated index: 0, Committed index: 0, Last appended: 0.0, Last appended by leader: 0, Current term: 0, Majority size: -1, State: 0, Mode: NON_LEADER, active raft config: opid_index: -1 OBSOLETE_local: false peers { permanent_uuid: "450cdecdf6bf4ea386e0c7b8b00a3e52" member_type: VOTER last_known_addr { host: "127.13.140.1" port: 45173 } } peers { permanent_uuid: "d2605ad64e124e38b4ed0613f47b3982" member_type: VOTER last_known_addr { host: "127.13.140.2" port: 38503 } } peers { permanent_uuid: "186506422fd146c8888fec3e6b1382e0" member_type: VOTER last_known_addr { host: "127.13.140.3" port: 38731 } }
I20260630 12:40:39.974233 18677 raft_consensus.cc:359] T 194e30a5c6c0487b983b69dea0c27cbc P 186506422fd146c8888fec3e6b1382e0 [term 0 FOLLOWER]: Replica starting. Triggering 0 pending ops. Active config: opid_index: -1 OBSOLETE_local: false peers { permanent_uuid: "450cdecdf6bf4ea386e0c7b8b00a3e52" member_type: VOTER last_known_addr { host: "127.13.140.1" port: 45173 } } peers { permanent_uuid: "d2605ad64e124e38b4ed0613f47b3982" member_type: VOTER last_known_addr { host: "127.13.140.2" port: 38503 } } peers { permanent_uuid: "186506422fd146c8888fec3e6b1382e0" member_type: VOTER last_known_addr { host: "127.13.140.3" port: 38731 } }
I20260630 12:40:39.974951 18677 raft_consensus.cc:385] T 194e30a5c6c0487b983b69dea0c27cbc P 186506422fd146c8888fec3e6b1382e0 [term 0 FOLLOWER]: Consensus starting up: Expiring failure detector timer to make a prompt election more likely
I20260630 12:40:39.975260 18677 raft_consensus.cc:740] T 194e30a5c6c0487b983b69dea0c27cbc P 186506422fd146c8888fec3e6b1382e0 [term 0 FOLLOWER]: Becoming Follower/Learner. State: Replica: 186506422fd146c8888fec3e6b1382e0, State: Initialized, Role: FOLLOWER
I20260630 12:40:39.976059 18677 consensus_queue.cc:260] T 194e30a5c6c0487b983b69dea0c27cbc P 186506422fd146c8888fec3e6b1382e0 [NON_LEADER]: Queue going to NON_LEADER mode. State: All replicated index: 0, Majority replicated index: 0, Committed index: 0, Last appended: 0.0, Last appended by leader: 0, Current term: 0, Majority size: -1, State: 0, Mode: NON_LEADER, active raft config: opid_index: -1 OBSOLETE_local: false peers { permanent_uuid: "450cdecdf6bf4ea386e0c7b8b00a3e52" member_type: VOTER last_known_addr { host: "127.13.140.1" port: 45173 } } peers { permanent_uuid: "d2605ad64e124e38b4ed0613f47b3982" member_type: VOTER last_known_addr { host: "127.13.140.2" port: 38503 } } peers { permanent_uuid: "186506422fd146c8888fec3e6b1382e0" member_type: VOTER last_known_addr { host: "127.13.140.3" port: 38731 } }
I20260630 12:40:39.978082 18677 ts_tablet_manager.cc:1434] T 194e30a5c6c0487b983b69dea0c27cbc P 186506422fd146c8888fec3e6b1382e0: Time spent starting tablet: real 0.006s	user 0.002s	sys 0.002s
I20260630 12:40:39.978880 18677 tablet_bootstrap.cc:492] T 4b7e242935d74cd0a777fccaef75944e P 186506422fd146c8888fec3e6b1382e0: Bootstrap starting.
