I20260630 12:38:53.344031 15376 raft_consensus.cc:2468] T 00000000000000000000000000000000 P 198252ad61514dad999be26fdcae5a3a [term 2 FOLLOWER]: Leader election vote request: Granting yes vote for candidate e88be82174414981bb875fe8d77d6283 in term 2.
I20260630 12:38:53.345168 15287 leader_election.cc:304] T 00000000000000000000000000000000 P e88be82174414981bb875fe8d77d6283 [CANDIDATE]: Term 2 election: Election decided. Result: candidate won. Election summary: received 3 responses out of 3 voters: 2 yes votes; 1 no votes. yes voters: 198252ad61514dad999be26fdcae5a3a, e88be82174414981bb875fe8d77d6283; no voters: 8d53f4fd64b24dc69c31e78363b7dce7
I20260630 12:38:53.345871 15748 raft_consensus.cc:2804] T 00000000000000000000000000000000 P e88be82174414981bb875fe8d77d6283 [term 2 FOLLOWER]: Leader election won for term 2
I20260630 12:38:53.346921 15748 raft_consensus.cc:697] T 00000000000000000000000000000000 P e88be82174414981bb875fe8d77d6283 [term 2 LEADER]: Becoming Leader. State: Replica: e88be82174414981bb875fe8d77d6283, State: Running, Role: LEADER
I20260630 12:38:53.347635 15748 consensus_queue.cc:237] T 00000000000000000000000000000000 P e88be82174414981bb875fe8d77d6283 [LEADER]: Queue going to LEADER mode. State: All replicated index: 0, Majority replicated index: 11, Committed index: 11, Last appended: 1.11, Last appended by leader: 11, Current term: 2, Majority size: 2, State: 0, Mode: LEADER, active raft config: opid_index: -1 OBSOLETE_local: false peers { permanent_uuid: "8d53f4fd64b24dc69c31e78363b7dce7" member_type: VOTER last_known_addr { host: "127.13.187.126" port: 40583 } } peers { permanent_uuid: "e88be82174414981bb875fe8d77d6283" member_type: VOTER last_known_addr { host: "127.13.187.125" port: 33473 } } peers { permanent_uuid: "198252ad61514dad999be26fdcae5a3a" member_type: VOTER last_known_addr { host: "127.13.187.124" port: 35749 } }
I20260630 12:38:53.351444 15751 sys_catalog.cc:455] T 00000000000000000000000000000000 P e88be82174414981bb875fe8d77d6283 [sys.catalog]: SysCatalogTable state changed. Reason: New leader e88be82174414981bb875fe8d77d6283. Latest consensus state: current_term: 2 leader_uuid: "e88be82174414981bb875fe8d77d6283" committed_config { opid_index: -1 OBSOLETE_local: false peers { permanent_uuid: "8d53f4fd64b24dc69c31e78363b7dce7" member_type: VOTER last_known_addr { host: "127.13.187.126" port: 40583 } } peers { permanent_uuid: "e88be82174414981bb875fe8d77d6283" member_type: VOTER last_known_addr { host: "127.13.187.125" port: 33473 } } peers { permanent_uuid: "198252ad61514dad999be26fdcae5a3a" member_type: VOTER last_known_addr { host: "127.13.187.124" port: 35749 } } }
I20260630 12:38:53.352294 15751 sys_catalog.cc:458] T 00000000000000000000000000000000 P e88be82174414981bb875fe8d77d6283 [sys.catalog]: This master's current role is: LEADER
I20260630 12:38:53.353672 15753 catalog_manager.cc:1511] Loading table and tablet metadata into memory...
I20260630 12:38:53.358407 15753 catalog_manager.cc:679] Loaded metadata for table test-workload [id=8d41705efdff4d69ba6054c945772314]
I20260630 12:38:53.363142 15753 tablet_loader.cc:96] loaded metadata for tablet 138348f67e1343eab90256b89d33d0bd (table test-workload [id=8d41705efdff4d69ba6054c945772314])
I20260630 12:38:53.364125 15753 tablet_loader.cc:96] loaded metadata for tablet 77eab42c3ed24f689defccd5add9b315 (table test-workload [id=8d41705efdff4d69ba6054c945772314])
I20260630 12:38:53.364961 15753 tablet_loader.cc:96] loaded metadata for tablet ffd90eeafc104eefa676c6840aa3bf23 (table test-workload [id=8d41705efdff4d69ba6054c945772314])
I20260630 12:38:53.365875 15753 catalog_manager.cc:1520] Initializing Kudu cluster ID...
I20260630 12:38:53.368963 15753 catalog_manager.cc:1295] Loaded cluster ID: a0020a7894bc49f8b30f423a20309244
I20260630 12:38:53.369197 15753 catalog_manager.cc:1531] Initializing Kudu internal certificate authority...
I20260630 12:38:53.372828 15753 catalog_manager.cc:1540] Loading token signing keys...
I20260630 12:38:53.375874 15753 catalog_manager.cc:6081] T 00000000000000000000000000000000 P e88be82174414981bb875fe8d77d6283: Loaded TSK: 0
I20260630 12:38:53.376772 15753 catalog_manager.cc:1550] Initializing in-progress tserver states...
I20260630 12:38:53.780720 15432 auto_leader_rebalancer.cc:141] leader rebalance for table test-workload
I20260630 12:38:53.782605 15432 auto_leader_rebalancer.cc:515] All tables' leader rebalancing finished this round
W20260630 12:38:53.893829 15288 consensus_peers.cc:597] T 00000000000000000000000000000000 P e88be82174414981bb875fe8d77d6283 -> Peer 8d53f4fd64b24dc69c31e78363b7dce7 (127.13.187.126:40583): Couldn't send request to peer 8d53f4fd64b24dc69c31e78363b7dce7. Status: Network error: Client connection negotiation failed: client connection to 127.13.187.126:40583: connect: Connection refused (error 111). This is attempt 1: this message will repeat every 5th retry.
I20260630 12:38:53.973434 15376 raft_consensus.cc:1275] T 00000000000000000000000000000000 P 198252ad61514dad999be26fdcae5a3a [term 2 FOLLOWER]: Refusing update from remote peer e88be82174414981bb875fe8d77d6283: Log matching property violated. Preceding OpId in replica: term: 1 index: 11. Preceding OpId from leader: term: 2 index: 12. (index mismatch)
I20260630 12:38:53.974845 15754 consensus_queue.cc:1048] T 00000000000000000000000000000000 P e88be82174414981bb875fe8d77d6283 [LEADER]: Connected to new peer: Peer: permanent_uuid: "198252ad61514dad999be26fdcae5a3a" member_type: VOTER last_known_addr { host: "127.13.187.124" port: 35749 }, Status: LMP_MISMATCH, Last received: 0.0, Next index: 12, Last known committed idx: 11, Time since last communication: 0.000s
I20260630 12:38:53.980829 15757 sys_catalog.cc:455] T 00000000000000000000000000000000 P 198252ad61514dad999be26fdcae5a3a [sys.catalog]: SysCatalogTable state changed. Reason: New leader e88be82174414981bb875fe8d77d6283. Latest consensus state: current_term: 2 leader_uuid: "e88be82174414981bb875fe8d77d6283" committed_config { opid_index: -1 OBSOLETE_local: false peers { permanent_uuid: "8d53f4fd64b24dc69c31e78363b7dce7" member_type: VOTER last_known_addr { host: "127.13.187.126" port: 40583 } } peers { permanent_uuid: "e88be82174414981bb875fe8d77d6283" member_type: VOTER last_known_addr { host: "127.13.187.125" port: 33473 } } peers { permanent_uuid: "198252ad61514dad999be26fdcae5a3a" member_type: VOTER last_known_addr { host: "127.13.187.124" port: 35749 } } }
I20260630 12:38:53.981455 15757 sys_catalog.cc:458] T 00000000000000000000000000000000 P 198252ad61514dad999be26fdcae5a3a [sys.catalog]: This master's current role is: FOLLOWER
I20260630 12:38:53.984030 15759 sys_catalog.cc:455] T 00000000000000000000000000000000 P e88be82174414981bb875fe8d77d6283 [sys.catalog]: SysCatalogTable state changed. Reason: Peer health change. Latest consensus state: current_term: 2 leader_uuid: "e88be82174414981bb875fe8d77d6283" committed_config { opid_index: -1 OBSOLETE_local: false peers { permanent_uuid: "8d53f4fd64b24dc69c31e78363b7dce7" member_type: VOTER last_known_addr { host: "127.13.187.126" port: 40583 } } peers { permanent_uuid: "e88be82174414981bb875fe8d77d6283" member_type: VOTER last_known_addr { host: "127.13.187.125" port: 33473 } } peers { permanent_uuid: "198252ad61514dad999be26fdcae5a3a" member_type: VOTER last_known_addr { host: "127.13.187.124" port: 35749 } } }
I20260630 12:38:53.984591 15759 sys_catalog.cc:458] T 00000000000000000000000000000000 P e88be82174414981bb875fe8d77d6283 [sys.catalog]: This master's current role is: LEADER
I20260630 12:38:53.985687 15757 sys_catalog.cc:455] T 00000000000000000000000000000000 P 198252ad61514dad999be26fdcae5a3a [sys.catalog]: SysCatalogTable state changed. Reason: Replicated consensus-only round. Latest consensus state: current_term: 2 leader_uuid: "e88be82174414981bb875fe8d77d6283" committed_config { opid_index: -1 OBSOLETE_local: false peers { permanent_uuid: "8d53f4fd64b24dc69c31e78363b7dce7" member_type: VOTER last_known_addr { host: "127.13.187.126" port: 40583 } } peers { permanent_uuid: "e88be82174414981bb875fe8d77d6283" member_type: VOTER last_known_addr { host: "127.13.187.125" port: 33473 } } peers { permanent_uuid: "198252ad61514dad999be26fdcae5a3a" member_type: VOTER last_known_addr { host: "127.13.187.124" port: 35749 } } }
I20260630 12:38:53.986399 15757 sys_catalog.cc:458] T 00000000000000000000000000000000 P 198252ad61514dad999be26fdcae5a3a [sys.catalog]: This master's current role is: FOLLOWER
I20260630 12:38:53.991472 14061 tablet_server.cc:179] TabletServer@127.13.187.65:0 shutting down...
I20260630 12:38:54.012033 14061 ts_tablet_manager.cc:1507] Shutting down tablet manager...
I20260630 12:38:54.012593 14061 tablet_replica.cc:333] T 138348f67e1343eab90256b89d33d0bd P ccdd327c52b249749f0846b3752e1d55: stopping tablet replica
I20260630 12:38:54.013042 14061 raft_consensus.cc:2243] T 138348f67e1343eab90256b89d33d0bd P ccdd327c52b249749f0846b3752e1d55 [term 1 LEADER]: Raft consensus shutting down.
I20260630 12:38:54.013445 14061 raft_consensus.cc:2272] T 138348f67e1343eab90256b89d33d0bd P ccdd327c52b249749f0846b3752e1d55 [term 1 FOLLOWER]: Raft consensus is shut down!
I20260630 12:38:54.030588 14061 tablet_server.cc:196] TabletServer@127.13.187.65:0 shutdown complete.
I20260630 12:38:54.038779 14061 tablet_server.cc:179] TabletServer@127.13.187.66:0 shutting down...
I20260630 12:38:54.054546 14061 ts_tablet_manager.cc:1507] Shutting down tablet manager...
I20260630 12:38:54.055187 14061 tablet_replica.cc:333] T 77eab42c3ed24f689defccd5add9b315 P e2faded81e604aad8bf11eee7d496c0f: stopping tablet replica
I20260630 12:38:54.055733 14061 raft_consensus.cc:2243] T 77eab42c3ed24f689defccd5add9b315 P e2faded81e604aad8bf11eee7d496c0f [term 1 LEADER]: Raft consensus shutting down.
I20260630 12:38:54.056176 14061 raft_consensus.cc:2272] T 77eab42c3ed24f689defccd5add9b315 P e2faded81e604aad8bf11eee7d496c0f [term 1 FOLLOWER]: Raft consensus is shut down!
I20260630 12:38:54.073833 14061 tablet_server.cc:196] TabletServer@127.13.187.66:0 shutdown complete.
I20260630 12:38:54.082161 14061 tablet_server.cc:179] TabletServer@127.13.187.67:0 shutting down...
I20260630 12:38:54.098004 14061 ts_tablet_manager.cc:1507] Shutting down tablet manager...
I20260630 12:38:54.098624 14061 tablet_replica.cc:333] T ffd90eeafc104eefa676c6840aa3bf23 P c2f0804d87b54087a754cd1d2d6db269: stopping tablet replica
I20260630 12:38:54.099115 14061 raft_consensus.cc:2243] T ffd90eeafc104eefa676c6840aa3bf23 P c2f0804d87b54087a754cd1d2d6db269 [term 1 LEADER]: Raft consensus shutting down.
I20260630 12:38:54.099562 14061 raft_consensus.cc:2272] T ffd90eeafc104eefa676c6840aa3bf23 P c2f0804d87b54087a754cd1d2d6db269 [term 1 FOLLOWER]: Raft consensus is shut down!
I20260630 12:38:54.116912 14061 tablet_server.cc:196] TabletServer@127.13.187.67:0 shutdown complete.
I20260630 12:38:54.124640 14061 master.cc:562] Master@127.13.187.125:33473 shutting down...
I20260630 12:38:54.136727 14061 raft_consensus.cc:2243] T 00000000000000000000000000000000 P e88be82174414981bb875fe8d77d6283 [term 2 LEADER]: Raft consensus shutting down.
I20260630 12:38:54.137576 14061 raft_consensus.cc:2272] T 00000000000000000000000000000000 P e88be82174414981bb875fe8d77d6283 [term 2 FOLLOWER]: Raft consensus is shut down!
I20260630 12:38:54.137974 14061 tablet_replica.cc:333] T 00000000000000000000000000000000 P e88be82174414981bb875fe8d77d6283: stopping tablet replica
I20260630 12:38:54.156932 14061 master.cc:584] Master@127.13.187.125:33473 shutdown complete.
I20260630 12:38:54.167680 14061 master.cc:562] Master@127.13.187.124:35749 shutting down...
I20260630 12:38:54.180719 14061 raft_consensus.cc:2243] T 00000000000000000000000000000000 P 198252ad61514dad999be26fdcae5a3a [term 2 FOLLOWER]: Raft consensus shutting down.
I20260630 12:38:54.181219 14061 raft_consensus.cc:2272] T 00000000000000000000000000000000 P 198252ad61514dad999be26fdcae5a3a [term 2 FOLLOWER]: Raft consensus is shut down!
I20260630 12:38:54.181475 14061 tablet_replica.cc:333] T 00000000000000000000000000000000 P 198252ad61514dad999be26fdcae5a3a: stopping tablet replica
I20260630 12:38:54.199723 14061 master.cc:584] Master@127.13.187.124:35749 shutdown complete.
[       OK ] AutoRebalancerTest.NextLeaderResumesAutoRebalancing (6810 ms)
[ RUN      ] AutoRebalancerTest.MovesScheduledIfAddTserver
I20260630 12:38:54.223616 14061 internal_mini_cluster.cc:156] Creating distributed mini masters. Addrs: 127.13.187.126:34485
I20260630 12:38:54.224596 14061 file_cache.cc:492] Constructed file cache file cache with capacity 419430
W20260630 12:38:54.229657 15764 instance_detector.cc:116] could not retrieve AWS instance metadata: Network error: curl error: HTTP response code said error: The requested URL returned error: 404
W20260630 12:38:54.229874 15765 instance_detector.cc:116] could not retrieve Azure instance metadata: Network error: curl error: HTTP response code said error: The requested URL returned error: 404
W20260630 12:38:54.230458 15767 instance_detector.cc:116] could not retrieve OpenStack instance metadata: Network error: curl error: HTTP response code said error: The requested URL returned error: 404
I20260630 12:38:54.230896 14061 server_base.cc:1061] running on GCE node
I20260630 12:38:54.231678 14061 hybrid_clock.cc:584] initializing the hybrid clock with 'system_unsync' time source
W20260630 12:38:54.231848 14061 system_unsync_time.cc:38] NTP support is disabled. Clock error bounds will not be accurate. This configuration is not suitable for distributed clusters.
I20260630 12:38:54.232015 14061 hybrid_clock.cc:648] HybridClock initialized: now 1782823134231987 us; error 0 us; skew 500 ppm
I20260630 12:38:54.232496 14061 server_base.cc:861] Flag tcmalloc_max_total_thread_cache_bytes is not working since tcmalloc is not enabled.
I20260630 12:38:54.234723 14061 webserver.cc:533] Webserver started at http://127.13.187.126:35159/ using document root <none> and password file <none>
I20260630 12:38:54.235196 14061 fs_manager.cc:362] Metadata directory not provided
I20260630 12:38:54.235385 14061 fs_manager.cc:368] Using write-ahead log directory (fs_wal_dir) as metadata directory
I20260630 12:38:54.235659 14061 server_base.cc:909] This appears to be a new deployment of Kudu; creating new FS layout
I20260630 12:38:54.236654 14061 fs_manager.cc:1068] Generated new instance metadata in path /tmp/dist-test-tasksexLoN/test-tmp/auto_rebalancer-test.0.AutoRebalancerTest.MovesScheduledIfAddTserver.1782823104356979-14061-0/minicluster-data/master-0-root/instance:
uuid: "e90efc804c3e47b9b7be64fe847749c0"
format_stamp: "Formatted at 2026-06-30 12:38:54 on dist-test-slave-g2rq"
I20260630 12:38:54.240798 14061 fs_manager.cc:696] Time spent creating directory manager: real 0.004s	user 0.001s	sys 0.004s
I20260630 12:38:54.244123 15772 log_block_manager.cc:4031] Time spent loading block containers with low live blocks: real 0.000s	user 0.000s	sys 0.000s
I20260630 12:38:54.244846 14061 fs_manager.cc:730] Time spent opening block manager: real 0.002s	user 0.003s	sys 0.000s
I20260630 12:38:54.245154 14061 fs_manager.cc:647] Opened local filesystem: /tmp/dist-test-tasksexLoN/test-tmp/auto_rebalancer-test.0.AutoRebalancerTest.MovesScheduledIfAddTserver.1782823104356979-14061-0/minicluster-data/master-0-root
uuid: "e90efc804c3e47b9b7be64fe847749c0"
format_stamp: "Formatted at 2026-06-30 12:38:54 on dist-test-slave-g2rq"
I20260630 12:38:54.245419 14061 fs_report.cc:389] FS layout report
--------------------
wal directory: /tmp/dist-test-tasksexLoN/test-tmp/auto_rebalancer-test.0.AutoRebalancerTest.MovesScheduledIfAddTserver.1782823104356979-14061-0/minicluster-data/master-0-root
metadata directory: /tmp/dist-test-tasksexLoN/test-tmp/auto_rebalancer-test.0.AutoRebalancerTest.MovesScheduledIfAddTserver.1782823104356979-14061-0/minicluster-data/master-0-root
1 data directories: /tmp/dist-test-tasksexLoN/test-tmp/auto_rebalancer-test.0.AutoRebalancerTest.MovesScheduledIfAddTserver.1782823104356979-14061-0/minicluster-data/master-0-root/data
Total live blocks: 0
Total live bytes: 0
Total live bytes (after alignment): 0
Total number of LBM containers: 0 (0 full)
Did not check for missing blocks
Did not check for orphaned blocks
Total full LBM containers with extra space: 0 (0 repaired)
Total full LBM container extra space in bytes: 0 (0 repaired)
Total incomplete LBM containers: 0 (0 repaired)
Total LBM partial records: 0 (0 repaired)
Total corrupted LBM metadata records in RocksDB: 0 (0 repaired)
I20260630 12:38:54.261289 14061 rpc_server.cc:225] running with OpenSSL 1.1.1  11 Sep 2018
I20260630 12:38:54.262245 14061 kserver.cc:163] Server-wide thread pool size limit: 3276
I20260630 12:38:54.297439 14061 rpc_server.cc:307] RPC server started. Bound to: 127.13.187.126:34485
I20260630 12:38:54.297519 15823 acceptor_pool.cc:272] collecting diagnostics on the listening RPC socket 127.13.187.126:34485 every 8 connection(s)
I20260630 12:38:54.301080 15824 data_dirs.cc:400] Could only allocate 1 dirs of requested 3 for tablet 00000000000000000000000000000000. 1 dirs total, 0 dirs full, 0 dirs failed
I20260630 12:38:54.310971 15824 tablet_bootstrap.cc:492] T 00000000000000000000000000000000 P e90efc804c3e47b9b7be64fe847749c0: Bootstrap starting.
I20260630 12:38:54.315676 15824 tablet_bootstrap.cc:654] T 00000000000000000000000000000000 P e90efc804c3e47b9b7be64fe847749c0: Neither blocks nor log segments found. Creating new log.
I20260630 12:38:54.319911 15824 tablet_bootstrap.cc:492] T 00000000000000000000000000000000 P e90efc804c3e47b9b7be64fe847749c0: No bootstrap required, opened a new log
I20260630 12:38:54.321913 15824 raft_consensus.cc:359] T 00000000000000000000000000000000 P e90efc804c3e47b9b7be64fe847749c0 [term 0 FOLLOWER]: Replica starting. Triggering 0 pending ops. Active config: opid_index: -1 OBSOLETE_local: true peers { permanent_uuid: "e90efc804c3e47b9b7be64fe847749c0" member_type: VOTER }
I20260630 12:38:54.322325 15824 raft_consensus.cc:385] T 00000000000000000000000000000000 P e90efc804c3e47b9b7be64fe847749c0 [term 0 FOLLOWER]: Consensus starting up: Expiring failure detector timer to make a prompt election more likely
I20260630 12:38:54.322501 15824 raft_consensus.cc:740] T 00000000000000000000000000000000 P e90efc804c3e47b9b7be64fe847749c0 [term 0 FOLLOWER]: Becoming Follower/Learner. State: Replica: e90efc804c3e47b9b7be64fe847749c0, State: Initialized, Role: FOLLOWER
I20260630 12:38:54.322975 15824 consensus_queue.cc:260] T 00000000000000000000000000000000 P e90efc804c3e47b9b7be64fe847749c0 [NON_LEADER]: Queue going to NON_LEADER mode. State: All replicated index: 0, Majority replicated index: 0, Committed index: 0, Last appended: 0.0, Last appended by leader: 0, Current term: 0, Majority size: -1, State: 0, Mode: NON_LEADER, active raft config: opid_index: -1 OBSOLETE_local: true peers { permanent_uuid: "e90efc804c3e47b9b7be64fe847749c0" member_type: VOTER }
I20260630 12:38:54.323423 15824 raft_consensus.cc:399] T 00000000000000000000000000000000 P e90efc804c3e47b9b7be64fe847749c0 [term 0 FOLLOWER]: Only one voter in the Raft config. Triggering election immediately
I20260630 12:38:54.323621 15824 raft_consensus.cc:493] T 00000000000000000000000000000000 P e90efc804c3e47b9b7be64fe847749c0 [term 0 FOLLOWER]: Starting leader election (initial election of a single-replica configuration)
I20260630 12:38:54.323824 15824 raft_consensus.cc:3060] T 00000000000000000000000000000000 P e90efc804c3e47b9b7be64fe847749c0 [term 0 FOLLOWER]: Advancing to term 1
I20260630 12:38:54.327957 15824 raft_consensus.cc:515] T 00000000000000000000000000000000 P e90efc804c3e47b9b7be64fe847749c0 [term 1 FOLLOWER]: Starting leader election with config: opid_index: -1 OBSOLETE_local: true peers { permanent_uuid: "e90efc804c3e47b9b7be64fe847749c0" member_type: VOTER }
I20260630 12:38:54.328416 15824 leader_election.cc:304] T 00000000000000000000000000000000 P e90efc804c3e47b9b7be64fe847749c0 [CANDIDATE]: Term 1 election: Election decided. Result: candidate won. Election summary: received 1 responses out of 1 voters: 1 yes votes; 0 no votes. yes voters: e90efc804c3e47b9b7be64fe847749c0; no voters: 
I20260630 12:38:54.329442 15824 leader_election.cc:290] T 00000000000000000000000000000000 P e90efc804c3e47b9b7be64fe847749c0 [CANDIDATE]: Term 1 election: Requested vote from peers 
I20260630 12:38:54.329737 15827 raft_consensus.cc:2804] T 00000000000000000000000000000000 P e90efc804c3e47b9b7be64fe847749c0 [term 1 FOLLOWER]: Leader election won for term 1
I20260630 12:38:54.330962 15827 raft_consensus.cc:697] T 00000000000000000000000000000000 P e90efc804c3e47b9b7be64fe847749c0 [term 1 LEADER]: Becoming Leader. State: Replica: e90efc804c3e47b9b7be64fe847749c0, State: Running, Role: LEADER
I20260630 12:38:54.331624 15827 consensus_queue.cc:237] T 00000000000000000000000000000000 P e90efc804c3e47b9b7be64fe847749c0 [LEADER]: Queue going to LEADER mode. State: All replicated index: 0, Majority replicated index: 0, Committed index: 0, Last appended: 0.0, Last appended by leader: 0, Current term: 1, Majority size: 1, State: 0, Mode: LEADER, active raft config: opid_index: -1 OBSOLETE_local: true peers { permanent_uuid: "e90efc804c3e47b9b7be64fe847749c0" member_type: VOTER }
I20260630 12:38:54.332070 15824 sys_catalog.cc:565] T 00000000000000000000000000000000 P e90efc804c3e47b9b7be64fe847749c0 [sys.catalog]: configured and running, proceeding with master startup.
I20260630 12:38:54.334225 15829 sys_catalog.cc:455] T 00000000000000000000000000000000 P e90efc804c3e47b9b7be64fe847749c0 [sys.catalog]: SysCatalogTable state changed. Reason: New leader e90efc804c3e47b9b7be64fe847749c0. Latest consensus state: current_term: 1 leader_uuid: "e90efc804c3e47b9b7be64fe847749c0" committed_config { opid_index: -1 OBSOLETE_local: true peers { permanent_uuid: "e90efc804c3e47b9b7be64fe847749c0" member_type: VOTER } }
I20260630 12:38:54.334168 15828 sys_catalog.cc:455] T 00000000000000000000000000000000 P e90efc804c3e47b9b7be64fe847749c0 [sys.catalog]: SysCatalogTable state changed. Reason: RaftConsensus started. Latest consensus state: current_term: 1 leader_uuid: "e90efc804c3e47b9b7be64fe847749c0" committed_config { opid_index: -1 OBSOLETE_local: true peers { permanent_uuid: "e90efc804c3e47b9b7be64fe847749c0" member_type: VOTER } }
I20260630 12:38:54.334828 15829 sys_catalog.cc:458] T 00000000000000000000000000000000 P e90efc804c3e47b9b7be64fe847749c0 [sys.catalog]: This master's current role is: LEADER
I20260630 12:38:54.334945 15828 sys_catalog.cc:458] T 00000000000000000000000000000000 P e90efc804c3e47b9b7be64fe847749c0 [sys.catalog]: This master's current role is: LEADER
I20260630 12:38:54.337471 15832 catalog_manager.cc:1511] Loading table and tablet metadata into memory...
I20260630 12:38:54.344583 15832 catalog_manager.cc:1520] Initializing Kudu cluster ID...
I20260630 12:38:54.346608 14061 internal_mini_cluster.cc:184] Waiting to initialize catalog manager on master 0
I20260630 12:38:54.354269 15832 catalog_manager.cc:1383] Generated new cluster ID: 97d9e3d7445f4a39bd97e1eac50ea5b9
I20260630 12:38:54.354596 15832 catalog_manager.cc:1531] Initializing Kudu internal certificate authority...
I20260630 12:38:54.369982 15832 catalog_manager.cc:1406] Generated new certificate authority record
I20260630 12:38:54.371290 15832 catalog_manager.cc:1540] Loading token signing keys...
I20260630 12:38:54.394687 15832 catalog_manager.cc:6070] T 00000000000000000000000000000000 P e90efc804c3e47b9b7be64fe847749c0: Generated new TSK 0
I20260630 12:38:54.395392 15832 catalog_manager.cc:1550] Initializing in-progress tserver states...
I20260630 12:38:54.413371 14061 file_cache.cc:492] Constructed file cache file cache with capacity 419430
W20260630 12:38:54.418744 15845 instance_detector.cc:116] could not retrieve AWS instance metadata: Network error: curl error: HTTP response code said error: The requested URL returned error: 404
W20260630 12:38:54.419438 15846 instance_detector.cc:116] could not retrieve Azure instance metadata: Network error: curl error: HTTP response code said error: The requested URL returned error: 404
W20260630 12:38:54.421653 15848 instance_detector.cc:116] could not retrieve OpenStack instance metadata: Network error: curl error: HTTP response code said error: The requested URL returned error: 404
I20260630 12:38:54.421749 14061 server_base.cc:1061] running on GCE node
I20260630 12:38:54.422664 14061 hybrid_clock.cc:584] initializing the hybrid clock with 'system_unsync' time source
W20260630 12:38:54.422844 14061 system_unsync_time.cc:38] NTP support is disabled. Clock error bounds will not be accurate. This configuration is not suitable for distributed clusters.
I20260630 12:38:54.422994 14061 hybrid_clock.cc:648] HybridClock initialized: now 1782823134422976 us; error 0 us; skew 500 ppm
I20260630 12:38:54.423506 14061 server_base.cc:861] Flag tcmalloc_max_total_thread_cache_bytes is not working since tcmalloc is not enabled.
I20260630 12:38:54.425648 14061 webserver.cc:533] Webserver started at http://127.13.187.65:41437/ using document root <none> and password file <none>
I20260630 12:38:54.426103 14061 fs_manager.cc:362] Metadata directory not provided
I20260630 12:38:54.426265 14061 fs_manager.cc:368] Using write-ahead log directory (fs_wal_dir) as metadata directory
I20260630 12:38:54.426499 14061 server_base.cc:909] This appears to be a new deployment of Kudu; creating new FS layout
I20260630 12:38:54.427510 14061 fs_manager.cc:1068] Generated new instance metadata in path /tmp/dist-test-tasksexLoN/test-tmp/auto_rebalancer-test.0.AutoRebalancerTest.MovesScheduledIfAddTserver.1782823104356979-14061-0/minicluster-data/ts-0-root/instance:
uuid: "fae32ac89572434c9501662c5375e7b9"
format_stamp: "Formatted at 2026-06-30 12:38:54 on dist-test-slave-g2rq"
I20260630 12:38:54.431571 14061 fs_manager.cc:696] Time spent creating directory manager: real 0.004s	user 0.003s	sys 0.001s
I20260630 12:38:54.434553 15853 log_block_manager.cc:4031] Time spent loading block containers with low live blocks: real 0.000s	user 0.000s	sys 0.000s
I20260630 12:38:54.435316 14061 fs_manager.cc:730] Time spent opening block manager: real 0.002s	user 0.002s	sys 0.001s
I20260630 12:38:54.435619 14061 fs_manager.cc:647] Opened local filesystem: /tmp/dist-test-tasksexLoN/test-tmp/auto_rebalancer-test.0.AutoRebalancerTest.MovesScheduledIfAddTserver.1782823104356979-14061-0/minicluster-data/ts-0-root
uuid: "fae32ac89572434c9501662c5375e7b9"
format_stamp: "Formatted at 2026-06-30 12:38:54 on dist-test-slave-g2rq"
I20260630 12:38:54.435873 14061 fs_report.cc:389] FS layout report
--------------------
wal directory: /tmp/dist-test-tasksexLoN/test-tmp/auto_rebalancer-test.0.AutoRebalancerTest.MovesScheduledIfAddTserver.1782823104356979-14061-0/minicluster-data/ts-0-root
metadata directory: /tmp/dist-test-tasksexLoN/test-tmp/auto_rebalancer-test.0.AutoRebalancerTest.MovesScheduledIfAddTserver.1782823104356979-14061-0/minicluster-data/ts-0-root
1 data directories: /tmp/dist-test-tasksexLoN/test-tmp/auto_rebalancer-test.0.AutoRebalancerTest.MovesScheduledIfAddTserver.1782823104356979-14061-0/minicluster-data/ts-0-root/data
Total live blocks: 0
Total live bytes: 0
Total live bytes (after alignment): 0
Total number of LBM containers: 0 (0 full)
Did not check for missing blocks
Did not check for orphaned blocks
Total full LBM containers with extra space: 0 (0 repaired)
Total full LBM container extra space in bytes: 0 (0 repaired)
Total incomplete LBM containers: 0 (0 repaired)
Total LBM partial records: 0 (0 repaired)
Total corrupted LBM metadata records in RocksDB: 0 (0 repaired)
I20260630 12:38:54.444962 14061 rpc_server.cc:225] running with OpenSSL 1.1.1  11 Sep 2018
I20260630 12:38:54.445935 14061 kserver.cc:163] Server-wide thread pool size limit: 3276
I20260630 12:38:54.447376 14061 txn_system_client.cc:432] TxnSystemClient initialization is disabled...
I20260630 12:38:54.449579 14061 ts_tablet_manager.cc:585] Loaded tablet metadata (0 total tablets, 0 live tablets)
I20260630 12:38:54.449776 14061 ts_tablet_manager.cc:531] Time spent load tablet metadata: real 0.000s	user 0.000s	sys 0.000s
I20260630 12:38:54.450001 14061 ts_tablet_manager.cc:616] Registered 0 tablets
I20260630 12:38:54.450152 14061 ts_tablet_manager.cc:595] Time spent register tablets: real 0.000s	user 0.000s	sys 0.000s
I20260630 12:38:54.487510 14061 rpc_server.cc:307] RPC server started. Bound to: 127.13.187.65:40517
I20260630 12:38:54.487592 15915 acceptor_pool.cc:272] collecting diagnostics on the listening RPC socket 127.13.187.65:40517 every 8 connection(s)
I20260630 12:38:54.492197 14061 file_cache.cc:492] Constructed file cache file cache with capacity 419430
W20260630 12:38:54.499644 15921 instance_detector.cc:116] could not retrieve Azure instance metadata: Network error: curl error: HTTP response code said error: The requested URL returned error: 404
W20260630 12:38:54.499946 15920 instance_detector.cc:116] could not retrieve AWS instance metadata: Network error: curl error: HTTP response code said error: The requested URL returned error: 404
W20260630 12:38:54.502004 15923 instance_detector.cc:116] could not retrieve OpenStack instance metadata: Network error: curl error: HTTP response code said error: The requested URL returned error: 404
I20260630 12:38:54.502334 14061 server_base.cc:1061] running on GCE node
I20260630 12:38:54.503261 14061 hybrid_clock.cc:584] initializing the hybrid clock with 'system_unsync' time source
W20260630 12:38:54.503525 14061 system_unsync_time.cc:38] NTP support is disabled. Clock error bounds will not be accurate. This configuration is not suitable for distributed clusters.
I20260630 12:38:54.503710 14061 hybrid_clock.cc:648] HybridClock initialized: now 1782823134503691 us; error 0 us; skew 500 ppm
I20260630 12:38:54.504220 14061 server_base.cc:861] Flag tcmalloc_max_total_thread_cache_bytes is not working since tcmalloc is not enabled.
I20260630 12:38:54.505709 15916 heartbeater.cc:344] Connected to a master server at 127.13.187.126:34485
I20260630 12:38:54.506057 15916 heartbeater.cc:461] Registering TS with master...
I20260630 12:38:54.506770 15916 heartbeater.cc:507] Master 127.13.187.126:34485 requested a full tablet report, sending...
I20260630 12:38:54.507159 14061 webserver.cc:533] Webserver started at http://127.13.187.66:37395/ using document root <none> and password file <none>
I20260630 12:38:54.507683 14061 fs_manager.cc:362] Metadata directory not provided
I20260630 12:38:54.507875 14061 fs_manager.cc:368] Using write-ahead log directory (fs_wal_dir) as metadata directory
I20260630 12:38:54.508220 14061 server_base.cc:909] This appears to be a new deployment of Kudu; creating new FS layout
I20260630 12:38:54.509029 15789 ts_manager.cc:194] Registered new tserver with Master: fae32ac89572434c9501662c5375e7b9 (127.13.187.65:40517)
I20260630 12:38:54.509402 14061 fs_manager.cc:1068] Generated new instance metadata in path /tmp/dist-test-tasksexLoN/test-tmp/auto_rebalancer-test.0.AutoRebalancerTest.MovesScheduledIfAddTserver.1782823104356979-14061-0/minicluster-data/ts-1-root/instance:
uuid: "d610f81badb34895a524e132add09748"
format_stamp: "Formatted at 2026-06-30 12:38:54 on dist-test-slave-g2rq"
I20260630 12:38:54.510751 15789 master_service.cc:502] Signed X509 certificate for tserver {username='slave'} at 127.0.0.1:34286
I20260630 12:38:54.514107 14061 fs_manager.cc:696] Time spent creating directory manager: real 0.004s	user 0.005s	sys 0.001s
I20260630 12:38:54.517674 15928 log_block_manager.cc:4031] Time spent loading block containers with low live blocks: real 0.000s	user 0.000s	sys 0.000s
I20260630 12:38:54.518440 14061 fs_manager.cc:730] Time spent opening block manager: real 0.002s	user 0.000s	sys 0.002s
I20260630 12:38:54.518719 14061 fs_manager.cc:647] Opened local filesystem: /tmp/dist-test-tasksexLoN/test-tmp/auto_rebalancer-test.0.AutoRebalancerTest.MovesScheduledIfAddTserver.1782823104356979-14061-0/minicluster-data/ts-1-root
uuid: "d610f81badb34895a524e132add09748"
format_stamp: "Formatted at 2026-06-30 12:38:54 on dist-test-slave-g2rq"
I20260630 12:38:54.518982 14061 fs_report.cc:389] FS layout report
--------------------
wal directory: /tmp/dist-test-tasksexLoN/test-tmp/auto_rebalancer-test.0.AutoRebalancerTest.MovesScheduledIfAddTserver.1782823104356979-14061-0/minicluster-data/ts-1-root
metadata directory: /tmp/dist-test-tasksexLoN/test-tmp/auto_rebalancer-test.0.AutoRebalancerTest.MovesScheduledIfAddTserver.1782823104356979-14061-0/minicluster-data/ts-1-root
1 data directories: /tmp/dist-test-tasksexLoN/test-tmp/auto_rebalancer-test.0.AutoRebalancerTest.MovesScheduledIfAddTserver.1782823104356979-14061-0/minicluster-data/ts-1-root/data
Total live blocks: 0
Total live bytes: 0
Total live bytes (after alignment): 0
Total number of LBM containers: 0 (0 full)
Did not check for missing blocks
Did not check for orphaned blocks
Total full LBM containers with extra space: 0 (0 repaired)
Total full LBM container extra space in bytes: 0 (0 repaired)
Total incomplete LBM containers: 0 (0 repaired)
Total LBM partial records: 0 (0 repaired)
Total corrupted LBM metadata records in RocksDB: 0 (0 repaired)
I20260630 12:38:54.532258 14061 rpc_server.cc:225] running with OpenSSL 1.1.1  11 Sep 2018
I20260630 12:38:54.533377 14061 kserver.cc:163] Server-wide thread pool size limit: 3276
I20260630 12:38:54.534791 14061 txn_system_client.cc:432] TxnSystemClient initialization is disabled...
I20260630 12:38:54.537076 14061 ts_tablet_manager.cc:585] Loaded tablet metadata (0 total tablets, 0 live tablets)
I20260630 12:38:54.537319 14061 ts_tablet_manager.cc:531] Time spent load tablet metadata: real 0.000s	user 0.000s	sys 0.000s
I20260630 12:38:54.537531 14061 ts_tablet_manager.cc:616] Registered 0 tablets
I20260630 12:38:54.537684 14061 ts_tablet_manager.cc:595] Time spent register tablets: real 0.000s	user 0.000s	sys 0.000s
I20260630 12:38:54.574239 14061 rpc_server.cc:307] RPC server started. Bound to: 127.13.187.66:39837
I20260630 12:38:54.574331 15990 acceptor_pool.cc:272] collecting diagnostics on the listening RPC socket 127.13.187.66:39837 every 8 connection(s)
I20260630 12:38:54.578835 14061 file_cache.cc:492] Constructed file cache file cache with capacity 419430
W20260630 12:38:54.585050 15994 instance_detector.cc:116] could not retrieve AWS instance metadata: Network error: curl error: HTTP response code said error: The requested URL returned error: 404
W20260630 12:38:54.586189 15995 instance_detector.cc:116] could not retrieve Azure instance metadata: Network error: curl error: HTTP response code said error: The requested URL returned error: 404
I20260630 12:38:54.589414 14061 server_base.cc:1061] running on GCE node
W20260630 12:38:54.590181 15997 instance_detector.cc:116] could not retrieve OpenStack instance metadata: Network error: curl error: HTTP response code said error: The requested URL returned error: 404
I20260630 12:38:54.590466 15991 heartbeater.cc:344] Connected to a master server at 127.13.187.126:34485
I20260630 12:38:54.590898 15991 heartbeater.cc:461] Registering TS with master...
I20260630 12:38:54.591213 14061 hybrid_clock.cc:584] initializing the hybrid clock with 'system_unsync' time source
W20260630 12:38:54.591506 14061 system_unsync_time.cc:38] NTP support is disabled. Clock error bounds will not be accurate. This configuration is not suitable for distributed clusters.
I20260630 12:38:54.591707 14061 hybrid_clock.cc:648] HybridClock initialized: now 1782823134591688 us; error 0 us; skew 500 ppm
I20260630 12:38:54.591837 15991 heartbeater.cc:507] Master 127.13.187.126:34485 requested a full tablet report, sending...
I20260630 12:38:54.592422 14061 server_base.cc:861] Flag tcmalloc_max_total_thread_cache_bytes is not working since tcmalloc is not enabled.
I20260630 12:38:54.594193 15789 ts_manager.cc:194] Registered new tserver with Master: d610f81badb34895a524e132add09748 (127.13.187.66:39837)
I20260630 12:38:54.595314 14061 webserver.cc:533] Webserver started at http://127.13.187.67:33989/ using document root <none> and password file <none>
I20260630 12:38:54.595966 14061 fs_manager.cc:362] Metadata directory not provided
I20260630 12:38:54.596027 15789 master_service.cc:502] Signed X509 certificate for tserver {username='slave'} at 127.0.0.1:34302
I20260630 12:38:54.596239 14061 fs_manager.cc:368] Using write-ahead log directory (fs_wal_dir) as metadata directory
I20260630 12:38:54.596596 14061 server_base.cc:909] This appears to be a new deployment of Kudu; creating new FS layout
I20260630 12:38:54.597882 14061 fs_manager.cc:1068] Generated new instance metadata in path /tmp/dist-test-tasksexLoN/test-tmp/auto_rebalancer-test.0.AutoRebalancerTest.MovesScheduledIfAddTserver.1782823104356979-14061-0/minicluster-data/ts-2-root/instance:
uuid: "ae7b3e5f32854ec3a6599ebb5ecd9663"
format_stamp: "Formatted at 2026-06-30 12:38:54 on dist-test-slave-g2rq"
I20260630 12:38:54.602345 14061 fs_manager.cc:696] Time spent creating directory manager: real 0.004s	user 0.004s	sys 0.000s
I20260630 12:38:54.605724 16002 log_block_manager.cc:4031] Time spent loading block containers with low live blocks: real 0.000s	user 0.000s	sys 0.000s
I20260630 12:38:54.606516 14061 fs_manager.cc:730] Time spent opening block manager: real 0.002s	user 0.002s	sys 0.000s
I20260630 12:38:54.606819 14061 fs_manager.cc:647] Opened local filesystem: /tmp/dist-test-tasksexLoN/test-tmp/auto_rebalancer-test.0.AutoRebalancerTest.MovesScheduledIfAddTserver.1782823104356979-14061-0/minicluster-data/ts-2-root
uuid: "ae7b3e5f32854ec3a6599ebb5ecd9663"
format_stamp: "Formatted at 2026-06-30 12:38:54 on dist-test-slave-g2rq"
I20260630 12:38:54.607080 14061 fs_report.cc:389] FS layout report
--------------------
wal directory: /tmp/dist-test-tasksexLoN/test-tmp/auto_rebalancer-test.0.AutoRebalancerTest.MovesScheduledIfAddTserver.1782823104356979-14061-0/minicluster-data/ts-2-root
metadata directory: /tmp/dist-test-tasksexLoN/test-tmp/auto_rebalancer-test.0.AutoRebalancerTest.MovesScheduledIfAddTserver.1782823104356979-14061-0/minicluster-data/ts-2-root
1 data directories: /tmp/dist-test-tasksexLoN/test-tmp/auto_rebalancer-test.0.AutoRebalancerTest.MovesScheduledIfAddTserver.1782823104356979-14061-0/minicluster-data/ts-2-root/data
Total live blocks: 0
Total live bytes: 0
Total live bytes (after alignment): 0
Total number of LBM containers: 0 (0 full)
Did not check for missing blocks
Did not check for orphaned blocks
Total full LBM containers with extra space: 0 (0 repaired)
Total full LBM container extra space in bytes: 0 (0 repaired)
Total incomplete LBM containers: 0 (0 repaired)
Total LBM partial records: 0 (0 repaired)
Total corrupted LBM metadata records in RocksDB: 0 (0 repaired)
I20260630 12:38:54.621729 14061 rpc_server.cc:225] running with OpenSSL 1.1.1  11 Sep 2018
I20260630 12:38:54.622848 14061 kserver.cc:163] Server-wide thread pool size limit: 3276
I20260630 12:38:54.624250 14061 txn_system_client.cc:432] TxnSystemClient initialization is disabled...
I20260630 12:38:54.626483 14061 ts_tablet_manager.cc:585] Loaded tablet metadata (0 total tablets, 0 live tablets)
I20260630 12:38:54.626685 14061 ts_tablet_manager.cc:531] Time spent load tablet metadata: real 0.000s	user 0.000s	sys 0.000s
I20260630 12:38:54.626933 14061 ts_tablet_manager.cc:616] Registered 0 tablets
I20260630 12:38:54.627079 14061 ts_tablet_manager.cc:595] Time spent register tablets: real 0.000s	user 0.000s	sys 0.000s
I20260630 12:38:54.693084 14061 rpc_server.cc:307] RPC server started. Bound to: 127.13.187.67:37287
I20260630 12:38:54.693202 16065 acceptor_pool.cc:272] collecting diagnostics on the listening RPC socket 127.13.187.67:37287 every 8 connection(s)
I20260630 12:38:54.709802 16066 heartbeater.cc:344] Connected to a master server at 127.13.187.126:34485
I20260630 12:38:54.710323 16066 heartbeater.cc:461] Registering TS with master...
I20260630 12:38:54.711194 16066 heartbeater.cc:507] Master 127.13.187.126:34485 requested a full tablet report, sending...
I20260630 12:38:54.713671 15789 ts_manager.cc:194] Registered new tserver with Master: ae7b3e5f32854ec3a6599ebb5ecd9663 (127.13.187.67:37287)
I20260630 12:38:54.714507 14061 internal_mini_cluster.cc:371] 3 TS(s) registered with all masters after 0.01736287s
I20260630 12:38:54.716039 15789 master_service.cc:502] Signed X509 certificate for tserver {username='slave'} at 127.0.0.1:34312
I20260630 12:38:55.513644 15916 heartbeater.cc:499] Master 127.13.187.126:34485 was elected leader, sending a full tablet report...
I20260630 12:38:55.599017 15991 heartbeater.cc:499] Master 127.13.187.126:34485 was elected leader, sending a full tablet report...
I20260630 12:38:55.719345 16066 heartbeater.cc:499] Master 127.13.187.126:34485 was elected leader, sending a full tablet report...
I20260630 12:38:55.777456 15789 catalog_manager.cc:2283] Servicing CreateTable request from {username='slave'} at 127.0.0.1:34328:
name: "test-workload"
schema {
  columns {
    name: "key"
    type: INT32
    is_key: true
    is_nullable: false
    encoding: AUTO_ENCODING
    compression: DEFAULT_COMPRESSION
    cfile_block_size: 0
    immutable: false
  }
  columns {
    name: "int_val"
    type: INT32
    is_key: false
    is_nullable: false
    encoding: AUTO_ENCODING
    compression: DEFAULT_COMPRESSION
    cfile_block_size: 0
    immutable: false
  }
  columns {
    name: "string_val"
    type: STRING
    is_key: false
    is_nullable: true
    encoding: AUTO_ENCODING
    compression: DEFAULT_COMPRESSION
    cfile_block_size: 0
    immutable: false
  }
}
num_replicas: 3
split_rows_range_bounds {
  rows: "\004\001\000\377\377\377?""\004\001\000\377\377\377?"
  indirect_data: """"
}
partition_schema {
  range_schema {
    columns {
      name: "key"
    }
  }
}
W20260630 12:38:55.779695 15789 catalog_manager.cc:7077] The number of live tablet servers is not enough to re-replicate a tablet replica of the newly created table test-workload in case of a server failure: 4 tablet servers would be needed, 3 are available. Consider bringing up more tablet servers.
I20260630 12:38:55.825412 15956 tablet_service.cc:1511] Processing CreateTablet for tablet 06b2a0228baa49fb834dc821c889ffa7 (DEFAULT_TABLE table=test-workload [id=c4b23461f77e4e1d9785cb25cd4b5d8e]), partition=RANGE (key) PARTITION VALUES < 1073741823
I20260630 12:38:55.825646 15955 tablet_service.cc:1511] Processing CreateTablet for tablet 4f5439658fe941f79ddb9f0e7e9a940e (DEFAULT_TABLE table=test-workload [id=c4b23461f77e4e1d9785cb25cd4b5d8e]), partition=RANGE (key) PARTITION 1073741823 <= VALUES
I20260630 12:38:55.827224 15956 data_dirs.cc:400] Could only allocate 1 dirs of requested 3 for tablet 06b2a0228baa49fb834dc821c889ffa7. 1 dirs total, 0 dirs full, 0 dirs failed
I20260630 12:38:55.829131 15955 data_dirs.cc:400] Could only allocate 1 dirs of requested 3 for tablet 4f5439658fe941f79ddb9f0e7e9a940e. 1 dirs total, 0 dirs full, 0 dirs failed
I20260630 12:38:55.837213 16029 tablet_service.cc:1511] Processing CreateTablet for tablet 4f5439658fe941f79ddb9f0e7e9a940e (DEFAULT_TABLE table=test-workload [id=c4b23461f77e4e1d9785cb25cd4b5d8e]), partition=RANGE (key) PARTITION 1073741823 <= VALUES
I20260630 12:38:55.837098 15880 tablet_service.cc:1511] Processing CreateTablet for tablet 4f5439658fe941f79ddb9f0e7e9a940e (DEFAULT_TABLE table=test-workload [id=c4b23461f77e4e1d9785cb25cd4b5d8e]), partition=RANGE (key) PARTITION 1073741823 <= VALUES
I20260630 12:38:55.837071 15881 tablet_service.cc:1511] Processing CreateTablet for tablet 06b2a0228baa49fb834dc821c889ffa7 (DEFAULT_TABLE table=test-workload [id=c4b23461f77e4e1d9785cb25cd4b5d8e]), partition=RANGE (key) PARTITION VALUES < 1073741823
I20260630 12:38:55.838697 15880 data_dirs.cc:400] Could only allocate 1 dirs of requested 3 for tablet 4f5439658fe941f79ddb9f0e7e9a940e. 1 dirs total, 0 dirs full, 0 dirs failed
I20260630 12:38:55.840090 16030 tablet_service.cc:1511] Processing CreateTablet for tablet 06b2a0228baa49fb834dc821c889ffa7 (DEFAULT_TABLE table=test-workload [id=c4b23461f77e4e1d9785cb25cd4b5d8e]), partition=RANGE (key) PARTITION VALUES < 1073741823
I20260630 12:38:55.840657 15881 data_dirs.cc:400] Could only allocate 1 dirs of requested 3 for tablet 06b2a0228baa49fb834dc821c889ffa7. 1 dirs total, 0 dirs full, 0 dirs failed
I20260630 12:38:55.838697 16029 data_dirs.cc:400] Could only allocate 1 dirs of requested 3 for tablet 4f5439658fe941f79ddb9f0e7e9a940e. 1 dirs total, 0 dirs full, 0 dirs failed
I20260630 12:38:55.847645 16030 data_dirs.cc:400] Could only allocate 1 dirs of requested 3 for tablet 06b2a0228baa49fb834dc821c889ffa7. 1 dirs total, 0 dirs full, 0 dirs failed
I20260630 12:38:55.863306 16086 tablet_bootstrap.cc:492] T 06b2a0228baa49fb834dc821c889ffa7 P d610f81badb34895a524e132add09748: Bootstrap starting.
I20260630 12:38:55.868342 16087 tablet_bootstrap.cc:492] T 4f5439658fe941f79ddb9f0e7e9a940e P ae7b3e5f32854ec3a6599ebb5ecd9663: Bootstrap starting.
I20260630 12:38:55.876866 16088 tablet_bootstrap.cc:492] T 4f5439658fe941f79ddb9f0e7e9a940e P fae32ac89572434c9501662c5375e7b9: Bootstrap starting.
I20260630 12:38:55.877486 16087 tablet_bootstrap.cc:654] T 4f5439658fe941f79ddb9f0e7e9a940e P ae7b3e5f32854ec3a6599ebb5ecd9663: Neither blocks nor log segments found. Creating new log.
I20260630 12:38:55.877810 16086 tablet_bootstrap.cc:654] T 06b2a0228baa49fb834dc821c889ffa7 P d610f81badb34895a524e132add09748: Neither blocks nor log segments found. Creating new log.
I20260630 12:38:55.882295 16087 tablet_bootstrap.cc:492] T 4f5439658fe941f79ddb9f0e7e9a940e P ae7b3e5f32854ec3a6599ebb5ecd9663: No bootstrap required, opened a new log
I20260630 12:38:55.882764 16087 ts_tablet_manager.cc:1403] T 4f5439658fe941f79ddb9f0e7e9a940e P ae7b3e5f32854ec3a6599ebb5ecd9663: Time spent bootstrapping tablet: real 0.015s	user 0.008s	sys 0.003s
I20260630 12:38:55.884193 16088 tablet_bootstrap.cc:654] T 4f5439658fe941f79ddb9f0e7e9a940e P fae32ac89572434c9501662c5375e7b9: Neither blocks nor log segments found. Creating new log.
I20260630 12:38:55.885330 16086 tablet_bootstrap.cc:492] T 06b2a0228baa49fb834dc821c889ffa7 P d610f81badb34895a524e132add09748: No bootstrap required, opened a new log
I20260630 12:38:55.885304 16087 raft_consensus.cc:359] T 4f5439658fe941f79ddb9f0e7e9a940e P ae7b3e5f32854ec3a6599ebb5ecd9663 [term 0 FOLLOWER]: Replica starting. Triggering 0 pending ops. Active config: opid_index: -1 OBSOLETE_local: false peers { permanent_uuid: "fae32ac89572434c9501662c5375e7b9" member_type: VOTER last_known_addr { host: "127.13.187.65" port: 40517 } } peers { permanent_uuid: "d610f81badb34895a524e132add09748" member_type: VOTER last_known_addr { host: "127.13.187.66" port: 39837 } } peers { permanent_uuid: "ae7b3e5f32854ec3a6599ebb5ecd9663" member_type: VOTER last_known_addr { host: "127.13.187.67" port: 37287 } }
I20260630 12:38:55.886029 16086 ts_tablet_manager.cc:1403] T 06b2a0228baa49fb834dc821c889ffa7 P d610f81badb34895a524e132add09748: Time spent bootstrapping tablet: real 0.023s	user 0.007s	sys 0.008s
I20260630 12:38:55.886241 16087 raft_consensus.cc:385] T 4f5439658fe941f79ddb9f0e7e9a940e P ae7b3e5f32854ec3a6599ebb5ecd9663 [term 0 FOLLOWER]: Consensus starting up: Expiring failure detector timer to make a prompt election more likely
I20260630 12:38:55.886582 16087 raft_consensus.cc:740] T 4f5439658fe941f79ddb9f0e7e9a940e P ae7b3e5f32854ec3a6599ebb5ecd9663 [term 0 FOLLOWER]: Becoming Follower/Learner. State: Replica: ae7b3e5f32854ec3a6599ebb5ecd9663, State: Initialized, Role: FOLLOWER
I20260630 12:38:55.887290 16087 consensus_queue.cc:260] T 4f5439658fe941f79ddb9f0e7e9a940e P ae7b3e5f32854ec3a6599ebb5ecd9663 [NON_LEADER]: Queue going to NON_LEADER mode. State: All replicated index: 0, Majority replicated index: 0, Committed index: 0, Last appended: 0.0, Last appended by leader: 0, Current term: 0, Majority size: -1, State: 0, Mode: NON_LEADER, active raft config: opid_index: -1 OBSOLETE_local: false peers { permanent_uuid: "fae32ac89572434c9501662c5375e7b9" member_type: VOTER last_known_addr { host: "127.13.187.65" port: 40517 } } peers { permanent_uuid: "d610f81badb34895a524e132add09748" member_type: VOTER last_known_addr { host: "127.13.187.66" port: 39837 } } peers { permanent_uuid: "ae7b3e5f32854ec3a6599ebb5ecd9663" member_type: VOTER last_known_addr { host: "127.13.187.67" port: 37287 } }
I20260630 12:38:55.890377 16087 ts_tablet_manager.cc:1434] T 4f5439658fe941f79ddb9f0e7e9a940e P ae7b3e5f32854ec3a6599ebb5ecd9663: Time spent starting tablet: real 0.007s	user 0.006s	sys 0.000s
I20260630 12:38:55.890013 16086 raft_consensus.cc:359] T 06b2a0228baa49fb834dc821c889ffa7 P d610f81badb34895a524e132add09748 [term 0 FOLLOWER]: Replica starting. Triggering 0 pending ops. Active config: opid_index: -1 OBSOLETE_local: false peers { permanent_uuid: "d610f81badb34895a524e132add09748" member_type: VOTER last_known_addr { host: "127.13.187.66" port: 39837 } } peers { permanent_uuid: "ae7b3e5f32854ec3a6599ebb5ecd9663" member_type: VOTER last_known_addr { host: "127.13.187.67" port: 37287 } } peers { permanent_uuid: "fae32ac89572434c9501662c5375e7b9" member_type: VOTER last_known_addr { host: "127.13.187.65" port: 40517 } }
I20260630 12:38:55.890910 16086 raft_consensus.cc:385] T 06b2a0228baa49fb834dc821c889ffa7 P d610f81badb34895a524e132add09748 [term 0 FOLLOWER]: Consensus starting up: Expiring failure detector timer to make a prompt election more likely
I20260630 12:38:55.891253 16086 raft_consensus.cc:740] T 06b2a0228baa49fb834dc821c889ffa7 P d610f81badb34895a524e132add09748 [term 0 FOLLOWER]: Becoming Follower/Learner. State: Replica: d610f81badb34895a524e132add09748, State: Initialized, Role: FOLLOWER
I20260630 12:38:55.891407 16087 tablet_bootstrap.cc:492] T 06b2a0228baa49fb834dc821c889ffa7 P ae7b3e5f32854ec3a6599ebb5ecd9663: Bootstrap starting.
