I20260630 12:39:50.990319  2526 consensus_queue.cc:260] T 60b630e0af3f444b84477e1386d5e24a P b3202a312781403f8d81749042b6a95b [NON_LEADER]: Queue going to NON_LEADER mode. State: All replicated index: 0, Majority replicated index: 0, Committed index: 2, Last appended: 1.2, Last appended by leader: 2, Current term: 0, Majority size: -1, State: 0, Mode: NON_LEADER, active raft config: opid_index: 2 OBSOLETE_local: false peers { permanent_uuid: "e181e2514e554c528c71fff342647aa3" member_type: VOTER last_known_addr { host: "127.30.218.194" port: 43145 } } peers { permanent_uuid: "457831bd787e44adaab686a03f50808a" member_type: VOTER last_known_addr { host: "127.30.218.193" port: 35345 } attrs { replace: true } } peers { permanent_uuid: "c4c1ac5dd1694e5cbae8df05a2eb30ff" member_type: VOTER last_known_addr { host: "127.30.218.195" port: 42355 } } peers { permanent_uuid: "b3202a312781403f8d81749042b6a95b" member_type: NON_VOTER last_known_addr { host: "127.30.218.196" port: 33779 } attrs { promote: true } }
I20260630 12:39:50.992972  2526 ts_tablet_manager.cc:1434] T 60b630e0af3f444b84477e1386d5e24a P b3202a312781403f8d81749042b6a95b: Time spent starting tablet: real 0.007s	user 0.008s	sys 0.000s
I20260630 12:39:50.994796  2246 tablet_copy_service.cc:342] P c4c1ac5dd1694e5cbae8df05a2eb30ff: Request end of tablet copy session b3202a312781403f8d81749042b6a95b-60b630e0af3f444b84477e1386d5e24a received from {username='slave'} at 127.0.0.1:38342
I20260630 12:39:50.995240  2246 tablet_copy_service.cc:434] P c4c1ac5dd1694e5cbae8df05a2eb30ff: ending tablet copy session b3202a312781403f8d81749042b6a95b-60b630e0af3f444b84477e1386d5e24a on tablet 60b630e0af3f444b84477e1386d5e24a with peer b3202a312781403f8d81749042b6a95b
I20260630 12:39:51.061299  2526 ts_tablet_manager.cc:933] T 3c30186e1a944960a764c1b21e348b63 P b3202a312781403f8d81749042b6a95b: Initiating tablet copy from peer 457831bd787e44adaab686a03f50808a (127.30.218.193:35345)
I20260630 12:39:51.062879  2526 tablet_copy_client.cc:323] T 3c30186e1a944960a764c1b21e348b63 P b3202a312781403f8d81749042b6a95b: tablet copy: Beginning tablet copy session from remote peer at address 127.30.218.193:35345
I20260630 12:39:51.064513  2097 tablet_copy_service.cc:140] P 457831bd787e44adaab686a03f50808a: Received BeginTabletCopySession request for tablet 3c30186e1a944960a764c1b21e348b63 from peer b3202a312781403f8d81749042b6a95b ({username='slave'} at 127.0.0.1:35048)
I20260630 12:39:51.065110  2097 tablet_copy_service.cc:161] P 457831bd787e44adaab686a03f50808a: Beginning new tablet copy session on tablet 3c30186e1a944960a764c1b21e348b63 from peer b3202a312781403f8d81749042b6a95b at {username='slave'} at 127.0.0.1:35048: session id = b3202a312781403f8d81749042b6a95b-3c30186e1a944960a764c1b21e348b63
I20260630 12:39:51.072906  2097 tablet_copy_source_session.cc:215] T 3c30186e1a944960a764c1b21e348b63 P 457831bd787e44adaab686a03f50808a: Tablet Copy: opened 0 blocks and 1 log segments
I20260630 12:39:51.075893  2526 data_dirs.cc:400] Could only allocate 1 dirs of requested 3 for tablet 3c30186e1a944960a764c1b21e348b63. 1 dirs total, 0 dirs full, 0 dirs failed
I20260630 12:39:51.086316  2161 raft_consensus.cc:1275] T 76c25d7940e54950a945642ea514cb19 P e181e2514e554c528c71fff342647aa3 [term 2 FOLLOWER]: Refusing update from remote peer c4c1ac5dd1694e5cbae8df05a2eb30ff: Log matching property violated. Preceding OpId in replica: term: 1 index: 1. Preceding OpId from leader: term: 2 index: 2. (index mismatch)
I20260630 12:39:51.087917  2526 tablet_copy_client.cc:806] T 3c30186e1a944960a764c1b21e348b63 P b3202a312781403f8d81749042b6a95b: tablet copy: Starting download of 0 data blocks...
I20260630 12:39:51.087733  2438 consensus_queue.cc:1048] T 76c25d7940e54950a945642ea514cb19 P c4c1ac5dd1694e5cbae8df05a2eb30ff [LEADER]: Connected to new peer: Peer: permanent_uuid: "e181e2514e554c528c71fff342647aa3" member_type: VOTER last_known_addr { host: "127.30.218.194" port: 43145 }, Status: LMP_MISMATCH, Last received: 0.0, Next index: 2, Last known committed idx: 1, Time since last communication: 0.000s
I20260630 12:39:51.088481  2526 tablet_copy_client.cc:670] T 3c30186e1a944960a764c1b21e348b63 P b3202a312781403f8d81749042b6a95b: tablet copy: Starting download of 1 WAL segments...
I20260630 12:39:51.094239  2526 tablet_copy_client.cc:538] T 3c30186e1a944960a764c1b21e348b63 P b3202a312781403f8d81749042b6a95b: tablet copy: Tablet Copy complete. Replacing tablet superblock.
I20260630 12:39:51.099967  2084 raft_consensus.cc:1275] T 76c25d7940e54950a945642ea514cb19 P 457831bd787e44adaab686a03f50808a [term 2 FOLLOWER]: Refusing update from remote peer c4c1ac5dd1694e5cbae8df05a2eb30ff: Log matching property violated. Preceding OpId in replica: term: 1 index: 1. Preceding OpId from leader: term: 2 index: 2. (index mismatch)
I20260630 12:39:51.101538  2438 consensus_queue.cc:1048] T 76c25d7940e54950a945642ea514cb19 P c4c1ac5dd1694e5cbae8df05a2eb30ff [LEADER]: Connected to new peer: Peer: permanent_uuid: "457831bd787e44adaab686a03f50808a" member_type: VOTER last_known_addr { host: "127.30.218.193" port: 35345 }, Status: LMP_MISMATCH, Last received: 0.0, Next index: 2, Last known committed idx: 1, Time since last communication: 0.000s
I20260630 12:39:51.105144  2526 tablet_bootstrap.cc:492] T 3c30186e1a944960a764c1b21e348b63 P b3202a312781403f8d81749042b6a95b: Bootstrap starting.
I20260630 12:39:51.124876  2526 tablet_bootstrap.cc:492] T 3c30186e1a944960a764c1b21e348b63 P b3202a312781403f8d81749042b6a95b: Bootstrap replayed 1/1 log segments. Stats: ops{read=2 overwritten=0 applied=2 ignored=0} inserts{seen=0 ignored=0} mutations{seen=0 ignored=0} orphaned_commits=0. Pending: 0 replicates
I20260630 12:39:51.125643  2526 tablet_bootstrap.cc:492] T 3c30186e1a944960a764c1b21e348b63 P b3202a312781403f8d81749042b6a95b: Bootstrap complete.
I20260630 12:39:51.126166  2526 ts_tablet_manager.cc:1403] T 3c30186e1a944960a764c1b21e348b63 P b3202a312781403f8d81749042b6a95b: Time spent bootstrapping tablet: real 0.021s	user 0.019s	sys 0.000s
I20260630 12:39:51.128613  2526 raft_consensus.cc:359] T 3c30186e1a944960a764c1b21e348b63 P b3202a312781403f8d81749042b6a95b [term 1 LEARNER]: Replica starting. Triggering 0 pending ops. Active config: opid_index: 2 OBSOLETE_local: false peers { permanent_uuid: "c4c1ac5dd1694e5cbae8df05a2eb30ff" member_type: VOTER last_known_addr { host: "127.30.218.195" port: 42355 } } peers { permanent_uuid: "457831bd787e44adaab686a03f50808a" member_type: VOTER last_known_addr { host: "127.30.218.193" port: 35345 } } peers { permanent_uuid: "e181e2514e554c528c71fff342647aa3" member_type: VOTER last_known_addr { host: "127.30.218.194" port: 43145 } attrs { replace: true } } peers { permanent_uuid: "b3202a312781403f8d81749042b6a95b" member_type: NON_VOTER last_known_addr { host: "127.30.218.196" port: 33779 } attrs { promote: true } }
I20260630 12:39:51.129169  2526 raft_consensus.cc:740] T 3c30186e1a944960a764c1b21e348b63 P b3202a312781403f8d81749042b6a95b [term 1 LEARNER]: Becoming Follower/Learner. State: Replica: b3202a312781403f8d81749042b6a95b, State: Initialized, Role: LEARNER
I20260630 12:39:51.129660  2526 consensus_queue.cc:260] T 3c30186e1a944960a764c1b21e348b63 P b3202a312781403f8d81749042b6a95b [NON_LEADER]: Queue going to NON_LEADER mode. State: All replicated index: 0, Majority replicated index: 0, Committed index: 2, Last appended: 1.2, Last appended by leader: 2, Current term: 0, Majority size: -1, State: 0, Mode: NON_LEADER, active raft config: opid_index: 2 OBSOLETE_local: false peers { permanent_uuid: "c4c1ac5dd1694e5cbae8df05a2eb30ff" member_type: VOTER last_known_addr { host: "127.30.218.195" port: 42355 } } peers { permanent_uuid: "457831bd787e44adaab686a03f50808a" member_type: VOTER last_known_addr { host: "127.30.218.193" port: 35345 } } peers { permanent_uuid: "e181e2514e554c528c71fff342647aa3" member_type: VOTER last_known_addr { host: "127.30.218.194" port: 43145 } attrs { replace: true } } peers { permanent_uuid: "b3202a312781403f8d81749042b6a95b" member_type: NON_VOTER last_known_addr { host: "127.30.218.196" port: 33779 } attrs { promote: true } }
I20260630 12:39:51.131094  2526 ts_tablet_manager.cc:1434] T 3c30186e1a944960a764c1b21e348b63 P b3202a312781403f8d81749042b6a95b: Time spent starting tablet: real 0.005s	user 0.002s	sys 0.000s
I20260630 12:39:51.133224  2097 tablet_copy_service.cc:342] P 457831bd787e44adaab686a03f50808a: Request end of tablet copy session b3202a312781403f8d81749042b6a95b-3c30186e1a944960a764c1b21e348b63 received from {username='slave'} at 127.0.0.1:35048
I20260630 12:39:51.133659  2097 tablet_copy_service.cc:434] P 457831bd787e44adaab686a03f50808a: ending tablet copy session b3202a312781403f8d81749042b6a95b-3c30186e1a944960a764c1b21e348b63 on tablet 3c30186e1a944960a764c1b21e348b63 with peer b3202a312781403f8d81749042b6a95b
I20260630 12:39:51.194051  2086 raft_consensus.cc:1275] T b7747fb4810e4b7e8e6a4ef9c7fb22d0 P 457831bd787e44adaab686a03f50808a [term 2 FOLLOWER]: Refusing update from remote peer b3202a312781403f8d81749042b6a95b: Log matching property violated. Preceding OpId in replica: term: 1 index: 1. Preceding OpId from leader: term: 2 index: 2. (index mismatch)
I20260630 12:39:51.195583  2454 consensus_queue.cc:1048] T b7747fb4810e4b7e8e6a4ef9c7fb22d0 P b3202a312781403f8d81749042b6a95b [LEADER]: Connected to new peer: Peer: permanent_uuid: "457831bd787e44adaab686a03f50808a" member_type: VOTER last_known_addr { host: "127.30.218.193" port: 35345 }, Status: LMP_MISMATCH, Last received: 0.0, Next index: 2, Last known committed idx: 1, Time since last communication: 0.000s
I20260630 12:39:51.204538  2161 raft_consensus.cc:1275] T b7747fb4810e4b7e8e6a4ef9c7fb22d0 P e181e2514e554c528c71fff342647aa3 [term 2 FOLLOWER]: Refusing update from remote peer b3202a312781403f8d81749042b6a95b: Log matching property violated. Preceding OpId in replica: term: 1 index: 1. Preceding OpId from leader: term: 2 index: 2. (index mismatch)
I20260630 12:39:51.206756  2508 consensus_queue.cc:1048] T b7747fb4810e4b7e8e6a4ef9c7fb22d0 P b3202a312781403f8d81749042b6a95b [LEADER]: Connected to new peer: Peer: permanent_uuid: "e181e2514e554c528c71fff342647aa3" member_type: VOTER last_known_addr { host: "127.30.218.194" port: 43145 }, Status: LMP_MISMATCH, Last received: 0.0, Next index: 2, Last known committed idx: 1, Time since last communication: 0.000s
I20260630 12:39:51.307796  2381 raft_consensus.cc:1217] T 9802e5834d8b4652b10d7960c8925af7 P b3202a312781403f8d81749042b6a95b [term 1 LEARNER]: Deduplicated request from leader. Original: 1.1->[1.2-1.2]   Dedup: 1.2->[]
I20260630 12:39:51.325645  2381 raft_consensus.cc:1217] T 60b630e0af3f444b84477e1386d5e24a P b3202a312781403f8d81749042b6a95b [term 1 LEARNER]: Deduplicated request from leader. Original: 1.1->[1.2-1.2]   Dedup: 1.2->[]
I20260630 12:39:51.643453  2381 raft_consensus.cc:1217] T 3c30186e1a944960a764c1b21e348b63 P b3202a312781403f8d81749042b6a95b [term 1 LEARNER]: Deduplicated request from leader. Original: 1.1->[1.2-1.2]   Dedup: 1.2->[]
I20260630 12:39:51.715840  2438 raft_consensus.cc:1064] T 60b630e0af3f444b84477e1386d5e24a P c4c1ac5dd1694e5cbae8df05a2eb30ff: attempting to promote NON_VOTER b3202a312781403f8d81749042b6a95b to VOTER
I20260630 12:39:51.717839  2438 consensus_queue.cc:237] T 60b630e0af3f444b84477e1386d5e24a P c4c1ac5dd1694e5cbae8df05a2eb30ff [LEADER]: Queue going to LEADER mode. State: All replicated index: 0, Majority replicated index: 2, Committed index: 2, Last appended: 1.2, Last appended by leader: 0, Current term: 1, Majority size: 3, State: 0, Mode: LEADER, active raft config: opid_index: 3 OBSOLETE_local: false peers { permanent_uuid: "e181e2514e554c528c71fff342647aa3" member_type: VOTER last_known_addr { host: "127.30.218.194" port: 43145 } } peers { permanent_uuid: "457831bd787e44adaab686a03f50808a" member_type: VOTER last_known_addr { host: "127.30.218.193" port: 35345 } attrs { replace: true } } peers { permanent_uuid: "c4c1ac5dd1694e5cbae8df05a2eb30ff" member_type: VOTER last_known_addr { host: "127.30.218.195" port: 42355 } } peers { permanent_uuid: "b3202a312781403f8d81749042b6a95b" member_type: VOTER last_known_addr { host: "127.30.218.196" port: 33779 } attrs { promote: false } }
I20260630 12:39:51.724155  2086 raft_consensus.cc:1275] T 60b630e0af3f444b84477e1386d5e24a P 457831bd787e44adaab686a03f50808a [term 1 FOLLOWER]: Refusing update from remote peer c4c1ac5dd1694e5cbae8df05a2eb30ff: Log matching property violated. Preceding OpId in replica: term: 1 index: 2. Preceding OpId from leader: term: 1 index: 3. (index mismatch)
I20260630 12:39:51.724277  2381 raft_consensus.cc:1275] T 60b630e0af3f444b84477e1386d5e24a P b3202a312781403f8d81749042b6a95b [term 1 LEARNER]: Refusing update from remote peer c4c1ac5dd1694e5cbae8df05a2eb30ff: Log matching property violated. Preceding OpId in replica: term: 1 index: 2. Preceding OpId from leader: term: 1 index: 3. (index mismatch)
I20260630 12:39:51.726070  2161 raft_consensus.cc:1275] T 60b630e0af3f444b84477e1386d5e24a P e181e2514e554c528c71fff342647aa3 [term 1 FOLLOWER]: Refusing update from remote peer c4c1ac5dd1694e5cbae8df05a2eb30ff: Log matching property violated. Preceding OpId in replica: term: 1 index: 2. Preceding OpId from leader: term: 1 index: 3. (index mismatch)
I20260630 12:39:51.725962  2433 consensus_queue.cc:1048] T 60b630e0af3f444b84477e1386d5e24a P c4c1ac5dd1694e5cbae8df05a2eb30ff [LEADER]: Connected to new peer: Peer: permanent_uuid: "457831bd787e44adaab686a03f50808a" member_type: VOTER last_known_addr { host: "127.30.218.193" port: 35345 } attrs { replace: true }, Status: LMP_MISMATCH, Last received: 0.0, Next index: 3, Last known committed idx: 2, Time since last communication: 0.000s
I20260630 12:39:51.726931  2537 consensus_queue.cc:1048] T 60b630e0af3f444b84477e1386d5e24a P c4c1ac5dd1694e5cbae8df05a2eb30ff [LEADER]: Connected to new peer: Peer: permanent_uuid: "b3202a312781403f8d81749042b6a95b" member_type: VOTER last_known_addr { host: "127.30.218.196" port: 33779 } attrs { promote: false }, Status: LMP_MISMATCH, Last received: 0.0, Next index: 3, Last known committed idx: 2, Time since last communication: 0.000s
I20260630 12:39:51.728108  2438 consensus_queue.cc:1048] T 60b630e0af3f444b84477e1386d5e24a P c4c1ac5dd1694e5cbae8df05a2eb30ff [LEADER]: Connected to new peer: Peer: permanent_uuid: "e181e2514e554c528c71fff342647aa3" member_type: VOTER last_known_addr { host: "127.30.218.194" port: 43145 }, Status: LMP_MISMATCH, Last received: 0.0, Next index: 3, Last known committed idx: 2, Time since last communication: 0.000s
I20260630 12:39:51.743090  2433 raft_consensus.cc:2955] T 60b630e0af3f444b84477e1386d5e24a P c4c1ac5dd1694e5cbae8df05a2eb30ff [term 1 LEADER]: Committing config change with OpId 1.3: config changed from index 2 to 3, b3202a312781403f8d81749042b6a95b (127.30.218.196) changed from NON_VOTER to VOTER. New config: { opid_index: 3 OBSOLETE_local: false peers { permanent_uuid: "e181e2514e554c528c71fff342647aa3" member_type: VOTER last_known_addr { host: "127.30.218.194" port: 43145 } } peers { permanent_uuid: "457831bd787e44adaab686a03f50808a" member_type: VOTER last_known_addr { host: "127.30.218.193" port: 35345 } attrs { replace: true } } peers { permanent_uuid: "c4c1ac5dd1694e5cbae8df05a2eb30ff" member_type: VOTER last_known_addr { host: "127.30.218.195" port: 42355 } } peers { permanent_uuid: "b3202a312781403f8d81749042b6a95b" member_type: VOTER last_known_addr { host: "127.30.218.196" port: 33779 } attrs { promote: false } } }
I20260630 12:39:51.745318  2086 raft_consensus.cc:2955] T 60b630e0af3f444b84477e1386d5e24a P 457831bd787e44adaab686a03f50808a [term 1 FOLLOWER]: Committing config change with OpId 1.3: config changed from index 2 to 3, b3202a312781403f8d81749042b6a95b (127.30.218.196) changed from NON_VOTER to VOTER. New config: { opid_index: 3 OBSOLETE_local: false peers { permanent_uuid: "e181e2514e554c528c71fff342647aa3" member_type: VOTER last_known_addr { host: "127.30.218.194" port: 43145 } } peers { permanent_uuid: "457831bd787e44adaab686a03f50808a" member_type: VOTER last_known_addr { host: "127.30.218.193" port: 35345 } attrs { replace: true } } peers { permanent_uuid: "c4c1ac5dd1694e5cbae8df05a2eb30ff" member_type: VOTER last_known_addr { host: "127.30.218.195" port: 42355 } } peers { permanent_uuid: "b3202a312781403f8d81749042b6a95b" member_type: VOTER last_known_addr { host: "127.30.218.196" port: 33779 } attrs { promote: false } } }
I20260630 12:39:51.745280  2381 raft_consensus.cc:2955] T 60b630e0af3f444b84477e1386d5e24a P b3202a312781403f8d81749042b6a95b [term 1 FOLLOWER]: Committing config change with OpId 1.3: config changed from index 2 to 3, b3202a312781403f8d81749042b6a95b (127.30.218.196) changed from NON_VOTER to VOTER. New config: { opid_index: 3 OBSOLETE_local: false peers { permanent_uuid: "e181e2514e554c528c71fff342647aa3" member_type: VOTER last_known_addr { host: "127.30.218.194" port: 43145 } } peers { permanent_uuid: "457831bd787e44adaab686a03f50808a" member_type: VOTER last_known_addr { host: "127.30.218.193" port: 35345 } attrs { replace: true } } peers { permanent_uuid: "c4c1ac5dd1694e5cbae8df05a2eb30ff" member_type: VOTER last_known_addr { host: "127.30.218.195" port: 42355 } } peers { permanent_uuid: "b3202a312781403f8d81749042b6a95b" member_type: VOTER last_known_addr { host: "127.30.218.196" port: 33779 } attrs { promote: false } } }
I20260630 12:39:51.758121  2161 raft_consensus.cc:2955] T 60b630e0af3f444b84477e1386d5e24a P e181e2514e554c528c71fff342647aa3 [term 1 FOLLOWER]: Committing config change with OpId 1.3: config changed from index 2 to 3, b3202a312781403f8d81749042b6a95b (127.30.218.196) changed from NON_VOTER to VOTER. New config: { opid_index: 3 OBSOLETE_local: false peers { permanent_uuid: "e181e2514e554c528c71fff342647aa3" member_type: VOTER last_known_addr { host: "127.30.218.194" port: 43145 } } peers { permanent_uuid: "457831bd787e44adaab686a03f50808a" member_type: VOTER last_known_addr { host: "127.30.218.193" port: 35345 } attrs { replace: true } } peers { permanent_uuid: "c4c1ac5dd1694e5cbae8df05a2eb30ff" member_type: VOTER last_known_addr { host: "127.30.218.195" port: 42355 } } peers { permanent_uuid: "b3202a312781403f8d81749042b6a95b" member_type: VOTER last_known_addr { host: "127.30.218.196" port: 33779 } attrs { promote: false } } }
I20260630 12:39:51.763366  1983 catalog_manager.cc:5697] T 60b630e0af3f444b84477e1386d5e24a P 457831bd787e44adaab686a03f50808a reported cstate change: config changed from index 2 to 3, b3202a312781403f8d81749042b6a95b (127.30.218.196) changed from NON_VOTER to VOTER. New cstate: current_term: 1 leader_uuid: "c4c1ac5dd1694e5cbae8df05a2eb30ff" committed_config { opid_index: 3 OBSOLETE_local: false peers { permanent_uuid: "e181e2514e554c528c71fff342647aa3" member_type: VOTER last_known_addr { host: "127.30.218.194" port: 43145 } } peers { permanent_uuid: "457831bd787e44adaab686a03f50808a" member_type: VOTER last_known_addr { host: "127.30.218.193" port: 35345 } attrs { replace: true } } peers { permanent_uuid: "c4c1ac5dd1694e5cbae8df05a2eb30ff" member_type: VOTER last_known_addr { host: "127.30.218.195" port: 42355 } } peers { permanent_uuid: "b3202a312781403f8d81749042b6a95b" member_type: VOTER last_known_addr { host: "127.30.218.196" port: 33779 } attrs { promote: false } } }
I20260630 12:39:51.794122  2235 consensus_queue.cc:237] T 60b630e0af3f444b84477e1386d5e24a P c4c1ac5dd1694e5cbae8df05a2eb30ff [LEADER]: Queue going to LEADER mode. State: All replicated index: 0, Majority replicated index: 3, Committed index: 3, Last appended: 1.3, Last appended by leader: 0, Current term: 1, Majority size: 2, State: 0, Mode: LEADER, active raft config: opid_index: 4 OBSOLETE_local: false peers { permanent_uuid: "e181e2514e554c528c71fff342647aa3" member_type: VOTER last_known_addr { host: "127.30.218.194" port: 43145 } } peers { permanent_uuid: "c4c1ac5dd1694e5cbae8df05a2eb30ff" member_type: VOTER last_known_addr { host: "127.30.218.195" port: 42355 } } peers { permanent_uuid: "b3202a312781403f8d81749042b6a95b" member_type: VOTER last_known_addr { host: "127.30.218.196" port: 33779 } attrs { promote: false } }
I20260630 12:39:51.800415  2381 raft_consensus.cc:1275] T 60b630e0af3f444b84477e1386d5e24a P b3202a312781403f8d81749042b6a95b [term 1 FOLLOWER]: Refusing update from remote peer c4c1ac5dd1694e5cbae8df05a2eb30ff: Log matching property violated. Preceding OpId in replica: term: 1 index: 3. Preceding OpId from leader: term: 1 index: 4. (index mismatch)
I20260630 12:39:51.802062  2433 consensus_queue.cc:1048] T 60b630e0af3f444b84477e1386d5e24a P c4c1ac5dd1694e5cbae8df05a2eb30ff [LEADER]: Connected to new peer: Peer: permanent_uuid: "b3202a312781403f8d81749042b6a95b" member_type: VOTER last_known_addr { host: "127.30.218.196" port: 33779 } attrs { promote: false }, Status: LMP_MISMATCH, Last received: 0.0, Next index: 4, Last known committed idx: 3, Time since last communication: 0.000s
I20260630 12:39:51.802788  2161 raft_consensus.cc:1275] T 60b630e0af3f444b84477e1386d5e24a P e181e2514e554c528c71fff342647aa3 [term 1 FOLLOWER]: Refusing update from remote peer c4c1ac5dd1694e5cbae8df05a2eb30ff: Log matching property violated. Preceding OpId in replica: term: 1 index: 3. Preceding OpId from leader: term: 1 index: 4. (index mismatch)
I20260630 12:39:51.804296  2433 consensus_queue.cc:1048] T 60b630e0af3f444b84477e1386d5e24a P c4c1ac5dd1694e5cbae8df05a2eb30ff [LEADER]: Connected to new peer: Peer: permanent_uuid: "e181e2514e554c528c71fff342647aa3" member_type: VOTER last_known_addr { host: "127.30.218.194" port: 43145 }, Status: LMP_MISMATCH, Last received: 0.0, Next index: 4, Last known committed idx: 3, Time since last communication: 0.000s
I20260630 12:39:51.812294  2438 raft_consensus.cc:2955] T 60b630e0af3f444b84477e1386d5e24a P c4c1ac5dd1694e5cbae8df05a2eb30ff [term 1 LEADER]: Committing config change with OpId 1.4: config changed from index 3 to 4, VOTER 457831bd787e44adaab686a03f50808a (127.30.218.193) evicted. New config: { opid_index: 4 OBSOLETE_local: false peers { permanent_uuid: "e181e2514e554c528c71fff342647aa3" member_type: VOTER last_known_addr { host: "127.30.218.194" port: 43145 } } peers { permanent_uuid: "c4c1ac5dd1694e5cbae8df05a2eb30ff" member_type: VOTER last_known_addr { host: "127.30.218.195" port: 42355 } } peers { permanent_uuid: "b3202a312781403f8d81749042b6a95b" member_type: VOTER last_known_addr { host: "127.30.218.196" port: 33779 } attrs { promote: false } } }
I20260630 12:39:51.814079  2161 raft_consensus.cc:2955] T 60b630e0af3f444b84477e1386d5e24a P e181e2514e554c528c71fff342647aa3 [term 1 FOLLOWER]: Committing config change with OpId 1.4: config changed from index 3 to 4, VOTER 457831bd787e44adaab686a03f50808a (127.30.218.193) evicted. New config: { opid_index: 4 OBSOLETE_local: false peers { permanent_uuid: "e181e2514e554c528c71fff342647aa3" member_type: VOTER last_known_addr { host: "127.30.218.194" port: 43145 } } peers { permanent_uuid: "c4c1ac5dd1694e5cbae8df05a2eb30ff" member_type: VOTER last_known_addr { host: "127.30.218.195" port: 42355 } } peers { permanent_uuid: "b3202a312781403f8d81749042b6a95b" member_type: VOTER last_known_addr { host: "127.30.218.196" port: 33779 } attrs { promote: false } } }
I20260630 12:39:51.814549  2382 raft_consensus.cc:2955] T 60b630e0af3f444b84477e1386d5e24a P b3202a312781403f8d81749042b6a95b [term 1 FOLLOWER]: Committing config change with OpId 1.4: config changed from index 3 to 4, VOTER 457831bd787e44adaab686a03f50808a (127.30.218.193) evicted. New config: { opid_index: 4 OBSOLETE_local: false peers { permanent_uuid: "e181e2514e554c528c71fff342647aa3" member_type: VOTER last_known_addr { host: "127.30.218.194" port: 43145 } } peers { permanent_uuid: "c4c1ac5dd1694e5cbae8df05a2eb30ff" member_type: VOTER last_known_addr { host: "127.30.218.195" port: 42355 } } peers { permanent_uuid: "b3202a312781403f8d81749042b6a95b" member_type: VOTER last_known_addr { host: "127.30.218.196" port: 33779 } attrs { promote: false } } }
I20260630 12:39:51.825661  1971 catalog_manager.cc:5210] ChangeConfig:REMOVE_PEER RPC for tablet 60b630e0af3f444b84477e1386d5e24a with cas_config_opid_index 3: ChangeConfig:REMOVE_PEER succeeded (attempt 1)
I20260630 12:39:51.830802  1985 catalog_manager.cc:5697] T 60b630e0af3f444b84477e1386d5e24a P c4c1ac5dd1694e5cbae8df05a2eb30ff reported cstate change: config changed from index 3 to 4, VOTER 457831bd787e44adaab686a03f50808a (127.30.218.193) evicted. New cstate: current_term: 1 leader_uuid: "c4c1ac5dd1694e5cbae8df05a2eb30ff" committed_config { opid_index: 4 OBSOLETE_local: false peers { permanent_uuid: "e181e2514e554c528c71fff342647aa3" member_type: VOTER last_known_addr { host: "127.30.218.194" port: 43145 } health_report { overall_health: HEALTHY } } peers { permanent_uuid: "c4c1ac5dd1694e5cbae8df05a2eb30ff" member_type: VOTER last_known_addr { host: "127.30.218.195" port: 42355 } health_report { overall_health: HEALTHY } } peers { permanent_uuid: "b3202a312781403f8d81749042b6a95b" member_type: VOTER last_known_addr { host: "127.30.218.196" port: 33779 } attrs { promote: false } health_report { overall_health: HEALTHY } } }
I20260630 12:39:51.835878  2542 raft_consensus.cc:1064] T 9802e5834d8b4652b10d7960c8925af7 P e181e2514e554c528c71fff342647aa3: attempting to promote NON_VOTER b3202a312781403f8d81749042b6a95b to VOTER
I20260630 12:39:51.839974  2542 consensus_queue.cc:237] T 9802e5834d8b4652b10d7960c8925af7 P e181e2514e554c528c71fff342647aa3 [LEADER]: Queue going to LEADER mode. State: All replicated index: 0, Majority replicated index: 2, Committed index: 2, Last appended: 1.2, Last appended by leader: 0, Current term: 1, Majority size: 3, State: 0, Mode: LEADER, active raft config: opid_index: 3 OBSOLETE_local: false peers { permanent_uuid: "e181e2514e554c528c71fff342647aa3" member_type: VOTER last_known_addr { host: "127.30.218.194" port: 43145 } } peers { permanent_uuid: "457831bd787e44adaab686a03f50808a" member_type: VOTER last_known_addr { host: "127.30.218.193" port: 35345 } } peers { permanent_uuid: "c4c1ac5dd1694e5cbae8df05a2eb30ff" member_type: VOTER last_known_addr { host: "127.30.218.195" port: 42355 } attrs { replace: true } } peers { permanent_uuid: "b3202a312781403f8d81749042b6a95b" member_type: VOTER last_known_addr { host: "127.30.218.196" port: 33779 } attrs { promote: false } }
I20260630 12:39:51.843030  2073 tablet_service.cc:1558] Processing DeleteTablet for tablet 60b630e0af3f444b84477e1386d5e24a with delete_type TABLET_DATA_TOMBSTONED (TS 457831bd787e44adaab686a03f50808a not found in new config with opid_index 4) from {username='slave'} at 127.0.0.1:50108
I20260630 12:39:51.852283  2553 tablet_replica.cc:333] T 60b630e0af3f444b84477e1386d5e24a P 457831bd787e44adaab686a03f50808a: stopping tablet replica
I20260630 12:39:51.853297  2553 raft_consensus.cc:2243] T 60b630e0af3f444b84477e1386d5e24a P 457831bd787e44adaab686a03f50808a [term 1 FOLLOWER]: Raft consensus shutting down.
I20260630 12:39:51.854051  2553 raft_consensus.cc:2272] T 60b630e0af3f444b84477e1386d5e24a P 457831bd787e44adaab686a03f50808a [term 1 FOLLOWER]: Raft consensus is shut down!
I20260630 12:39:51.857554  2382 raft_consensus.cc:1275] T 9802e5834d8b4652b10d7960c8925af7 P b3202a312781403f8d81749042b6a95b [term 1 LEARNER]: Refusing update from remote peer e181e2514e554c528c71fff342647aa3: Log matching property violated. Preceding OpId in replica: term: 1 index: 2. Preceding OpId from leader: term: 1 index: 3. (index mismatch)
I20260630 12:39:51.857899  2236 raft_consensus.cc:1275] T 9802e5834d8b4652b10d7960c8925af7 P c4c1ac5dd1694e5cbae8df05a2eb30ff [term 1 FOLLOWER]: Refusing update from remote peer e181e2514e554c528c71fff342647aa3: Log matching property violated. Preceding OpId in replica: term: 1 index: 2. Preceding OpId from leader: term: 1 index: 3. (index mismatch)
I20260630 12:39:51.858274  2086 raft_consensus.cc:1275] T 9802e5834d8b4652b10d7960c8925af7 P 457831bd787e44adaab686a03f50808a [term 1 FOLLOWER]: Refusing update from remote peer e181e2514e554c528c71fff342647aa3: Log matching property violated. Preceding OpId in replica: term: 1 index: 2. Preceding OpId from leader: term: 1 index: 3. (index mismatch)
I20260630 12:39:51.859930  2555 consensus_queue.cc:1048] T 9802e5834d8b4652b10d7960c8925af7 P e181e2514e554c528c71fff342647aa3 [LEADER]: Connected to new peer: Peer: permanent_uuid: "c4c1ac5dd1694e5cbae8df05a2eb30ff" member_type: VOTER last_known_addr { host: "127.30.218.195" port: 42355 } attrs { replace: true }, Status: LMP_MISMATCH, Last received: 0.0, Next index: 3, Last known committed idx: 2, Time since last communication: 0.000s
I20260630 12:39:51.863417  2553 ts_tablet_manager.cc:1916] T 60b630e0af3f444b84477e1386d5e24a P 457831bd787e44adaab686a03f50808a: Deleting tablet data with delete state TABLET_DATA_TOMBSTONED
I20260630 12:39:51.864187  2552 consensus_queue.cc:1048] T 9802e5834d8b4652b10d7960c8925af7 P e181e2514e554c528c71fff342647aa3 [LEADER]: Connected to new peer: Peer: permanent_uuid: "b3202a312781403f8d81749042b6a95b" member_type: VOTER last_known_addr { host: "127.30.218.196" port: 33779 } attrs { promote: false }, Status: LMP_MISMATCH, Last received: 0.0, Next index: 3, Last known committed idx: 2, Time since last communication: 0.001s
I20260630 12:39:51.865790  2316 consensus_queue.cc:1048] T 9802e5834d8b4652b10d7960c8925af7 P e181e2514e554c528c71fff342647aa3 [LEADER]: Connected to new peer: Peer: permanent_uuid: "457831bd787e44adaab686a03f50808a" member_type: VOTER last_known_addr { host: "127.30.218.193" port: 35345 }, Status: LMP_MISMATCH, Last received: 0.0, Next index: 3, Last known committed idx: 2, Time since last communication: 0.000s
I20260630 12:39:51.883086  2553 ts_tablet_manager.cc:1929] T 60b630e0af3f444b84477e1386d5e24a P 457831bd787e44adaab686a03f50808a: tablet deleted with delete type TABLET_DATA_TOMBSTONED: last-logged OpId 1.3
I20260630 12:39:51.883692  2553 log.cc:1199] T 60b630e0af3f444b84477e1386d5e24a P 457831bd787e44adaab686a03f50808a: Deleting WAL directory at /tmp/dist-test-taskLeX40W/test-tmp/auto_rebalancer-test.0.AutoRebalancerTest.RangeAwareRebalancesNewRangeReplicas.1782823102762325-31595-0/minicluster-data/ts-0-root/wals/60b630e0af3f444b84477e1386d5e24a
I20260630 12:39:51.886008  1969 catalog_manager.cc:5028] TS 457831bd787e44adaab686a03f50808a (127.30.218.193:35345): tablet 60b630e0af3f444b84477e1386d5e24a (table range_aware_rebalance_new_range [id=a5f7983875674bddb1dd99263e8b1836]) successfully deleted
I20260630 12:39:51.888957  2552 raft_consensus.cc:2955] T 9802e5834d8b4652b10d7960c8925af7 P e181e2514e554c528c71fff342647aa3 [term 1 LEADER]: Committing config change with OpId 1.3: config changed from index 2 to 3, b3202a312781403f8d81749042b6a95b (127.30.218.196) changed from NON_VOTER to VOTER. New config: { opid_index: 3 OBSOLETE_local: false peers { permanent_uuid: "e181e2514e554c528c71fff342647aa3" member_type: VOTER last_known_addr { host: "127.30.218.194" port: 43145 } } peers { permanent_uuid: "457831bd787e44adaab686a03f50808a" member_type: VOTER last_known_addr { host: "127.30.218.193" port: 35345 } } peers { permanent_uuid: "c4c1ac5dd1694e5cbae8df05a2eb30ff" member_type: VOTER last_known_addr { host: "127.30.218.195" port: 42355 } attrs { replace: true } } peers { permanent_uuid: "b3202a312781403f8d81749042b6a95b" member_type: VOTER last_known_addr { host: "127.30.218.196" port: 33779 } attrs { promote: false } } }
I20260630 12:39:51.891201  2381 raft_consensus.cc:2955] T 9802e5834d8b4652b10d7960c8925af7 P b3202a312781403f8d81749042b6a95b [term 1 FOLLOWER]: Committing config change with OpId 1.3: config changed from index 2 to 3, b3202a312781403f8d81749042b6a95b (127.30.218.196) changed from NON_VOTER to VOTER. New config: { opid_index: 3 OBSOLETE_local: false peers { permanent_uuid: "e181e2514e554c528c71fff342647aa3" member_type: VOTER last_known_addr { host: "127.30.218.194" port: 43145 } } peers { permanent_uuid: "457831bd787e44adaab686a03f50808a" member_type: VOTER last_known_addr { host: "127.30.218.193" port: 35345 } } peers { permanent_uuid: "c4c1ac5dd1694e5cbae8df05a2eb30ff" member_type: VOTER last_known_addr { host: "127.30.218.195" port: 42355 } attrs { replace: true } } peers { permanent_uuid: "b3202a312781403f8d81749042b6a95b" member_type: VOTER last_known_addr { host: "127.30.218.196" port: 33779 } attrs { promote: false } } }
I20260630 12:39:51.893267  2236 raft_consensus.cc:2955] T 9802e5834d8b4652b10d7960c8925af7 P c4c1ac5dd1694e5cbae8df05a2eb30ff [term 1 FOLLOWER]: Committing config change with OpId 1.3: config changed from index 2 to 3, b3202a312781403f8d81749042b6a95b (127.30.218.196) changed from NON_VOTER to VOTER. New config: { opid_index: 3 OBSOLETE_local: false peers { permanent_uuid: "e181e2514e554c528c71fff342647aa3" member_type: VOTER last_known_addr { host: "127.30.218.194" port: 43145 } } peers { permanent_uuid: "457831bd787e44adaab686a03f50808a" member_type: VOTER last_known_addr { host: "127.30.218.193" port: 35345 } } peers { permanent_uuid: "c4c1ac5dd1694e5cbae8df05a2eb30ff" member_type: VOTER last_known_addr { host: "127.30.218.195" port: 42355 } attrs { replace: true } } peers { permanent_uuid: "b3202a312781403f8d81749042b6a95b" member_type: VOTER last_known_addr { host: "127.30.218.196" port: 33779 } attrs { promote: false } } }
I20260630 12:39:51.901043  2086 raft_consensus.cc:2955] T 9802e5834d8b4652b10d7960c8925af7 P 457831bd787e44adaab686a03f50808a [term 1 FOLLOWER]: Committing config change with OpId 1.3: config changed from index 2 to 3, b3202a312781403f8d81749042b6a95b (127.30.218.196) changed from NON_VOTER to VOTER. New config: { opid_index: 3 OBSOLETE_local: false peers { permanent_uuid: "e181e2514e554c528c71fff342647aa3" member_type: VOTER last_known_addr { host: "127.30.218.194" port: 43145 } } peers { permanent_uuid: "457831bd787e44adaab686a03f50808a" member_type: VOTER last_known_addr { host: "127.30.218.193" port: 35345 } } peers { permanent_uuid: "c4c1ac5dd1694e5cbae8df05a2eb30ff" member_type: VOTER last_known_addr { host: "127.30.218.195" port: 42355 } attrs { replace: true } } peers { permanent_uuid: "b3202a312781403f8d81749042b6a95b" member_type: VOTER last_known_addr { host: "127.30.218.196" port: 33779 } attrs { promote: false } } }
I20260630 12:39:51.905277  1982 catalog_manager.cc:5697] T 9802e5834d8b4652b10d7960c8925af7 P b3202a312781403f8d81749042b6a95b reported cstate change: config changed from index 2 to 3, b3202a312781403f8d81749042b6a95b (127.30.218.196) changed from NON_VOTER to VOTER. New cstate: current_term: 1 leader_uuid: "e181e2514e554c528c71fff342647aa3" committed_config { opid_index: 3 OBSOLETE_local: false peers { permanent_uuid: "e181e2514e554c528c71fff342647aa3" member_type: VOTER last_known_addr { host: "127.30.218.194" port: 43145 } } peers { permanent_uuid: "457831bd787e44adaab686a03f50808a" member_type: VOTER last_known_addr { host: "127.30.218.193" port: 35345 } } peers { permanent_uuid: "c4c1ac5dd1694e5cbae8df05a2eb30ff" member_type: VOTER last_known_addr { host: "127.30.218.195" port: 42355 } attrs { replace: true } } peers { permanent_uuid: "b3202a312781403f8d81749042b6a95b" member_type: VOTER last_known_addr { host: "127.30.218.196" port: 33779 } attrs { promote: false } } }
I20260630 12:39:51.922415  2162 consensus_queue.cc:237] T 9802e5834d8b4652b10d7960c8925af7 P e181e2514e554c528c71fff342647aa3 [LEADER]: Queue going to LEADER mode. State: All replicated index: 0, Majority replicated index: 3, Committed index: 3, Last appended: 1.3, Last appended by leader: 0, Current term: 1, Majority size: 2, State: 0, Mode: LEADER, active raft config: opid_index: 4 OBSOLETE_local: false peers { permanent_uuid: "e181e2514e554c528c71fff342647aa3" member_type: VOTER last_known_addr { host: "127.30.218.194" port: 43145 } } peers { permanent_uuid: "457831bd787e44adaab686a03f50808a" member_type: VOTER last_known_addr { host: "127.30.218.193" port: 35345 } } peers { permanent_uuid: "b3202a312781403f8d81749042b6a95b" member_type: VOTER last_known_addr { host: "127.30.218.196" port: 33779 } attrs { promote: false } }
I20260630 12:39:51.928544  2381 raft_consensus.cc:1275] T 9802e5834d8b4652b10d7960c8925af7 P b3202a312781403f8d81749042b6a95b [term 1 FOLLOWER]: Refusing update from remote peer e181e2514e554c528c71fff342647aa3: Log matching property violated. Preceding OpId in replica: term: 1 index: 3. Preceding OpId from leader: term: 1 index: 4. (index mismatch)
I20260630 12:39:51.929378  2086 raft_consensus.cc:1275] T 9802e5834d8b4652b10d7960c8925af7 P 457831bd787e44adaab686a03f50808a [term 1 FOLLOWER]: Refusing update from remote peer e181e2514e554c528c71fff342647aa3: Log matching property violated. Preceding OpId in replica: term: 1 index: 3. Preceding OpId from leader: term: 1 index: 4. (index mismatch)
I20260630 12:39:51.930104  2552 consensus_queue.cc:1048] T 9802e5834d8b4652b10d7960c8925af7 P e181e2514e554c528c71fff342647aa3 [LEADER]: Connected to new peer: Peer: permanent_uuid: "b3202a312781403f8d81749042b6a95b" member_type: VOTER last_known_addr { host: "127.30.218.196" port: 33779 } attrs { promote: false }, Status: LMP_MISMATCH, Last received: 0.0, Next index: 4, Last known committed idx: 3, Time since last communication: 0.000s
I20260630 12:39:51.931169  2556 consensus_queue.cc:1048] T 9802e5834d8b4652b10d7960c8925af7 P e181e2514e554c528c71fff342647aa3 [LEADER]: Connected to new peer: Peer: permanent_uuid: "457831bd787e44adaab686a03f50808a" member_type: VOTER last_known_addr { host: "127.30.218.193" port: 35345 }, Status: LMP_MISMATCH, Last received: 0.0, Next index: 4, Last known committed idx: 3, Time since last communication: 0.001s
I20260630 12:39:51.938535  2381 raft_consensus.cc:2955] T 9802e5834d8b4652b10d7960c8925af7 P b3202a312781403f8d81749042b6a95b [term 1 FOLLOWER]: Committing config change with OpId 1.4: config changed from index 3 to 4, VOTER c4c1ac5dd1694e5cbae8df05a2eb30ff (127.30.218.195) evicted. New config: { opid_index: 4 OBSOLETE_local: false peers { permanent_uuid: "e181e2514e554c528c71fff342647aa3" member_type: VOTER last_known_addr { host: "127.30.218.194" port: 43145 } } peers { permanent_uuid: "457831bd787e44adaab686a03f50808a" member_type: VOTER last_known_addr { host: "127.30.218.193" port: 35345 } } peers { permanent_uuid: "b3202a312781403f8d81749042b6a95b" member_type: VOTER last_known_addr { host: "127.30.218.196" port: 33779 } attrs { promote: false } } }
I20260630 12:39:51.940821  2086 raft_consensus.cc:2955] T 9802e5834d8b4652b10d7960c8925af7 P 457831bd787e44adaab686a03f50808a [term 1 FOLLOWER]: Committing config change with OpId 1.4: config changed from index 3 to 4, VOTER c4c1ac5dd1694e5cbae8df05a2eb30ff (127.30.218.195) evicted. New config: { opid_index: 4 OBSOLETE_local: false peers { permanent_uuid: "e181e2514e554c528c71fff342647aa3" member_type: VOTER last_known_addr { host: "127.30.218.194" port: 43145 } } peers { permanent_uuid: "457831bd787e44adaab686a03f50808a" member_type: VOTER last_known_addr { host: "127.30.218.193" port: 35345 } } peers { permanent_uuid: "b3202a312781403f8d81749042b6a95b" member_type: VOTER last_known_addr { host: "127.30.218.196" port: 33779 } attrs { promote: false } } }
I20260630 12:39:51.936784  2552 raft_consensus.cc:2955] T 9802e5834d8b4652b10d7960c8925af7 P e181e2514e554c528c71fff342647aa3 [term 1 LEADER]: Committing config change with OpId 1.4: config changed from index 3 to 4, VOTER c4c1ac5dd1694e5cbae8df05a2eb30ff (127.30.218.195) evicted. New config: { opid_index: 4 OBSOLETE_local: false peers { permanent_uuid: "e181e2514e554c528c71fff342647aa3" member_type: VOTER last_known_addr { host: "127.30.218.194" port: 43145 } } peers { permanent_uuid: "457831bd787e44adaab686a03f50808a" member_type: VOTER last_known_addr { host: "127.30.218.193" port: 35345 } } peers { permanent_uuid: "b3202a312781403f8d81749042b6a95b" member_type: VOTER last_known_addr { host: "127.30.218.196" port: 33779 } attrs { promote: false } } }
I20260630 12:39:51.953605  1983 catalog_manager.cc:5697] T 9802e5834d8b4652b10d7960c8925af7 P b3202a312781403f8d81749042b6a95b reported cstate change: config changed from index 3 to 4, VOTER c4c1ac5dd1694e5cbae8df05a2eb30ff (127.30.218.195) evicted. New cstate: current_term: 1 leader_uuid: "e181e2514e554c528c71fff342647aa3" committed_config { opid_index: 4 OBSOLETE_local: false peers { permanent_uuid: "e181e2514e554c528c71fff342647aa3" member_type: VOTER last_known_addr { host: "127.30.218.194" port: 43145 } } peers { permanent_uuid: "457831bd787e44adaab686a03f50808a" member_type: VOTER last_known_addr { host: "127.30.218.193" port: 35345 } } peers { permanent_uuid: "b3202a312781403f8d81749042b6a95b" member_type: VOTER last_known_addr { host: "127.30.218.196" port: 33779 } attrs { promote: false } } }
I20260630 12:39:51.957259  1971 catalog_manager.cc:5210] ChangeConfig:REMOVE_PEER RPC for tablet 9802e5834d8b4652b10d7960c8925af7 with cas_config_opid_index 3: ChangeConfig:REMOVE_PEER succeeded (attempt 1)
I20260630 12:39:51.963872  2219 tablet_service.cc:1558] Processing DeleteTablet for tablet 9802e5834d8b4652b10d7960c8925af7 with delete_type TABLET_DATA_TOMBSTONED (TS c4c1ac5dd1694e5cbae8df05a2eb30ff not found in new config with opid_index 4) from {username='slave'} at 127.0.0.1:46142
I20260630 12:39:51.965634  2560 tablet_replica.cc:333] T 9802e5834d8b4652b10d7960c8925af7 P c4c1ac5dd1694e5cbae8df05a2eb30ff: stopping tablet replica
I20260630 12:39:51.966439  2560 raft_consensus.cc:2243] T 9802e5834d8b4652b10d7960c8925af7 P c4c1ac5dd1694e5cbae8df05a2eb30ff [term 1 FOLLOWER]: Raft consensus shutting down.
I20260630 12:39:51.967221  2560 raft_consensus.cc:2272] T 9802e5834d8b4652b10d7960c8925af7 P c4c1ac5dd1694e5cbae8df05a2eb30ff [term 1 FOLLOWER]: Raft consensus is shut down!
I20260630 12:39:51.972127  2560 ts_tablet_manager.cc:1916] T 9802e5834d8b4652b10d7960c8925af7 P c4c1ac5dd1694e5cbae8df05a2eb30ff: Deleting tablet data with delete state TABLET_DATA_TOMBSTONED
I20260630 12:39:51.983050  2560 ts_tablet_manager.cc:1929] T 9802e5834d8b4652b10d7960c8925af7 P c4c1ac5dd1694e5cbae8df05a2eb30ff: tablet deleted with delete type TABLET_DATA_TOMBSTONED: last-logged OpId 1.3
I20260630 12:39:51.983356  2560 log.cc:1199] T 9802e5834d8b4652b10d7960c8925af7 P c4c1ac5dd1694e5cbae8df05a2eb30ff: Deleting WAL directory at /tmp/dist-test-taskLeX40W/test-tmp/auto_rebalancer-test.0.AutoRebalancerTest.RangeAwareRebalancesNewRangeReplicas.1782823102762325-31595-0/minicluster-data/ts-2-root/wals/9802e5834d8b4652b10d7960c8925af7
I20260630 12:39:51.984949  1971 catalog_manager.cc:5028] TS c4c1ac5dd1694e5cbae8df05a2eb30ff (127.30.218.195:42355): tablet 9802e5834d8b4652b10d7960c8925af7 (table range_aware_rebalance_new_range [id=a5f7983875674bddb1dd99263e8b1836]) successfully deleted
I20260630 12:39:52.227609  2329 raft_consensus.cc:1064] T 3c30186e1a944960a764c1b21e348b63 P 457831bd787e44adaab686a03f50808a: attempting to promote NON_VOTER b3202a312781403f8d81749042b6a95b to VOTER
I20260630 12:39:52.229524  2329 consensus_queue.cc:237] T 3c30186e1a944960a764c1b21e348b63 P 457831bd787e44adaab686a03f50808a [LEADER]: Queue going to LEADER mode. State: All replicated index: 0, Majority replicated index: 2, Committed index: 2, Last appended: 1.2, Last appended by leader: 0, Current term: 1, Majority size: 3, State: 0, Mode: LEADER, active raft config: opid_index: 3 OBSOLETE_local: false peers { permanent_uuid: "c4c1ac5dd1694e5cbae8df05a2eb30ff" member_type: VOTER last_known_addr { host: "127.30.218.195" port: 42355 } } peers { permanent_uuid: "457831bd787e44adaab686a03f50808a" member_type: VOTER last_known_addr { host: "127.30.218.193" port: 35345 } } peers { permanent_uuid: "e181e2514e554c528c71fff342647aa3" member_type: VOTER last_known_addr { host: "127.30.218.194" port: 43145 } attrs { replace: true } } peers { permanent_uuid: "b3202a312781403f8d81749042b6a95b" member_type: VOTER last_known_addr { host: "127.30.218.196" port: 33779 } attrs { promote: false } }
I20260630 12:39:52.236609  2381 raft_consensus.cc:1275] T 3c30186e1a944960a764c1b21e348b63 P b3202a312781403f8d81749042b6a95b [term 1 LEARNER]: Refusing update from remote peer 457831bd787e44adaab686a03f50808a: Log matching property violated. Preceding OpId in replica: term: 1 index: 2. Preceding OpId from leader: term: 1 index: 3. (index mismatch)
I20260630 12:39:52.237798  2162 raft_consensus.cc:1275] T 3c30186e1a944960a764c1b21e348b63 P e181e2514e554c528c71fff342647aa3 [term 1 FOLLOWER]: Refusing update from remote peer 457831bd787e44adaab686a03f50808a: Log matching property violated. Preceding OpId in replica: term: 1 index: 2. Preceding OpId from leader: term: 1 index: 3. (index mismatch)
I20260630 12:39:52.237910  2236 raft_consensus.cc:1275] T 3c30186e1a944960a764c1b21e348b63 P c4c1ac5dd1694e5cbae8df05a2eb30ff [term 1 FOLLOWER]: Refusing update from remote peer 457831bd787e44adaab686a03f50808a: Log matching property violated. Preceding OpId in replica: term: 1 index: 2. Preceding OpId from leader: term: 1 index: 3. (index mismatch)
I20260630 12:39:52.238873  2531 consensus_queue.cc:1048] T 3c30186e1a944960a764c1b21e348b63 P 457831bd787e44adaab686a03f50808a [LEADER]: Connected to new peer: Peer: permanent_uuid: "b3202a312781403f8d81749042b6a95b" member_type: VOTER last_known_addr { host: "127.30.218.196" port: 33779 } attrs { promote: false }, Status: LMP_MISMATCH, Last received: 0.0, Next index: 3, Last known committed idx: 2, Time since last communication: 0.000s
I20260630 12:39:52.240342  2562 consensus_queue.cc:1048] T 3c30186e1a944960a764c1b21e348b63 P 457831bd787e44adaab686a03f50808a [LEADER]: Connected to new peer: Peer: permanent_uuid: "c4c1ac5dd1694e5cbae8df05a2eb30ff" member_type: VOTER last_known_addr { host: "127.30.218.195" port: 42355 }, Status: LMP_MISMATCH, Last received: 0.0, Next index: 3, Last known committed idx: 2, Time since last communication: 0.000s
I20260630 12:39:52.241194  2531 consensus_queue.cc:1048] T 3c30186e1a944960a764c1b21e348b63 P 457831bd787e44adaab686a03f50808a [LEADER]: Connected to new peer: Peer: permanent_uuid: "e181e2514e554c528c71fff342647aa3" member_type: VOTER last_known_addr { host: "127.30.218.194" port: 43145 } attrs { replace: true }, Status: LMP_MISMATCH, Last received: 0.0, Next index: 3, Last known committed idx: 2, Time since last communication: 0.000s
I20260630 12:39:52.261749  2038 auto_leader_rebalancer.cc:141] leader rebalance for table range_aware_rebalance_new_range
I20260630 12:39:52.265748  2562 raft_consensus.cc:2955] T 3c30186e1a944960a764c1b21e348b63 P 457831bd787e44adaab686a03f50808a [term 1 LEADER]: Committing config change with OpId 1.3: config changed from index 2 to 3, b3202a312781403f8d81749042b6a95b (127.30.218.196) changed from NON_VOTER to VOTER. New config: { opid_index: 3 OBSOLETE_local: false peers { permanent_uuid: "c4c1ac5dd1694e5cbae8df05a2eb30ff" member_type: VOTER last_known_addr { host: "127.30.218.195" port: 42355 } } peers { permanent_uuid: "457831bd787e44adaab686a03f50808a" member_type: VOTER last_known_addr { host: "127.30.218.193" port: 35345 } } peers { permanent_uuid: "e181e2514e554c528c71fff342647aa3" member_type: VOTER last_known_addr { host: "127.30.218.194" port: 43145 } attrs { replace: true } } peers { permanent_uuid: "b3202a312781403f8d81749042b6a95b" member_type: VOTER last_known_addr { host: "127.30.218.196" port: 33779 } attrs { promote: false } } }
I20260630 12:39:52.267558  2235 raft_consensus.cc:2955] T 3c30186e1a944960a764c1b21e348b63 P c4c1ac5dd1694e5cbae8df05a2eb30ff [term 1 FOLLOWER]: Committing config change with OpId 1.3: config changed from index 2 to 3, b3202a312781403f8d81749042b6a95b (127.30.218.196) changed from NON_VOTER to VOTER. New config: { opid_index: 3 OBSOLETE_local: false peers { permanent_uuid: "c4c1ac5dd1694e5cbae8df05a2eb30ff" member_type: VOTER last_known_addr { host: "127.30.218.195" port: 42355 } } peers { permanent_uuid: "457831bd787e44adaab686a03f50808a" member_type: VOTER last_known_addr { host: "127.30.218.193" port: 35345 } } peers { permanent_uuid: "e181e2514e554c528c71fff342647aa3" member_type: VOTER last_known_addr { host: "127.30.218.194" port: 43145 } attrs { replace: true } } peers { permanent_uuid: "b3202a312781403f8d81749042b6a95b" member_type: VOTER last_known_addr { host: "127.30.218.196" port: 33779 } attrs { promote: false } } }
I20260630 12:39:52.279129  2381 raft_consensus.cc:2955] T 3c30186e1a944960a764c1b21e348b63 P b3202a312781403f8d81749042b6a95b [term 1 FOLLOWER]: Committing config change with OpId 1.3: config changed from index 2 to 3, b3202a312781403f8d81749042b6a95b (127.30.218.196) changed from NON_VOTER to VOTER. New config: { opid_index: 3 OBSOLETE_local: false peers { permanent_uuid: "c4c1ac5dd1694e5cbae8df05a2eb30ff" member_type: VOTER last_known_addr { host: "127.30.218.195" port: 42355 } } peers { permanent_uuid: "457831bd787e44adaab686a03f50808a" member_type: VOTER last_known_addr { host: "127.30.218.193" port: 35345 } } peers { permanent_uuid: "e181e2514e554c528c71fff342647aa3" member_type: VOTER last_known_addr { host: "127.30.218.194" port: 43145 } attrs { replace: true } } peers { permanent_uuid: "b3202a312781403f8d81749042b6a95b" member_type: VOTER last_known_addr { host: "127.30.218.196" port: 33779 } attrs { promote: false } } }
I20260630 12:39:52.283038  2086 tablet_service.cc:2072] Received LeaderStepDown RPC: tablet_id: "98f889325ae744b3b8be122c68f70dae"
dest_uuid: "457831bd787e44adaab686a03f50808a"
mode: GRACEFUL
new_leader_uuid: "b3202a312781403f8d81749042b6a95b"
 from {username='slave'} at 127.0.0.1:35050
I20260630 12:39:52.283736  2086 raft_consensus.cc:606] T 98f889325ae744b3b8be122c68f70dae P 457831bd787e44adaab686a03f50808a [term 1 LEADER]: Received request to transfer leadership to TS b3202a312781403f8d81749042b6a95b
I20260630 12:39:52.290057  2038 auto_leader_rebalancer.cc:440] table: range_aware_rebalance_new_range, leader rebalance finish, leader transfer count: 1
