I20260630 12:38:29.430809 13883 raft_consensus.cc:2272] T 00000000000000000000000000000000 P b6794733a4144af99d126863bb888189 [term 1 FOLLOWER]: Raft consensus is shut down!
I20260630 12:38:29.431116 13883 tablet_replica.cc:333] T 00000000000000000000000000000000 P b6794733a4144af99d126863bb888189: stopping tablet replica
I20260630 12:38:29.448774 13883 master.cc:584] Master@127.13.142.252:38965 shutdown complete.
[       OK ] AutoRebalancerTest.OnlyLeaderDoesAutoRebalancing (6977 ms)
[ RUN      ] AutoRebalancerTest.AutoRebalancingTurnOffAndOn
I20260630 12:38:29.476594 13883 internal_mini_cluster.cc:156] Creating distributed mini masters. Addrs: 127.13.142.254:38983
I20260630 12:38:29.477675 13883 file_cache.cc:492] Constructed file cache file cache with capacity 419430
W20260630 12:38:29.482863 14428 instance_detector.cc:116] could not retrieve AWS instance metadata: Network error: curl error: HTTP response code said error: The requested URL returned error: 404
W20260630 12:38:29.484105 14429 instance_detector.cc:116] could not retrieve Azure instance metadata: Network error: curl error: HTTP response code said error: The requested URL returned error: 404
W20260630 12:38:29.485481 14431 instance_detector.cc:116] could not retrieve OpenStack instance metadata: Network error: curl error: HTTP response code said error: The requested URL returned error: 404
I20260630 12:38:29.485824 13883 server_base.cc:1061] running on GCE node
I20260630 12:38:29.486675 13883 hybrid_clock.cc:584] initializing the hybrid clock with 'system_unsync' time source
W20260630 12:38:29.486855 13883 system_unsync_time.cc:38] NTP support is disabled. Clock error bounds will not be accurate. This configuration is not suitable for distributed clusters.
I20260630 12:38:29.486972 13883 hybrid_clock.cc:648] HybridClock initialized: now 1782823109486961 us; error 0 us; skew 500 ppm
I20260630 12:38:29.487398 13883 server_base.cc:861] Flag tcmalloc_max_total_thread_cache_bytes is not working since tcmalloc is not enabled.
I20260630 12:38:29.489645 13883 webserver.cc:533] Webserver started at http://127.13.142.254:32841/ using document root <none> and password file <none>
I20260630 12:38:29.490048 13883 fs_manager.cc:362] Metadata directory not provided
I20260630 12:38:29.490198 13883 fs_manager.cc:368] Using write-ahead log directory (fs_wal_dir) as metadata directory
I20260630 12:38:29.490410 13883 server_base.cc:909] This appears to be a new deployment of Kudu; creating new FS layout
I20260630 12:38:29.491602 13883 fs_manager.cc:1068] Generated new instance metadata in path /tmp/dist-test-taskmZ2XyH/test-tmp/auto_rebalancer-test.0.AutoRebalancerTest.AutoRebalancingTurnOffAndOn.1782823102330686-13883-0/minicluster-data/master-0-root/instance:
uuid: "7689eb4a8a6f4d5f93464d69ddffbe2f"
format_stamp: "Formatted at 2026-06-30 12:38:29 on dist-test-slave-rpbv"
I20260630 12:38:29.495966 13883 fs_manager.cc:696] Time spent creating directory manager: real 0.004s	user 0.005s	sys 0.000s
I20260630 12:38:29.499277 14436 log_block_manager.cc:4031] Time spent loading block containers with low live blocks: real 0.000s	user 0.000s	sys 0.000s
I20260630 12:38:29.500061 13883 fs_manager.cc:730] Time spent opening block manager: real 0.002s	user 0.003s	sys 0.000s
I20260630 12:38:29.500372 13883 fs_manager.cc:647] Opened local filesystem: /tmp/dist-test-taskmZ2XyH/test-tmp/auto_rebalancer-test.0.AutoRebalancerTest.AutoRebalancingTurnOffAndOn.1782823102330686-13883-0/minicluster-data/master-0-root
uuid: "7689eb4a8a6f4d5f93464d69ddffbe2f"
format_stamp: "Formatted at 2026-06-30 12:38:29 on dist-test-slave-rpbv"
I20260630 12:38:29.500674 13883 fs_report.cc:389] FS layout report
--------------------
wal directory: /tmp/dist-test-taskmZ2XyH/test-tmp/auto_rebalancer-test.0.AutoRebalancerTest.AutoRebalancingTurnOffAndOn.1782823102330686-13883-0/minicluster-data/master-0-root
metadata directory: /tmp/dist-test-taskmZ2XyH/test-tmp/auto_rebalancer-test.0.AutoRebalancerTest.AutoRebalancingTurnOffAndOn.1782823102330686-13883-0/minicluster-data/master-0-root
1 data directories: /tmp/dist-test-taskmZ2XyH/test-tmp/auto_rebalancer-test.0.AutoRebalancerTest.AutoRebalancingTurnOffAndOn.1782823102330686-13883-0/minicluster-data/master-0-root/data
Total live blocks: 0
Total live bytes: 0
Total live bytes (after alignment): 0
Total number of LBM containers: 0 (0 full)
Did not check for missing blocks
Did not check for orphaned blocks
Total full LBM containers with extra space: 0 (0 repaired)
Total full LBM container extra space in bytes: 0 (0 repaired)
Total incomplete LBM containers: 0 (0 repaired)
Total LBM partial records: 0 (0 repaired)
Total corrupted LBM metadata records in RocksDB: 0 (0 repaired)
I20260630 12:38:29.516914 13883 rpc_server.cc:225] running with OpenSSL 1.1.1  11 Sep 2018
I20260630 12:38:29.518275 13883 kserver.cc:163] Server-wide thread pool size limit: 3276
I20260630 12:38:29.554072 13883 rpc_server.cc:307] RPC server started. Bound to: 127.13.142.254:38983
I20260630 12:38:29.554176 14487 acceptor_pool.cc:272] collecting diagnostics on the listening RPC socket 127.13.142.254:38983 every 8 connection(s)
I20260630 12:38:29.558122 14488 data_dirs.cc:400] Could only allocate 1 dirs of requested 3 for tablet 00000000000000000000000000000000. 1 dirs total, 0 dirs full, 0 dirs failed
I20260630 12:38:29.568197 14488 tablet_bootstrap.cc:492] T 00000000000000000000000000000000 P 7689eb4a8a6f4d5f93464d69ddffbe2f: Bootstrap starting.
I20260630 12:38:29.572666 14488 tablet_bootstrap.cc:654] T 00000000000000000000000000000000 P 7689eb4a8a6f4d5f93464d69ddffbe2f: Neither blocks nor log segments found. Creating new log.
I20260630 12:38:29.576792 14488 tablet_bootstrap.cc:492] T 00000000000000000000000000000000 P 7689eb4a8a6f4d5f93464d69ddffbe2f: No bootstrap required, opened a new log
I20260630 12:38:29.578904 14488 raft_consensus.cc:359] T 00000000000000000000000000000000 P 7689eb4a8a6f4d5f93464d69ddffbe2f [term 0 FOLLOWER]: Replica starting. Triggering 0 pending ops. Active config: opid_index: -1 OBSOLETE_local: true peers { permanent_uuid: "7689eb4a8a6f4d5f93464d69ddffbe2f" member_type: VOTER }
I20260630 12:38:29.579339 14488 raft_consensus.cc:385] T 00000000000000000000000000000000 P 7689eb4a8a6f4d5f93464d69ddffbe2f [term 0 FOLLOWER]: Consensus starting up: Expiring failure detector timer to make a prompt election more likely
I20260630 12:38:29.579603 14488 raft_consensus.cc:740] T 00000000000000000000000000000000 P 7689eb4a8a6f4d5f93464d69ddffbe2f [term 0 FOLLOWER]: Becoming Follower/Learner. State: Replica: 7689eb4a8a6f4d5f93464d69ddffbe2f, State: Initialized, Role: FOLLOWER
I20260630 12:38:29.580245 14488 consensus_queue.cc:260] T 00000000000000000000000000000000 P 7689eb4a8a6f4d5f93464d69ddffbe2f [NON_LEADER]: Queue going to NON_LEADER mode. State: All replicated index: 0, Majority replicated index: 0, Committed index: 0, Last appended: 0.0, Last appended by leader: 0, Current term: 0, Majority size: -1, State: 0, Mode: NON_LEADER, active raft config: opid_index: -1 OBSOLETE_local: true peers { permanent_uuid: "7689eb4a8a6f4d5f93464d69ddffbe2f" member_type: VOTER }
I20260630 12:38:29.580758 14488 raft_consensus.cc:399] T 00000000000000000000000000000000 P 7689eb4a8a6f4d5f93464d69ddffbe2f [term 0 FOLLOWER]: Only one voter in the Raft config. Triggering election immediately
I20260630 12:38:29.580991 14488 raft_consensus.cc:493] T 00000000000000000000000000000000 P 7689eb4a8a6f4d5f93464d69ddffbe2f [term 0 FOLLOWER]: Starting leader election (initial election of a single-replica configuration)
I20260630 12:38:29.581332 14488 raft_consensus.cc:3060] T 00000000000000000000000000000000 P 7689eb4a8a6f4d5f93464d69ddffbe2f [term 0 FOLLOWER]: Advancing to term 1
I20260630 12:38:29.585633 14488 raft_consensus.cc:515] T 00000000000000000000000000000000 P 7689eb4a8a6f4d5f93464d69ddffbe2f [term 1 FOLLOWER]: Starting leader election with config: opid_index: -1 OBSOLETE_local: true peers { permanent_uuid: "7689eb4a8a6f4d5f93464d69ddffbe2f" member_type: VOTER }
I20260630 12:38:29.586287 14488 leader_election.cc:304] T 00000000000000000000000000000000 P 7689eb4a8a6f4d5f93464d69ddffbe2f [CANDIDATE]: Term 1 election: Election decided. Result: candidate won. Election summary: received 1 responses out of 1 voters: 1 yes votes; 0 no votes. yes voters: 7689eb4a8a6f4d5f93464d69ddffbe2f; no voters: 
I20260630 12:38:29.587620 14488 leader_election.cc:290] T 00000000000000000000000000000000 P 7689eb4a8a6f4d5f93464d69ddffbe2f [CANDIDATE]: Term 1 election: Requested vote from peers 
I20260630 12:38:29.588089 14491 raft_consensus.cc:2804] T 00000000000000000000000000000000 P 7689eb4a8a6f4d5f93464d69ddffbe2f [term 1 FOLLOWER]: Leader election won for term 1
I20260630 12:38:29.589604 14491 raft_consensus.cc:697] T 00000000000000000000000000000000 P 7689eb4a8a6f4d5f93464d69ddffbe2f [term 1 LEADER]: Becoming Leader. State: Replica: 7689eb4a8a6f4d5f93464d69ddffbe2f, State: Running, Role: LEADER
I20260630 12:38:29.590369 14491 consensus_queue.cc:237] T 00000000000000000000000000000000 P 7689eb4a8a6f4d5f93464d69ddffbe2f [LEADER]: Queue going to LEADER mode. State: All replicated index: 0, Majority replicated index: 0, Committed index: 0, Last appended: 0.0, Last appended by leader: 0, Current term: 1, Majority size: 1, State: 0, Mode: LEADER, active raft config: opid_index: -1 OBSOLETE_local: true peers { permanent_uuid: "7689eb4a8a6f4d5f93464d69ddffbe2f" member_type: VOTER }
I20260630 12:38:29.590777 14488 sys_catalog.cc:565] T 00000000000000000000000000000000 P 7689eb4a8a6f4d5f93464d69ddffbe2f [sys.catalog]: configured and running, proceeding with master startup.
I20260630 12:38:29.593595 14492 sys_catalog.cc:455] T 00000000000000000000000000000000 P 7689eb4a8a6f4d5f93464d69ddffbe2f [sys.catalog]: SysCatalogTable state changed. Reason: RaftConsensus started. Latest consensus state: current_term: 1 leader_uuid: "7689eb4a8a6f4d5f93464d69ddffbe2f" committed_config { opid_index: -1 OBSOLETE_local: true peers { permanent_uuid: "7689eb4a8a6f4d5f93464d69ddffbe2f" member_type: VOTER } }
I20260630 12:38:29.593643 14493 sys_catalog.cc:455] T 00000000000000000000000000000000 P 7689eb4a8a6f4d5f93464d69ddffbe2f [sys.catalog]: SysCatalogTable state changed. Reason: New leader 7689eb4a8a6f4d5f93464d69ddffbe2f. Latest consensus state: current_term: 1 leader_uuid: "7689eb4a8a6f4d5f93464d69ddffbe2f" committed_config { opid_index: -1 OBSOLETE_local: true peers { permanent_uuid: "7689eb4a8a6f4d5f93464d69ddffbe2f" member_type: VOTER } }
I20260630 12:38:29.594447 14492 sys_catalog.cc:458] T 00000000000000000000000000000000 P 7689eb4a8a6f4d5f93464d69ddffbe2f [sys.catalog]: This master's current role is: LEADER
I20260630 12:38:29.594482 14493 sys_catalog.cc:458] T 00000000000000000000000000000000 P 7689eb4a8a6f4d5f93464d69ddffbe2f [sys.catalog]: This master's current role is: LEADER
I20260630 12:38:29.598090 14496 catalog_manager.cc:1511] Loading table and tablet metadata into memory...
I20260630 12:38:29.604451 14496 catalog_manager.cc:1520] Initializing Kudu cluster ID...
I20260630 12:38:29.607779 13883 internal_mini_cluster.cc:184] Waiting to initialize catalog manager on master 0
I20260630 12:38:29.613569 14496 catalog_manager.cc:1383] Generated new cluster ID: 90850c867e144748960ae84266ab03ae
I20260630 12:38:29.613870 14496 catalog_manager.cc:1531] Initializing Kudu internal certificate authority...
I20260630 12:38:29.628350 14496 catalog_manager.cc:1406] Generated new certificate authority record
I20260630 12:38:29.629633 14496 catalog_manager.cc:1540] Loading token signing keys...
I20260630 12:38:29.647423 14496 catalog_manager.cc:6070] T 00000000000000000000000000000000 P 7689eb4a8a6f4d5f93464d69ddffbe2f: Generated new TSK 0
I20260630 12:38:29.648047 14496 catalog_manager.cc:1550] Initializing in-progress tserver states...
I20260630 12:38:29.675108 13883 file_cache.cc:492] Constructed file cache file cache with capacity 419430
W20260630 12:38:29.680667 14509 instance_detector.cc:116] could not retrieve AWS instance metadata: Network error: curl error: HTTP response code said error: The requested URL returned error: 404
W20260630 12:38:29.681855 14510 instance_detector.cc:116] could not retrieve Azure instance metadata: Network error: curl error: HTTP response code said error: The requested URL returned error: 404
W20260630 12:38:29.683456 14512 instance_detector.cc:116] could not retrieve OpenStack instance metadata: Network error: curl error: HTTP response code said error: The requested URL returned error: 404
I20260630 12:38:29.683938 13883 server_base.cc:1061] running on GCE node
I20260630 12:38:29.684764 13883 hybrid_clock.cc:584] initializing the hybrid clock with 'system_unsync' time source
W20260630 12:38:29.684973 13883 system_unsync_time.cc:38] NTP support is disabled. Clock error bounds will not be accurate. This configuration is not suitable for distributed clusters.
I20260630 12:38:29.685149 13883 hybrid_clock.cc:648] HybridClock initialized: now 1782823109685131 us; error 0 us; skew 500 ppm
I20260630 12:38:29.685662 13883 server_base.cc:861] Flag tcmalloc_max_total_thread_cache_bytes is not working since tcmalloc is not enabled.
I20260630 12:38:29.688153 13883 webserver.cc:533] Webserver started at http://127.13.142.193:35623/ using document root <none> and password file <none>
I20260630 12:38:29.688642 13883 fs_manager.cc:362] Metadata directory not provided
I20260630 12:38:29.688803 13883 fs_manager.cc:368] Using write-ahead log directory (fs_wal_dir) as metadata directory
I20260630 12:38:29.689123 13883 server_base.cc:909] This appears to be a new deployment of Kudu; creating new FS layout
I20260630 12:38:29.690196 13883 fs_manager.cc:1068] Generated new instance metadata in path /tmp/dist-test-taskmZ2XyH/test-tmp/auto_rebalancer-test.0.AutoRebalancerTest.AutoRebalancingTurnOffAndOn.1782823102330686-13883-0/minicluster-data/ts-0-root/instance:
uuid: "87250d2c49864c8caa577836c9b13a44"
format_stamp: "Formatted at 2026-06-30 12:38:29 on dist-test-slave-rpbv"
I20260630 12:38:29.694826 13883 fs_manager.cc:696] Time spent creating directory manager: real 0.004s	user 0.000s	sys 0.003s
I20260630 12:38:29.698251 14517 log_block_manager.cc:4031] Time spent loading block containers with low live blocks: real 0.000s	user 0.000s	sys 0.000s
I20260630 12:38:29.699141 13883 fs_manager.cc:730] Time spent opening block manager: real 0.002s	user 0.003s	sys 0.000s
I20260630 12:38:29.699463 13883 fs_manager.cc:647] Opened local filesystem: /tmp/dist-test-taskmZ2XyH/test-tmp/auto_rebalancer-test.0.AutoRebalancerTest.AutoRebalancingTurnOffAndOn.1782823102330686-13883-0/minicluster-data/ts-0-root
uuid: "87250d2c49864c8caa577836c9b13a44"
format_stamp: "Formatted at 2026-06-30 12:38:29 on dist-test-slave-rpbv"
I20260630 12:38:29.699790 13883 fs_report.cc:389] FS layout report
--------------------
wal directory: /tmp/dist-test-taskmZ2XyH/test-tmp/auto_rebalancer-test.0.AutoRebalancerTest.AutoRebalancingTurnOffAndOn.1782823102330686-13883-0/minicluster-data/ts-0-root
metadata directory: /tmp/dist-test-taskmZ2XyH/test-tmp/auto_rebalancer-test.0.AutoRebalancerTest.AutoRebalancingTurnOffAndOn.1782823102330686-13883-0/minicluster-data/ts-0-root
1 data directories: /tmp/dist-test-taskmZ2XyH/test-tmp/auto_rebalancer-test.0.AutoRebalancerTest.AutoRebalancingTurnOffAndOn.1782823102330686-13883-0/minicluster-data/ts-0-root/data
Total live blocks: 0
Total live bytes: 0
Total live bytes (after alignment): 0
Total number of LBM containers: 0 (0 full)
Did not check for missing blocks
Did not check for orphaned blocks
Total full LBM containers with extra space: 0 (0 repaired)
Total full LBM container extra space in bytes: 0 (0 repaired)
Total incomplete LBM containers: 0 (0 repaired)
Total LBM partial records: 0 (0 repaired)
Total corrupted LBM metadata records in RocksDB: 0 (0 repaired)
I20260630 12:38:29.712281 13883 rpc_server.cc:225] running with OpenSSL 1.1.1  11 Sep 2018
I20260630 12:38:29.713685 13883 kserver.cc:163] Server-wide thread pool size limit: 3276
I20260630 12:38:29.715144 13883 txn_system_client.cc:432] TxnSystemClient initialization is disabled...
I20260630 12:38:29.717303 13883 ts_tablet_manager.cc:585] Loaded tablet metadata (0 total tablets, 0 live tablets)
I20260630 12:38:29.717543 13883 ts_tablet_manager.cc:531] Time spent load tablet metadata: real 0.000s	user 0.000s	sys 0.000s
I20260630 12:38:29.717772 13883 ts_tablet_manager.cc:616] Registered 0 tablets
I20260630 12:38:29.717937 13883 ts_tablet_manager.cc:595] Time spent register tablets: real 0.000s	user 0.000s	sys 0.000s
I20260630 12:38:29.754477 13883 rpc_server.cc:307] RPC server started. Bound to: 127.13.142.193:33905
I20260630 12:38:29.754557 14579 acceptor_pool.cc:272] collecting diagnostics on the listening RPC socket 127.13.142.193:33905 every 8 connection(s)
I20260630 12:38:29.759228 13883 file_cache.cc:492] Constructed file cache file cache with capacity 419430
W20260630 12:38:29.766100 14584 instance_detector.cc:116] could not retrieve AWS instance metadata: Network error: curl error: HTTP response code said error: The requested URL returned error: 404
W20260630 12:38:29.767781 14585 instance_detector.cc:116] could not retrieve Azure instance metadata: Network error: curl error: HTTP response code said error: The requested URL returned error: 404
W20260630 12:38:29.771495 14587 instance_detector.cc:116] could not retrieve OpenStack instance metadata: Network error: curl error: HTTP response code said error: The requested URL returned error: 404
I20260630 12:38:29.773339 13883 server_base.cc:1061] running on GCE node
I20260630 12:38:29.774297 14580 heartbeater.cc:344] Connected to a master server at 127.13.142.254:38983
I20260630 12:38:29.774567 13883 hybrid_clock.cc:584] initializing the hybrid clock with 'system_unsync' time source
I20260630 12:38:29.774748 14580 heartbeater.cc:461] Registering TS with master...
W20260630 12:38:29.774858 13883 system_unsync_time.cc:38] NTP support is disabled. Clock error bounds will not be accurate. This configuration is not suitable for distributed clusters.
I20260630 12:38:29.775103 13883 hybrid_clock.cc:648] HybridClock initialized: now 1782823109775085 us; error 0 us; skew 500 ppm
I20260630 12:38:29.775666 14580 heartbeater.cc:507] Master 127.13.142.254:38983 requested a full tablet report, sending...
I20260630 12:38:29.775796 13883 server_base.cc:861] Flag tcmalloc_max_total_thread_cache_bytes is not working since tcmalloc is not enabled.
I20260630 12:38:29.777979 14453 ts_manager.cc:194] Registered new tserver with Master: 87250d2c49864c8caa577836c9b13a44 (127.13.142.193:33905)
I20260630 12:38:29.778512 13883 webserver.cc:533] Webserver started at http://127.13.142.194:36633/ using document root <none> and password file <none>
I20260630 12:38:29.779220 13883 fs_manager.cc:362] Metadata directory not provided
I20260630 12:38:29.779493 13883 fs_manager.cc:368] Using write-ahead log directory (fs_wal_dir) as metadata directory
I20260630 12:38:29.779829 13883 server_base.cc:909] This appears to be a new deployment of Kudu; creating new FS layout
I20260630 12:38:29.780521 14453 master_service.cc:502] Signed X509 certificate for tserver {username='slave'} at 127.0.0.1:54866
I20260630 12:38:29.781559 13883 fs_manager.cc:1068] Generated new instance metadata in path /tmp/dist-test-taskmZ2XyH/test-tmp/auto_rebalancer-test.0.AutoRebalancerTest.AutoRebalancingTurnOffAndOn.1782823102330686-13883-0/minicluster-data/ts-1-root/instance:
uuid: "7803aadf414e41e8a98d895ff514b813"
format_stamp: "Formatted at 2026-06-30 12:38:29 on dist-test-slave-rpbv"
I20260630 12:38:29.787245 13883 fs_manager.cc:696] Time spent creating directory manager: real 0.005s	user 0.005s	sys 0.000s
I20260630 12:38:29.790699 14592 log_block_manager.cc:4031] Time spent loading block containers with low live blocks: real 0.000s	user 0.000s	sys 0.000s
I20260630 12:38:29.791782 13883 fs_manager.cc:730] Time spent opening block manager: real 0.003s	user 0.002s	sys 0.001s
I20260630 12:38:29.792160 13883 fs_manager.cc:647] Opened local filesystem: /tmp/dist-test-taskmZ2XyH/test-tmp/auto_rebalancer-test.0.AutoRebalancerTest.AutoRebalancingTurnOffAndOn.1782823102330686-13883-0/minicluster-data/ts-1-root
uuid: "7803aadf414e41e8a98d895ff514b813"
format_stamp: "Formatted at 2026-06-30 12:38:29 on dist-test-slave-rpbv"
I20260630 12:38:29.792555 13883 fs_report.cc:389] FS layout report
--------------------
wal directory: /tmp/dist-test-taskmZ2XyH/test-tmp/auto_rebalancer-test.0.AutoRebalancerTest.AutoRebalancingTurnOffAndOn.1782823102330686-13883-0/minicluster-data/ts-1-root
metadata directory: /tmp/dist-test-taskmZ2XyH/test-tmp/auto_rebalancer-test.0.AutoRebalancerTest.AutoRebalancingTurnOffAndOn.1782823102330686-13883-0/minicluster-data/ts-1-root
1 data directories: /tmp/dist-test-taskmZ2XyH/test-tmp/auto_rebalancer-test.0.AutoRebalancerTest.AutoRebalancingTurnOffAndOn.1782823102330686-13883-0/minicluster-data/ts-1-root/data
Total live blocks: 0
Total live bytes: 0
Total live bytes (after alignment): 0
Total number of LBM containers: 0 (0 full)
Did not check for missing blocks
Did not check for orphaned blocks
Total full LBM containers with extra space: 0 (0 repaired)
Total full LBM container extra space in bytes: 0 (0 repaired)
Total incomplete LBM containers: 0 (0 repaired)
Total LBM partial records: 0 (0 repaired)
Total corrupted LBM metadata records in RocksDB: 0 (0 repaired)
I20260630 12:38:29.816274 13883 rpc_server.cc:225] running with OpenSSL 1.1.1  11 Sep 2018
I20260630 12:38:29.817333 13883 kserver.cc:163] Server-wide thread pool size limit: 3276
I20260630 12:38:29.818774 13883 txn_system_client.cc:432] TxnSystemClient initialization is disabled...
I20260630 12:38:29.821174 13883 ts_tablet_manager.cc:585] Loaded tablet metadata (0 total tablets, 0 live tablets)
I20260630 12:38:29.821412 13883 ts_tablet_manager.cc:531] Time spent load tablet metadata: real 0.000s	user 0.000s	sys 0.000s
I20260630 12:38:29.821671 13883 ts_tablet_manager.cc:616] Registered 0 tablets
I20260630 12:38:29.821842 13883 ts_tablet_manager.cc:595] Time spent register tablets: real 0.000s	user 0.000s	sys 0.000s
I20260630 12:38:29.859474 13883 rpc_server.cc:307] RPC server started. Bound to: 127.13.142.194:42459
I20260630 12:38:29.859556 14654 acceptor_pool.cc:272] collecting diagnostics on the listening RPC socket 127.13.142.194:42459 every 8 connection(s)
I20260630 12:38:29.864234 13883 file_cache.cc:492] Constructed file cache file cache with capacity 419430
W20260630 12:38:29.871181 14658 instance_detector.cc:116] could not retrieve AWS instance metadata: Network error: curl error: HTTP response code said error: The requested URL returned error: 404
W20260630 12:38:29.873085 14659 instance_detector.cc:116] could not retrieve Azure instance metadata: Network error: curl error: HTTP response code said error: The requested URL returned error: 404
I20260630 12:38:29.876046 13883 server_base.cc:1061] running on GCE node
W20260630 12:38:29.876096 14661 instance_detector.cc:116] could not retrieve OpenStack instance metadata: Network error: curl error: HTTP response code said error: The requested URL returned error: 404
I20260630 12:38:29.877336 13883 hybrid_clock.cc:584] initializing the hybrid clock with 'system_unsync' time source
W20260630 12:38:29.877592 13883 system_unsync_time.cc:38] NTP support is disabled. Clock error bounds will not be accurate. This configuration is not suitable for distributed clusters.
I20260630 12:38:29.877805 13883 hybrid_clock.cc:648] HybridClock initialized: now 1782823109877780 us; error 0 us; skew 500 ppm
I20260630 12:38:29.877877 14655 heartbeater.cc:344] Connected to a master server at 127.13.142.254:38983
I20260630 12:38:29.878319 14655 heartbeater.cc:461] Registering TS with master...
I20260630 12:38:29.878386 13883 server_base.cc:861] Flag tcmalloc_max_total_thread_cache_bytes is not working since tcmalloc is not enabled.
I20260630 12:38:29.879222 14655 heartbeater.cc:507] Master 127.13.142.254:38983 requested a full tablet report, sending...
I20260630 12:38:29.881001 13883 webserver.cc:533] Webserver started at http://127.13.142.195:39435/ using document root <none> and password file <none>
I20260630 12:38:29.881490 13883 fs_manager.cc:362] Metadata directory not provided
I20260630 12:38:29.881510 14453 ts_manager.cc:194] Registered new tserver with Master: 7803aadf414e41e8a98d895ff514b813 (127.13.142.194:42459)
I20260630 12:38:29.881733 13883 fs_manager.cc:368] Using write-ahead log directory (fs_wal_dir) as metadata directory
I20260630 12:38:29.882130 13883 server_base.cc:909] This appears to be a new deployment of Kudu; creating new FS layout
I20260630 12:38:29.883100 14453 master_service.cc:502] Signed X509 certificate for tserver {username='slave'} at 127.0.0.1:54872
I20260630 12:38:29.883217 13883 fs_manager.cc:1068] Generated new instance metadata in path /tmp/dist-test-taskmZ2XyH/test-tmp/auto_rebalancer-test.0.AutoRebalancerTest.AutoRebalancingTurnOffAndOn.1782823102330686-13883-0/minicluster-data/ts-2-root/instance:
uuid: "defa5ade78bf413cab9e10d35829be60"
format_stamp: "Formatted at 2026-06-30 12:38:29 on dist-test-slave-rpbv"
I20260630 12:38:29.887733 13883 fs_manager.cc:696] Time spent creating directory manager: real 0.004s	user 0.004s	sys 0.000s
I20260630 12:38:29.891216 14666 log_block_manager.cc:4031] Time spent loading block containers with low live blocks: real 0.000s	user 0.000s	sys 0.000s
I20260630 12:38:29.892048 13883 fs_manager.cc:730] Time spent opening block manager: real 0.002s	user 0.001s	sys 0.002s
I20260630 12:38:29.892346 13883 fs_manager.cc:647] Opened local filesystem: /tmp/dist-test-taskmZ2XyH/test-tmp/auto_rebalancer-test.0.AutoRebalancerTest.AutoRebalancingTurnOffAndOn.1782823102330686-13883-0/minicluster-data/ts-2-root
uuid: "defa5ade78bf413cab9e10d35829be60"
format_stamp: "Formatted at 2026-06-30 12:38:29 on dist-test-slave-rpbv"
I20260630 12:38:29.892663 13883 fs_report.cc:389] FS layout report
--------------------
wal directory: /tmp/dist-test-taskmZ2XyH/test-tmp/auto_rebalancer-test.0.AutoRebalancerTest.AutoRebalancingTurnOffAndOn.1782823102330686-13883-0/minicluster-data/ts-2-root
metadata directory: /tmp/dist-test-taskmZ2XyH/test-tmp/auto_rebalancer-test.0.AutoRebalancerTest.AutoRebalancingTurnOffAndOn.1782823102330686-13883-0/minicluster-data/ts-2-root
1 data directories: /tmp/dist-test-taskmZ2XyH/test-tmp/auto_rebalancer-test.0.AutoRebalancerTest.AutoRebalancingTurnOffAndOn.1782823102330686-13883-0/minicluster-data/ts-2-root/data
Total live blocks: 0
Total live bytes: 0
Total live bytes (after alignment): 0
Total number of LBM containers: 0 (0 full)
Did not check for missing blocks
Did not check for orphaned blocks
Total full LBM containers with extra space: 0 (0 repaired)
Total full LBM container extra space in bytes: 0 (0 repaired)
Total incomplete LBM containers: 0 (0 repaired)
Total LBM partial records: 0 (0 repaired)
Total corrupted LBM metadata records in RocksDB: 0 (0 repaired)
I20260630 12:38:29.914964 13883 rpc_server.cc:225] running with OpenSSL 1.1.1  11 Sep 2018
I20260630 12:38:29.916042 13883 kserver.cc:163] Server-wide thread pool size limit: 3276
I20260630 12:38:29.917472 13883 txn_system_client.cc:432] TxnSystemClient initialization is disabled...
I20260630 12:38:29.919762 13883 ts_tablet_manager.cc:585] Loaded tablet metadata (0 total tablets, 0 live tablets)
I20260630 12:38:29.920001 13883 ts_tablet_manager.cc:531] Time spent load tablet metadata: real 0.000s	user 0.000s	sys 0.000s
I20260630 12:38:29.920243 13883 ts_tablet_manager.cc:616] Registered 0 tablets
I20260630 12:38:29.920423 13883 ts_tablet_manager.cc:595] Time spent register tablets: real 0.000s	user 0.000s	sys 0.000s
I20260630 12:38:29.957460 13883 rpc_server.cc:307] RPC server started. Bound to: 127.13.142.195:33747
I20260630 12:38:29.957581 14728 acceptor_pool.cc:272] collecting diagnostics on the listening RPC socket 127.13.142.195:33747 every 8 connection(s)
I20260630 12:38:29.971066 14729 heartbeater.cc:344] Connected to a master server at 127.13.142.254:38983
I20260630 12:38:29.971443 14729 heartbeater.cc:461] Registering TS with master...
I20260630 12:38:29.972184 14729 heartbeater.cc:507] Master 127.13.142.254:38983 requested a full tablet report, sending...
I20260630 12:38:29.974156 14453 ts_manager.cc:194] Registered new tserver with Master: defa5ade78bf413cab9e10d35829be60 (127.13.142.195:33747)
I20260630 12:38:29.975066 13883 internal_mini_cluster.cc:371] 3 TS(s) registered with all masters after 0.014576564s
I20260630 12:38:29.975567 14453 master_service.cc:502] Signed X509 certificate for tserver {username='slave'} at 127.0.0.1:54884
I20260630 12:38:30.783783 14580 heartbeater.cc:499] Master 127.13.142.254:38983 was elected leader, sending a full tablet report...
I20260630 12:38:30.885448 14655 heartbeater.cc:499] Master 127.13.142.254:38983 was elected leader, sending a full tablet report...
I20260630 12:38:30.978312 14729 heartbeater.cc:499] Master 127.13.142.254:38983 was elected leader, sending a full tablet report...
I20260630 12:38:31.030731 14453 catalog_manager.cc:2283] Servicing CreateTable request from {username='slave'} at 127.0.0.1:54896:
name: "test-workload"
schema {
  columns {
    name: "key"
    type: INT32
    is_key: true
    is_nullable: false
    encoding: AUTO_ENCODING
    compression: DEFAULT_COMPRESSION
    cfile_block_size: 0
    immutable: false
  }
  columns {
    name: "int_val"
    type: INT32
    is_key: false
    is_nullable: false
    encoding: AUTO_ENCODING
    compression: DEFAULT_COMPRESSION
    cfile_block_size: 0
    immutable: false
  }
  columns {
    name: "string_val"
    type: STRING
    is_key: false
    is_nullable: true
    encoding: AUTO_ENCODING
    compression: DEFAULT_COMPRESSION
    cfile_block_size: 0
    immutable: false
  }
}
num_replicas: 3
split_rows_range_bounds {
  rows: "\004\001\000\377\377\377\017\004\001\000\376\377\377\037\004\001\000\375\377\377/\004\001\000\374\377\377?\004\001\000\373\377\377O\004\001\000\372\377\377_\004\001\000\371\377\377o""\004\001\000\377\377\377\017\004\001\000\376\377\377\037\004\001\000\375\377\377/\004\001\000\374\377\377?\004\001\000\373\377\377O\004\001\000\372\377\377_\004\001\000\371\377\377o"
  indirect_data: """"
}
partition_schema {
  range_schema {
    columns {
      name: "key"
    }
  }
}
W20260630 12:38:31.033203 14453 catalog_manager.cc:7077] The number of live tablet servers is not enough to re-replicate a tablet replica of the newly created table test-workload in case of a server failure: 4 tablet servers would be needed, 3 are available. Consider bringing up more tablet servers.
I20260630 12:38:31.103015 14694 tablet_service.cc:1511] Processing CreateTablet for tablet ef0fdfc09ad64748ae370cdb6e7a483c (DEFAULT_TABLE table=test-workload [id=73b3f85e10de454ea47edbbb2d212d4e]), partition=RANGE (key) PARTITION VALUES < 268435455
I20260630 12:38:31.104422 14694 data_dirs.cc:400] Could only allocate 1 dirs of requested 3 for tablet ef0fdfc09ad64748ae370cdb6e7a483c. 1 dirs total, 0 dirs full, 0 dirs failed
I20260630 12:38:31.106208 14620 tablet_service.cc:1511] Processing CreateTablet for tablet ef0fdfc09ad64748ae370cdb6e7a483c (DEFAULT_TABLE table=test-workload [id=73b3f85e10de454ea47edbbb2d212d4e]), partition=RANGE (key) PARTITION VALUES < 268435455
I20260630 12:38:31.107257 14617 tablet_service.cc:1511] Processing CreateTablet for tablet 3104bc2f62384f5ca39a6cd1de5cd9df (DEFAULT_TABLE table=test-workload [id=73b3f85e10de454ea47edbbb2d212d4e]), partition=RANGE (key) PARTITION 805306365 <= VALUES < 1073741820
I20260630 12:38:31.107990 14620 data_dirs.cc:400] Could only allocate 1 dirs of requested 3 for tablet ef0fdfc09ad64748ae370cdb6e7a483c. 1 dirs total, 0 dirs full, 0 dirs failed
I20260630 12:38:31.108429 14618 tablet_service.cc:1511] Processing CreateTablet for tablet 59bcd93564074cf696d5914a7d5bda32 (DEFAULT_TABLE table=test-workload [id=73b3f85e10de454ea47edbbb2d212d4e]), partition=RANGE (key) PARTITION 536870910 <= VALUES < 805306365
I20260630 12:38:31.108891 14617 data_dirs.cc:400] Could only allocate 1 dirs of requested 3 for tablet 3104bc2f62384f5ca39a6cd1de5cd9df. 1 dirs total, 0 dirs full, 0 dirs failed
I20260630 12:38:31.109768 14618 data_dirs.cc:400] Could only allocate 1 dirs of requested 3 for tablet 59bcd93564074cf696d5914a7d5bda32. 1 dirs total, 0 dirs full, 0 dirs failed
I20260630 12:38:31.112002 14693 tablet_service.cc:1511] Processing CreateTablet for tablet 28403d9e82df4bdd878084d7ceb44949 (DEFAULT_TABLE table=test-workload [id=73b3f85e10de454ea47edbbb2d212d4e]), partition=RANGE (key) PARTITION 268435455 <= VALUES < 536870910
I20260630 12:38:31.113364 14693 data_dirs.cc:400] Could only allocate 1 dirs of requested 3 for tablet 28403d9e82df4bdd878084d7ceb44949. 1 dirs total, 0 dirs full, 0 dirs failed
I20260630 12:38:31.107277 14692 tablet_service.cc:1511] Processing CreateTablet for tablet 59bcd93564074cf696d5914a7d5bda32 (DEFAULT_TABLE table=test-workload [id=73b3f85e10de454ea47edbbb2d212d4e]), partition=RANGE (key) PARTITION 536870910 <= VALUES < 805306365
I20260630 12:38:31.116091 14692 data_dirs.cc:400] Could only allocate 1 dirs of requested 3 for tablet 59bcd93564074cf696d5914a7d5bda32. 1 dirs total, 0 dirs full, 0 dirs failed
I20260630 12:38:31.110424 14619 tablet_service.cc:1511] Processing CreateTablet for tablet 28403d9e82df4bdd878084d7ceb44949 (DEFAULT_TABLE table=test-workload [id=73b3f85e10de454ea47edbbb2d212d4e]), partition=RANGE (key) PARTITION 268435455 <= VALUES < 536870910
I20260630 12:38:31.119942 14619 data_dirs.cc:400] Could only allocate 1 dirs of requested 3 for tablet 28403d9e82df4bdd878084d7ceb44949. 1 dirs total, 0 dirs full, 0 dirs failed
I20260630 12:38:31.127301 14691 tablet_service.cc:1511] Processing CreateTablet for tablet 3104bc2f62384f5ca39a6cd1de5cd9df (DEFAULT_TABLE table=test-workload [id=73b3f85e10de454ea47edbbb2d212d4e]), partition=RANGE (key) PARTITION 805306365 <= VALUES < 1073741820
I20260630 12:38:31.129081 14691 data_dirs.cc:400] Could only allocate 1 dirs of requested 3 for tablet 3104bc2f62384f5ca39a6cd1de5cd9df. 1 dirs total, 0 dirs full, 0 dirs failed
I20260630 12:38:31.128965 14616 tablet_service.cc:1511] Processing CreateTablet for tablet 2f70dadbb6804643981667f6e846f504 (DEFAULT_TABLE table=test-workload [id=73b3f85e10de454ea47edbbb2d212d4e]), partition=RANGE (key) PARTITION 1073741820 <= VALUES < 1342177275
I20260630 12:38:31.130420 14616 data_dirs.cc:400] Could only allocate 1 dirs of requested 3 for tablet 2f70dadbb6804643981667f6e846f504. 1 dirs total, 0 dirs full, 0 dirs failed
I20260630 12:38:31.131554 14690 tablet_service.cc:1511] Processing CreateTablet for tablet 2f70dadbb6804643981667f6e846f504 (DEFAULT_TABLE table=test-workload [id=73b3f85e10de454ea47edbbb2d212d4e]), partition=RANGE (key) PARTITION 1073741820 <= VALUES < 1342177275
I20260630 12:38:31.132932 14690 data_dirs.cc:400] Could only allocate 1 dirs of requested 3 for tablet 2f70dadbb6804643981667f6e846f504. 1 dirs total, 0 dirs full, 0 dirs failed
I20260630 12:38:31.135283 14615 tablet_service.cc:1511] Processing CreateTablet for tablet 63d5b9d73ff24de4b8131f27891502cb (DEFAULT_TABLE table=test-workload [id=73b3f85e10de454ea47edbbb2d212d4e]), partition=RANGE (key) PARTITION 1342177275 <= VALUES < 1610612730
I20260630 12:38:31.136788 14615 data_dirs.cc:400] Could only allocate 1 dirs of requested 3 for tablet 63d5b9d73ff24de4b8131f27891502cb. 1 dirs total, 0 dirs full, 0 dirs failed
I20260630 12:38:31.140385 14689 tablet_service.cc:1511] Processing CreateTablet for tablet 63d5b9d73ff24de4b8131f27891502cb (DEFAULT_TABLE table=test-workload [id=73b3f85e10de454ea47edbbb2d212d4e]), partition=RANGE (key) PARTITION 1342177275 <= VALUES < 1610612730
I20260630 12:38:31.141899 14689 data_dirs.cc:400] Could only allocate 1 dirs of requested 3 for tablet 63d5b9d73ff24de4b8131f27891502cb. 1 dirs total, 0 dirs full, 0 dirs failed
I20260630 12:38:31.143079 14617 tablet_service.cc:1511] Processing CreateTablet for tablet 90654d73bbcc4755b5e2cbb403656b49 (DEFAULT_TABLE table=test-workload [id=73b3f85e10de454ea47edbbb2d212d4e]), partition=RANGE (key) PARTITION 1610612730 <= VALUES < 1879048185
I20260630 12:38:31.144699 14617 data_dirs.cc:400] Could only allocate 1 dirs of requested 3 for tablet 90654d73bbcc4755b5e2cbb403656b49. 1 dirs total, 0 dirs full, 0 dirs failed
I20260630 12:38:31.158207 14688 tablet_service.cc:1511] Processing CreateTablet for tablet 90654d73bbcc4755b5e2cbb403656b49 (DEFAULT_TABLE table=test-workload [id=73b3f85e10de454ea47edbbb2d212d4e]), partition=RANGE (key) PARTITION 1610612730 <= VALUES < 1879048185
I20260630 12:38:31.159025 14750 tablet_bootstrap.cc:492] T ef0fdfc09ad64748ae370cdb6e7a483c P defa5ade78bf413cab9e10d35829be60: Bootstrap starting.
I20260630 12:38:31.159713 14688 data_dirs.cc:400] Could only allocate 1 dirs of requested 3 for tablet 90654d73bbcc4755b5e2cbb403656b49. 1 dirs total, 0 dirs full, 0 dirs failed
I20260630 12:38:31.163801 14614 tablet_service.cc:1511] Processing CreateTablet for tablet 9679f009d30c4552995bb7e825409e12 (DEFAULT_TABLE table=test-workload [id=73b3f85e10de454ea47edbbb2d212d4e]), partition=RANGE (key) PARTITION 1879048185 <= VALUES
I20260630 12:38:31.165203 14614 data_dirs.cc:400] Could only allocate 1 dirs of requested 3 for tablet 9679f009d30c4552995bb7e825409e12. 1 dirs total, 0 dirs full, 0 dirs failed
I20260630 12:38:31.166076 14694 tablet_service.cc:1511] Processing CreateTablet for tablet 9679f009d30c4552995bb7e825409e12 (DEFAULT_TABLE table=test-workload [id=73b3f85e10de454ea47edbbb2d212d4e]), partition=RANGE (key) PARTITION 1879048185 <= VALUES
I20260630 12:38:31.167317 14694 data_dirs.cc:400] Could only allocate 1 dirs of requested 3 for tablet 9679f009d30c4552995bb7e825409e12. 1 dirs total, 0 dirs full, 0 dirs failed
I20260630 12:38:31.173851 14750 tablet_bootstrap.cc:654] T ef0fdfc09ad64748ae370cdb6e7a483c P defa5ade78bf413cab9e10d35829be60: Neither blocks nor log segments found. Creating new log.
I20260630 12:38:31.196771 14749 tablet_bootstrap.cc:492] T 59bcd93564074cf696d5914a7d5bda32 P 7803aadf414e41e8a98d895ff514b813: Bootstrap starting.
I20260630 12:38:31.197381 14544 tablet_service.cc:1511] Processing CreateTablet for tablet 28403d9e82df4bdd878084d7ceb44949 (DEFAULT_TABLE table=test-workload [id=73b3f85e10de454ea47edbbb2d212d4e]), partition=RANGE (key) PARTITION 268435455 <= VALUES < 536870910
I20260630 12:38:31.199779 14543 tablet_service.cc:1511] Processing CreateTablet for tablet 59bcd93564074cf696d5914a7d5bda32 (DEFAULT_TABLE table=test-workload [id=73b3f85e10de454ea47edbbb2d212d4e]), partition=RANGE (key) PARTITION 536870910 <= VALUES < 805306365
I20260630 12:38:31.202106 14542 tablet_service.cc:1511] Processing CreateTablet for tablet 3104bc2f62384f5ca39a6cd1de5cd9df (DEFAULT_TABLE table=test-workload [id=73b3f85e10de454ea47edbbb2d212d4e]), partition=RANGE (key) PARTITION 805306365 <= VALUES < 1073741820
I20260630 12:38:31.204315 14541 tablet_service.cc:1511] Processing CreateTablet for tablet 2f70dadbb6804643981667f6e846f504 (DEFAULT_TABLE table=test-workload [id=73b3f85e10de454ea47edbbb2d212d4e]), partition=RANGE (key) PARTITION 1073741820 <= VALUES < 1342177275
I20260630 12:38:31.207690 14539 tablet_service.cc:1511] Processing CreateTablet for tablet 90654d73bbcc4755b5e2cbb403656b49 (DEFAULT_TABLE table=test-workload [id=73b3f85e10de454ea47edbbb2d212d4e]), partition=RANGE (key) PARTITION 1610612730 <= VALUES < 1879048185
I20260630 12:38:31.211963 14750 tablet_bootstrap.cc:492] T ef0fdfc09ad64748ae370cdb6e7a483c P defa5ade78bf413cab9e10d35829be60: No bootstrap required, opened a new log
I20260630 12:38:31.206400 14540 tablet_service.cc:1511] Processing CreateTablet for tablet 63d5b9d73ff24de4b8131f27891502cb (DEFAULT_TABLE table=test-workload [id=73b3f85e10de454ea47edbbb2d212d4e]), partition=RANGE (key) PARTITION 1342177275 <= VALUES < 1610612730
I20260630 12:38:31.212510 14750 ts_tablet_manager.cc:1403] T ef0fdfc09ad64748ae370cdb6e7a483c P defa5ade78bf413cab9e10d35829be60: Time spent bootstrapping tablet: real 0.054s	user 0.022s	sys 0.014s
I20260630 12:38:31.210088 14545 tablet_service.cc:1511] Processing CreateTablet for tablet ef0fdfc09ad64748ae370cdb6e7a483c (DEFAULT_TABLE table=test-workload [id=73b3f85e10de454ea47edbbb2d212d4e]), partition=RANGE (key) PARTITION VALUES < 268435455
I20260630 12:38:31.215428 14544 data_dirs.cc:400] Could only allocate 1 dirs of requested 3 for tablet 28403d9e82df4bdd878084d7ceb44949. 1 dirs total, 0 dirs full, 0 dirs failed
I20260630 12:38:31.215629 14749 tablet_bootstrap.cc:654] T 59bcd93564074cf696d5914a7d5bda32 P 7803aadf414e41e8a98d895ff514b813: Neither blocks nor log segments found. Creating new log.
I20260630 12:38:31.216123 14539 data_dirs.cc:400] Could only allocate 1 dirs of requested 3 for tablet 90654d73bbcc4755b5e2cbb403656b49. 1 dirs total, 0 dirs full, 0 dirs failed
I20260630 12:38:31.218976 14541 data_dirs.cc:400] Could only allocate 1 dirs of requested 3 for tablet 2f70dadbb6804643981667f6e846f504. 1 dirs total, 0 dirs full, 0 dirs failed
I20260630 12:38:31.219659 14543 data_dirs.cc:400] Could only allocate 1 dirs of requested 3 for tablet 59bcd93564074cf696d5914a7d5bda32. 1 dirs total, 0 dirs full, 0 dirs failed
I20260630 12:38:31.220285 14540 data_dirs.cc:400] Could only allocate 1 dirs of requested 3 for tablet 63d5b9d73ff24de4b8131f27891502cb. 1 dirs total, 0 dirs full, 0 dirs failed
I20260630 12:38:31.222922 14542 data_dirs.cc:400] Could only allocate 1 dirs of requested 3 for tablet 3104bc2f62384f5ca39a6cd1de5cd9df. 1 dirs total, 0 dirs full, 0 dirs failed
I20260630 12:38:31.223600 14545 data_dirs.cc:400] Could only allocate 1 dirs of requested 3 for tablet ef0fdfc09ad64748ae370cdb6e7a483c. 1 dirs total, 0 dirs full, 0 dirs failed
I20260630 12:38:31.212023 14538 tablet_service.cc:1511] Processing CreateTablet for tablet 9679f009d30c4552995bb7e825409e12 (DEFAULT_TABLE table=test-workload [id=73b3f85e10de454ea47edbbb2d212d4e]), partition=RANGE (key) PARTITION 1879048185 <= VALUES
I20260630 12:38:31.234480 14538 data_dirs.cc:400] Could only allocate 1 dirs of requested 3 for tablet 9679f009d30c4552995bb7e825409e12. 1 dirs total, 0 dirs full, 0 dirs failed
I20260630 12:38:31.215436 14750 raft_consensus.cc:359] T ef0fdfc09ad64748ae370cdb6e7a483c P defa5ade78bf413cab9e10d35829be60 [term 0 FOLLOWER]: Replica starting. Triggering 0 pending ops. Active config: opid_index: -1 OBSOLETE_local: false peers { permanent_uuid: "defa5ade78bf413cab9e10d35829be60" member_type: VOTER last_known_addr { host: "127.13.142.195" port: 33747 } } peers { permanent_uuid: "7803aadf414e41e8a98d895ff514b813" member_type: VOTER last_known_addr { host: "127.13.142.194" port: 42459 } } peers { permanent_uuid: "87250d2c49864c8caa577836c9b13a44" member_type: VOTER last_known_addr { host: "127.13.142.193" port: 33905 } }
I20260630 12:38:31.245788 14750 raft_consensus.cc:385] T ef0fdfc09ad64748ae370cdb6e7a483c P defa5ade78bf413cab9e10d35829be60 [term 0 FOLLOWER]: Consensus starting up: Expiring failure detector timer to make a prompt election more likely
I20260630 12:38:31.246428 14750 raft_consensus.cc:740] T ef0fdfc09ad64748ae370cdb6e7a483c P defa5ade78bf413cab9e10d35829be60 [term 0 FOLLOWER]: Becoming Follower/Learner. State: Replica: defa5ade78bf413cab9e10d35829be60, State: Initialized, Role: FOLLOWER
I20260630 12:38:31.247323 14750 consensus_queue.cc:260] T ef0fdfc09ad64748ae370cdb6e7a483c P defa5ade78bf413cab9e10d35829be60 [NON_LEADER]: Queue going to NON_LEADER mode. State: All replicated index: 0, Majority replicated index: 0, Committed index: 0, Last appended: 0.0, Last appended by leader: 0, Current term: 0, Majority size: -1, State: 0, Mode: NON_LEADER, active raft config: opid_index: -1 OBSOLETE_local: false peers { permanent_uuid: "defa5ade78bf413cab9e10d35829be60" member_type: VOTER last_known_addr { host: "127.13.142.195" port: 33747 } } peers { permanent_uuid: "7803aadf414e41e8a98d895ff514b813" member_type: VOTER last_known_addr { host: "127.13.142.194" port: 42459 } } peers { permanent_uuid: "87250d2c49864c8caa577836c9b13a44" member_type: VOTER last_known_addr { host: "127.13.142.193" port: 33905 } }
I20260630 12:38:31.268297 14750 ts_tablet_manager.cc:1434] T ef0fdfc09ad64748ae370cdb6e7a483c P defa5ade78bf413cab9e10d35829be60: Time spent starting tablet: real 0.055s	user 0.005s	sys 0.005s
I20260630 12:38:31.273411 14750 tablet_bootstrap.cc:492] T 63d5b9d73ff24de4b8131f27891502cb P defa5ade78bf413cab9e10d35829be60: Bootstrap starting.
I20260630 12:38:31.276610 14753 tablet_bootstrap.cc:492] T 59bcd93564074cf696d5914a7d5bda32 P 87250d2c49864c8caa577836c9b13a44: Bootstrap starting.
I20260630 12:38:31.278651 14749 tablet_bootstrap.cc:492] T 59bcd93564074cf696d5914a7d5bda32 P 7803aadf414e41e8a98d895ff514b813: No bootstrap required, opened a new log
I20260630 12:38:31.279233 14749 ts_tablet_manager.cc:1403] T 59bcd93564074cf696d5914a7d5bda32 P 7803aadf414e41e8a98d895ff514b813: Time spent bootstrapping tablet: real 0.083s	user 0.010s	sys 0.026s
I20260630 12:38:31.280189 14750 tablet_bootstrap.cc:654] T 63d5b9d73ff24de4b8131f27891502cb P defa5ade78bf413cab9e10d35829be60: Neither blocks nor log segments found. Creating new log.
I20260630 12:38:31.282150 14749 raft_consensus.cc:359] T 59bcd93564074cf696d5914a7d5bda32 P 7803aadf414e41e8a98d895ff514b813 [term 0 FOLLOWER]: Replica starting. Triggering 0 pending ops. Active config: opid_index: -1 OBSOLETE_local: false peers { permanent_uuid: "87250d2c49864c8caa577836c9b13a44" member_type: VOTER last_known_addr { host: "127.13.142.193" port: 33905 } } peers { permanent_uuid: "7803aadf414e41e8a98d895ff514b813" member_type: VOTER last_known_addr { host: "127.13.142.194" port: 42459 } } peers { permanent_uuid: "defa5ade78bf413cab9e10d35829be60" member_type: VOTER last_known_addr { host: "127.13.142.195" port: 33747 } }
I20260630 12:38:31.283020 14749 raft_consensus.cc:385] T 59bcd93564074cf696d5914a7d5bda32 P 7803aadf414e41e8a98d895ff514b813 [term 0 FOLLOWER]: Consensus starting up: Expiring failure detector timer to make a prompt election more likely
I20260630 12:38:31.283361 14749 raft_consensus.cc:740] T 59bcd93564074cf696d5914a7d5bda32 P 7803aadf414e41e8a98d895ff514b813 [term 0 FOLLOWER]: Becoming Follower/Learner. State: Replica: 7803aadf414e41e8a98d895ff514b813, State: Initialized, Role: FOLLOWER
I20260630 12:38:31.284155 14753 tablet_bootstrap.cc:654] T 59bcd93564074cf696d5914a7d5bda32 P 87250d2c49864c8caa577836c9b13a44: Neither blocks nor log segments found. Creating new log.
I20260630 12:38:31.284106 14749 consensus_queue.cc:260] T 59bcd93564074cf696d5914a7d5bda32 P 7803aadf414e41e8a98d895ff514b813 [NON_LEADER]: Queue going to NON_LEADER mode. State: All replicated index: 0, Majority replicated index: 0, Committed index: 0, Last appended: 0.0, Last appended by leader: 0, Current term: 0, Majority size: -1, State: 0, Mode: NON_LEADER, active raft config: opid_index: -1 OBSOLETE_local: false peers { permanent_uuid: "87250d2c49864c8caa577836c9b13a44" member_type: VOTER last_known_addr { host: "127.13.142.193" port: 33905 } } peers { permanent_uuid: "7803aadf414e41e8a98d895ff514b813" member_type: VOTER last_known_addr { host: "127.13.142.194" port: 42459 } } peers { permanent_uuid: "defa5ade78bf413cab9e10d35829be60" member_type: VOTER last_known_addr { host: "127.13.142.195" port: 33747 } }
I20260630 12:38:31.285108 14750 tablet_bootstrap.cc:492] T 63d5b9d73ff24de4b8131f27891502cb P defa5ade78bf413cab9e10d35829be60: No bootstrap required, opened a new log
I20260630 12:38:31.285511 14750 ts_tablet_manager.cc:1403] T 63d5b9d73ff24de4b8131f27891502cb P defa5ade78bf413cab9e10d35829be60: Time spent bootstrapping tablet: real 0.012s	user 0.008s	sys 0.001s
I20260630 12:38:31.287380 14749 ts_tablet_manager.cc:1434] T 59bcd93564074cf696d5914a7d5bda32 P 7803aadf414e41e8a98d895ff514b813: Time spent starting tablet: real 0.008s	user 0.007s	sys 0.000s
I20260630 12:38:31.288221 14750 raft_consensus.cc:359] T 63d5b9d73ff24de4b8131f27891502cb P defa5ade78bf413cab9e10d35829be60 [term 0 FOLLOWER]: Replica starting. Triggering 0 pending ops. Active config: opid_index: -1 OBSOLETE_local: false peers { permanent_uuid: "87250d2c49864c8caa577836c9b13a44" member_type: VOTER last_known_addr { host: "127.13.142.193" port: 33905 } } peers { permanent_uuid: "7803aadf414e41e8a98d895ff514b813" member_type: VOTER last_known_addr { host: "127.13.142.194" port: 42459 } } peers { permanent_uuid: "defa5ade78bf413cab9e10d35829be60" member_type: VOTER last_known_addr { host: "127.13.142.195" port: 33747 } }
I20260630 12:38:31.288658 14749 tablet_bootstrap.cc:492] T 3104bc2f62384f5ca39a6cd1de5cd9df P 7803aadf414e41e8a98d895ff514b813: Bootstrap starting.
I20260630 12:38:31.288978 14750 raft_consensus.cc:385] T 63d5b9d73ff24de4b8131f27891502cb P defa5ade78bf413cab9e10d35829be60 [term 0 FOLLOWER]: Consensus starting up: Expiring failure detector timer to make a prompt election more likely
I20260630 12:38:31.289301 14750 raft_consensus.cc:740] T 63d5b9d73ff24de4b8131f27891502cb P defa5ade78bf413cab9e10d35829be60 [term 0 FOLLOWER]: Becoming Follower/Learner. State: Replica: defa5ade78bf413cab9e10d35829be60, State: Initialized, Role: FOLLOWER
