I20260630 12:39:46.616241 29317 consensus_queue.cc:260] T c0ae9debf0b6402e834b00ad3de2cfc1 P a32440fd9b204da0ac034c7a30f5f645 [NON_LEADER]: Queue going to NON_LEADER mode. State: All replicated index: 0, Majority replicated index: 0, Committed index: 0, Last appended: 0.0, Last appended by leader: 0, Current term: 0, Majority size: -1, State: 0, Mode: NON_LEADER, active raft config: opid_index: -1 OBSOLETE_local: false peers { permanent_uuid: "a32440fd9b204da0ac034c7a30f5f645" member_type: VOTER last_known_addr { host: "127.25.87.4" port: 41763 } } peers { permanent_uuid: "b90b70f07ae645329dc8c8c5f2830031" member_type: VOTER last_known_addr { host: "127.25.87.3" port: 42749 } } peers { permanent_uuid: "3ca1612b8666456f9c146872b89b0d28" member_type: VOTER last_known_addr { host: "127.25.87.1" port: 41749 } }
I20260630 12:39:46.619378 29307 raft_consensus.cc:359] T e8007590f48d4b0782eb930e0b98665d P 3ca1612b8666456f9c146872b89b0d28 [term 0 FOLLOWER]: Replica starting. Triggering 0 pending ops. Active config: opid_index: -1 OBSOLETE_local: false peers { permanent_uuid: "3ca1612b8666456f9c146872b89b0d28" member_type: VOTER last_known_addr { host: "127.25.87.1" port: 41749 } } peers { permanent_uuid: "b90b70f07ae645329dc8c8c5f2830031" member_type: VOTER last_known_addr { host: "127.25.87.3" port: 42749 } } peers { permanent_uuid: "a32440fd9b204da0ac034c7a30f5f645" member_type: VOTER last_known_addr { host: "127.25.87.4" port: 41763 } }
I20260630 12:39:46.620151 29317 ts_tablet_manager.cc:1434] T c0ae9debf0b6402e834b00ad3de2cfc1 P a32440fd9b204da0ac034c7a30f5f645: Time spent starting tablet: real 0.009s	user 0.009s	sys 0.000s
I20260630 12:39:46.620463 29307 raft_consensus.cc:385] T e8007590f48d4b0782eb930e0b98665d P 3ca1612b8666456f9c146872b89b0d28 [term 0 FOLLOWER]: Consensus starting up: Expiring failure detector timer to make a prompt election more likely
I20260630 12:39:46.620831 29307 raft_consensus.cc:740] T e8007590f48d4b0782eb930e0b98665d P 3ca1612b8666456f9c146872b89b0d28 [term 0 FOLLOWER]: Becoming Follower/Learner. State: Replica: 3ca1612b8666456f9c146872b89b0d28, State: Initialized, Role: FOLLOWER
I20260630 12:39:46.621188 29317 tablet_bootstrap.cc:492] T e8007590f48d4b0782eb930e0b98665d P a32440fd9b204da0ac034c7a30f5f645: Bootstrap starting.
I20260630 12:39:46.621683 29307 consensus_queue.cc:260] T e8007590f48d4b0782eb930e0b98665d P 3ca1612b8666456f9c146872b89b0d28 [NON_LEADER]: Queue going to NON_LEADER mode. State: All replicated index: 0, Majority replicated index: 0, Committed index: 0, Last appended: 0.0, Last appended by leader: 0, Current term: 0, Majority size: -1, State: 0, Mode: NON_LEADER, active raft config: opid_index: -1 OBSOLETE_local: false peers { permanent_uuid: "3ca1612b8666456f9c146872b89b0d28" member_type: VOTER last_known_addr { host: "127.25.87.1" port: 41749 } } peers { permanent_uuid: "b90b70f07ae645329dc8c8c5f2830031" member_type: VOTER last_known_addr { host: "127.25.87.3" port: 42749 } } peers { permanent_uuid: "a32440fd9b204da0ac034c7a30f5f645" member_type: VOTER last_known_addr { host: "127.25.87.4" port: 41763 } }
I20260630 12:39:46.628152 29317 tablet_bootstrap.cc:654] T e8007590f48d4b0782eb930e0b98665d P a32440fd9b204da0ac034c7a30f5f645: Neither blocks nor log segments found. Creating new log.
I20260630 12:39:46.628850 29307 ts_tablet_manager.cc:1434] T e8007590f48d4b0782eb930e0b98665d P 3ca1612b8666456f9c146872b89b0d28: Time spent starting tablet: real 0.012s	user 0.007s	sys 0.000s
I20260630 12:39:46.632117 29307 tablet_bootstrap.cc:492] T 0cfa114e73834700ab1176b8012e0f94 P 3ca1612b8666456f9c146872b89b0d28: Bootstrap starting.
I20260630 12:39:46.633610 28860 catalog_manager.cc:5697] T 542efb4b9186496496cf82cdab91d6d9 P b90b70f07ae645329dc8c8c5f2830031 reported cstate change: term changed from 0 to 1, leader changed from <none> to b90b70f07ae645329dc8c8c5f2830031 (127.25.87.3). New cstate: current_term: 1 leader_uuid: "b90b70f07ae645329dc8c8c5f2830031" committed_config { opid_index: -1 OBSOLETE_local: false peers { permanent_uuid: "a32440fd9b204da0ac034c7a30f5f645" member_type: VOTER last_known_addr { host: "127.25.87.4" port: 41763 } health_report { overall_health: UNKNOWN } } peers { permanent_uuid: "3ca1612b8666456f9c146872b89b0d28" member_type: VOTER last_known_addr { host: "127.25.87.1" port: 41749 } health_report { overall_health: UNKNOWN } } peers { permanent_uuid: "b90b70f07ae645329dc8c8c5f2830031" member_type: VOTER last_known_addr { host: "127.25.87.3" port: 42749 } health_report { overall_health: HEALTHY } } }
I20260630 12:39:46.638903 29307 tablet_bootstrap.cc:654] T 0cfa114e73834700ab1176b8012e0f94 P 3ca1612b8666456f9c146872b89b0d28: Neither blocks nor log segments found. Creating new log.
I20260630 12:39:46.641360 29317 tablet_bootstrap.cc:492] T e8007590f48d4b0782eb930e0b98665d P a32440fd9b204da0ac034c7a30f5f645: No bootstrap required, opened a new log
I20260630 12:39:46.641892 29317 ts_tablet_manager.cc:1403] T e8007590f48d4b0782eb930e0b98665d P a32440fd9b204da0ac034c7a30f5f645: Time spent bootstrapping tablet: real 0.021s	user 0.006s	sys 0.004s
I20260630 12:39:46.645118 29317 raft_consensus.cc:359] T e8007590f48d4b0782eb930e0b98665d P a32440fd9b204da0ac034c7a30f5f645 [term 0 FOLLOWER]: Replica starting. Triggering 0 pending ops. Active config: opid_index: -1 OBSOLETE_local: false peers { permanent_uuid: "3ca1612b8666456f9c146872b89b0d28" member_type: VOTER last_known_addr { host: "127.25.87.1" port: 41749 } } peers { permanent_uuid: "b90b70f07ae645329dc8c8c5f2830031" member_type: VOTER last_known_addr { host: "127.25.87.3" port: 42749 } } peers { permanent_uuid: "a32440fd9b204da0ac034c7a30f5f645" member_type: VOTER last_known_addr { host: "127.25.87.4" port: 41763 } }
I20260630 12:39:46.645825 29317 raft_consensus.cc:385] T e8007590f48d4b0782eb930e0b98665d P a32440fd9b204da0ac034c7a30f5f645 [term 0 FOLLOWER]: Consensus starting up: Expiring failure detector timer to make a prompt election more likely
I20260630 12:39:46.646111 29317 raft_consensus.cc:740] T e8007590f48d4b0782eb930e0b98665d P a32440fd9b204da0ac034c7a30f5f645 [term 0 FOLLOWER]: Becoming Follower/Learner. State: Replica: a32440fd9b204da0ac034c7a30f5f645, State: Initialized, Role: FOLLOWER
I20260630 12:39:46.646610 29307 tablet_bootstrap.cc:492] T 0cfa114e73834700ab1176b8012e0f94 P 3ca1612b8666456f9c146872b89b0d28: No bootstrap required, opened a new log
I20260630 12:39:46.647092 29307 ts_tablet_manager.cc:1403] T 0cfa114e73834700ab1176b8012e0f94 P 3ca1612b8666456f9c146872b89b0d28: Time spent bootstrapping tablet: real 0.015s	user 0.012s	sys 0.001s
I20260630 12:39:46.646783 29317 consensus_queue.cc:260] T e8007590f48d4b0782eb930e0b98665d P a32440fd9b204da0ac034c7a30f5f645 [NON_LEADER]: Queue going to NON_LEADER mode. State: All replicated index: 0, Majority replicated index: 0, Committed index: 0, Last appended: 0.0, Last appended by leader: 0, Current term: 0, Majority size: -1, State: 0, Mode: NON_LEADER, active raft config: opid_index: -1 OBSOLETE_local: false peers { permanent_uuid: "3ca1612b8666456f9c146872b89b0d28" member_type: VOTER last_known_addr { host: "127.25.87.1" port: 41749 } } peers { permanent_uuid: "b90b70f07ae645329dc8c8c5f2830031" member_type: VOTER last_known_addr { host: "127.25.87.3" port: 42749 } } peers { permanent_uuid: "a32440fd9b204da0ac034c7a30f5f645" member_type: VOTER last_known_addr { host: "127.25.87.4" port: 41763 } }
I20260630 12:39:46.649029 29317 ts_tablet_manager.cc:1434] T e8007590f48d4b0782eb930e0b98665d P a32440fd9b204da0ac034c7a30f5f645: Time spent starting tablet: real 0.007s	user 0.004s	sys 0.004s
I20260630 12:39:46.650012 29317 tablet_bootstrap.cc:492] T 0cfa114e73834700ab1176b8012e0f94 P a32440fd9b204da0ac034c7a30f5f645: Bootstrap starting.
I20260630 12:39:46.650458 29307 raft_consensus.cc:359] T 0cfa114e73834700ab1176b8012e0f94 P 3ca1612b8666456f9c146872b89b0d28 [term 0 FOLLOWER]: Replica starting. Triggering 0 pending ops. Active config: opid_index: -1 OBSOLETE_local: false peers { permanent_uuid: "a32440fd9b204da0ac034c7a30f5f645" member_type: VOTER last_known_addr { host: "127.25.87.4" port: 41763 } } peers { permanent_uuid: "3ca1612b8666456f9c146872b89b0d28" member_type: VOTER last_known_addr { host: "127.25.87.1" port: 41749 } } peers { permanent_uuid: "25f03d683b5644608d9b99c9d377701a" member_type: VOTER last_known_addr { host: "127.25.87.2" port: 38035 } }
I20260630 12:39:46.651162 29307 raft_consensus.cc:385] T 0cfa114e73834700ab1176b8012e0f94 P 3ca1612b8666456f9c146872b89b0d28 [term 0 FOLLOWER]: Consensus starting up: Expiring failure detector timer to make a prompt election more likely
I20260630 12:39:46.651456 29307 raft_consensus.cc:740] T 0cfa114e73834700ab1176b8012e0f94 P 3ca1612b8666456f9c146872b89b0d28 [term 0 FOLLOWER]: Becoming Follower/Learner. State: Replica: 3ca1612b8666456f9c146872b89b0d28, State: Initialized, Role: FOLLOWER
I20260630 12:39:46.652225 29165 raft_consensus.cc:493] T e701263ec7c941968ecf6b894e189145 P 3ca1612b8666456f9c146872b89b0d28 [term 0 FOLLOWER]: Starting pre-election (no leader contacted us within the election timeout)
I20260630 12:39:46.652179 29307 consensus_queue.cc:260] T 0cfa114e73834700ab1176b8012e0f94 P 3ca1612b8666456f9c146872b89b0d28 [NON_LEADER]: Queue going to NON_LEADER mode. State: All replicated index: 0, Majority replicated index: 0, Committed index: 0, Last appended: 0.0, Last appended by leader: 0, Current term: 0, Majority size: -1, State: 0, Mode: NON_LEADER, active raft config: opid_index: -1 OBSOLETE_local: false peers { permanent_uuid: "a32440fd9b204da0ac034c7a30f5f645" member_type: VOTER last_known_addr { host: "127.25.87.4" port: 41763 } } peers { permanent_uuid: "3ca1612b8666456f9c146872b89b0d28" member_type: VOTER last_known_addr { host: "127.25.87.1" port: 41749 } } peers { permanent_uuid: "25f03d683b5644608d9b99c9d377701a" member_type: VOTER last_known_addr { host: "127.25.87.2" port: 38035 } }
I20260630 12:39:46.653062 29165 raft_consensus.cc:515] T e701263ec7c941968ecf6b894e189145 P 3ca1612b8666456f9c146872b89b0d28 [term 0 FOLLOWER]: Starting pre-election with config: opid_index: -1 OBSOLETE_local: false peers { permanent_uuid: "25f03d683b5644608d9b99c9d377701a" member_type: VOTER last_known_addr { host: "127.25.87.2" port: 38035 } } peers { permanent_uuid: "a32440fd9b204da0ac034c7a30f5f645" member_type: VOTER last_known_addr { host: "127.25.87.4" port: 41763 } } peers { permanent_uuid: "3ca1612b8666456f9c146872b89b0d28" member_type: VOTER last_known_addr { host: "127.25.87.1" port: 41749 } }
I20260630 12:39:46.654619 29307 ts_tablet_manager.cc:1434] T 0cfa114e73834700ab1176b8012e0f94 P 3ca1612b8666456f9c146872b89b0d28: Time spent starting tablet: real 0.007s	user 0.000s	sys 0.006s
I20260630 12:39:46.654908 29165 leader_election.cc:290] T e701263ec7c941968ecf6b894e189145 P 3ca1612b8666456f9c146872b89b0d28 [CANDIDATE]: Term 1 pre-election: Requested pre-vote from peers 25f03d683b5644608d9b99c9d377701a (127.25.87.2:38035), a32440fd9b204da0ac034c7a30f5f645 (127.25.87.4:41763)
I20260630 12:39:46.656128 29038 tablet_service.cc:1917] Received RequestConsensusVote() RPC: tablet_id: "e701263ec7c941968ecf6b894e189145" candidate_uuid: "3ca1612b8666456f9c146872b89b0d28" candidate_term: 1 candidate_status { last_received { term: 0 index: 0 } } ignore_live_leader: false dest_uuid: "25f03d683b5644608d9b99c9d377701a" is_pre_election: true
I20260630 12:39:46.656571 29317 tablet_bootstrap.cc:654] T 0cfa114e73834700ab1176b8012e0f94 P a32440fd9b204da0ac034c7a30f5f645: Neither blocks nor log segments found. Creating new log.
I20260630 12:39:46.657289 29269 tablet_service.cc:1917] Received RequestConsensusVote() RPC: tablet_id: "e701263ec7c941968ecf6b894e189145" candidate_uuid: "3ca1612b8666456f9c146872b89b0d28" candidate_term: 1 candidate_status { last_received { term: 0 index: 0 } } ignore_live_leader: false dest_uuid: "a32440fd9b204da0ac034c7a30f5f645" is_pre_election: true
I20260630 12:39:46.658110 29269 raft_consensus.cc:2393] T e701263ec7c941968ecf6b894e189145 P a32440fd9b204da0ac034c7a30f5f645 [term 1 FOLLOWER]: Leader pre-election vote request: Denying vote to candidate 3ca1612b8666456f9c146872b89b0d28 in current term 1: Already voted for candidate 25f03d683b5644608d9b99c9d377701a in this term.
I20260630 12:39:46.659402 28926 leader_election.cc:304] T e701263ec7c941968ecf6b894e189145 P 3ca1612b8666456f9c146872b89b0d28 [CANDIDATE]: Term 1 pre-election: Election decided. Result: candidate lost. Election summary: received 3 responses out of 3 voters: 1 yes votes; 2 no votes. yes voters: 3ca1612b8666456f9c146872b89b0d28; no voters: 25f03d683b5644608d9b99c9d377701a, a32440fd9b204da0ac034c7a30f5f645
I20260630 12:39:46.660961 29165 raft_consensus.cc:3060] T e701263ec7c941968ecf6b894e189145 P 3ca1612b8666456f9c146872b89b0d28 [term 0 FOLLOWER]: Advancing to term 1
I20260630 12:39:46.664729 29317 tablet_bootstrap.cc:492] T 0cfa114e73834700ab1176b8012e0f94 P a32440fd9b204da0ac034c7a30f5f645: No bootstrap required, opened a new log
I20260630 12:39:46.665149 29317 ts_tablet_manager.cc:1403] T 0cfa114e73834700ab1176b8012e0f94 P a32440fd9b204da0ac034c7a30f5f645: Time spent bootstrapping tablet: real 0.015s	user 0.013s	sys 0.001s
I20260630 12:39:46.665902 29165 raft_consensus.cc:2749] T e701263ec7c941968ecf6b894e189145 P 3ca1612b8666456f9c146872b89b0d28 [term 1 FOLLOWER]: Leader pre-election lost for term 1. Reason: could not achieve majority
I20260630 12:39:46.667825 29317 raft_consensus.cc:359] T 0cfa114e73834700ab1176b8012e0f94 P a32440fd9b204da0ac034c7a30f5f645 [term 0 FOLLOWER]: Replica starting. Triggering 0 pending ops. Active config: opid_index: -1 OBSOLETE_local: false peers { permanent_uuid: "a32440fd9b204da0ac034c7a30f5f645" member_type: VOTER last_known_addr { host: "127.25.87.4" port: 41763 } } peers { permanent_uuid: "3ca1612b8666456f9c146872b89b0d28" member_type: VOTER last_known_addr { host: "127.25.87.1" port: 41749 } } peers { permanent_uuid: "25f03d683b5644608d9b99c9d377701a" member_type: VOTER last_known_addr { host: "127.25.87.2" port: 38035 } }
I20260630 12:39:46.668578 29317 raft_consensus.cc:385] T 0cfa114e73834700ab1176b8012e0f94 P a32440fd9b204da0ac034c7a30f5f645 [term 0 FOLLOWER]: Consensus starting up: Expiring failure detector timer to make a prompt election more likely
I20260630 12:39:46.668903 29317 raft_consensus.cc:740] T 0cfa114e73834700ab1176b8012e0f94 P a32440fd9b204da0ac034c7a30f5f645 [term 0 FOLLOWER]: Becoming Follower/Learner. State: Replica: a32440fd9b204da0ac034c7a30f5f645, State: Initialized, Role: FOLLOWER
I20260630 12:39:46.669591 29317 consensus_queue.cc:260] T 0cfa114e73834700ab1176b8012e0f94 P a32440fd9b204da0ac034c7a30f5f645 [NON_LEADER]: Queue going to NON_LEADER mode. State: All replicated index: 0, Majority replicated index: 0, Committed index: 0, Last appended: 0.0, Last appended by leader: 0, Current term: 0, Majority size: -1, State: 0, Mode: NON_LEADER, active raft config: opid_index: -1 OBSOLETE_local: false peers { permanent_uuid: "a32440fd9b204da0ac034c7a30f5f645" member_type: VOTER last_known_addr { host: "127.25.87.4" port: 41763 } } peers { permanent_uuid: "3ca1612b8666456f9c146872b89b0d28" member_type: VOTER last_known_addr { host: "127.25.87.1" port: 41749 } } peers { permanent_uuid: "25f03d683b5644608d9b99c9d377701a" member_type: VOTER last_known_addr { host: "127.25.87.2" port: 38035 } }
I20260630 12:39:46.671200 29317 ts_tablet_manager.cc:1434] T 0cfa114e73834700ab1176b8012e0f94 P a32440fd9b204da0ac034c7a30f5f645: Time spent starting tablet: real 0.006s	user 0.004s	sys 0.000s
I20260630 12:39:46.672122 29317 tablet_bootstrap.cc:492] T 542efb4b9186496496cf82cdab91d6d9 P a32440fd9b204da0ac034c7a30f5f645: Bootstrap starting.
I20260630 12:39:46.677801 29317 tablet_bootstrap.cc:654] T 542efb4b9186496496cf82cdab91d6d9 P a32440fd9b204da0ac034c7a30f5f645: Neither blocks nor log segments found. Creating new log.
I20260630 12:39:46.681949 29317 tablet_bootstrap.cc:492] T 542efb4b9186496496cf82cdab91d6d9 P a32440fd9b204da0ac034c7a30f5f645: No bootstrap required, opened a new log
I20260630 12:39:46.682286 29317 ts_tablet_manager.cc:1403] T 542efb4b9186496496cf82cdab91d6d9 P a32440fd9b204da0ac034c7a30f5f645: Time spent bootstrapping tablet: real 0.010s	user 0.006s	sys 0.003s
I20260630 12:39:46.684131 29317 raft_consensus.cc:359] T 542efb4b9186496496cf82cdab91d6d9 P a32440fd9b204da0ac034c7a30f5f645 [term 0 FOLLOWER]: Replica starting. Triggering 0 pending ops. Active config: opid_index: -1 OBSOLETE_local: false peers { permanent_uuid: "a32440fd9b204da0ac034c7a30f5f645" member_type: VOTER last_known_addr { host: "127.25.87.4" port: 41763 } } peers { permanent_uuid: "3ca1612b8666456f9c146872b89b0d28" member_type: VOTER last_known_addr { host: "127.25.87.1" port: 41749 } } peers { permanent_uuid: "b90b70f07ae645329dc8c8c5f2830031" member_type: VOTER last_known_addr { host: "127.25.87.3" port: 42749 } }
I20260630 12:39:46.684603 29317 raft_consensus.cc:385] T 542efb4b9186496496cf82cdab91d6d9 P a32440fd9b204da0ac034c7a30f5f645 [term 0 FOLLOWER]: Consensus starting up: Expiring failure detector timer to make a prompt election more likely
I20260630 12:39:46.684819 29317 raft_consensus.cc:740] T 542efb4b9186496496cf82cdab91d6d9 P a32440fd9b204da0ac034c7a30f5f645 [term 0 FOLLOWER]: Becoming Follower/Learner. State: Replica: a32440fd9b204da0ac034c7a30f5f645, State: Initialized, Role: FOLLOWER
I20260630 12:39:46.685278 29317 consensus_queue.cc:260] T 542efb4b9186496496cf82cdab91d6d9 P a32440fd9b204da0ac034c7a30f5f645 [NON_LEADER]: Queue going to NON_LEADER mode. State: All replicated index: 0, Majority replicated index: 0, Committed index: 0, Last appended: 0.0, Last appended by leader: 0, Current term: 0, Majority size: -1, State: 0, Mode: NON_LEADER, active raft config: opid_index: -1 OBSOLETE_local: false peers { permanent_uuid: "a32440fd9b204da0ac034c7a30f5f645" member_type: VOTER last_known_addr { host: "127.25.87.4" port: 41763 } } peers { permanent_uuid: "3ca1612b8666456f9c146872b89b0d28" member_type: VOTER last_known_addr { host: "127.25.87.1" port: 41749 } } peers { permanent_uuid: "b90b70f07ae645329dc8c8c5f2830031" member_type: VOTER last_known_addr { host: "127.25.87.3" port: 42749 } }
I20260630 12:39:46.686931 29317 ts_tablet_manager.cc:1434] T 542efb4b9186496496cf82cdab91d6d9 P a32440fd9b204da0ac034c7a30f5f645: Time spent starting tablet: real 0.004s	user 0.005s	sys 0.001s
I20260630 12:39:46.717830 29205 raft_consensus.cc:493] T e8007590f48d4b0782eb930e0b98665d P b90b70f07ae645329dc8c8c5f2830031 [term 0 FOLLOWER]: Starting pre-election (no leader contacted us within the election timeout)
I20260630 12:39:46.718307 29205 raft_consensus.cc:515] T e8007590f48d4b0782eb930e0b98665d P b90b70f07ae645329dc8c8c5f2830031 [term 0 FOLLOWER]: Starting pre-election with config: opid_index: -1 OBSOLETE_local: false peers { permanent_uuid: "3ca1612b8666456f9c146872b89b0d28" member_type: VOTER last_known_addr { host: "127.25.87.1" port: 41749 } } peers { permanent_uuid: "b90b70f07ae645329dc8c8c5f2830031" member_type: VOTER last_known_addr { host: "127.25.87.3" port: 42749 } } peers { permanent_uuid: "a32440fd9b204da0ac034c7a30f5f645" member_type: VOTER last_known_addr { host: "127.25.87.4" port: 41763 } }
I20260630 12:39:46.719873 29205 leader_election.cc:290] T e8007590f48d4b0782eb930e0b98665d P b90b70f07ae645329dc8c8c5f2830031 [CANDIDATE]: Term 1 pre-election: Requested pre-vote from peers 3ca1612b8666456f9c146872b89b0d28 (127.25.87.1:41749), a32440fd9b204da0ac034c7a30f5f645 (127.25.87.4:41763)
I20260630 12:39:46.720732 28962 tablet_service.cc:1917] Received RequestConsensusVote() RPC: tablet_id: "e8007590f48d4b0782eb930e0b98665d" candidate_uuid: "b90b70f07ae645329dc8c8c5f2830031" candidate_term: 1 candidate_status { last_received { term: 0 index: 0 } } ignore_live_leader: false dest_uuid: "3ca1612b8666456f9c146872b89b0d28" is_pre_election: true
I20260630 12:39:46.720921 29269 tablet_service.cc:1917] Received RequestConsensusVote() RPC: tablet_id: "e8007590f48d4b0782eb930e0b98665d" candidate_uuid: "b90b70f07ae645329dc8c8c5f2830031" candidate_term: 1 candidate_status { last_received { term: 0 index: 0 } } ignore_live_leader: false dest_uuid: "a32440fd9b204da0ac034c7a30f5f645" is_pre_election: true
I20260630 12:39:46.721350 28962 raft_consensus.cc:2468] T e8007590f48d4b0782eb930e0b98665d P 3ca1612b8666456f9c146872b89b0d28 [term 0 FOLLOWER]: Leader pre-election vote request: Granting yes vote for candidate b90b70f07ae645329dc8c8c5f2830031 in term 0.
I20260630 12:39:46.721469 29269 raft_consensus.cc:2468] T e8007590f48d4b0782eb930e0b98665d P a32440fd9b204da0ac034c7a30f5f645 [term 0 FOLLOWER]: Leader pre-election vote request: Granting yes vote for candidate b90b70f07ae645329dc8c8c5f2830031 in term 0.
I20260630 12:39:46.722232 29075 leader_election.cc:304] T e8007590f48d4b0782eb930e0b98665d P b90b70f07ae645329dc8c8c5f2830031 [CANDIDATE]: Term 1 pre-election: Election decided. Result: candidate won. Election summary: received 2 responses out of 3 voters: 2 yes votes; 0 no votes. yes voters: 3ca1612b8666456f9c146872b89b0d28, b90b70f07ae645329dc8c8c5f2830031; no voters: 
I20260630 12:39:46.722798 29205 raft_consensus.cc:2804] T e8007590f48d4b0782eb930e0b98665d P b90b70f07ae645329dc8c8c5f2830031 [term 0 FOLLOWER]: Leader pre-election won for term 1
I20260630 12:39:46.723066 29205 raft_consensus.cc:493] T e8007590f48d4b0782eb930e0b98665d P b90b70f07ae645329dc8c8c5f2830031 [term 0 FOLLOWER]: Starting leader election (no leader contacted us within the election timeout)
I20260630 12:39:46.723313 29205 raft_consensus.cc:3060] T e8007590f48d4b0782eb930e0b98665d P b90b70f07ae645329dc8c8c5f2830031 [term 0 FOLLOWER]: Advancing to term 1
I20260630 12:39:46.724556 29339 raft_consensus.cc:493] T 0cfa114e73834700ab1176b8012e0f94 P a32440fd9b204da0ac034c7a30f5f645 [term 0 FOLLOWER]: Starting pre-election (no leader contacted us within the election timeout)
I20260630 12:39:46.724946 29339 raft_consensus.cc:515] T 0cfa114e73834700ab1176b8012e0f94 P a32440fd9b204da0ac034c7a30f5f645 [term 0 FOLLOWER]: Starting pre-election with config: opid_index: -1 OBSOLETE_local: false peers { permanent_uuid: "a32440fd9b204da0ac034c7a30f5f645" member_type: VOTER last_known_addr { host: "127.25.87.4" port: 41763 } } peers { permanent_uuid: "3ca1612b8666456f9c146872b89b0d28" member_type: VOTER last_known_addr { host: "127.25.87.1" port: 41749 } } peers { permanent_uuid: "25f03d683b5644608d9b99c9d377701a" member_type: VOTER last_known_addr { host: "127.25.87.2" port: 38035 } }
I20260630 12:39:46.726434 29339 leader_election.cc:290] T 0cfa114e73834700ab1176b8012e0f94 P a32440fd9b204da0ac034c7a30f5f645 [CANDIDATE]: Term 1 pre-election: Requested pre-vote from peers 3ca1612b8666456f9c146872b89b0d28 (127.25.87.1:41749), 25f03d683b5644608d9b99c9d377701a (127.25.87.2:38035)
I20260630 12:39:46.727346 28962 tablet_service.cc:1917] Received RequestConsensusVote() RPC: tablet_id: "0cfa114e73834700ab1176b8012e0f94" candidate_uuid: "a32440fd9b204da0ac034c7a30f5f645" candidate_term: 1 candidate_status { last_received { term: 0 index: 0 } } ignore_live_leader: false dest_uuid: "3ca1612b8666456f9c146872b89b0d28" is_pre_election: true
I20260630 12:39:46.727542 29038 tablet_service.cc:1917] Received RequestConsensusVote() RPC: tablet_id: "0cfa114e73834700ab1176b8012e0f94" candidate_uuid: "a32440fd9b204da0ac034c7a30f5f645" candidate_term: 1 candidate_status { last_received { term: 0 index: 0 } } ignore_live_leader: false dest_uuid: "25f03d683b5644608d9b99c9d377701a" is_pre_election: true
I20260630 12:39:46.727864 28962 raft_consensus.cc:2468] T 0cfa114e73834700ab1176b8012e0f94 P 3ca1612b8666456f9c146872b89b0d28 [term 0 FOLLOWER]: Leader pre-election vote request: Granting yes vote for candidate a32440fd9b204da0ac034c7a30f5f645 in term 0.
I20260630 12:39:46.728205 29038 raft_consensus.cc:2468] T 0cfa114e73834700ab1176b8012e0f94 P 25f03d683b5644608d9b99c9d377701a [term 0 FOLLOWER]: Leader pre-election vote request: Granting yes vote for candidate a32440fd9b204da0ac034c7a30f5f645 in term 0.
I20260630 12:39:46.728513 29205 raft_consensus.cc:515] T e8007590f48d4b0782eb930e0b98665d P b90b70f07ae645329dc8c8c5f2830031 [term 1 FOLLOWER]: Starting leader election with config: opid_index: -1 OBSOLETE_local: false peers { permanent_uuid: "3ca1612b8666456f9c146872b89b0d28" member_type: VOTER last_known_addr { host: "127.25.87.1" port: 41749 } } peers { permanent_uuid: "b90b70f07ae645329dc8c8c5f2830031" member_type: VOTER last_known_addr { host: "127.25.87.3" port: 42749 } } peers { permanent_uuid: "a32440fd9b204da0ac034c7a30f5f645" member_type: VOTER last_known_addr { host: "127.25.87.4" port: 41763 } }
I20260630 12:39:46.728960 29233 leader_election.cc:304] T 0cfa114e73834700ab1176b8012e0f94 P a32440fd9b204da0ac034c7a30f5f645 [CANDIDATE]: Term 1 pre-election: Election decided. Result: candidate won. Election summary: received 2 responses out of 3 voters: 2 yes votes; 0 no votes. yes voters: 3ca1612b8666456f9c146872b89b0d28, a32440fd9b204da0ac034c7a30f5f645; no voters: 
I20260630 12:39:46.729632 29339 raft_consensus.cc:2804] T 0cfa114e73834700ab1176b8012e0f94 P a32440fd9b204da0ac034c7a30f5f645 [term 0 FOLLOWER]: Leader pre-election won for term 1
I20260630 12:39:46.729979 29339 raft_consensus.cc:493] T 0cfa114e73834700ab1176b8012e0f94 P a32440fd9b204da0ac034c7a30f5f645 [term 0 FOLLOWER]: Starting leader election (no leader contacted us within the election timeout)
I20260630 12:39:46.730355 29339 raft_consensus.cc:3060] T 0cfa114e73834700ab1176b8012e0f94 P a32440fd9b204da0ac034c7a30f5f645 [term 0 FOLLOWER]: Advancing to term 1
I20260630 12:39:46.730473 29205 leader_election.cc:290] T e8007590f48d4b0782eb930e0b98665d P b90b70f07ae645329dc8c8c5f2830031 [CANDIDATE]: Term 1 election: Requested vote from peers 3ca1612b8666456f9c146872b89b0d28 (127.25.87.1:41749), a32440fd9b204da0ac034c7a30f5f645 (127.25.87.4:41763)
I20260630 12:39:46.731120 28962 tablet_service.cc:1917] Received RequestConsensusVote() RPC: tablet_id: "e8007590f48d4b0782eb930e0b98665d" candidate_uuid: "b90b70f07ae645329dc8c8c5f2830031" candidate_term: 1 candidate_status { last_received { term: 0 index: 0 } } ignore_live_leader: false dest_uuid: "3ca1612b8666456f9c146872b89b0d28"
I20260630 12:39:46.731648 28962 raft_consensus.cc:3060] T e8007590f48d4b0782eb930e0b98665d P 3ca1612b8666456f9c146872b89b0d28 [term 0 FOLLOWER]: Advancing to term 1
I20260630 12:39:46.731722 29269 tablet_service.cc:1917] Received RequestConsensusVote() RPC: tablet_id: "e8007590f48d4b0782eb930e0b98665d" candidate_uuid: "b90b70f07ae645329dc8c8c5f2830031" candidate_term: 1 candidate_status { last_received { term: 0 index: 0 } } ignore_live_leader: false dest_uuid: "a32440fd9b204da0ac034c7a30f5f645"
I20260630 12:39:46.732363 29269 raft_consensus.cc:3060] T e8007590f48d4b0782eb930e0b98665d P a32440fd9b204da0ac034c7a30f5f645 [term 0 FOLLOWER]: Advancing to term 1
I20260630 12:39:46.737027 29339 raft_consensus.cc:515] T 0cfa114e73834700ab1176b8012e0f94 P a32440fd9b204da0ac034c7a30f5f645 [term 1 FOLLOWER]: Starting leader election with config: opid_index: -1 OBSOLETE_local: false peers { permanent_uuid: "a32440fd9b204da0ac034c7a30f5f645" member_type: VOTER last_known_addr { host: "127.25.87.4" port: 41763 } } peers { permanent_uuid: "3ca1612b8666456f9c146872b89b0d28" member_type: VOTER last_known_addr { host: "127.25.87.1" port: 41749 } } peers { permanent_uuid: "25f03d683b5644608d9b99c9d377701a" member_type: VOTER last_known_addr { host: "127.25.87.2" port: 38035 } }
I20260630 12:39:46.738034 28962 raft_consensus.cc:2468] T e8007590f48d4b0782eb930e0b98665d P 3ca1612b8666456f9c146872b89b0d28 [term 1 FOLLOWER]: Leader election vote request: Granting yes vote for candidate b90b70f07ae645329dc8c8c5f2830031 in term 1.
I20260630 12:39:46.738883 29269 raft_consensus.cc:2468] T e8007590f48d4b0782eb930e0b98665d P a32440fd9b204da0ac034c7a30f5f645 [term 1 FOLLOWER]: Leader election vote request: Granting yes vote for candidate b90b70f07ae645329dc8c8c5f2830031 in term 1.
I20260630 12:39:46.739020 29075 leader_election.cc:304] T e8007590f48d4b0782eb930e0b98665d P b90b70f07ae645329dc8c8c5f2830031 [CANDIDATE]: Term 1 election: Election decided. Result: candidate won. Election summary: received 2 responses out of 3 voters: 2 yes votes; 0 no votes. yes voters: 3ca1612b8666456f9c146872b89b0d28, b90b70f07ae645329dc8c8c5f2830031; no voters: 
I20260630 12:39:46.739878 29339 leader_election.cc:290] T 0cfa114e73834700ab1176b8012e0f94 P a32440fd9b204da0ac034c7a30f5f645 [CANDIDATE]: Term 1 election: Requested vote from peers 3ca1612b8666456f9c146872b89b0d28 (127.25.87.1:41749), 25f03d683b5644608d9b99c9d377701a (127.25.87.2:38035)
I20260630 12:39:46.740338 28962 tablet_service.cc:1917] Received RequestConsensusVote() RPC: tablet_id: "0cfa114e73834700ab1176b8012e0f94" candidate_uuid: "a32440fd9b204da0ac034c7a30f5f645" candidate_term: 1 candidate_status { last_received { term: 0 index: 0 } } ignore_live_leader: false dest_uuid: "3ca1612b8666456f9c146872b89b0d28"
I20260630 12:39:46.740864 29038 tablet_service.cc:1917] Received RequestConsensusVote() RPC: tablet_id: "0cfa114e73834700ab1176b8012e0f94" candidate_uuid: "a32440fd9b204da0ac034c7a30f5f645" candidate_term: 1 candidate_status { last_received { term: 0 index: 0 } } ignore_live_leader: false dest_uuid: "25f03d683b5644608d9b99c9d377701a"
I20260630 12:39:46.740880 28962 raft_consensus.cc:3060] T 0cfa114e73834700ab1176b8012e0f94 P 3ca1612b8666456f9c146872b89b0d28 [term 0 FOLLOWER]: Advancing to term 1
I20260630 12:39:46.741035 29205 raft_consensus.cc:2804] T e8007590f48d4b0782eb930e0b98665d P b90b70f07ae645329dc8c8c5f2830031 [term 1 FOLLOWER]: Leader election won for term 1
I20260630 12:39:46.741376 29038 raft_consensus.cc:3060] T 0cfa114e73834700ab1176b8012e0f94 P 25f03d683b5644608d9b99c9d377701a [term 0 FOLLOWER]: Advancing to term 1
I20260630 12:39:46.741647 29205 raft_consensus.cc:697] T e8007590f48d4b0782eb930e0b98665d P b90b70f07ae645329dc8c8c5f2830031 [term 1 LEADER]: Becoming Leader. State: Replica: b90b70f07ae645329dc8c8c5f2830031, State: Running, Role: LEADER
I20260630 12:39:46.742457 29205 consensus_queue.cc:237] T e8007590f48d4b0782eb930e0b98665d P b90b70f07ae645329dc8c8c5f2830031 [LEADER]: Queue going to LEADER mode. State: All replicated index: 0, Majority replicated index: 0, Committed index: 0, Last appended: 0.0, Last appended by leader: 0, Current term: 1, Majority size: 2, State: 0, Mode: LEADER, active raft config: opid_index: -1 OBSOLETE_local: false peers { permanent_uuid: "3ca1612b8666456f9c146872b89b0d28" member_type: VOTER last_known_addr { host: "127.25.87.1" port: 41749 } } peers { permanent_uuid: "b90b70f07ae645329dc8c8c5f2830031" member_type: VOTER last_known_addr { host: "127.25.87.3" port: 42749 } } peers { permanent_uuid: "a32440fd9b204da0ac034c7a30f5f645" member_type: VOTER last_known_addr { host: "127.25.87.4" port: 41763 } }
I20260630 12:39:46.747884 28962 raft_consensus.cc:2468] T 0cfa114e73834700ab1176b8012e0f94 P 3ca1612b8666456f9c146872b89b0d28 [term 1 FOLLOWER]: Leader election vote request: Granting yes vote for candidate a32440fd9b204da0ac034c7a30f5f645 in term 1.
I20260630 12:39:46.748770 29038 raft_consensus.cc:2468] T 0cfa114e73834700ab1176b8012e0f94 P 25f03d683b5644608d9b99c9d377701a [term 1 FOLLOWER]: Leader election vote request: Granting yes vote for candidate a32440fd9b204da0ac034c7a30f5f645 in term 1.
I20260630 12:39:46.749218 29233 leader_election.cc:304] T 0cfa114e73834700ab1176b8012e0f94 P a32440fd9b204da0ac034c7a30f5f645 [CANDIDATE]: Term 1 election: Election decided. Result: candidate won. Election summary: received 2 responses out of 3 voters: 2 yes votes; 0 no votes. yes voters: 3ca1612b8666456f9c146872b89b0d28, a32440fd9b204da0ac034c7a30f5f645; no voters: 
I20260630 12:39:46.749989 29339 raft_consensus.cc:2804] T 0cfa114e73834700ab1176b8012e0f94 P a32440fd9b204da0ac034c7a30f5f645 [term 1 FOLLOWER]: Leader election won for term 1
I20260630 12:39:46.750455 29339 raft_consensus.cc:697] T 0cfa114e73834700ab1176b8012e0f94 P a32440fd9b204da0ac034c7a30f5f645 [term 1 LEADER]: Becoming Leader. State: Replica: a32440fd9b204da0ac034c7a30f5f645, State: Running, Role: LEADER
I20260630 12:39:46.751111 29339 consensus_queue.cc:237] T 0cfa114e73834700ab1176b8012e0f94 P a32440fd9b204da0ac034c7a30f5f645 [LEADER]: Queue going to LEADER mode. State: All replicated index: 0, Majority replicated index: 0, Committed index: 0, Last appended: 0.0, Last appended by leader: 0, Current term: 1, Majority size: 2, State: 0, Mode: LEADER, active raft config: opid_index: -1 OBSOLETE_local: false peers { permanent_uuid: "a32440fd9b204da0ac034c7a30f5f645" member_type: VOTER last_known_addr { host: "127.25.87.4" port: 41763 } } peers { permanent_uuid: "3ca1612b8666456f9c146872b89b0d28" member_type: VOTER last_known_addr { host: "127.25.87.1" port: 41749 } } peers { permanent_uuid: "25f03d683b5644608d9b99c9d377701a" member_type: VOTER last_known_addr { host: "127.25.87.2" port: 38035 } }
I20260630 12:39:46.751770 28858 catalog_manager.cc:5697] T e8007590f48d4b0782eb930e0b98665d P b90b70f07ae645329dc8c8c5f2830031 reported cstate change: term changed from 0 to 1, leader changed from <none> to b90b70f07ae645329dc8c8c5f2830031 (127.25.87.3). New cstate: current_term: 1 leader_uuid: "b90b70f07ae645329dc8c8c5f2830031" committed_config { opid_index: -1 OBSOLETE_local: false peers { permanent_uuid: "3ca1612b8666456f9c146872b89b0d28" member_type: VOTER last_known_addr { host: "127.25.87.1" port: 41749 } health_report { overall_health: UNKNOWN } } peers { permanent_uuid: "b90b70f07ae645329dc8c8c5f2830031" member_type: VOTER last_known_addr { host: "127.25.87.3" port: 42749 } health_report { overall_health: HEALTHY } } peers { permanent_uuid: "a32440fd9b204da0ac034c7a30f5f645" member_type: VOTER last_known_addr { host: "127.25.87.4" port: 41763 } health_report { overall_health: UNKNOWN } } }
I20260630 12:39:46.758975 28860 catalog_manager.cc:5697] T 0cfa114e73834700ab1176b8012e0f94 P a32440fd9b204da0ac034c7a30f5f645 reported cstate change: term changed from 0 to 1, leader changed from <none> to a32440fd9b204da0ac034c7a30f5f645 (127.25.87.4). New cstate: current_term: 1 leader_uuid: "a32440fd9b204da0ac034c7a30f5f645" committed_config { opid_index: -1 OBSOLETE_local: false peers { permanent_uuid: "a32440fd9b204da0ac034c7a30f5f645" member_type: VOTER last_known_addr { host: "127.25.87.4" port: 41763 } health_report { overall_health: HEALTHY } } peers { permanent_uuid: "3ca1612b8666456f9c146872b89b0d28" member_type: VOTER last_known_addr { host: "127.25.87.1" port: 41749 } health_report { overall_health: UNKNOWN } } peers { permanent_uuid: "25f03d683b5644608d9b99c9d377701a" member_type: VOTER last_known_addr { host: "127.25.87.2" port: 38035 } health_report { overall_health: UNKNOWN } } }
I20260630 12:39:46.794562 29205 consensus_queue.cc:1048] T d0635d3e4275436984e7663ffb61d9e8 P b90b70f07ae645329dc8c8c5f2830031 [LEADER]: Connected to new peer: Peer: permanent_uuid: "a32440fd9b204da0ac034c7a30f5f645" member_type: VOTER last_known_addr { host: "127.25.87.4" port: 41763 }, Status: LMP_MISMATCH, Last received: 0.0, Next index: 1, Last known committed idx: 0, Time since last communication: 0.000s
I20260630 12:39:46.809692 29205 consensus_queue.cc:1048] T d0635d3e4275436984e7663ffb61d9e8 P b90b70f07ae645329dc8c8c5f2830031 [LEADER]: Connected to new peer: Peer: permanent_uuid: "25f03d683b5644608d9b99c9d377701a" member_type: VOTER last_known_addr { host: "127.25.87.2" port: 38035 }, Status: LMP_MISMATCH, Last received: 0.0, Next index: 1, Last known committed idx: 0, Time since last communication: 0.000s
I20260630 12:39:46.871832 29190 consensus_queue.cc:1048] T e701263ec7c941968ecf6b894e189145 P 25f03d683b5644608d9b99c9d377701a [LEADER]: Connected to new peer: Peer: permanent_uuid: "a32440fd9b204da0ac034c7a30f5f645" member_type: VOTER last_known_addr { host: "127.25.87.4" port: 41763 }, Status: LMP_MISMATCH, Last received: 0.0, Next index: 1, Last known committed idx: 0, Time since last communication: 0.000s
I20260630 12:39:46.882486 29225 consensus_queue.cc:1048] T e701263ec7c941968ecf6b894e189145 P 25f03d683b5644608d9b99c9d377701a [LEADER]: Connected to new peer: Peer: permanent_uuid: "3ca1612b8666456f9c146872b89b0d28" member_type: VOTER last_known_addr { host: "127.25.87.1" port: 41749 }, Status: LMP_MISMATCH, Last received: 0.0, Next index: 1, Last known committed idx: 0, Time since last communication: 0.000s
I20260630 12:39:46.887581 28914 auto_leader_rebalancer.cc:141] leader rebalance for table range_aware_rebalance_new_range
I20260630 12:39:46.899646 29219 consensus_queue.cc:1048] T b2da9f217f784b5b8cb8570c6e22901e P 3ca1612b8666456f9c146872b89b0d28 [LEADER]: Connected to new peer: Peer: permanent_uuid: "a32440fd9b204da0ac034c7a30f5f645" member_type: VOTER last_known_addr { host: "127.25.87.4" port: 41763 }, Status: LMP_MISMATCH, Last received: 0.0, Next index: 1, Last known committed idx: 0, Time since last communication: 0.000s
I20260630 12:39:46.903447 29339 raft_consensus.cc:493] T c0ae9debf0b6402e834b00ad3de2cfc1 P a32440fd9b204da0ac034c7a30f5f645 [term 0 FOLLOWER]: Starting pre-election (no leader contacted us within the election timeout)
I20260630 12:39:46.903967 29339 raft_consensus.cc:515] T c0ae9debf0b6402e834b00ad3de2cfc1 P a32440fd9b204da0ac034c7a30f5f645 [term 0 FOLLOWER]: Starting pre-election with config: opid_index: -1 OBSOLETE_local: false peers { permanent_uuid: "a32440fd9b204da0ac034c7a30f5f645" member_type: VOTER last_known_addr { host: "127.25.87.4" port: 41763 } } peers { permanent_uuid: "b90b70f07ae645329dc8c8c5f2830031" member_type: VOTER last_known_addr { host: "127.25.87.3" port: 42749 } } peers { permanent_uuid: "3ca1612b8666456f9c146872b89b0d28" member_type: VOTER last_known_addr { host: "127.25.87.1" port: 41749 } }
I20260630 12:39:46.909268 29111 tablet_service.cc:1917] Received RequestConsensusVote() RPC: tablet_id: "c0ae9debf0b6402e834b00ad3de2cfc1" candidate_uuid: "a32440fd9b204da0ac034c7a30f5f645" candidate_term: 1 candidate_status { last_received { term: 0 index: 0 } } ignore_live_leader: false dest_uuid: "b90b70f07ae645329dc8c8c5f2830031" is_pre_election: true
I20260630 12:39:46.906091 29339 leader_election.cc:290] T c0ae9debf0b6402e834b00ad3de2cfc1 P a32440fd9b204da0ac034c7a30f5f645 [CANDIDATE]: Term 1 pre-election: Requested pre-vote from peers b90b70f07ae645329dc8c8c5f2830031 (127.25.87.3:42749), 3ca1612b8666456f9c146872b89b0d28 (127.25.87.1:41749)
I20260630 12:39:46.919385 28962 tablet_service.cc:1917] Received RequestConsensusVote() RPC: tablet_id: "c0ae9debf0b6402e834b00ad3de2cfc1" candidate_uuid: "a32440fd9b204da0ac034c7a30f5f645" candidate_term: 1 candidate_status { last_received { term: 0 index: 0 } } ignore_live_leader: false dest_uuid: "3ca1612b8666456f9c146872b89b0d28" is_pre_election: true
I20260630 12:39:46.920277 28962 raft_consensus.cc:2393] T c0ae9debf0b6402e834b00ad3de2cfc1 P 3ca1612b8666456f9c146872b89b0d28 [term 1 FOLLOWER]: Leader pre-election vote request: Denying vote to candidate a32440fd9b204da0ac034c7a30f5f645 in current term 1: Already voted for candidate b90b70f07ae645329dc8c8c5f2830031 in this term.
I20260630 12:39:46.923791 29233 leader_election.cc:304] T c0ae9debf0b6402e834b00ad3de2cfc1 P a32440fd9b204da0ac034c7a30f5f645 [CANDIDATE]: Term 1 pre-election: Election decided. Result: candidate lost. Election summary: received 3 responses out of 3 voters: 1 yes votes; 2 no votes. yes voters: a32440fd9b204da0ac034c7a30f5f645; no voters: 3ca1612b8666456f9c146872b89b0d28, b90b70f07ae645329dc8c8c5f2830031
I20260630 12:39:46.925024 29339 raft_consensus.cc:3060] T c0ae9debf0b6402e834b00ad3de2cfc1 P a32440fd9b204da0ac034c7a30f5f645 [term 0 FOLLOWER]: Advancing to term 1
I20260630 12:39:46.929315 29111 tablet_service.cc:2072] Received LeaderStepDown RPC: tablet_id: "c0ae9debf0b6402e834b00ad3de2cfc1"
dest_uuid: "b90b70f07ae645329dc8c8c5f2830031"
mode: GRACEFUL
new_leader_uuid: "3ca1612b8666456f9c146872b89b0d28"
 from {username='slave'} at 127.0.0.1:38050
I20260630 12:39:46.930095 29111 raft_consensus.cc:606] T c0ae9debf0b6402e834b00ad3de2cfc1 P b90b70f07ae645329dc8c8c5f2830031 [term 1 LEADER]: Received request to transfer leadership to TS 3ca1612b8666456f9c146872b89b0d28
I20260630 12:39:46.931797 29339 raft_consensus.cc:2749] T c0ae9debf0b6402e834b00ad3de2cfc1 P a32440fd9b204da0ac034c7a30f5f645 [term 1 FOLLOWER]: Leader pre-election lost for term 1. Reason: could not achieve majority
I20260630 12:39:46.933600 29111 tablet_service.cc:2072] Received LeaderStepDown RPC: tablet_id: "d0635d3e4275436984e7663ffb61d9e8"
dest_uuid: "b90b70f07ae645329dc8c8c5f2830031"
mode: GRACEFUL
new_leader_uuid: "a32440fd9b204da0ac034c7a30f5f645"
 from {username='slave'} at 127.0.0.1:38050
I20260630 12:39:46.934585 29111 raft_consensus.cc:606] T d0635d3e4275436984e7663ffb61d9e8 P b90b70f07ae645329dc8c8c5f2830031 [term 1 LEADER]: Received request to transfer leadership to TS a32440fd9b204da0ac034c7a30f5f645
I20260630 12:39:46.936365 29322 raft_consensus.cc:493] T 542efb4b9186496496cf82cdab91d6d9 P a32440fd9b204da0ac034c7a30f5f645 [term 0 FOLLOWER]: Starting pre-election (no leader contacted us within the election timeout)
I20260630 12:39:46.937166 29111 tablet_service.cc:2072] Received LeaderStepDown RPC: tablet_id: "e8007590f48d4b0782eb930e0b98665d"
dest_uuid: "b90b70f07ae645329dc8c8c5f2830031"
mode: GRACEFUL
new_leader_uuid: "a32440fd9b204da0ac034c7a30f5f645"
 from {username='slave'} at 127.0.0.1:38050
I20260630 12:39:46.937692 29111 raft_consensus.cc:606] T e8007590f48d4b0782eb930e0b98665d P b90b70f07ae645329dc8c8c5f2830031 [term 1 LEADER]: Received request to transfer leadership to TS a32440fd9b204da0ac034c7a30f5f645
I20260630 12:39:46.936925 29322 raft_consensus.cc:515] T 542efb4b9186496496cf82cdab91d6d9 P a32440fd9b204da0ac034c7a30f5f645 [term 0 FOLLOWER]: Starting pre-election with config: opid_index: -1 OBSOLETE_local: false peers { permanent_uuid: "a32440fd9b204da0ac034c7a30f5f645" member_type: VOTER last_known_addr { host: "127.25.87.4" port: 41763 } } peers { permanent_uuid: "3ca1612b8666456f9c146872b89b0d28" member_type: VOTER last_known_addr { host: "127.25.87.1" port: 41749 } } peers { permanent_uuid: "b90b70f07ae645329dc8c8c5f2830031" member_type: VOTER last_known_addr { host: "127.25.87.3" port: 42749 } }
I20260630 12:39:46.940937 29219 consensus_queue.cc:1048] T b2da9f217f784b5b8cb8570c6e22901e P 3ca1612b8666456f9c146872b89b0d28 [LEADER]: Connected to new peer: Peer: permanent_uuid: "25f03d683b5644608d9b99c9d377701a" member_type: VOTER last_known_addr { host: "127.25.87.2" port: 38035 }, Status: LMP_MISMATCH, Last received: 0.0, Next index: 1, Last known committed idx: 0, Time since last communication: 0.000s
I20260630 12:39:46.941470 29111 tablet_service.cc:2072] Received LeaderStepDown RPC: tablet_id: "f73a000d9cf540faa1ff37525b57dd89"
dest_uuid: "b90b70f07ae645329dc8c8c5f2830031"
mode: GRACEFUL
new_leader_uuid: "25f03d683b5644608d9b99c9d377701a"
 from {username='slave'} at 127.0.0.1:38050
I20260630 12:39:46.942030 29111 raft_consensus.cc:606] T f73a000d9cf540faa1ff37525b57dd89 P b90b70f07ae645329dc8c8c5f2830031 [term 1 LEADER]: Received request to transfer leadership to TS 25f03d683b5644608d9b99c9d377701a
I20260630 12:39:46.943611 28914 auto_leader_rebalancer.cc:440] table: range_aware_rebalance_new_range, leader rebalance finish, leader transfer count: 4
I20260630 12:39:46.944406 28914 auto_leader_rebalancer.cc:515] All tables' leader rebalancing finished this round
I20260630 12:39:46.944670 28962 tablet_service.cc:1917] Received RequestConsensusVote() RPC: tablet_id: "542efb4b9186496496cf82cdab91d6d9" candidate_uuid: "a32440fd9b204da0ac034c7a30f5f645" candidate_term: 1 candidate_status { last_received { term: 0 index: 0 } } ignore_live_leader: false dest_uuid: "3ca1612b8666456f9c146872b89b0d28" is_pre_election: true
I20260630 12:39:46.945467 28962 raft_consensus.cc:2393] T 542efb4b9186496496cf82cdab91d6d9 P 3ca1612b8666456f9c146872b89b0d28 [term 1 FOLLOWER]: Leader pre-election vote request: Denying vote to candidate a32440fd9b204da0ac034c7a30f5f645 in current term 1: Already voted for candidate b90b70f07ae645329dc8c8c5f2830031 in this term.
I20260630 12:39:46.942080 29322 leader_election.cc:290] T 542efb4b9186496496cf82cdab91d6d9 P a32440fd9b204da0ac034c7a30f5f645 [CANDIDATE]: Term 1 pre-election: Requested pre-vote from peers 3ca1612b8666456f9c146872b89b0d28 (127.25.87.1:41749), b90b70f07ae645329dc8c8c5f2830031 (127.25.87.3:42749)
I20260630 12:39:46.948064 29111 tablet_service.cc:1917] Received RequestConsensusVote() RPC: tablet_id: "542efb4b9186496496cf82cdab91d6d9" candidate_uuid: "a32440fd9b204da0ac034c7a30f5f645" candidate_term: 1 candidate_status { last_received { term: 0 index: 0 } } ignore_live_leader: false dest_uuid: "b90b70f07ae645329dc8c8c5f2830031" is_pre_election: true
I20260630 12:39:46.949599 29236 leader_election.cc:304] T 542efb4b9186496496cf82cdab91d6d9 P a32440fd9b204da0ac034c7a30f5f645 [CANDIDATE]: Term 1 pre-election: Election decided. Result: candidate lost. Election summary: received 3 responses out of 3 voters: 1 yes votes; 2 no votes. yes voters: a32440fd9b204da0ac034c7a30f5f645; no voters: 3ca1612b8666456f9c146872b89b0d28, b90b70f07ae645329dc8c8c5f2830031
I20260630 12:39:46.950928 29322 raft_consensus.cc:3060] T 542efb4b9186496496cf82cdab91d6d9 P a32440fd9b204da0ac034c7a30f5f645 [term 0 FOLLOWER]: Advancing to term 1
I20260630 12:39:46.962729 29322 raft_consensus.cc:2749] T 542efb4b9186496496cf82cdab91d6d9 P a32440fd9b204da0ac034c7a30f5f645 [term 1 FOLLOWER]: Leader pre-election lost for term 1. Reason: could not achieve majority
I20260630 12:39:46.971462 29205 consensus_queue.cc:1048] T c0ae9debf0b6402e834b00ad3de2cfc1 P b90b70f07ae645329dc8c8c5f2830031 [LEADER]: Connected to new peer: Peer: permanent_uuid: "3ca1612b8666456f9c146872b89b0d28" member_type: VOTER last_known_addr { host: "127.25.87.1" port: 41749 }, Status: LMP_MISMATCH, Last received: 0.0, Next index: 1, Last known committed idx: 0, Time since last communication: 0.000s
I20260630 12:39:46.979492 29187 raft_consensus.cc:993] T c0ae9debf0b6402e834b00ad3de2cfc1 P b90b70f07ae645329dc8c8c5f2830031: : Instructing follower 3ca1612b8666456f9c146872b89b0d28 to start an election
I20260630 12:39:46.979971 29187 raft_consensus.cc:1081] T c0ae9debf0b6402e834b00ad3de2cfc1 P b90b70f07ae645329dc8c8c5f2830031 [term 1 LEADER]: Signalling peer 3ca1612b8666456f9c146872b89b0d28 to start an election
I20260630 12:39:46.982133 28961 tablet_service.cc:2044] Received Run Leader Election RPC: tablet_id: "c0ae9debf0b6402e834b00ad3de2cfc1"
dest_uuid: "3ca1612b8666456f9c146872b89b0d28"
 from {username='slave'} at 127.0.0.1:58410
I20260630 12:39:46.985437 29187 consensus_queue.cc:1048] T c0ae9debf0b6402e834b00ad3de2cfc1 P b90b70f07ae645329dc8c8c5f2830031 [LEADER]: Connected to new peer: Peer: permanent_uuid: "a32440fd9b204da0ac034c7a30f5f645" member_type: VOTER last_known_addr { host: "127.25.87.4" port: 41763 }, Status: LMP_MISMATCH, Last received: 0.0, Next index: 1, Last known committed idx: 0, Time since last communication: 0.000s
I20260630 12:39:46.987988 28961 raft_consensus.cc:493] T c0ae9debf0b6402e834b00ad3de2cfc1 P 3ca1612b8666456f9c146872b89b0d28 [term 1 FOLLOWER]: Starting forced leader election (received explicit request)
I20260630 12:39:46.988461 28961 raft_consensus.cc:3060] T c0ae9debf0b6402e834b00ad3de2cfc1 P 3ca1612b8666456f9c146872b89b0d28 [term 1 FOLLOWER]: Advancing to term 2
W20260630 12:39:46.996469 28909 auto_rebalancer.cc:639] Failed to schedule move for tablet f73a000d9cf540faa1ff37525b57dd89: Remote error: Service unavailable: leader transfer in progress
I20260630 12:39:46.997068 28961 raft_consensus.cc:515] T c0ae9debf0b6402e834b00ad3de2cfc1 P 3ca1612b8666456f9c146872b89b0d28 [term 2 FOLLOWER]: Starting forced leader election with config: opid_index: -1 OBSOLETE_local: false peers { permanent_uuid: "a32440fd9b204da0ac034c7a30f5f645" member_type: VOTER last_known_addr { host: "127.25.87.4" port: 41763 } } peers { permanent_uuid: "b90b70f07ae645329dc8c8c5f2830031" member_type: VOTER last_known_addr { host: "127.25.87.3" port: 42749 } } peers { permanent_uuid: "3ca1612b8666456f9c146872b89b0d28" member_type: VOTER last_known_addr { host: "127.25.87.1" port: 41749 } }
I20260630 12:39:47.003413 28961 leader_election.cc:290] T c0ae9debf0b6402e834b00ad3de2cfc1 P 3ca1612b8666456f9c146872b89b0d28 [CANDIDATE]: Term 2 election: Requested vote from peers a32440fd9b204da0ac034c7a30f5f645 (127.25.87.4:41763), b90b70f07ae645329dc8c8c5f2830031 (127.25.87.3:42749)
I20260630 12:39:47.004508 29111 tablet_service.cc:1917] Received RequestConsensusVote() RPC: tablet_id: "c0ae9debf0b6402e834b00ad3de2cfc1" candidate_uuid: "3ca1612b8666456f9c146872b89b0d28" candidate_term: 2 candidate_status { last_received { term: 1 index: 1 } } ignore_live_leader: true dest_uuid: "b90b70f07ae645329dc8c8c5f2830031"
I20260630 12:39:47.005180 29111 raft_consensus.cc:3055] T c0ae9debf0b6402e834b00ad3de2cfc1 P b90b70f07ae645329dc8c8c5f2830031 [term 1 LEADER]: Stepping down as leader of term 1
I20260630 12:39:47.005504 29111 raft_consensus.cc:740] T c0ae9debf0b6402e834b00ad3de2cfc1 P b90b70f07ae645329dc8c8c5f2830031 [term 1 LEADER]: Becoming Follower/Learner. State: Replica: b90b70f07ae645329dc8c8c5f2830031, State: Running, Role: LEADER
I20260630 12:39:47.005739 29269 tablet_service.cc:1917] Received RequestConsensusVote() RPC: tablet_id: "c0ae9debf0b6402e834b00ad3de2cfc1" candidate_uuid: "3ca1612b8666456f9c146872b89b0d28" candidate_term: 2 candidate_status { last_received { term: 1 index: 1 } } ignore_live_leader: true dest_uuid: "a32440fd9b204da0ac034c7a30f5f645"
I20260630 12:39:47.006319 29269 raft_consensus.cc:3060] T c0ae9debf0b6402e834b00ad3de2cfc1 P a32440fd9b204da0ac034c7a30f5f645 [term 1 FOLLOWER]: Advancing to term 2
