I20260630 12:40:25.376778 18272 consensus_queue.cc:260] T fef3c20d92724930ac8b4f93236db431 P abcb5adc958d4e8ab7d6dfd2c27831ff [NON_LEADER]: Queue going to NON_LEADER mode. State: All replicated index: 0, Majority replicated index: 0, Committed index: 0, Last appended: 0.0, Last appended by leader: 0, Current term: 0, Majority size: -1, State: 0, Mode: NON_LEADER, active raft config: opid_index: -1 OBSOLETE_local: false peers { permanent_uuid: "dd7b90c9b3ac4c689d3dc8d274e50a2f" member_type: VOTER last_known_addr { host: "127.13.70.1" port: 40031 } } peers { permanent_uuid: "5ced866b95044782a3d743223cb3bd9a" member_type: VOTER last_known_addr { host: "127.13.70.2" port: 35553 } } peers { permanent_uuid: "abcb5adc958d4e8ab7d6dfd2c27831ff" member_type: VOTER last_known_addr { host: "127.13.70.3" port: 37837 } }
I20260630 12:40:25.377421 18271 raft_consensus.cc:385] T be0a9803673f4a9b9c2ff889f17334ad P 5ced866b95044782a3d743223cb3bd9a [term 0 FOLLOWER]: Consensus starting up: Expiring failure detector timer to make a prompt election more likely
I20260630 12:40:25.377779 18271 raft_consensus.cc:740] T be0a9803673f4a9b9c2ff889f17334ad P 5ced866b95044782a3d743223cb3bd9a [term 0 FOLLOWER]: Becoming Follower/Learner. State: Replica: 5ced866b95044782a3d743223cb3bd9a, State: Initialized, Role: FOLLOWER
I20260630 12:40:25.378649 18274 tablet_bootstrap.cc:654] T f329c63b569f41c1974e1520cbd9edb0 P dd7b90c9b3ac4c689d3dc8d274e50a2f: Neither blocks nor log segments found. Creating new log.
I20260630 12:40:25.378544 18271 consensus_queue.cc:260] T be0a9803673f4a9b9c2ff889f17334ad P 5ced866b95044782a3d743223cb3bd9a [NON_LEADER]: Queue going to NON_LEADER mode. State: All replicated index: 0, Majority replicated index: 0, Committed index: 0, Last appended: 0.0, Last appended by leader: 0, Current term: 0, Majority size: -1, State: 0, Mode: NON_LEADER, active raft config: opid_index: -1 OBSOLETE_local: false peers { permanent_uuid: "5ced866b95044782a3d743223cb3bd9a" member_type: VOTER last_known_addr { host: "127.13.70.2" port: 35553 } } peers { permanent_uuid: "abcb5adc958d4e8ab7d6dfd2c27831ff" member_type: VOTER last_known_addr { host: "127.13.70.3" port: 37837 } } peers { permanent_uuid: "dd7b90c9b3ac4c689d3dc8d274e50a2f" member_type: VOTER last_known_addr { host: "127.13.70.1" port: 40031 } }
I20260630 12:40:25.379398 18272 ts_tablet_manager.cc:1434] T fef3c20d92724930ac8b4f93236db431 P abcb5adc958d4e8ab7d6dfd2c27831ff: Time spent starting tablet: real 0.007s	user 0.007s	sys 0.000s
I20260630 12:40:25.382481 18271 ts_tablet_manager.cc:1434] T be0a9803673f4a9b9c2ff889f17334ad P 5ced866b95044782a3d743223cb3bd9a: Time spent starting tablet: real 0.008s	user 0.006s	sys 0.000s
I20260630 12:40:25.383548 18271 tablet_bootstrap.cc:492] T 00493cf6dd5041c090c6101e0ab9352b P 5ced866b95044782a3d743223cb3bd9a: Bootstrap starting.
I20260630 12:40:25.387094 18272 tablet_bootstrap.cc:492] T 47108842cbe3434ea5dfdf3cdbfc17d9 P abcb5adc958d4e8ab7d6dfd2c27831ff: Bootstrap starting.
I20260630 12:40:25.389770 18271 tablet_bootstrap.cc:654] T 00493cf6dd5041c090c6101e0ab9352b P 5ced866b95044782a3d743223cb3bd9a: Neither blocks nor log segments found. Creating new log.
I20260630 12:40:25.395609 18274 tablet_bootstrap.cc:492] T f329c63b569f41c1974e1520cbd9edb0 P dd7b90c9b3ac4c689d3dc8d274e50a2f: No bootstrap required, opened a new log
I20260630 12:40:25.396195 18274 ts_tablet_manager.cc:1403] T f329c63b569f41c1974e1520cbd9edb0 P dd7b90c9b3ac4c689d3dc8d274e50a2f: Time spent bootstrapping tablet: real 0.025s	user 0.020s	sys 0.003s
I20260630 12:40:25.397970 18271 tablet_bootstrap.cc:492] T 00493cf6dd5041c090c6101e0ab9352b P 5ced866b95044782a3d743223cb3bd9a: No bootstrap required, opened a new log
I20260630 12:40:25.398543 18271 ts_tablet_manager.cc:1403] T 00493cf6dd5041c090c6101e0ab9352b P 5ced866b95044782a3d743223cb3bd9a: Time spent bootstrapping tablet: real 0.015s	user 0.009s	sys 0.003s
I20260630 12:40:25.398662 18272 tablet_bootstrap.cc:654] T 47108842cbe3434ea5dfdf3cdbfc17d9 P abcb5adc958d4e8ab7d6dfd2c27831ff: Neither blocks nor log segments found. Creating new log.
I20260630 12:40:25.399111 18274 raft_consensus.cc:359] T f329c63b569f41c1974e1520cbd9edb0 P dd7b90c9b3ac4c689d3dc8d274e50a2f [term 0 FOLLOWER]: Replica starting. Triggering 0 pending ops. Active config: opid_index: -1 OBSOLETE_local: false peers { permanent_uuid: "dd7b90c9b3ac4c689d3dc8d274e50a2f" member_type: VOTER last_known_addr { host: "127.13.70.1" port: 40031 } } peers { permanent_uuid: "5ced866b95044782a3d743223cb3bd9a" member_type: VOTER last_known_addr { host: "127.13.70.2" port: 35553 } } peers { permanent_uuid: "abcb5adc958d4e8ab7d6dfd2c27831ff" member_type: VOTER last_known_addr { host: "127.13.70.3" port: 37837 } }
I20260630 12:40:25.399950 18274 raft_consensus.cc:385] T f329c63b569f41c1974e1520cbd9edb0 P dd7b90c9b3ac4c689d3dc8d274e50a2f [term 0 FOLLOWER]: Consensus starting up: Expiring failure detector timer to make a prompt election more likely
I20260630 12:40:25.400314 18274 raft_consensus.cc:740] T f329c63b569f41c1974e1520cbd9edb0 P dd7b90c9b3ac4c689d3dc8d274e50a2f [term 0 FOLLOWER]: Becoming Follower/Learner. State: Replica: dd7b90c9b3ac4c689d3dc8d274e50a2f, State: Initialized, Role: FOLLOWER
I20260630 12:40:25.401371 18271 raft_consensus.cc:359] T 00493cf6dd5041c090c6101e0ab9352b P 5ced866b95044782a3d743223cb3bd9a [term 0 FOLLOWER]: Replica starting. Triggering 0 pending ops. Active config: opid_index: -1 OBSOLETE_local: false peers { permanent_uuid: "dd7b90c9b3ac4c689d3dc8d274e50a2f" member_type: VOTER last_known_addr { host: "127.13.70.1" port: 40031 } } peers { permanent_uuid: "5ced866b95044782a3d743223cb3bd9a" member_type: VOTER last_known_addr { host: "127.13.70.2" port: 35553 } } peers { permanent_uuid: "abcb5adc958d4e8ab7d6dfd2c27831ff" member_type: VOTER last_known_addr { host: "127.13.70.3" port: 37837 } }
I20260630 12:40:25.401160 18274 consensus_queue.cc:260] T f329c63b569f41c1974e1520cbd9edb0 P dd7b90c9b3ac4c689d3dc8d274e50a2f [NON_LEADER]: Queue going to NON_LEADER mode. State: All replicated index: 0, Majority replicated index: 0, Committed index: 0, Last appended: 0.0, Last appended by leader: 0, Current term: 0, Majority size: -1, State: 0, Mode: NON_LEADER, active raft config: opid_index: -1 OBSOLETE_local: false peers { permanent_uuid: "dd7b90c9b3ac4c689d3dc8d274e50a2f" member_type: VOTER last_known_addr { host: "127.13.70.1" port: 40031 } } peers { permanent_uuid: "5ced866b95044782a3d743223cb3bd9a" member_type: VOTER last_known_addr { host: "127.13.70.2" port: 35553 } } peers { permanent_uuid: "abcb5adc958d4e8ab7d6dfd2c27831ff" member_type: VOTER last_known_addr { host: "127.13.70.3" port: 37837 } }
I20260630 12:40:25.402092 18271 raft_consensus.cc:385] T 00493cf6dd5041c090c6101e0ab9352b P 5ced866b95044782a3d743223cb3bd9a [term 0 FOLLOWER]: Consensus starting up: Expiring failure detector timer to make a prompt election more likely
I20260630 12:40:25.402513 18271 raft_consensus.cc:740] T 00493cf6dd5041c090c6101e0ab9352b P 5ced866b95044782a3d743223cb3bd9a [term 0 FOLLOWER]: Becoming Follower/Learner. State: Replica: 5ced866b95044782a3d743223cb3bd9a, State: Initialized, Role: FOLLOWER
I20260630 12:40:25.404124 18274 ts_tablet_manager.cc:1434] T f329c63b569f41c1974e1520cbd9edb0 P dd7b90c9b3ac4c689d3dc8d274e50a2f: Time spent starting tablet: real 0.008s	user 0.007s	sys 0.000s
I20260630 12:40:25.404052 18271 consensus_queue.cc:260] T 00493cf6dd5041c090c6101e0ab9352b P 5ced866b95044782a3d743223cb3bd9a [NON_LEADER]: Queue going to NON_LEADER mode. State: All replicated index: 0, Majority replicated index: 0, Committed index: 0, Last appended: 0.0, Last appended by leader: 0, Current term: 0, Majority size: -1, State: 0, Mode: NON_LEADER, active raft config: opid_index: -1 OBSOLETE_local: false peers { permanent_uuid: "dd7b90c9b3ac4c689d3dc8d274e50a2f" member_type: VOTER last_known_addr { host: "127.13.70.1" port: 40031 } } peers { permanent_uuid: "5ced866b95044782a3d743223cb3bd9a" member_type: VOTER last_known_addr { host: "127.13.70.2" port: 35553 } } peers { permanent_uuid: "abcb5adc958d4e8ab7d6dfd2c27831ff" member_type: VOTER last_known_addr { host: "127.13.70.3" port: 37837 } }
I20260630 12:40:25.405117 18272 tablet_bootstrap.cc:492] T 47108842cbe3434ea5dfdf3cdbfc17d9 P abcb5adc958d4e8ab7d6dfd2c27831ff: No bootstrap required, opened a new log
I20260630 12:40:25.405210 18274 tablet_bootstrap.cc:492] T 00493cf6dd5041c090c6101e0ab9352b P dd7b90c9b3ac4c689d3dc8d274e50a2f: Bootstrap starting.
I20260630 12:40:25.405643 18272 ts_tablet_manager.cc:1403] T 47108842cbe3434ea5dfdf3cdbfc17d9 P abcb5adc958d4e8ab7d6dfd2c27831ff: Time spent bootstrapping tablet: real 0.019s	user 0.007s	sys 0.006s
I20260630 12:40:25.408454 18272 raft_consensus.cc:359] T 47108842cbe3434ea5dfdf3cdbfc17d9 P abcb5adc958d4e8ab7d6dfd2c27831ff [term 0 FOLLOWER]: Replica starting. Triggering 0 pending ops. Active config: opid_index: -1 OBSOLETE_local: false peers { permanent_uuid: "dd7b90c9b3ac4c689d3dc8d274e50a2f" member_type: VOTER last_known_addr { host: "127.13.70.1" port: 40031 } } peers { permanent_uuid: "5ced866b95044782a3d743223cb3bd9a" member_type: VOTER last_known_addr { host: "127.13.70.2" port: 35553 } } peers { permanent_uuid: "abcb5adc958d4e8ab7d6dfd2c27831ff" member_type: VOTER last_known_addr { host: "127.13.70.3" port: 37837 } }
I20260630 12:40:25.409202 18272 raft_consensus.cc:385] T 47108842cbe3434ea5dfdf3cdbfc17d9 P abcb5adc958d4e8ab7d6dfd2c27831ff [term 0 FOLLOWER]: Consensus starting up: Expiring failure detector timer to make a prompt election more likely
I20260630 12:40:25.409514 18272 raft_consensus.cc:740] T 47108842cbe3434ea5dfdf3cdbfc17d9 P abcb5adc958d4e8ab7d6dfd2c27831ff [term 0 FOLLOWER]: Becoming Follower/Learner. State: Replica: abcb5adc958d4e8ab7d6dfd2c27831ff, State: Initialized, Role: FOLLOWER
I20260630 12:40:25.410250 18272 consensus_queue.cc:260] T 47108842cbe3434ea5dfdf3cdbfc17d9 P abcb5adc958d4e8ab7d6dfd2c27831ff [NON_LEADER]: Queue going to NON_LEADER mode. State: All replicated index: 0, Majority replicated index: 0, Committed index: 0, Last appended: 0.0, Last appended by leader: 0, Current term: 0, Majority size: -1, State: 0, Mode: NON_LEADER, active raft config: opid_index: -1 OBSOLETE_local: false peers { permanent_uuid: "dd7b90c9b3ac4c689d3dc8d274e50a2f" member_type: VOTER last_known_addr { host: "127.13.70.1" port: 40031 } } peers { permanent_uuid: "5ced866b95044782a3d743223cb3bd9a" member_type: VOTER last_known_addr { host: "127.13.70.2" port: 35553 } } peers { permanent_uuid: "abcb5adc958d4e8ab7d6dfd2c27831ff" member_type: VOTER last_known_addr { host: "127.13.70.3" port: 37837 } }
I20260630 12:40:25.411900 18274 tablet_bootstrap.cc:654] T 00493cf6dd5041c090c6101e0ab9352b P dd7b90c9b3ac4c689d3dc8d274e50a2f: Neither blocks nor log segments found. Creating new log.
I20260630 12:40:25.413090 18271 ts_tablet_manager.cc:1434] T 00493cf6dd5041c090c6101e0ab9352b P 5ced866b95044782a3d743223cb3bd9a: Time spent starting tablet: real 0.014s	user 0.002s	sys 0.003s
I20260630 12:40:25.414336 18272 ts_tablet_manager.cc:1434] T 47108842cbe3434ea5dfdf3cdbfc17d9 P abcb5adc958d4e8ab7d6dfd2c27831ff: Time spent starting tablet: real 0.008s	user 0.005s	sys 0.000s
I20260630 12:40:25.415428 18272 tablet_bootstrap.cc:492] T 205bcc6f7fc54a7b8190608a713633e0 P abcb5adc958d4e8ab7d6dfd2c27831ff: Bootstrap starting.
I20260630 12:40:25.416846 18271 tablet_bootstrap.cc:492] T a2534e6210ff45a9bfe29717d484e47a P 5ced866b95044782a3d743223cb3bd9a: Bootstrap starting.
I20260630 12:40:25.426481 18271 tablet_bootstrap.cc:654] T a2534e6210ff45a9bfe29717d484e47a P 5ced866b95044782a3d743223cb3bd9a: Neither blocks nor log segments found. Creating new log.
I20260630 12:40:25.428305 18272 tablet_bootstrap.cc:654] T 205bcc6f7fc54a7b8190608a713633e0 P abcb5adc958d4e8ab7d6dfd2c27831ff: Neither blocks nor log segments found. Creating new log.
I20260630 12:40:25.428860 18274 tablet_bootstrap.cc:492] T 00493cf6dd5041c090c6101e0ab9352b P dd7b90c9b3ac4c689d3dc8d274e50a2f: No bootstrap required, opened a new log
I20260630 12:40:25.429450 18274 ts_tablet_manager.cc:1403] T 00493cf6dd5041c090c6101e0ab9352b P dd7b90c9b3ac4c689d3dc8d274e50a2f: Time spent bootstrapping tablet: real 0.024s	user 0.012s	sys 0.009s
I20260630 12:40:25.433380 18271 tablet_bootstrap.cc:492] T a2534e6210ff45a9bfe29717d484e47a P 5ced866b95044782a3d743223cb3bd9a: No bootstrap required, opened a new log
I20260630 12:40:25.432940 18274 raft_consensus.cc:359] T 00493cf6dd5041c090c6101e0ab9352b P dd7b90c9b3ac4c689d3dc8d274e50a2f [term 0 FOLLOWER]: Replica starting. Triggering 0 pending ops. Active config: opid_index: -1 OBSOLETE_local: false peers { permanent_uuid: "dd7b90c9b3ac4c689d3dc8d274e50a2f" member_type: VOTER last_known_addr { host: "127.13.70.1" port: 40031 } } peers { permanent_uuid: "5ced866b95044782a3d743223cb3bd9a" member_type: VOTER last_known_addr { host: "127.13.70.2" port: 35553 } } peers { permanent_uuid: "abcb5adc958d4e8ab7d6dfd2c27831ff" member_type: VOTER last_known_addr { host: "127.13.70.3" port: 37837 } }
I20260630 12:40:25.433779 18274 raft_consensus.cc:385] T 00493cf6dd5041c090c6101e0ab9352b P dd7b90c9b3ac4c689d3dc8d274e50a2f [term 0 FOLLOWER]: Consensus starting up: Expiring failure detector timer to make a prompt election more likely
I20260630 12:40:25.433907 18271 ts_tablet_manager.cc:1403] T a2534e6210ff45a9bfe29717d484e47a P 5ced866b95044782a3d743223cb3bd9a: Time spent bootstrapping tablet: real 0.017s	user 0.007s	sys 0.007s
I20260630 12:40:25.434048 18272 tablet_bootstrap.cc:492] T 205bcc6f7fc54a7b8190608a713633e0 P abcb5adc958d4e8ab7d6dfd2c27831ff: No bootstrap required, opened a new log
I20260630 12:40:25.434093 18274 raft_consensus.cc:740] T 00493cf6dd5041c090c6101e0ab9352b P dd7b90c9b3ac4c689d3dc8d274e50a2f [term 0 FOLLOWER]: Becoming Follower/Learner. State: Replica: dd7b90c9b3ac4c689d3dc8d274e50a2f, State: Initialized, Role: FOLLOWER
I20260630 12:40:25.434720 18272 ts_tablet_manager.cc:1403] T 205bcc6f7fc54a7b8190608a713633e0 P abcb5adc958d4e8ab7d6dfd2c27831ff: Time spent bootstrapping tablet: real 0.019s	user 0.008s	sys 0.004s
I20260630 12:40:25.435110 18274 consensus_queue.cc:260] T 00493cf6dd5041c090c6101e0ab9352b P dd7b90c9b3ac4c689d3dc8d274e50a2f [NON_LEADER]: Queue going to NON_LEADER mode. State: All replicated index: 0, Majority replicated index: 0, Committed index: 0, Last appended: 0.0, Last appended by leader: 0, Current term: 0, Majority size: -1, State: 0, Mode: NON_LEADER, active raft config: opid_index: -1 OBSOLETE_local: false peers { permanent_uuid: "dd7b90c9b3ac4c689d3dc8d274e50a2f" member_type: VOTER last_known_addr { host: "127.13.70.1" port: 40031 } } peers { permanent_uuid: "5ced866b95044782a3d743223cb3bd9a" member_type: VOTER last_known_addr { host: "127.13.70.2" port: 35553 } } peers { permanent_uuid: "abcb5adc958d4e8ab7d6dfd2c27831ff" member_type: VOTER last_known_addr { host: "127.13.70.3" port: 37837 } }
I20260630 12:40:25.436820 18271 raft_consensus.cc:359] T a2534e6210ff45a9bfe29717d484e47a P 5ced866b95044782a3d743223cb3bd9a [term 0 FOLLOWER]: Replica starting. Triggering 0 pending ops. Active config: opid_index: -1 OBSOLETE_local: false peers { permanent_uuid: "dd7b90c9b3ac4c689d3dc8d274e50a2f" member_type: VOTER last_known_addr { host: "127.13.70.1" port: 40031 } } peers { permanent_uuid: "5ced866b95044782a3d743223cb3bd9a" member_type: VOTER last_known_addr { host: "127.13.70.2" port: 35553 } } peers { permanent_uuid: "abcb5adc958d4e8ab7d6dfd2c27831ff" member_type: VOTER last_known_addr { host: "127.13.70.3" port: 37837 } }
I20260630 12:40:25.437390 18274 ts_tablet_manager.cc:1434] T 00493cf6dd5041c090c6101e0ab9352b P dd7b90c9b3ac4c689d3dc8d274e50a2f: Time spent starting tablet: real 0.008s	user 0.008s	sys 0.000s
I20260630 12:40:25.437572 18271 raft_consensus.cc:385] T a2534e6210ff45a9bfe29717d484e47a P 5ced866b95044782a3d743223cb3bd9a [term 0 FOLLOWER]: Consensus starting up: Expiring failure detector timer to make a prompt election more likely
I20260630 12:40:25.437273 18272 raft_consensus.cc:359] T 205bcc6f7fc54a7b8190608a713633e0 P abcb5adc958d4e8ab7d6dfd2c27831ff [term 0 FOLLOWER]: Replica starting. Triggering 0 pending ops. Active config: opid_index: -1 OBSOLETE_local: false peers { permanent_uuid: "dd7b90c9b3ac4c689d3dc8d274e50a2f" member_type: VOTER last_known_addr { host: "127.13.70.1" port: 40031 } } peers { permanent_uuid: "5ced866b95044782a3d743223cb3bd9a" member_type: VOTER last_known_addr { host: "127.13.70.2" port: 35553 } } peers { permanent_uuid: "abcb5adc958d4e8ab7d6dfd2c27831ff" member_type: VOTER last_known_addr { host: "127.13.70.3" port: 37837 } }
I20260630 12:40:25.437940 18271 raft_consensus.cc:740] T a2534e6210ff45a9bfe29717d484e47a P 5ced866b95044782a3d743223cb3bd9a [term 0 FOLLOWER]: Becoming Follower/Learner. State: Replica: 5ced866b95044782a3d743223cb3bd9a, State: Initialized, Role: FOLLOWER
I20260630 12:40:25.438114 18272 raft_consensus.cc:385] T 205bcc6f7fc54a7b8190608a713633e0 P abcb5adc958d4e8ab7d6dfd2c27831ff [term 0 FOLLOWER]: Consensus starting up: Expiring failure detector timer to make a prompt election more likely
I20260630 12:40:25.438508 18274 tablet_bootstrap.cc:492] T be0a9803673f4a9b9c2ff889f17334ad P dd7b90c9b3ac4c689d3dc8d274e50a2f: Bootstrap starting.
I20260630 12:40:25.438505 18272 raft_consensus.cc:740] T 205bcc6f7fc54a7b8190608a713633e0 P abcb5adc958d4e8ab7d6dfd2c27831ff [term 0 FOLLOWER]: Becoming Follower/Learner. State: Replica: abcb5adc958d4e8ab7d6dfd2c27831ff, State: Initialized, Role: FOLLOWER
I20260630 12:40:25.438745 18271 consensus_queue.cc:260] T a2534e6210ff45a9bfe29717d484e47a P 5ced866b95044782a3d743223cb3bd9a [NON_LEADER]: Queue going to NON_LEADER mode. State: All replicated index: 0, Majority replicated index: 0, Committed index: 0, Last appended: 0.0, Last appended by leader: 0, Current term: 0, Majority size: -1, State: 0, Mode: NON_LEADER, active raft config: opid_index: -1 OBSOLETE_local: false peers { permanent_uuid: "dd7b90c9b3ac4c689d3dc8d274e50a2f" member_type: VOTER last_known_addr { host: "127.13.70.1" port: 40031 } } peers { permanent_uuid: "5ced866b95044782a3d743223cb3bd9a" member_type: VOTER last_known_addr { host: "127.13.70.2" port: 35553 } } peers { permanent_uuid: "abcb5adc958d4e8ab7d6dfd2c27831ff" member_type: VOTER last_known_addr { host: "127.13.70.3" port: 37837 } }
I20260630 12:40:25.439592 18272 consensus_queue.cc:260] T 205bcc6f7fc54a7b8190608a713633e0 P abcb5adc958d4e8ab7d6dfd2c27831ff [NON_LEADER]: Queue going to NON_LEADER mode. State: All replicated index: 0, Majority replicated index: 0, Committed index: 0, Last appended: 0.0, Last appended by leader: 0, Current term: 0, Majority size: -1, State: 0, Mode: NON_LEADER, active raft config: opid_index: -1 OBSOLETE_local: false peers { permanent_uuid: "dd7b90c9b3ac4c689d3dc8d274e50a2f" member_type: VOTER last_known_addr { host: "127.13.70.1" port: 40031 } } peers { permanent_uuid: "5ced866b95044782a3d743223cb3bd9a" member_type: VOTER last_known_addr { host: "127.13.70.2" port: 35553 } } peers { permanent_uuid: "abcb5adc958d4e8ab7d6dfd2c27831ff" member_type: VOTER last_known_addr { host: "127.13.70.3" port: 37837 } }
I20260630 12:40:25.441062 18271 ts_tablet_manager.cc:1434] T a2534e6210ff45a9bfe29717d484e47a P 5ced866b95044782a3d743223cb3bd9a: Time spent starting tablet: real 0.007s	user 0.004s	sys 0.004s
I20260630 12:40:25.444767 18272 ts_tablet_manager.cc:1434] T 205bcc6f7fc54a7b8190608a713633e0 P abcb5adc958d4e8ab7d6dfd2c27831ff: Time spent starting tablet: real 0.010s	user 0.006s	sys 0.000s
I20260630 12:40:25.445362 18274 tablet_bootstrap.cc:654] T be0a9803673f4a9b9c2ff889f17334ad P dd7b90c9b3ac4c689d3dc8d274e50a2f: Neither blocks nor log segments found. Creating new log.
I20260630 12:40:25.445758 18272 tablet_bootstrap.cc:492] T be0a9803673f4a9b9c2ff889f17334ad P abcb5adc958d4e8ab7d6dfd2c27831ff: Bootstrap starting.
W20260630 12:40:25.451319 18023 auto_rebalancer.cc:298] Could not retrieve cluster info: Service unavailable: Tablet not running
I20260630 12:40:25.452291 18271 tablet_bootstrap.cc:492] T 205bcc6f7fc54a7b8190608a713633e0 P 5ced866b95044782a3d743223cb3bd9a: Bootstrap starting.
I20260630 12:40:25.452431 18272 tablet_bootstrap.cc:654] T be0a9803673f4a9b9c2ff889f17334ad P abcb5adc958d4e8ab7d6dfd2c27831ff: Neither blocks nor log segments found. Creating new log.
I20260630 12:40:25.453840 18275 raft_consensus.cc:493] T 205bcc6f7fc54a7b8190608a713633e0 P abcb5adc958d4e8ab7d6dfd2c27831ff [term 0 FOLLOWER]: Starting pre-election (no leader contacted us within the election timeout)
I20260630 12:40:25.454330 18275 raft_consensus.cc:515] T 205bcc6f7fc54a7b8190608a713633e0 P abcb5adc958d4e8ab7d6dfd2c27831ff [term 0 FOLLOWER]: Starting pre-election with config: opid_index: -1 OBSOLETE_local: false peers { permanent_uuid: "dd7b90c9b3ac4c689d3dc8d274e50a2f" member_type: VOTER last_known_addr { host: "127.13.70.1" port: 40031 } } peers { permanent_uuid: "5ced866b95044782a3d743223cb3bd9a" member_type: VOTER last_known_addr { host: "127.13.70.2" port: 35553 } } peers { permanent_uuid: "abcb5adc958d4e8ab7d6dfd2c27831ff" member_type: VOTER last_known_addr { host: "127.13.70.3" port: 37837 } }
I20260630 12:40:25.460588 18271 tablet_bootstrap.cc:654] T 205bcc6f7fc54a7b8190608a713633e0 P 5ced866b95044782a3d743223cb3bd9a: Neither blocks nor log segments found. Creating new log.
I20260630 12:40:25.461047 18275 leader_election.cc:290] T 205bcc6f7fc54a7b8190608a713633e0 P abcb5adc958d4e8ab7d6dfd2c27831ff [CANDIDATE]: Term 1 pre-election: Requested pre-vote from peers dd7b90c9b3ac4c689d3dc8d274e50a2f (127.13.70.1:40031), 5ced866b95044782a3d743223cb3bd9a (127.13.70.2:35553)
I20260630 12:40:25.461848 18274 tablet_bootstrap.cc:492] T be0a9803673f4a9b9c2ff889f17334ad P dd7b90c9b3ac4c689d3dc8d274e50a2f: No bootstrap required, opened a new log
I20260630 12:40:25.462409 18274 ts_tablet_manager.cc:1403] T be0a9803673f4a9b9c2ff889f17334ad P dd7b90c9b3ac4c689d3dc8d274e50a2f: Time spent bootstrapping tablet: real 0.024s	user 0.006s	sys 0.017s
I20260630 12:40:25.465953 18274 raft_consensus.cc:359] T be0a9803673f4a9b9c2ff889f17334ad P dd7b90c9b3ac4c689d3dc8d274e50a2f [term 0 FOLLOWER]: Replica starting. Triggering 0 pending ops. Active config: opid_index: -1 OBSOLETE_local: false peers { permanent_uuid: "5ced866b95044782a3d743223cb3bd9a" member_type: VOTER last_known_addr { host: "127.13.70.2" port: 35553 } } peers { permanent_uuid: "abcb5adc958d4e8ab7d6dfd2c27831ff" member_type: VOTER last_known_addr { host: "127.13.70.3" port: 37837 } } peers { permanent_uuid: "dd7b90c9b3ac4c689d3dc8d274e50a2f" member_type: VOTER last_known_addr { host: "127.13.70.1" port: 40031 } }
I20260630 12:40:25.466974 18274 raft_consensus.cc:385] T be0a9803673f4a9b9c2ff889f17334ad P dd7b90c9b3ac4c689d3dc8d274e50a2f [term 0 FOLLOWER]: Consensus starting up: Expiring failure detector timer to make a prompt election more likely
I20260630 12:40:25.467696 18274 raft_consensus.cc:740] T be0a9803673f4a9b9c2ff889f17334ad P dd7b90c9b3ac4c689d3dc8d274e50a2f [term 0 FOLLOWER]: Becoming Follower/Learner. State: Replica: dd7b90c9b3ac4c689d3dc8d274e50a2f, State: Initialized, Role: FOLLOWER
I20260630 12:40:25.469484 18279 raft_consensus.cc:493] T a2534e6210ff45a9bfe29717d484e47a P dd7b90c9b3ac4c689d3dc8d274e50a2f [term 0 FOLLOWER]: Starting pre-election (no leader contacted us within the election timeout)
I20260630 12:40:25.469602 18274 consensus_queue.cc:260] T be0a9803673f4a9b9c2ff889f17334ad P dd7b90c9b3ac4c689d3dc8d274e50a2f [NON_LEADER]: Queue going to NON_LEADER mode. State: All replicated index: 0, Majority replicated index: 0, Committed index: 0, Last appended: 0.0, Last appended by leader: 0, Current term: 0, Majority size: -1, State: 0, Mode: NON_LEADER, active raft config: opid_index: -1 OBSOLETE_local: false peers { permanent_uuid: "5ced866b95044782a3d743223cb3bd9a" member_type: VOTER last_known_addr { host: "127.13.70.2" port: 35553 } } peers { permanent_uuid: "abcb5adc958d4e8ab7d6dfd2c27831ff" member_type: VOTER last_known_addr { host: "127.13.70.3" port: 37837 } } peers { permanent_uuid: "dd7b90c9b3ac4c689d3dc8d274e50a2f" member_type: VOTER last_known_addr { host: "127.13.70.1" port: 40031 } }
I20260630 12:40:25.470016 18279 raft_consensus.cc:515] T a2534e6210ff45a9bfe29717d484e47a P dd7b90c9b3ac4c689d3dc8d274e50a2f [term 0 FOLLOWER]: Starting pre-election with config: opid_index: -1 OBSOLETE_local: false peers { permanent_uuid: "dd7b90c9b3ac4c689d3dc8d274e50a2f" member_type: VOTER last_known_addr { host: "127.13.70.1" port: 40031 } } peers { permanent_uuid: "5ced866b95044782a3d743223cb3bd9a" member_type: VOTER last_known_addr { host: "127.13.70.2" port: 35553 } } peers { permanent_uuid: "abcb5adc958d4e8ab7d6dfd2c27831ff" member_type: VOTER last_known_addr { host: "127.13.70.3" port: 37837 } }
I20260630 12:40:25.475745 18275 raft_consensus.cc:493] T 47108842cbe3434ea5dfdf3cdbfc17d9 P abcb5adc958d4e8ab7d6dfd2c27831ff [term 0 FOLLOWER]: Starting pre-election (no leader contacted us within the election timeout)
I20260630 12:40:25.476306 18275 raft_consensus.cc:515] T 47108842cbe3434ea5dfdf3cdbfc17d9 P abcb5adc958d4e8ab7d6dfd2c27831ff [term 0 FOLLOWER]: Starting pre-election with config: opid_index: -1 OBSOLETE_local: false peers { permanent_uuid: "dd7b90c9b3ac4c689d3dc8d274e50a2f" member_type: VOTER last_known_addr { host: "127.13.70.1" port: 40031 } } peers { permanent_uuid: "5ced866b95044782a3d743223cb3bd9a" member_type: VOTER last_known_addr { host: "127.13.70.2" port: 35553 } } peers { permanent_uuid: "abcb5adc958d4e8ab7d6dfd2c27831ff" member_type: VOTER last_known_addr { host: "127.13.70.3" port: 37837 } }
I20260630 12:40:25.478372 18275 leader_election.cc:290] T 47108842cbe3434ea5dfdf3cdbfc17d9 P abcb5adc958d4e8ab7d6dfd2c27831ff [CANDIDATE]: Term 1 pre-election: Requested pre-vote from peers dd7b90c9b3ac4c689d3dc8d274e50a2f (127.13.70.1:40031), 5ced866b95044782a3d743223cb3bd9a (127.13.70.2:35553)
I20260630 12:40:25.479966 18271 tablet_bootstrap.cc:492] T 205bcc6f7fc54a7b8190608a713633e0 P 5ced866b95044782a3d743223cb3bd9a: No bootstrap required, opened a new log
I20260630 12:40:25.480460 18271 ts_tablet_manager.cc:1403] T 205bcc6f7fc54a7b8190608a713633e0 P 5ced866b95044782a3d743223cb3bd9a: Time spent bootstrapping tablet: real 0.028s	user 0.005s	sys 0.015s
I20260630 12:40:25.482873 18279 leader_election.cc:290] T a2534e6210ff45a9bfe29717d484e47a P dd7b90c9b3ac4c689d3dc8d274e50a2f [CANDIDATE]: Term 1 pre-election: Requested pre-vote from peers 5ced866b95044782a3d743223cb3bd9a (127.13.70.2:35553), abcb5adc958d4e8ab7d6dfd2c27831ff (127.13.70.3:37837)
I20260630 12:40:25.483422 18271 raft_consensus.cc:359] T 205bcc6f7fc54a7b8190608a713633e0 P 5ced866b95044782a3d743223cb3bd9a [term 0 FOLLOWER]: Replica starting. Triggering 0 pending ops. Active config: opid_index: -1 OBSOLETE_local: false peers { permanent_uuid: "dd7b90c9b3ac4c689d3dc8d274e50a2f" member_type: VOTER last_known_addr { host: "127.13.70.1" port: 40031 } } peers { permanent_uuid: "5ced866b95044782a3d743223cb3bd9a" member_type: VOTER last_known_addr { host: "127.13.70.2" port: 35553 } } peers { permanent_uuid: "abcb5adc958d4e8ab7d6dfd2c27831ff" member_type: VOTER last_known_addr { host: "127.13.70.3" port: 37837 } }
I20260630 12:40:25.484161 18271 raft_consensus.cc:385] T 205bcc6f7fc54a7b8190608a713633e0 P 5ced866b95044782a3d743223cb3bd9a [term 0 FOLLOWER]: Consensus starting up: Expiring failure detector timer to make a prompt election more likely
I20260630 12:40:25.484447 18271 raft_consensus.cc:740] T 205bcc6f7fc54a7b8190608a713633e0 P 5ced866b95044782a3d743223cb3bd9a [term 0 FOLLOWER]: Becoming Follower/Learner. State: Replica: 5ced866b95044782a3d743223cb3bd9a, State: Initialized, Role: FOLLOWER
I20260630 12:40:25.485232 18271 consensus_queue.cc:260] T 205bcc6f7fc54a7b8190608a713633e0 P 5ced866b95044782a3d743223cb3bd9a [NON_LEADER]: Queue going to NON_LEADER mode. State: All replicated index: 0, Majority replicated index: 0, Committed index: 0, Last appended: 0.0, Last appended by leader: 0, Current term: 0, Majority size: -1, State: 0, Mode: NON_LEADER, active raft config: opid_index: -1 OBSOLETE_local: false peers { permanent_uuid: "dd7b90c9b3ac4c689d3dc8d274e50a2f" member_type: VOTER last_known_addr { host: "127.13.70.1" port: 40031 } } peers { permanent_uuid: "5ced866b95044782a3d743223cb3bd9a" member_type: VOTER last_known_addr { host: "127.13.70.2" port: 35553 } } peers { permanent_uuid: "abcb5adc958d4e8ab7d6dfd2c27831ff" member_type: VOTER last_known_addr { host: "127.13.70.3" port: 37837 } }
I20260630 12:40:25.487496 18271 ts_tablet_manager.cc:1434] T 205bcc6f7fc54a7b8190608a713633e0 P 5ced866b95044782a3d743223cb3bd9a: Time spent starting tablet: real 0.007s	user 0.008s	sys 0.000s
I20260630 12:40:25.488483 18271 tablet_bootstrap.cc:492] T f329c63b569f41c1974e1520cbd9edb0 P 5ced866b95044782a3d743223cb3bd9a: Bootstrap starting.
I20260630 12:40:25.492483 18274 ts_tablet_manager.cc:1434] T be0a9803673f4a9b9c2ff889f17334ad P dd7b90c9b3ac4c689d3dc8d274e50a2f: Time spent starting tablet: real 0.030s	user 0.002s	sys 0.007s
I20260630 12:40:25.493466 18274 tablet_bootstrap.cc:492] T 47108842cbe3434ea5dfdf3cdbfc17d9 P dd7b90c9b3ac4c689d3dc8d274e50a2f: Bootstrap starting.
I20260630 12:40:25.494864 18226 tablet_service.cc:1917] Received RequestConsensusVote() RPC: tablet_id: "a2534e6210ff45a9bfe29717d484e47a" candidate_uuid: "dd7b90c9b3ac4c689d3dc8d274e50a2f" candidate_term: 1 candidate_status { last_received { term: 0 index: 0 } } ignore_live_leader: false dest_uuid: "abcb5adc958d4e8ab7d6dfd2c27831ff" is_pre_election: true
I20260630 12:40:25.495685 18226 raft_consensus.cc:2468] T a2534e6210ff45a9bfe29717d484e47a P abcb5adc958d4e8ab7d6dfd2c27831ff [term 0 FOLLOWER]: Leader pre-election vote request: Granting yes vote for candidate dd7b90c9b3ac4c689d3dc8d274e50a2f in term 0.
I20260630 12:40:25.497296 18042 leader_election.cc:304] T a2534e6210ff45a9bfe29717d484e47a P dd7b90c9b3ac4c689d3dc8d274e50a2f [CANDIDATE]: Term 1 pre-election: Election decided. Result: candidate won. Election summary: received 2 responses out of 3 voters: 2 yes votes; 0 no votes. yes voters: abcb5adc958d4e8ab7d6dfd2c27831ff, dd7b90c9b3ac4c689d3dc8d274e50a2f; no voters: 
I20260630 12:40:25.498409 18279 raft_consensus.cc:2804] T a2534e6210ff45a9bfe29717d484e47a P dd7b90c9b3ac4c689d3dc8d274e50a2f [term 0 FOLLOWER]: Leader pre-election won for term 1
I20260630 12:40:25.498746 18279 raft_consensus.cc:493] T a2534e6210ff45a9bfe29717d484e47a P dd7b90c9b3ac4c689d3dc8d274e50a2f [term 0 FOLLOWER]: Starting leader election (no leader contacted us within the election timeout)
I20260630 12:40:25.499080 18279 raft_consensus.cc:3060] T a2534e6210ff45a9bfe29717d484e47a P dd7b90c9b3ac4c689d3dc8d274e50a2f [term 0 FOLLOWER]: Advancing to term 1
I20260630 12:40:25.499891 18274 tablet_bootstrap.cc:654] T 47108842cbe3434ea5dfdf3cdbfc17d9 P dd7b90c9b3ac4c689d3dc8d274e50a2f: Neither blocks nor log segments found. Creating new log.
I20260630 12:40:25.501889 18293 raft_consensus.cc:493] T e03bd1247d214aed8bee2b5c28211c3e P dd7b90c9b3ac4c689d3dc8d274e50a2f [term 0 FOLLOWER]: Starting pre-election (no leader contacted us within the election timeout)
I20260630 12:40:25.502421 18293 raft_consensus.cc:515] T e03bd1247d214aed8bee2b5c28211c3e P dd7b90c9b3ac4c689d3dc8d274e50a2f [term 0 FOLLOWER]: Starting pre-election with config: opid_index: -1 OBSOLETE_local: false peers { permanent_uuid: "dd7b90c9b3ac4c689d3dc8d274e50a2f" member_type: VOTER last_known_addr { host: "127.13.70.1" port: 40031 } } peers { permanent_uuid: "5ced866b95044782a3d743223cb3bd9a" member_type: VOTER last_known_addr { host: "127.13.70.2" port: 35553 } } peers { permanent_uuid: "abcb5adc958d4e8ab7d6dfd2c27831ff" member_type: VOTER last_known_addr { host: "127.13.70.3" port: 37837 } }
I20260630 12:40:25.510162 18077 tablet_service.cc:1917] Received RequestConsensusVote() RPC: tablet_id: "205bcc6f7fc54a7b8190608a713633e0" candidate_uuid: "abcb5adc958d4e8ab7d6dfd2c27831ff" candidate_term: 1 candidate_status { last_received { term: 0 index: 0 } } ignore_live_leader: false dest_uuid: "dd7b90c9b3ac4c689d3dc8d274e50a2f" is_pre_election: true
I20260630 12:40:25.511878 18293 leader_election.cc:290] T e03bd1247d214aed8bee2b5c28211c3e P dd7b90c9b3ac4c689d3dc8d274e50a2f [CANDIDATE]: Term 1 pre-election: Requested pre-vote from peers 5ced866b95044782a3d743223cb3bd9a (127.13.70.2:35553), abcb5adc958d4e8ab7d6dfd2c27831ff (127.13.70.3:37837)
I20260630 12:40:25.513228 18279 raft_consensus.cc:515] T a2534e6210ff45a9bfe29717d484e47a P dd7b90c9b3ac4c689d3dc8d274e50a2f [term 1 FOLLOWER]: Starting leader election with config: opid_index: -1 OBSOLETE_local: false peers { permanent_uuid: "dd7b90c9b3ac4c689d3dc8d274e50a2f" member_type: VOTER last_known_addr { host: "127.13.70.1" port: 40031 } } peers { permanent_uuid: "5ced866b95044782a3d743223cb3bd9a" member_type: VOTER last_known_addr { host: "127.13.70.2" port: 35553 } } peers { permanent_uuid: "abcb5adc958d4e8ab7d6dfd2c27831ff" member_type: VOTER last_known_addr { host: "127.13.70.3" port: 37837 } }
I20260630 12:40:25.513885 18077 tablet_service.cc:1917] Received RequestConsensusVote() RPC: tablet_id: "47108842cbe3434ea5dfdf3cdbfc17d9" candidate_uuid: "abcb5adc958d4e8ab7d6dfd2c27831ff" candidate_term: 1 candidate_status { last_received { term: 0 index: 0 } } ignore_live_leader: false dest_uuid: "dd7b90c9b3ac4c689d3dc8d274e50a2f" is_pre_election: true
I20260630 12:40:25.515087 18152 tablet_service.cc:1917] Received RequestConsensusVote() RPC: tablet_id: "a2534e6210ff45a9bfe29717d484e47a" candidate_uuid: "dd7b90c9b3ac4c689d3dc8d274e50a2f" candidate_term: 1 candidate_status { last_received { term: 0 index: 0 } } ignore_live_leader: false dest_uuid: "5ced866b95044782a3d743223cb3bd9a" is_pre_election: true
W20260630 12:40:25.512115 18190 leader_election.cc:343] T 205bcc6f7fc54a7b8190608a713633e0 P abcb5adc958d4e8ab7d6dfd2c27831ff [CANDIDATE]: Term 1 pre-election: Tablet error from VoteRequest() call to peer dd7b90c9b3ac4c689d3dc8d274e50a2f (127.13.70.1:40031): Illegal state: must be running to vote when last-logged opid is not known
I20260630 12:40:25.515807 18152 raft_consensus.cc:2468] T a2534e6210ff45a9bfe29717d484e47a P 5ced866b95044782a3d743223cb3bd9a [term 0 FOLLOWER]: Leader pre-election vote request: Granting yes vote for candidate dd7b90c9b3ac4c689d3dc8d274e50a2f in term 0.
W20260630 12:40:25.516443 18190 leader_election.cc:343] T 47108842cbe3434ea5dfdf3cdbfc17d9 P abcb5adc958d4e8ab7d6dfd2c27831ff [CANDIDATE]: Term 1 pre-election: Tablet error from VoteRequest() call to peer dd7b90c9b3ac4c689d3dc8d274e50a2f (127.13.70.1:40031): Illegal state: must be running to vote when last-logged opid is not known
I20260630 12:40:25.517081 18151 tablet_service.cc:1917] Received RequestConsensusVote() RPC: tablet_id: "e03bd1247d214aed8bee2b5c28211c3e" candidate_uuid: "dd7b90c9b3ac4c689d3dc8d274e50a2f" candidate_term: 1 candidate_status { last_received { term: 0 index: 0 } } ignore_live_leader: false dest_uuid: "5ced866b95044782a3d743223cb3bd9a" is_pre_election: true
I20260630 12:40:25.506493 18271 tablet_bootstrap.cc:654] T f329c63b569f41c1974e1520cbd9edb0 P 5ced866b95044782a3d743223cb3bd9a: Neither blocks nor log segments found. Creating new log.
I20260630 12:40:25.515203 18226 tablet_service.cc:1917] Received RequestConsensusVote() RPC: tablet_id: "e03bd1247d214aed8bee2b5c28211c3e" candidate_uuid: "dd7b90c9b3ac4c689d3dc8d274e50a2f" candidate_term: 1 candidate_status { last_received { term: 0 index: 0 } } ignore_live_leader: false dest_uuid: "abcb5adc958d4e8ab7d6dfd2c27831ff" is_pre_election: true
I20260630 12:40:25.507647 18272 tablet_bootstrap.cc:492] T be0a9803673f4a9b9c2ff889f17334ad P abcb5adc958d4e8ab7d6dfd2c27831ff: No bootstrap required, opened a new log
W20260630 12:40:25.519222 18042 leader_election.cc:343] T e03bd1247d214aed8bee2b5c28211c3e P dd7b90c9b3ac4c689d3dc8d274e50a2f [CANDIDATE]: Term 1 pre-election: Tablet error from VoteRequest() call to peer abcb5adc958d4e8ab7d6dfd2c27831ff (127.13.70.3:37837): Illegal state: must be running to vote when last-logged opid is not known
W20260630 12:40:25.520679 18041 leader_election.cc:343] T e03bd1247d214aed8bee2b5c28211c3e P dd7b90c9b3ac4c689d3dc8d274e50a2f [CANDIDATE]: Term 1 pre-election: Tablet error from VoteRequest() call to peer 5ced866b95044782a3d743223cb3bd9a (127.13.70.2:35553): Illegal state: must be running to vote when last-logged opid is not known
I20260630 12:40:25.522387 18279 leader_election.cc:290] T a2534e6210ff45a9bfe29717d484e47a P dd7b90c9b3ac4c689d3dc8d274e50a2f [CANDIDATE]: Term 1 election: Requested vote from peers 5ced866b95044782a3d743223cb3bd9a (127.13.70.2:35553), abcb5adc958d4e8ab7d6dfd2c27831ff (127.13.70.3:37837)
I20260630 12:40:25.524106 18226 tablet_service.cc:1917] Received RequestConsensusVote() RPC: tablet_id: "a2534e6210ff45a9bfe29717d484e47a" candidate_uuid: "dd7b90c9b3ac4c689d3dc8d274e50a2f" candidate_term: 1 candidate_status { last_received { term: 0 index: 0 } } ignore_live_leader: false dest_uuid: "abcb5adc958d4e8ab7d6dfd2c27831ff"
I20260630 12:40:25.524701 18226 raft_consensus.cc:3060] T a2534e6210ff45a9bfe29717d484e47a P abcb5adc958d4e8ab7d6dfd2c27831ff [term 0 FOLLOWER]: Advancing to term 1
I20260630 12:40:25.522919 18041 leader_election.cc:304] T e03bd1247d214aed8bee2b5c28211c3e P dd7b90c9b3ac4c689d3dc8d274e50a2f [CANDIDATE]: Term 1 pre-election: Election decided. Result: candidate lost. Election summary: received 3 responses out of 3 voters: 1 yes votes; 2 no votes. yes voters: dd7b90c9b3ac4c689d3dc8d274e50a2f; no voters: 5ced866b95044782a3d743223cb3bd9a, abcb5adc958d4e8ab7d6dfd2c27831ff
I20260630 12:40:25.519835 18272 ts_tablet_manager.cc:1403] T be0a9803673f4a9b9c2ff889f17334ad P abcb5adc958d4e8ab7d6dfd2c27831ff: Time spent bootstrapping tablet: real 0.074s	user 0.014s	sys 0.004s
I20260630 12:40:25.526134 18274 tablet_bootstrap.cc:492] T 47108842cbe3434ea5dfdf3cdbfc17d9 P dd7b90c9b3ac4c689d3dc8d274e50a2f: No bootstrap required, opened a new log
I20260630 12:40:25.526288 18271 tablet_bootstrap.cc:492] T f329c63b569f41c1974e1520cbd9edb0 P 5ced866b95044782a3d743223cb3bd9a: No bootstrap required, opened a new log
I20260630 12:40:25.526670 18274 ts_tablet_manager.cc:1403] T 47108842cbe3434ea5dfdf3cdbfc17d9 P dd7b90c9b3ac4c689d3dc8d274e50a2f: Time spent bootstrapping tablet: real 0.033s	user 0.016s	sys 0.012s
I20260630 12:40:25.519841 18151 tablet_service.cc:1917] Received RequestConsensusVote() RPC: tablet_id: "a2534e6210ff45a9bfe29717d484e47a" candidate_uuid: "dd7b90c9b3ac4c689d3dc8d274e50a2f" candidate_term: 1 candidate_status { last_received { term: 0 index: 0 } } ignore_live_leader: false dest_uuid: "5ced866b95044782a3d743223cb3bd9a"
I20260630 12:40:25.527218 18151 raft_consensus.cc:3060] T a2534e6210ff45a9bfe29717d484e47a P 5ced866b95044782a3d743223cb3bd9a [term 0 FOLLOWER]: Advancing to term 1
I20260630 12:40:25.529839 18279 raft_consensus.cc:2749] T e03bd1247d214aed8bee2b5c28211c3e P dd7b90c9b3ac4c689d3dc8d274e50a2f [term 0 FOLLOWER]: Leader pre-election lost for term 1. Reason: could not achieve majority
I20260630 12:40:25.529744 18274 raft_consensus.cc:359] T 47108842cbe3434ea5dfdf3cdbfc17d9 P dd7b90c9b3ac4c689d3dc8d274e50a2f [term 0 FOLLOWER]: Replica starting. Triggering 0 pending ops. Active config: opid_index: -1 OBSOLETE_local: false peers { permanent_uuid: "dd7b90c9b3ac4c689d3dc8d274e50a2f" member_type: VOTER last_known_addr { host: "127.13.70.1" port: 40031 } } peers { permanent_uuid: "5ced866b95044782a3d743223cb3bd9a" member_type: VOTER last_known_addr { host: "127.13.70.2" port: 35553 } } peers { permanent_uuid: "abcb5adc958d4e8ab7d6dfd2c27831ff" member_type: VOTER last_known_addr { host: "127.13.70.3" port: 37837 } }
I20260630 12:40:25.530603 18274 raft_consensus.cc:385] T 47108842cbe3434ea5dfdf3cdbfc17d9 P dd7b90c9b3ac4c689d3dc8d274e50a2f [term 0 FOLLOWER]: Consensus starting up: Expiring failure detector timer to make a prompt election more likely
I20260630 12:40:25.531085 18274 raft_consensus.cc:740] T 47108842cbe3434ea5dfdf3cdbfc17d9 P dd7b90c9b3ac4c689d3dc8d274e50a2f [term 0 FOLLOWER]: Becoming Follower/Learner. State: Replica: dd7b90c9b3ac4c689d3dc8d274e50a2f, State: Initialized, Role: FOLLOWER
I20260630 12:40:25.531950 18274 consensus_queue.cc:260] T 47108842cbe3434ea5dfdf3cdbfc17d9 P dd7b90c9b3ac4c689d3dc8d274e50a2f [NON_LEADER]: Queue going to NON_LEADER mode. State: All replicated index: 0, Majority replicated index: 0, Committed index: 0, Last appended: 0.0, Last appended by leader: 0, Current term: 0, Majority size: -1, State: 0, Mode: NON_LEADER, active raft config: opid_index: -1 OBSOLETE_local: false peers { permanent_uuid: "dd7b90c9b3ac4c689d3dc8d274e50a2f" member_type: VOTER last_known_addr { host: "127.13.70.1" port: 40031 } } peers { permanent_uuid: "5ced866b95044782a3d743223cb3bd9a" member_type: VOTER last_known_addr { host: "127.13.70.2" port: 35553 } } peers { permanent_uuid: "abcb5adc958d4e8ab7d6dfd2c27831ff" member_type: VOTER last_known_addr { host: "127.13.70.3" port: 37837 } }
I20260630 12:40:25.533939 18152 tablet_service.cc:1917] Received RequestConsensusVote() RPC: tablet_id: "205bcc6f7fc54a7b8190608a713633e0" candidate_uuid: "abcb5adc958d4e8ab7d6dfd2c27831ff" candidate_term: 1 candidate_status { last_received { term: 0 index: 0 } } ignore_live_leader: false dest_uuid: "5ced866b95044782a3d743223cb3bd9a" is_pre_election: true
I20260630 12:40:25.534133 18274 ts_tablet_manager.cc:1434] T 47108842cbe3434ea5dfdf3cdbfc17d9 P dd7b90c9b3ac4c689d3dc8d274e50a2f: Time spent starting tablet: real 0.007s	user 0.005s	sys 0.001s
I20260630 12:40:25.534436 18150 tablet_service.cc:1917] Received RequestConsensusVote() RPC: tablet_id: "47108842cbe3434ea5dfdf3cdbfc17d9" candidate_uuid: "abcb5adc958d4e8ab7d6dfd2c27831ff" candidate_term: 1 candidate_status { last_received { term: 0 index: 0 } } ignore_live_leader: false dest_uuid: "5ced866b95044782a3d743223cb3bd9a" is_pre_election: true
I20260630 12:40:25.526741 18271 ts_tablet_manager.cc:1403] T f329c63b569f41c1974e1520cbd9edb0 P 5ced866b95044782a3d743223cb3bd9a: Time spent bootstrapping tablet: real 0.038s	user 0.007s	sys 0.005s
I20260630 12:40:25.529299 18272 raft_consensus.cc:359] T be0a9803673f4a9b9c2ff889f17334ad P abcb5adc958d4e8ab7d6dfd2c27831ff [term 0 FOLLOWER]: Replica starting. Triggering 0 pending ops. Active config: opid_index: -1 OBSOLETE_local: false peers { permanent_uuid: "5ced866b95044782a3d743223cb3bd9a" member_type: VOTER last_known_addr { host: "127.13.70.2" port: 35553 } } peers { permanent_uuid: "abcb5adc958d4e8ab7d6dfd2c27831ff" member_type: VOTER last_known_addr { host: "127.13.70.3" port: 37837 } } peers { permanent_uuid: "dd7b90c9b3ac4c689d3dc8d274e50a2f" member_type: VOTER last_known_addr { host: "127.13.70.1" port: 40031 } }
I20260630 12:40:25.535277 18274 tablet_bootstrap.cc:492] T 205bcc6f7fc54a7b8190608a713633e0 P dd7b90c9b3ac4c689d3dc8d274e50a2f: Bootstrap starting.
W20260630 12:40:25.548398 18190 leader_election.cc:343] T 47108842cbe3434ea5dfdf3cdbfc17d9 P abcb5adc958d4e8ab7d6dfd2c27831ff [CANDIDATE]: Term 1 pre-election: Tablet error from VoteRequest() call to peer 5ced866b95044782a3d743223cb3bd9a (127.13.70.2:35553): Illegal state: must be running to vote when last-logged opid is not known
I20260630 12:40:25.548883 18190 leader_election.cc:304] T 47108842cbe3434ea5dfdf3cdbfc17d9 P abcb5adc958d4e8ab7d6dfd2c27831ff [CANDIDATE]: Term 1 pre-election: Election decided. Result: candidate lost. Election summary: received 3 responses out of 3 voters: 1 yes votes; 2 no votes. yes voters: abcb5adc958d4e8ab7d6dfd2c27831ff; no voters: 5ced866b95044782a3d743223cb3bd9a, dd7b90c9b3ac4c689d3dc8d274e50a2f
I20260630 12:40:25.549731 18275 raft_consensus.cc:2749] T 47108842cbe3434ea5dfdf3cdbfc17d9 P abcb5adc958d4e8ab7d6dfd2c27831ff [term 0 FOLLOWER]: Leader pre-election lost for term 1. Reason: could not achieve majority
I20260630 12:40:25.550836 18272 raft_consensus.cc:385] T be0a9803673f4a9b9c2ff889f17334ad P abcb5adc958d4e8ab7d6dfd2c27831ff [term 0 FOLLOWER]: Consensus starting up: Expiring failure detector timer to make a prompt election more likely
I20260630 12:40:25.550558 18271 raft_consensus.cc:359] T f329c63b569f41c1974e1520cbd9edb0 P 5ced866b95044782a3d743223cb3bd9a [term 0 FOLLOWER]: Replica starting. Triggering 0 pending ops. Active config: opid_index: -1 OBSOLETE_local: false peers { permanent_uuid: "dd7b90c9b3ac4c689d3dc8d274e50a2f" member_type: VOTER last_known_addr { host: "127.13.70.1" port: 40031 } } peers { permanent_uuid: "5ced866b95044782a3d743223cb3bd9a" member_type: VOTER last_known_addr { host: "127.13.70.2" port: 35553 } } peers { permanent_uuid: "abcb5adc958d4e8ab7d6dfd2c27831ff" member_type: VOTER last_known_addr { host: "127.13.70.3" port: 37837 } }
I20260630 12:40:25.551232 18272 raft_consensus.cc:740] T be0a9803673f4a9b9c2ff889f17334ad P abcb5adc958d4e8ab7d6dfd2c27831ff [term 0 FOLLOWER]: Becoming Follower/Learner. State: Replica: abcb5adc958d4e8ab7d6dfd2c27831ff, State: Initialized, Role: FOLLOWER
I20260630 12:40:25.534798 18151 raft_consensus.cc:2468] T a2534e6210ff45a9bfe29717d484e47a P 5ced866b95044782a3d743223cb3bd9a [term 1 FOLLOWER]: Leader election vote request: Granting yes vote for candidate dd7b90c9b3ac4c689d3dc8d274e50a2f in term 1.
I20260630 12:40:25.552042 18272 consensus_queue.cc:260] T be0a9803673f4a9b9c2ff889f17334ad P abcb5adc958d4e8ab7d6dfd2c27831ff [NON_LEADER]: Queue going to NON_LEADER mode. State: All replicated index: 0, Majority replicated index: 0, Committed index: 0, Last appended: 0.0, Last appended by leader: 0, Current term: 0, Majority size: -1, State: 0, Mode: NON_LEADER, active raft config: opid_index: -1 OBSOLETE_local: false peers { permanent_uuid: "5ced866b95044782a3d743223cb3bd9a" member_type: VOTER last_known_addr { host: "127.13.70.2" port: 35553 } } peers { permanent_uuid: "abcb5adc958d4e8ab7d6dfd2c27831ff" member_type: VOTER last_known_addr { host: "127.13.70.3" port: 37837 } } peers { permanent_uuid: "dd7b90c9b3ac4c689d3dc8d274e50a2f" member_type: VOTER last_known_addr { host: "127.13.70.1" port: 40031 } }
I20260630 12:40:25.552853 18041 leader_election.cc:304] T a2534e6210ff45a9bfe29717d484e47a P dd7b90c9b3ac4c689d3dc8d274e50a2f [CANDIDATE]: Term 1 election: Election decided. Result: candidate won. Election summary: received 2 responses out of 3 voters: 2 yes votes; 0 no votes. yes voters: 5ced866b95044782a3d743223cb3bd9a, dd7b90c9b3ac4c689d3dc8d274e50a2f; no voters: 
I20260630 12:40:25.553785 18279 raft_consensus.cc:2804] T a2534e6210ff45a9bfe29717d484e47a P dd7b90c9b3ac4c689d3dc8d274e50a2f [term 1 FOLLOWER]: Leader election won for term 1
I20260630 12:40:25.553953 18274 tablet_bootstrap.cc:654] T 205bcc6f7fc54a7b8190608a713633e0 P dd7b90c9b3ac4c689d3dc8d274e50a2f: Neither blocks nor log segments found. Creating new log.
I20260630 12:40:25.554296 18279 raft_consensus.cc:697] T a2534e6210ff45a9bfe29717d484e47a P dd7b90c9b3ac4c689d3dc8d274e50a2f [term 1 LEADER]: Becoming Leader. State: Replica: dd7b90c9b3ac4c689d3dc8d274e50a2f, State: Running, Role: LEADER
I20260630 12:40:25.554747 18272 ts_tablet_manager.cc:1434] T be0a9803673f4a9b9c2ff889f17334ad P abcb5adc958d4e8ab7d6dfd2c27831ff: Time spent starting tablet: real 0.028s	user 0.008s	sys 0.000s
I20260630 12:40:25.555143 18279 consensus_queue.cc:237] T a2534e6210ff45a9bfe29717d484e47a P dd7b90c9b3ac4c689d3dc8d274e50a2f [LEADER]: Queue going to LEADER mode. State: All replicated index: 0, Majority replicated index: 0, Committed index: 0, Last appended: 0.0, Last appended by leader: 0, Current term: 1, Majority size: 2, State: 0, Mode: LEADER, active raft config: opid_index: -1 OBSOLETE_local: false peers { permanent_uuid: "dd7b90c9b3ac4c689d3dc8d274e50a2f" member_type: VOTER last_known_addr { host: "127.13.70.1" port: 40031 } } peers { permanent_uuid: "5ced866b95044782a3d743223cb3bd9a" member_type: VOTER last_known_addr { host: "127.13.70.2" port: 35553 } } peers { permanent_uuid: "abcb5adc958d4e8ab7d6dfd2c27831ff" member_type: VOTER last_known_addr { host: "127.13.70.3" port: 37837 } }
I20260630 12:40:25.555836 18272 tablet_bootstrap.cc:492] T e03bd1247d214aed8bee2b5c28211c3e P abcb5adc958d4e8ab7d6dfd2c27831ff: Bootstrap starting.
I20260630 12:40:25.534592 18152 raft_consensus.cc:2468] T 205bcc6f7fc54a7b8190608a713633e0 P 5ced866b95044782a3d743223cb3bd9a [term 0 FOLLOWER]: Leader pre-election vote request: Granting yes vote for candidate abcb5adc958d4e8ab7d6dfd2c27831ff in term 0.
I20260630 12:40:25.558374 18190 leader_election.cc:304] T 205bcc6f7fc54a7b8190608a713633e0 P abcb5adc958d4e8ab7d6dfd2c27831ff [CANDIDATE]: Term 1 pre-election: Election decided. Result: candidate won. Election summary: received 3 responses out of 3 voters: 2 yes votes; 1 no votes. yes voters: 5ced866b95044782a3d743223cb3bd9a, abcb5adc958d4e8ab7d6dfd2c27831ff; no voters: dd7b90c9b3ac4c689d3dc8d274e50a2f
I20260630 12:40:25.559150 18275 raft_consensus.cc:2804] T 205bcc6f7fc54a7b8190608a713633e0 P abcb5adc958d4e8ab7d6dfd2c27831ff [term 0 FOLLOWER]: Leader pre-election won for term 1
I20260630 12:40:25.559470 18275 raft_consensus.cc:493] T 205bcc6f7fc54a7b8190608a713633e0 P abcb5adc958d4e8ab7d6dfd2c27831ff [term 0 FOLLOWER]: Starting leader election (no leader contacted us within the election timeout)
I20260630 12:40:25.559784 18275 raft_consensus.cc:3060] T 205bcc6f7fc54a7b8190608a713633e0 P abcb5adc958d4e8ab7d6dfd2c27831ff [term 0 FOLLOWER]: Advancing to term 1
I20260630 12:40:25.551450 18271 raft_consensus.cc:385] T f329c63b569f41c1974e1520cbd9edb0 P 5ced866b95044782a3d743223cb3bd9a [term 0 FOLLOWER]: Consensus starting up: Expiring failure detector timer to make a prompt election more likely
I20260630 12:40:25.562923 18271 raft_consensus.cc:740] T f329c63b569f41c1974e1520cbd9edb0 P 5ced866b95044782a3d743223cb3bd9a [term 0 FOLLOWER]: Becoming Follower/Learner. State: Replica: 5ced866b95044782a3d743223cb3bd9a, State: Initialized, Role: FOLLOWER
