I20260630 12:12:41.235666  3242 raft_consensus.cc:515] T 97aab1dfa41a451bb647e8cf46add9d3 P 2b38c8523a74416e97e918b68903b31b [term 0 FOLLOWER]: Starting pre-election with config: opid_index: -1 OBSOLETE_local: false peers { permanent_uuid: "d4b0884ce6334ca0b6a0164f22be786c" member_type: VOTER last_known_addr { host: "127.0.107.193" port: 34929 } } peers { permanent_uuid: "2b38c8523a74416e97e918b68903b31b" member_type: VOTER last_known_addr { host: "127.0.107.194" port: 44529 } } peers { permanent_uuid: "af42dfad3a1048c38802342d51fe5cd6" member_type: VOTER last_known_addr { host: "127.0.107.195" port: 33661 } }
I20260630 12:12:41.238134  3242 leader_election.cc:290] T 97aab1dfa41a451bb647e8cf46add9d3 P 2b38c8523a74416e97e918b68903b31b [CANDIDATE]: Term 1 pre-election: Requested pre-vote from peers d4b0884ce6334ca0b6a0164f22be786c (127.0.107.193:34929), af42dfad3a1048c38802342d51fe5cd6 (127.0.107.195:33661)
I20260630 12:12:41.238852  3243 raft_consensus.cc:2804] T 43982657f627435e8a8786827a126de7 P af42dfad3a1048c38802342d51fe5cd6 [term 0 FOLLOWER]: Leader pre-election won for term 1
I20260630 12:12:41.239271  3243 raft_consensus.cc:493] T 43982657f627435e8a8786827a126de7 P af42dfad3a1048c38802342d51fe5cd6 [term 0 FOLLOWER]: Starting leader election (no leader contacted us within the election timeout)
I20260630 12:12:41.238998  3116 tablet_service.cc:1917] Received RequestConsensusVote() RPC: tablet_id: "97aab1dfa41a451bb647e8cf46add9d3" candidate_uuid: "d4b0884ce6334ca0b6a0164f22be786c" candidate_term: 1 candidate_status { last_received { term: 0 index: 0 } } ignore_live_leader: false dest_uuid: "2b38c8523a74416e97e918b68903b31b" is_pre_election: true
I20260630 12:12:41.239629  3243 raft_consensus.cc:3060] T 43982657f627435e8a8786827a126de7 P af42dfad3a1048c38802342d51fe5cd6 [term 0 FOLLOWER]: Advancing to term 1
I20260630 12:12:41.240402  3115 tablet_service.cc:1917] Received RequestConsensusVote() RPC: tablet_id: "54ef1b9c11334e7a8ac4eaf8f743fda7" candidate_uuid: "d4b0884ce6334ca0b6a0164f22be786c" candidate_term: 1 candidate_status { last_received { term: 0 index: 0 } } ignore_live_leader: false dest_uuid: "2b38c8523a74416e97e918b68903b31b" is_pre_election: true
I20260630 12:12:41.241319  3115 raft_consensus.cc:2468] T 54ef1b9c11334e7a8ac4eaf8f743fda7 P 2b38c8523a74416e97e918b68903b31b [term 0 FOLLOWER]: Leader pre-election vote request: Granting yes vote for candidate d4b0884ce6334ca0b6a0164f22be786c in term 0.
I20260630 12:12:41.245309  3114 tablet_service.cc:1917] Received RequestConsensusVote() RPC: tablet_id: "43982657f627435e8a8786827a126de7" candidate_uuid: "d4b0884ce6334ca0b6a0164f22be786c" candidate_term: 1 candidate_status { last_received { term: 0 index: 0 } } ignore_live_leader: false dest_uuid: "2b38c8523a74416e97e918b68903b31b" is_pre_election: true
I20260630 12:12:41.246296  3114 raft_consensus.cc:2468] T 43982657f627435e8a8786827a126de7 P 2b38c8523a74416e97e918b68903b31b [term 0 FOLLOWER]: Leader pre-election vote request: Granting yes vote for candidate d4b0884ce6334ca0b6a0164f22be786c in term 0.
I20260630 12:12:41.247750  3190 tablet_service.cc:1917] Received RequestConsensusVote() RPC: tablet_id: "97aab1dfa41a451bb647e8cf46add9d3" candidate_uuid: "d4b0884ce6334ca0b6a0164f22be786c" candidate_term: 1 candidate_status { last_received { term: 0 index: 0 } } ignore_live_leader: false dest_uuid: "af42dfad3a1048c38802342d51fe5cd6" is_pre_election: true
I20260630 12:12:41.248445  3190 raft_consensus.cc:2468] T 97aab1dfa41a451bb647e8cf46add9d3 P af42dfad3a1048c38802342d51fe5cd6 [term 0 FOLLOWER]: Leader pre-election vote request: Granting yes vote for candidate d4b0884ce6334ca0b6a0164f22be786c in term 0.
I20260630 12:12:41.249749  3189 tablet_service.cc:1917] Received RequestConsensusVote() RPC: tablet_id: "54ef1b9c11334e7a8ac4eaf8f743fda7" candidate_uuid: "d4b0884ce6334ca0b6a0164f22be786c" candidate_term: 1 candidate_status { last_received { term: 0 index: 0 } } ignore_live_leader: false dest_uuid: "af42dfad3a1048c38802342d51fe5cd6" is_pre_election: true
I20260630 12:12:41.250425  3004 leader_election.cc:304] T 54ef1b9c11334e7a8ac4eaf8f743fda7 P d4b0884ce6334ca0b6a0164f22be786c [CANDIDATE]: Term 1 pre-election: Election decided. Result: candidate won. Election summary: received 2 responses out of 3 voters: 2 yes votes; 0 no votes. yes voters: 2b38c8523a74416e97e918b68903b31b, d4b0884ce6334ca0b6a0164f22be786c; no voters: 
I20260630 12:12:41.250905  3188 tablet_service.cc:1917] Received RequestConsensusVote() RPC: tablet_id: "43982657f627435e8a8786827a126de7" candidate_uuid: "d4b0884ce6334ca0b6a0164f22be786c" candidate_term: 1 candidate_status { last_received { term: 0 index: 0 } } ignore_live_leader: false dest_uuid: "af42dfad3a1048c38802342d51fe5cd6" is_pre_election: true
I20260630 12:12:41.251740  3004 leader_election.cc:304] T 43982657f627435e8a8786827a126de7 P d4b0884ce6334ca0b6a0164f22be786c [CANDIDATE]: Term 1 pre-election: Election decided. Result: candidate won. Election summary: received 2 responses out of 3 voters: 2 yes votes; 0 no votes. yes voters: 2b38c8523a74416e97e918b68903b31b, d4b0884ce6334ca0b6a0164f22be786c; no voters: 
I20260630 12:12:41.252368  3005 leader_election.cc:304] T 97aab1dfa41a451bb647e8cf46add9d3 P d4b0884ce6334ca0b6a0164f22be786c [CANDIDATE]: Term 1 pre-election: Election decided. Result: candidate won. Election summary: received 2 responses out of 3 voters: 2 yes votes; 0 no votes. yes voters: af42dfad3a1048c38802342d51fe5cd6, d4b0884ce6334ca0b6a0164f22be786c; no voters: 
I20260630 12:12:41.253058  3262 raft_consensus.cc:2804] T 54ef1b9c11334e7a8ac4eaf8f743fda7 P d4b0884ce6334ca0b6a0164f22be786c [term 0 FOLLOWER]: Leader pre-election won for term 1
I20260630 12:12:41.253607  3262 raft_consensus.cc:493] T 54ef1b9c11334e7a8ac4eaf8f743fda7 P d4b0884ce6334ca0b6a0164f22be786c [term 0 FOLLOWER]: Starting leader election (no leader contacted us within the election timeout)
I20260630 12:12:41.253690  3241 raft_consensus.cc:2804] T 43982657f627435e8a8786827a126de7 P d4b0884ce6334ca0b6a0164f22be786c [term 0 FOLLOWER]: Leader pre-election won for term 1
I20260630 12:12:41.254153  3241 raft_consensus.cc:493] T 43982657f627435e8a8786827a126de7 P d4b0884ce6334ca0b6a0164f22be786c [term 0 FOLLOWER]: Starting leader election (no leader contacted us within the election timeout)
I20260630 12:12:41.254774  3241 raft_consensus.cc:3060] T 43982657f627435e8a8786827a126de7 P d4b0884ce6334ca0b6a0164f22be786c [term 0 FOLLOWER]: Advancing to term 1
I20260630 12:12:41.254113  3262 raft_consensus.cc:3060] T 54ef1b9c11334e7a8ac4eaf8f743fda7 P d4b0884ce6334ca0b6a0164f22be786c [term 0 FOLLOWER]: Advancing to term 1
I20260630 12:12:41.256985  3243 raft_consensus.cc:515] T 43982657f627435e8a8786827a126de7 P af42dfad3a1048c38802342d51fe5cd6 [term 1 FOLLOWER]: Starting leader election with config: opid_index: -1 OBSOLETE_local: false peers { permanent_uuid: "d4b0884ce6334ca0b6a0164f22be786c" member_type: VOTER last_known_addr { host: "127.0.107.193" port: 34929 } } peers { permanent_uuid: "2b38c8523a74416e97e918b68903b31b" member_type: VOTER last_known_addr { host: "127.0.107.194" port: 44529 } } peers { permanent_uuid: "af42dfad3a1048c38802342d51fe5cd6" member_type: VOTER last_known_addr { host: "127.0.107.195" port: 33661 } }
I20260630 12:12:41.258894  3188 raft_consensus.cc:2393] T 43982657f627435e8a8786827a126de7 P af42dfad3a1048c38802342d51fe5cd6 [term 1 FOLLOWER]: Leader pre-election vote request: Denying vote to candidate d4b0884ce6334ca0b6a0164f22be786c in current term 1: Already voted for candidate af42dfad3a1048c38802342d51fe5cd6 in this term.
I20260630 12:12:41.260444  3040 tablet_service.cc:1917] Received RequestConsensusVote() RPC: tablet_id: "43982657f627435e8a8786827a126de7" candidate_uuid: "af42dfad3a1048c38802342d51fe5cd6" candidate_term: 1 candidate_status { last_received { term: 0 index: 0 } } ignore_live_leader: false dest_uuid: "d4b0884ce6334ca0b6a0164f22be786c"
I20260630 12:12:41.260624  3243 leader_election.cc:290] T 43982657f627435e8a8786827a126de7 P af42dfad3a1048c38802342d51fe5cd6 [CANDIDATE]: Term 1 election: Requested vote from peers d4b0884ce6334ca0b6a0164f22be786c (127.0.107.193:34929), 2b38c8523a74416e97e918b68903b31b (127.0.107.194:44529)
I20260630 12:12:41.263276  3116 raft_consensus.cc:2468] T 97aab1dfa41a451bb647e8cf46add9d3 P 2b38c8523a74416e97e918b68903b31b [term 0 FOLLOWER]: Leader pre-election vote request: Granting yes vote for candidate d4b0884ce6334ca0b6a0164f22be786c in term 0.
I20260630 12:12:41.255875  3258 raft_consensus.cc:515] T 54ef1b9c11334e7a8ac4eaf8f743fda7 P af42dfad3a1048c38802342d51fe5cd6 [term 1 FOLLOWER]: Starting leader election with config: opid_index: -1 OBSOLETE_local: false peers { permanent_uuid: "d4b0884ce6334ca0b6a0164f22be786c" member_type: VOTER last_known_addr { host: "127.0.107.193" port: 34929 } } peers { permanent_uuid: "2b38c8523a74416e97e918b68903b31b" member_type: VOTER last_known_addr { host: "127.0.107.194" port: 44529 } } peers { permanent_uuid: "af42dfad3a1048c38802342d51fe5cd6" member_type: VOTER last_known_addr { host: "127.0.107.195" port: 33661 } }
I20260630 12:12:41.270336  3189 raft_consensus.cc:2393] T 54ef1b9c11334e7a8ac4eaf8f743fda7 P af42dfad3a1048c38802342d51fe5cd6 [term 1 FOLLOWER]: Leader pre-election vote request: Denying vote to candidate d4b0884ce6334ca0b6a0164f22be786c in current term 1: Already voted for candidate af42dfad3a1048c38802342d51fe5cd6 in this term.
I20260630 12:12:41.267990  3262 raft_consensus.cc:515] T 54ef1b9c11334e7a8ac4eaf8f743fda7 P d4b0884ce6334ca0b6a0164f22be786c [term 1 FOLLOWER]: Starting leader election with config: opid_index: -1 OBSOLETE_local: false peers { permanent_uuid: "d4b0884ce6334ca0b6a0164f22be786c" member_type: VOTER last_known_addr { host: "127.0.107.193" port: 34929 } } peers { permanent_uuid: "2b38c8523a74416e97e918b68903b31b" member_type: VOTER last_known_addr { host: "127.0.107.194" port: 44529 } } peers { permanent_uuid: "af42dfad3a1048c38802342d51fe5cd6" member_type: VOTER last_known_addr { host: "127.0.107.195" port: 33661 } }
I20260630 12:12:41.272749  3262 leader_election.cc:290] T 54ef1b9c11334e7a8ac4eaf8f743fda7 P d4b0884ce6334ca0b6a0164f22be786c [CANDIDATE]: Term 1 election: Requested vote from peers 2b38c8523a74416e97e918b68903b31b (127.0.107.194:44529), af42dfad3a1048c38802342d51fe5cd6 (127.0.107.195:33661)
I20260630 12:12:41.273336  3262 raft_consensus.cc:2804] T 97aab1dfa41a451bb647e8cf46add9d3 P d4b0884ce6334ca0b6a0164f22be786c [term 0 FOLLOWER]: Leader pre-election won for term 1
I20260630 12:12:41.273670  3262 raft_consensus.cc:493] T 97aab1dfa41a451bb647e8cf46add9d3 P d4b0884ce6334ca0b6a0164f22be786c [term 0 FOLLOWER]: Starting leader election (no leader contacted us within the election timeout)
I20260630 12:12:41.274010  3262 raft_consensus.cc:3060] T 97aab1dfa41a451bb647e8cf46add9d3 P d4b0884ce6334ca0b6a0164f22be786c [term 0 FOLLOWER]: Advancing to term 1
I20260630 12:12:41.273844  3116 tablet_service.cc:1917] Received RequestConsensusVote() RPC: tablet_id: "54ef1b9c11334e7a8ac4eaf8f743fda7" candidate_uuid: "d4b0884ce6334ca0b6a0164f22be786c" candidate_term: 1 candidate_status { last_received { term: 0 index: 0 } } ignore_live_leader: false dest_uuid: "2b38c8523a74416e97e918b68903b31b"
I20260630 12:12:41.274305  3041 tablet_service.cc:1917] Received RequestConsensusVote() RPC: tablet_id: "54ef1b9c11334e7a8ac4eaf8f743fda7" candidate_uuid: "af42dfad3a1048c38802342d51fe5cd6" candidate_term: 1 candidate_status { last_received { term: 0 index: 0 } } ignore_live_leader: false dest_uuid: "d4b0884ce6334ca0b6a0164f22be786c"
I20260630 12:12:41.274740  3116 raft_consensus.cc:3060] T 54ef1b9c11334e7a8ac4eaf8f743fda7 P 2b38c8523a74416e97e918b68903b31b [term 0 FOLLOWER]: Advancing to term 1
I20260630 12:12:41.275264  3041 raft_consensus.cc:2393] T 54ef1b9c11334e7a8ac4eaf8f743fda7 P d4b0884ce6334ca0b6a0164f22be786c [term 1 FOLLOWER]: Leader election vote request: Denying vote to candidate af42dfad3a1048c38802342d51fe5cd6 in current term 1: Already voted for candidate d4b0884ce6334ca0b6a0164f22be786c in this term.
I20260630 12:12:41.278246  3258 leader_election.cc:290] T 54ef1b9c11334e7a8ac4eaf8f743fda7 P af42dfad3a1048c38802342d51fe5cd6 [CANDIDATE]: Term 1 election: Requested vote from peers d4b0884ce6334ca0b6a0164f22be786c (127.0.107.193:34929), 2b38c8523a74416e97e918b68903b31b (127.0.107.194:44529)
I20260630 12:12:41.280560  3241 raft_consensus.cc:515] T 43982657f627435e8a8786827a126de7 P d4b0884ce6334ca0b6a0164f22be786c [term 1 FOLLOWER]: Starting leader election with config: opid_index: -1 OBSOLETE_local: false peers { permanent_uuid: "d4b0884ce6334ca0b6a0164f22be786c" member_type: VOTER last_known_addr { host: "127.0.107.193" port: 34929 } } peers { permanent_uuid: "2b38c8523a74416e97e918b68903b31b" member_type: VOTER last_known_addr { host: "127.0.107.194" port: 44529 } } peers { permanent_uuid: "af42dfad3a1048c38802342d51fe5cd6" member_type: VOTER last_known_addr { host: "127.0.107.195" port: 33661 } }
I20260630 12:12:41.281790  3040 raft_consensus.cc:2393] T 43982657f627435e8a8786827a126de7 P d4b0884ce6334ca0b6a0164f22be786c [term 1 FOLLOWER]: Leader election vote request: Denying vote to candidate af42dfad3a1048c38802342d51fe5cd6 in current term 1: Already voted for candidate d4b0884ce6334ca0b6a0164f22be786c in this term.
I20260630 12:12:41.283648  3114 tablet_service.cc:1917] Received RequestConsensusVote() RPC: tablet_id: "43982657f627435e8a8786827a126de7" candidate_uuid: "d4b0884ce6334ca0b6a0164f22be786c" candidate_term: 1 candidate_status { last_received { term: 0 index: 0 } } ignore_live_leader: false dest_uuid: "2b38c8523a74416e97e918b68903b31b"
I20260630 12:12:41.283964  3241 leader_election.cc:290] T 43982657f627435e8a8786827a126de7 P d4b0884ce6334ca0b6a0164f22be786c [CANDIDATE]: Term 1 election: Requested vote from peers 2b38c8523a74416e97e918b68903b31b (127.0.107.194:44529), af42dfad3a1048c38802342d51fe5cd6 (127.0.107.195:33661)
I20260630 12:12:41.284477  3114 raft_consensus.cc:3060] T 43982657f627435e8a8786827a126de7 P 2b38c8523a74416e97e918b68903b31b [term 0 FOLLOWER]: Advancing to term 1
I20260630 12:12:41.286798  3262 raft_consensus.cc:515] T 97aab1dfa41a451bb647e8cf46add9d3 P d4b0884ce6334ca0b6a0164f22be786c [term 1 FOLLOWER]: Starting leader election with config: opid_index: -1 OBSOLETE_local: false peers { permanent_uuid: "d4b0884ce6334ca0b6a0164f22be786c" member_type: VOTER last_known_addr { host: "127.0.107.193" port: 34929 } } peers { permanent_uuid: "2b38c8523a74416e97e918b68903b31b" member_type: VOTER last_known_addr { host: "127.0.107.194" port: 44529 } } peers { permanent_uuid: "af42dfad3a1048c38802342d51fe5cd6" member_type: VOTER last_known_addr { host: "127.0.107.195" port: 33661 } }
I20260630 12:12:41.290633  3115 tablet_service.cc:1917] Received RequestConsensusVote() RPC: tablet_id: "97aab1dfa41a451bb647e8cf46add9d3" candidate_uuid: "d4b0884ce6334ca0b6a0164f22be786c" candidate_term: 1 candidate_status { last_received { term: 0 index: 0 } } ignore_live_leader: false dest_uuid: "2b38c8523a74416e97e918b68903b31b"
I20260630 12:12:41.290895  3262 leader_election.cc:290] T 97aab1dfa41a451bb647e8cf46add9d3 P d4b0884ce6334ca0b6a0164f22be786c [CANDIDATE]: Term 1 election: Requested vote from peers 2b38c8523a74416e97e918b68903b31b (127.0.107.194:44529), af42dfad3a1048c38802342d51fe5cd6 (127.0.107.195:33661)
I20260630 12:12:41.291496  3115 raft_consensus.cc:3060] T 97aab1dfa41a451bb647e8cf46add9d3 P 2b38c8523a74416e97e918b68903b31b [term 0 FOLLOWER]: Advancing to term 1
I20260630 12:12:41.295370  3114 raft_consensus.cc:2468] T 43982657f627435e8a8786827a126de7 P 2b38c8523a74416e97e918b68903b31b [term 1 FOLLOWER]: Leader election vote request: Granting yes vote for candidate d4b0884ce6334ca0b6a0164f22be786c in term 1.
I20260630 12:12:41.296425  3004 leader_election.cc:304] T 43982657f627435e8a8786827a126de7 P d4b0884ce6334ca0b6a0164f22be786c [CANDIDATE]: Term 1 election: Election decided. Result: candidate won. Election summary: received 2 responses out of 3 voters: 2 yes votes; 0 no votes. yes voters: 2b38c8523a74416e97e918b68903b31b, d4b0884ce6334ca0b6a0164f22be786c; no voters: 
I20260630 12:12:41.297940  3262 raft_consensus.cc:2804] T 43982657f627435e8a8786827a126de7 P d4b0884ce6334ca0b6a0164f22be786c [term 1 FOLLOWER]: Leader election won for term 1
I20260630 12:12:41.299134  3262 raft_consensus.cc:697] T 43982657f627435e8a8786827a126de7 P d4b0884ce6334ca0b6a0164f22be786c [term 1 LEADER]: Becoming Leader. State: Replica: d4b0884ce6334ca0b6a0164f22be786c, State: Running, Role: LEADER
I20260630 12:12:41.299548  3116 raft_consensus.cc:2468] T 54ef1b9c11334e7a8ac4eaf8f743fda7 P 2b38c8523a74416e97e918b68903b31b [term 1 FOLLOWER]: Leader election vote request: Granting yes vote for candidate d4b0884ce6334ca0b6a0164f22be786c in term 1.
I20260630 12:12:41.300069  3262 consensus_queue.cc:237] T 43982657f627435e8a8786827a126de7 P d4b0884ce6334ca0b6a0164f22be786c [LEADER]: Queue going to LEADER mode. State: All replicated index: 0, Majority replicated index: 0, Committed index: 0, Last appended: 0.0, Last appended by leader: 0, Current term: 1, Majority size: 2, State: 0, Mode: LEADER, active raft config: opid_index: -1 OBSOLETE_local: false peers { permanent_uuid: "d4b0884ce6334ca0b6a0164f22be786c" member_type: VOTER last_known_addr { host: "127.0.107.193" port: 34929 } } peers { permanent_uuid: "2b38c8523a74416e97e918b68903b31b" member_type: VOTER last_known_addr { host: "127.0.107.194" port: 44529 } } peers { permanent_uuid: "af42dfad3a1048c38802342d51fe5cd6" member_type: VOTER last_known_addr { host: "127.0.107.195" port: 33661 } }
W20260630 12:12:41.301668  3005 outbound_call.cc:321] RPC callback for RPC call kudu.consensus.ConsensusService.RequestConsensusVote -> {remote=127.0.107.195:33661, user_credentials={real_user=slave}} blocked reactor thread for 49569.8us
I20260630 12:12:41.303426  3189 tablet_service.cc:1917] Received RequestConsensusVote() RPC: tablet_id: "54ef1b9c11334e7a8ac4eaf8f743fda7" candidate_uuid: "d4b0884ce6334ca0b6a0164f22be786c" candidate_term: 1 candidate_status { last_received { term: 0 index: 0 } } ignore_live_leader: false dest_uuid: "af42dfad3a1048c38802342d51fe5cd6"
I20260630 12:12:41.304227  3189 raft_consensus.cc:2393] T 54ef1b9c11334e7a8ac4eaf8f743fda7 P af42dfad3a1048c38802342d51fe5cd6 [term 1 FOLLOWER]: Leader election vote request: Denying vote to candidate d4b0884ce6334ca0b6a0164f22be786c in current term 1: Already voted for candidate af42dfad3a1048c38802342d51fe5cd6 in this term.
I20260630 12:12:41.306648  3189 tablet_service.cc:1917] Received RequestConsensusVote() RPC: tablet_id: "43982657f627435e8a8786827a126de7" candidate_uuid: "d4b0884ce6334ca0b6a0164f22be786c" candidate_term: 1 candidate_status { last_received { term: 0 index: 0 } } ignore_live_leader: false dest_uuid: "af42dfad3a1048c38802342d51fe5cd6"
I20260630 12:12:41.307667  3189 raft_consensus.cc:2393] T 43982657f627435e8a8786827a126de7 P af42dfad3a1048c38802342d51fe5cd6 [term 1 FOLLOWER]: Leader election vote request: Denying vote to candidate d4b0884ce6334ca0b6a0164f22be786c in current term 1: Already voted for candidate af42dfad3a1048c38802342d51fe5cd6 in this term.
I20260630 12:12:41.309986  3115 raft_consensus.cc:2468] T 97aab1dfa41a451bb647e8cf46add9d3 P 2b38c8523a74416e97e918b68903b31b [term 1 FOLLOWER]: Leader election vote request: Granting yes vote for candidate d4b0884ce6334ca0b6a0164f22be786c in term 1.
I20260630 12:12:41.310225  3189 tablet_service.cc:1917] Received RequestConsensusVote() RPC: tablet_id: "97aab1dfa41a451bb647e8cf46add9d3" candidate_uuid: "d4b0884ce6334ca0b6a0164f22be786c" candidate_term: 1 candidate_status { last_received { term: 0 index: 0 } } ignore_live_leader: false dest_uuid: "af42dfad3a1048c38802342d51fe5cd6"
I20260630 12:12:41.311043  3189 raft_consensus.cc:3060] T 97aab1dfa41a451bb647e8cf46add9d3 P af42dfad3a1048c38802342d51fe5cd6 [term 0 FOLLOWER]: Advancing to term 1
I20260630 12:12:41.311568  3004 leader_election.cc:304] T 97aab1dfa41a451bb647e8cf46add9d3 P d4b0884ce6334ca0b6a0164f22be786c [CANDIDATE]: Term 1 election: Election decided. Result: candidate won. Election summary: received 2 responses out of 3 voters: 2 yes votes; 0 no votes. yes voters: 2b38c8523a74416e97e918b68903b31b, d4b0884ce6334ca0b6a0164f22be786c; no voters: 
I20260630 12:12:41.313174  3265 raft_consensus.cc:2804] T 97aab1dfa41a451bb647e8cf46add9d3 P d4b0884ce6334ca0b6a0164f22be786c [term 1 FOLLOWER]: Leader election won for term 1
I20260630 12:12:41.314049  3265 raft_consensus.cc:697] T 97aab1dfa41a451bb647e8cf46add9d3 P d4b0884ce6334ca0b6a0164f22be786c [term 1 LEADER]: Becoming Leader. State: Replica: d4b0884ce6334ca0b6a0164f22be786c, State: Running, Role: LEADER
I20260630 12:12:41.323127  3189 raft_consensus.cc:2468] T 97aab1dfa41a451bb647e8cf46add9d3 P af42dfad3a1048c38802342d51fe5cd6 [term 1 FOLLOWER]: Leader election vote request: Granting yes vote for candidate d4b0884ce6334ca0b6a0164f22be786c in term 1.
I20260630 12:12:41.323279  3004 leader_election.cc:304] T 54ef1b9c11334e7a8ac4eaf8f743fda7 P d4b0884ce6334ca0b6a0164f22be786c [CANDIDATE]: Term 1 election: Election decided. Result: candidate won. Election summary: received 3 responses out of 3 voters: 2 yes votes; 1 no votes. yes voters: 2b38c8523a74416e97e918b68903b31b, d4b0884ce6334ca0b6a0164f22be786c; no voters: af42dfad3a1048c38802342d51fe5cd6
I20260630 12:12:41.324591  3262 raft_consensus.cc:2804] T 54ef1b9c11334e7a8ac4eaf8f743fda7 P d4b0884ce6334ca0b6a0164f22be786c [term 1 FOLLOWER]: Leader election won for term 1
I20260630 12:12:41.325292  3262 raft_consensus.cc:697] T 54ef1b9c11334e7a8ac4eaf8f743fda7 P d4b0884ce6334ca0b6a0164f22be786c [term 1 LEADER]: Becoming Leader. State: Replica: d4b0884ce6334ca0b6a0164f22be786c, State: Running, Role: LEADER
I20260630 12:12:41.315155  3265 consensus_queue.cc:237] T 97aab1dfa41a451bb647e8cf46add9d3 P d4b0884ce6334ca0b6a0164f22be786c [LEADER]: Queue going to LEADER mode. State: All replicated index: 0, Majority replicated index: 0, Committed index: 0, Last appended: 0.0, Last appended by leader: 0, Current term: 1, Majority size: 2, State: 0, Mode: LEADER, active raft config: opid_index: -1 OBSOLETE_local: false peers { permanent_uuid: "d4b0884ce6334ca0b6a0164f22be786c" member_type: VOTER last_known_addr { host: "127.0.107.193" port: 34929 } } peers { permanent_uuid: "2b38c8523a74416e97e918b68903b31b" member_type: VOTER last_known_addr { host: "127.0.107.194" port: 44529 } } peers { permanent_uuid: "af42dfad3a1048c38802342d51fe5cd6" member_type: VOTER last_known_addr { host: "127.0.107.195" port: 33661 } }
I20260630 12:12:41.326107  3262 consensus_queue.cc:237] T 54ef1b9c11334e7a8ac4eaf8f743fda7 P d4b0884ce6334ca0b6a0164f22be786c [LEADER]: Queue going to LEADER mode. State: All replicated index: 0, Majority replicated index: 0, Committed index: 0, Last appended: 0.0, Last appended by leader: 0, Current term: 1, Majority size: 2, State: 0, Mode: LEADER, active raft config: opid_index: -1 OBSOLETE_local: false peers { permanent_uuid: "d4b0884ce6334ca0b6a0164f22be786c" member_type: VOTER last_known_addr { host: "127.0.107.193" port: 34929 } } peers { permanent_uuid: "2b38c8523a74416e97e918b68903b31b" member_type: VOTER last_known_addr { host: "127.0.107.194" port: 44529 } } peers { permanent_uuid: "af42dfad3a1048c38802342d51fe5cd6" member_type: VOTER last_known_addr { host: "127.0.107.195" port: 33661 } }
I20260630 12:12:41.325783  2936 catalog_manager.cc:5697] T 43982657f627435e8a8786827a126de7 P d4b0884ce6334ca0b6a0164f22be786c reported cstate change: term changed from 0 to 1, leader changed from <none> to d4b0884ce6334ca0b6a0164f22be786c (127.0.107.193). New cstate: current_term: 1 leader_uuid: "d4b0884ce6334ca0b6a0164f22be786c" committed_config { opid_index: -1 OBSOLETE_local: false peers { permanent_uuid: "d4b0884ce6334ca0b6a0164f22be786c" member_type: VOTER last_known_addr { host: "127.0.107.193" port: 34929 } health_report { overall_health: HEALTHY } } peers { permanent_uuid: "2b38c8523a74416e97e918b68903b31b" member_type: VOTER last_known_addr { host: "127.0.107.194" port: 44529 } health_report { overall_health: UNKNOWN } } peers { permanent_uuid: "af42dfad3a1048c38802342d51fe5cd6" member_type: VOTER last_known_addr { host: "127.0.107.195" port: 33661 } health_report { overall_health: UNKNOWN } } }
I20260630 12:12:41.334393  3116 tablet_service.cc:1917] Received RequestConsensusVote() RPC: tablet_id: "54ef1b9c11334e7a8ac4eaf8f743fda7" candidate_uuid: "af42dfad3a1048c38802342d51fe5cd6" candidate_term: 1 candidate_status { last_received { term: 0 index: 0 } } ignore_live_leader: false dest_uuid: "2b38c8523a74416e97e918b68903b31b" is_pre_election: true
I20260630 12:12:41.335243  3116 raft_consensus.cc:2393] T 54ef1b9c11334e7a8ac4eaf8f743fda7 P 2b38c8523a74416e97e918b68903b31b [term 1 FOLLOWER]: Leader pre-election vote request: Denying vote to candidate af42dfad3a1048c38802342d51fe5cd6 in current term 1: Already voted for candidate d4b0884ce6334ca0b6a0164f22be786c in this term.
I20260630 12:12:41.336225  3114 tablet_service.cc:1917] Received RequestConsensusVote() RPC: tablet_id: "43982657f627435e8a8786827a126de7" candidate_uuid: "af42dfad3a1048c38802342d51fe5cd6" candidate_term: 1 candidate_status { last_received { term: 0 index: 0 } } ignore_live_leader: false dest_uuid: "2b38c8523a74416e97e918b68903b31b" is_pre_election: true
I20260630 12:12:41.336663  3115 tablet_service.cc:1917] Received RequestConsensusVote() RPC: tablet_id: "54ef1b9c11334e7a8ac4eaf8f743fda7" candidate_uuid: "af42dfad3a1048c38802342d51fe5cd6" candidate_term: 1 candidate_status { last_received { term: 0 index: 0 } } ignore_live_leader: false dest_uuid: "2b38c8523a74416e97e918b68903b31b"
I20260630 12:12:41.337024  3114 raft_consensus.cc:2393] T 43982657f627435e8a8786827a126de7 P 2b38c8523a74416e97e918b68903b31b [term 1 FOLLOWER]: Leader pre-election vote request: Denying vote to candidate af42dfad3a1048c38802342d51fe5cd6 in current term 1: Already voted for candidate d4b0884ce6334ca0b6a0164f22be786c in this term.
I20260630 12:12:41.337181  3040 tablet_service.cc:1917] Received RequestConsensusVote() RPC: tablet_id: "43982657f627435e8a8786827a126de7" candidate_uuid: "2b38c8523a74416e97e918b68903b31b" candidate_term: 1 candidate_status { last_received { term: 0 index: 0 } } ignore_live_leader: false dest_uuid: "d4b0884ce6334ca0b6a0164f22be786c" is_pre_election: true
I20260630 12:12:41.337953  3041 tablet_service.cc:1917] Received RequestConsensusVote() RPC: tablet_id: "97aab1dfa41a451bb647e8cf46add9d3" candidate_uuid: "2b38c8523a74416e97e918b68903b31b" candidate_term: 1 candidate_status { last_received { term: 0 index: 0 } } ignore_live_leader: false dest_uuid: "d4b0884ce6334ca0b6a0164f22be786c" is_pre_election: true
I20260630 12:12:41.339178  3116 tablet_service.cc:1917] Received RequestConsensusVote() RPC: tablet_id: "43982657f627435e8a8786827a126de7" candidate_uuid: "af42dfad3a1048c38802342d51fe5cd6" candidate_term: 1 candidate_status { last_received { term: 0 index: 0 } } ignore_live_leader: false dest_uuid: "2b38c8523a74416e97e918b68903b31b"
I20260630 12:12:41.339929  3116 raft_consensus.cc:2393] T 43982657f627435e8a8786827a126de7 P 2b38c8523a74416e97e918b68903b31b [term 1 FOLLOWER]: Leader election vote request: Denying vote to candidate af42dfad3a1048c38802342d51fe5cd6 in current term 1: Already voted for candidate d4b0884ce6334ca0b6a0164f22be786c in this term.
I20260630 12:12:41.337448  3115 raft_consensus.cc:2393] T 54ef1b9c11334e7a8ac4eaf8f743fda7 P 2b38c8523a74416e97e918b68903b31b [term 1 FOLLOWER]: Leader election vote request: Denying vote to candidate af42dfad3a1048c38802342d51fe5cd6 in current term 1: Already voted for candidate d4b0884ce6334ca0b6a0164f22be786c in this term.
I20260630 12:12:41.339850  3189 tablet_service.cc:1917] Received RequestConsensusVote() RPC: tablet_id: "43982657f627435e8a8786827a126de7" candidate_uuid: "2b38c8523a74416e97e918b68903b31b" candidate_term: 1 candidate_status { last_received { term: 0 index: 0 } } ignore_live_leader: false dest_uuid: "af42dfad3a1048c38802342d51fe5cd6" is_pre_election: true
I20260630 12:12:41.339938  3188 tablet_service.cc:1917] Received RequestConsensusVote() RPC: tablet_id: "97aab1dfa41a451bb647e8cf46add9d3" candidate_uuid: "2b38c8523a74416e97e918b68903b31b" candidate_term: 1 candidate_status { last_received { term: 0 index: 0 } } ignore_live_leader: false dest_uuid: "af42dfad3a1048c38802342d51fe5cd6" is_pre_election: true
I20260630 12:12:41.341140  3189 raft_consensus.cc:2393] T 43982657f627435e8a8786827a126de7 P af42dfad3a1048c38802342d51fe5cd6 [term 1 FOLLOWER]: Leader pre-election vote request: Denying vote to candidate 2b38c8523a74416e97e918b68903b31b in current term 1: Already voted for candidate af42dfad3a1048c38802342d51fe5cd6 in this term.
I20260630 12:12:41.341536  3188 raft_consensus.cc:2393] T 97aab1dfa41a451bb647e8cf46add9d3 P af42dfad3a1048c38802342d51fe5cd6 [term 1 FOLLOWER]: Leader pre-election vote request: Denying vote to candidate 2b38c8523a74416e97e918b68903b31b in current term 1: Already voted for candidate d4b0884ce6334ca0b6a0164f22be786c in this term.
I20260630 12:12:41.342056  3153 leader_election.cc:304] T 43982657f627435e8a8786827a126de7 P af42dfad3a1048c38802342d51fe5cd6 [CANDIDATE]: Term 1 election: Election decided. Result: candidate lost. Election summary: received 3 responses out of 3 voters: 1 yes votes; 2 no votes. yes voters: af42dfad3a1048c38802342d51fe5cd6; no voters: 2b38c8523a74416e97e918b68903b31b, d4b0884ce6334ca0b6a0164f22be786c
I20260630 12:12:41.342903  3258 raft_consensus.cc:2749] T 43982657f627435e8a8786827a126de7 P af42dfad3a1048c38802342d51fe5cd6 [term 1 FOLLOWER]: Leader election lost for term 1. Reason: could not achieve majority
I20260630 12:12:41.343372  3153 leader_election.cc:304] T 54ef1b9c11334e7a8ac4eaf8f743fda7 P af42dfad3a1048c38802342d51fe5cd6 [CANDIDATE]: Term 1 election: Election decided. Result: candidate lost. Election summary: received 3 responses out of 3 voters: 1 yes votes; 2 no votes. yes voters: af42dfad3a1048c38802342d51fe5cd6; no voters: 2b38c8523a74416e97e918b68903b31b, d4b0884ce6334ca0b6a0164f22be786c
I20260630 12:12:41.344147  3258 raft_consensus.cc:2749] T 54ef1b9c11334e7a8ac4eaf8f743fda7 P af42dfad3a1048c38802342d51fe5cd6 [term 1 FOLLOWER]: Leader election lost for term 1. Reason: could not achieve majority
I20260630 12:12:41.345494  3080 leader_election.cc:304] T 43982657f627435e8a8786827a126de7 P 2b38c8523a74416e97e918b68903b31b [CANDIDATE]: Term 1 pre-election: Election decided. Result: candidate lost. Election summary: received 3 responses out of 3 voters: 1 yes votes; 2 no votes. yes voters: 2b38c8523a74416e97e918b68903b31b; no voters: af42dfad3a1048c38802342d51fe5cd6, d4b0884ce6334ca0b6a0164f22be786c
I20260630 12:12:41.346318  3242 raft_consensus.cc:2749] T 43982657f627435e8a8786827a126de7 P 2b38c8523a74416e97e918b68903b31b [term 1 FOLLOWER]: Leader pre-election lost for term 1. Reason: could not achieve majority
I20260630 12:12:41.346699  3080 leader_election.cc:304] T 97aab1dfa41a451bb647e8cf46add9d3 P 2b38c8523a74416e97e918b68903b31b [CANDIDATE]: Term 1 pre-election: Election decided. Result: candidate lost. Election summary: received 3 responses out of 3 voters: 1 yes votes; 2 no votes. yes voters: 2b38c8523a74416e97e918b68903b31b; no voters: af42dfad3a1048c38802342d51fe5cd6, d4b0884ce6334ca0b6a0164f22be786c
I20260630 12:12:41.347474  3242 raft_consensus.cc:2749] T 97aab1dfa41a451bb647e8cf46add9d3 P 2b38c8523a74416e97e918b68903b31b [term 1 FOLLOWER]: Leader pre-election lost for term 1. Reason: could not achieve majority
I20260630 12:12:41.349324  2936 catalog_manager.cc:5697] T 97aab1dfa41a451bb647e8cf46add9d3 P d4b0884ce6334ca0b6a0164f22be786c reported cstate change: term changed from 0 to 1, leader changed from <none> to d4b0884ce6334ca0b6a0164f22be786c (127.0.107.193). New cstate: current_term: 1 leader_uuid: "d4b0884ce6334ca0b6a0164f22be786c" committed_config { opid_index: -1 OBSOLETE_local: false peers { permanent_uuid: "d4b0884ce6334ca0b6a0164f22be786c" member_type: VOTER last_known_addr { host: "127.0.107.193" port: 34929 } health_report { overall_health: HEALTHY } } peers { permanent_uuid: "2b38c8523a74416e97e918b68903b31b" member_type: VOTER last_known_addr { host: "127.0.107.194" port: 44529 } health_report { overall_health: UNKNOWN } } peers { permanent_uuid: "af42dfad3a1048c38802342d51fe5cd6" member_type: VOTER last_known_addr { host: "127.0.107.195" port: 33661 } health_report { overall_health: UNKNOWN } } }
I20260630 12:12:41.350571  2936 catalog_manager.cc:5697] T 54ef1b9c11334e7a8ac4eaf8f743fda7 P d4b0884ce6334ca0b6a0164f22be786c reported cstate change: term changed from 0 to 1, leader changed from <none> to d4b0884ce6334ca0b6a0164f22be786c (127.0.107.193). New cstate: current_term: 1 leader_uuid: "d4b0884ce6334ca0b6a0164f22be786c" committed_config { opid_index: -1 OBSOLETE_local: false peers { permanent_uuid: "d4b0884ce6334ca0b6a0164f22be786c" member_type: VOTER last_known_addr { host: "127.0.107.193" port: 34929 } health_report { overall_health: HEALTHY } } peers { permanent_uuid: "2b38c8523a74416e97e918b68903b31b" member_type: VOTER last_known_addr { host: "127.0.107.194" port: 44529 } health_report { overall_health: UNKNOWN } } peers { permanent_uuid: "af42dfad3a1048c38802342d51fe5cd6" member_type: VOTER last_known_addr { host: "127.0.107.195" port: 33661 } health_report { overall_health: UNKNOWN } } }
I20260630 12:12:41.397197  3242 raft_consensus.cc:493] T d36f71f507fa4150920f03785e0b8246 P 2b38c8523a74416e97e918b68903b31b [term 0 FOLLOWER]: Starting pre-election (no leader contacted us within the election timeout)
I20260630 12:12:41.397665  3242 raft_consensus.cc:515] T d36f71f507fa4150920f03785e0b8246 P 2b38c8523a74416e97e918b68903b31b [term 0 FOLLOWER]: Starting pre-election with config: opid_index: -1 OBSOLETE_local: false peers { permanent_uuid: "d4b0884ce6334ca0b6a0164f22be786c" member_type: VOTER last_known_addr { host: "127.0.107.193" port: 34929 } } peers { permanent_uuid: "2b38c8523a74416e97e918b68903b31b" member_type: VOTER last_known_addr { host: "127.0.107.194" port: 44529 } } peers { permanent_uuid: "af42dfad3a1048c38802342d51fe5cd6" member_type: VOTER last_known_addr { host: "127.0.107.195" port: 33661 } }
I20260630 12:12:41.399590  3242 leader_election.cc:290] T d36f71f507fa4150920f03785e0b8246 P 2b38c8523a74416e97e918b68903b31b [CANDIDATE]: Term 1 pre-election: Requested pre-vote from peers d4b0884ce6334ca0b6a0164f22be786c (127.0.107.193:34929), af42dfad3a1048c38802342d51fe5cd6 (127.0.107.195:33661)
I20260630 12:12:41.400327  3041 tablet_service.cc:1917] Received RequestConsensusVote() RPC: tablet_id: "d36f71f507fa4150920f03785e0b8246" candidate_uuid: "2b38c8523a74416e97e918b68903b31b" candidate_term: 1 candidate_status { last_received { term: 0 index: 0 } } ignore_live_leader: false dest_uuid: "d4b0884ce6334ca0b6a0164f22be786c" is_pre_election: true
I20260630 12:12:41.400570  3188 tablet_service.cc:1917] Received RequestConsensusVote() RPC: tablet_id: "d36f71f507fa4150920f03785e0b8246" candidate_uuid: "2b38c8523a74416e97e918b68903b31b" candidate_term: 1 candidate_status { last_received { term: 0 index: 0 } } ignore_live_leader: false dest_uuid: "af42dfad3a1048c38802342d51fe5cd6" is_pre_election: true
I20260630 12:12:41.400856  3041 raft_consensus.cc:2468] T d36f71f507fa4150920f03785e0b8246 P d4b0884ce6334ca0b6a0164f22be786c [term 0 FOLLOWER]: Leader pre-election vote request: Granting yes vote for candidate 2b38c8523a74416e97e918b68903b31b in term 0.
I20260630 12:12:41.401147  3188 raft_consensus.cc:2468] T d36f71f507fa4150920f03785e0b8246 P af42dfad3a1048c38802342d51fe5cd6 [term 0 FOLLOWER]: Leader pre-election vote request: Granting yes vote for candidate 2b38c8523a74416e97e918b68903b31b in term 0.
I20260630 12:12:41.401851  3080 leader_election.cc:304] T d36f71f507fa4150920f03785e0b8246 P 2b38c8523a74416e97e918b68903b31b [CANDIDATE]: Term 1 pre-election: Election decided. Result: candidate won. Election summary: received 2 responses out of 3 voters: 2 yes votes; 0 no votes. yes voters: 2b38c8523a74416e97e918b68903b31b, d4b0884ce6334ca0b6a0164f22be786c; no voters: 
I20260630 12:12:41.402483  3242 raft_consensus.cc:2804] T d36f71f507fa4150920f03785e0b8246 P 2b38c8523a74416e97e918b68903b31b [term 0 FOLLOWER]: Leader pre-election won for term 1
I20260630 12:12:41.402827  3242 raft_consensus.cc:493] T d36f71f507fa4150920f03785e0b8246 P 2b38c8523a74416e97e918b68903b31b [term 0 FOLLOWER]: Starting leader election (no leader contacted us within the election timeout)
I20260630 12:12:41.403110  3242 raft_consensus.cc:3060] T d36f71f507fa4150920f03785e0b8246 P 2b38c8523a74416e97e918b68903b31b [term 0 FOLLOWER]: Advancing to term 1
I20260630 12:12:41.407594  3242 raft_consensus.cc:515] T d36f71f507fa4150920f03785e0b8246 P 2b38c8523a74416e97e918b68903b31b [term 1 FOLLOWER]: Starting leader election with config: opid_index: -1 OBSOLETE_local: false peers { permanent_uuid: "d4b0884ce6334ca0b6a0164f22be786c" member_type: VOTER last_known_addr { host: "127.0.107.193" port: 34929 } } peers { permanent_uuid: "2b38c8523a74416e97e918b68903b31b" member_type: VOTER last_known_addr { host: "127.0.107.194" port: 44529 } } peers { permanent_uuid: "af42dfad3a1048c38802342d51fe5cd6" member_type: VOTER last_known_addr { host: "127.0.107.195" port: 33661 } }
I20260630 12:12:41.409183  3242 leader_election.cc:290] T d36f71f507fa4150920f03785e0b8246 P 2b38c8523a74416e97e918b68903b31b [CANDIDATE]: Term 1 election: Requested vote from peers d4b0884ce6334ca0b6a0164f22be786c (127.0.107.193:34929), af42dfad3a1048c38802342d51fe5cd6 (127.0.107.195:33661)
I20260630 12:12:41.409858  3041 tablet_service.cc:1917] Received RequestConsensusVote() RPC: tablet_id: "d36f71f507fa4150920f03785e0b8246" candidate_uuid: "2b38c8523a74416e97e918b68903b31b" candidate_term: 1 candidate_status { last_received { term: 0 index: 0 } } ignore_live_leader: false dest_uuid: "d4b0884ce6334ca0b6a0164f22be786c"
I20260630 12:12:41.410120  3188 tablet_service.cc:1917] Received RequestConsensusVote() RPC: tablet_id: "d36f71f507fa4150920f03785e0b8246" candidate_uuid: "2b38c8523a74416e97e918b68903b31b" candidate_term: 1 candidate_status { last_received { term: 0 index: 0 } } ignore_live_leader: false dest_uuid: "af42dfad3a1048c38802342d51fe5cd6"
I20260630 12:12:41.410418  3041 raft_consensus.cc:3060] T d36f71f507fa4150920f03785e0b8246 P d4b0884ce6334ca0b6a0164f22be786c [term 0 FOLLOWER]: Advancing to term 1
I20260630 12:12:41.410672  3188 raft_consensus.cc:3060] T d36f71f507fa4150920f03785e0b8246 P af42dfad3a1048c38802342d51fe5cd6 [term 0 FOLLOWER]: Advancing to term 1
I20260630 12:12:41.417485  3188 raft_consensus.cc:2468] T d36f71f507fa4150920f03785e0b8246 P af42dfad3a1048c38802342d51fe5cd6 [term 1 FOLLOWER]: Leader election vote request: Granting yes vote for candidate 2b38c8523a74416e97e918b68903b31b in term 1.
I20260630 12:12:41.417485  3041 raft_consensus.cc:2468] T d36f71f507fa4150920f03785e0b8246 P d4b0884ce6334ca0b6a0164f22be786c [term 1 FOLLOWER]: Leader election vote request: Granting yes vote for candidate 2b38c8523a74416e97e918b68903b31b in term 1.
I20260630 12:12:41.418867  3080 leader_election.cc:304] T d36f71f507fa4150920f03785e0b8246 P 2b38c8523a74416e97e918b68903b31b [CANDIDATE]: Term 1 election: Election decided. Result: candidate won. Election summary: received 2 responses out of 3 voters: 2 yes votes; 0 no votes. yes voters: 2b38c8523a74416e97e918b68903b31b, d4b0884ce6334ca0b6a0164f22be786c; no voters: 
I20260630 12:12:41.419561  3242 raft_consensus.cc:2804] T d36f71f507fa4150920f03785e0b8246 P 2b38c8523a74416e97e918b68903b31b [term 1 FOLLOWER]: Leader election won for term 1
I20260630 12:12:41.420539  3242 raft_consensus.cc:697] T d36f71f507fa4150920f03785e0b8246 P 2b38c8523a74416e97e918b68903b31b [term 1 LEADER]: Becoming Leader. State: Replica: 2b38c8523a74416e97e918b68903b31b, State: Running, Role: LEADER
I20260630 12:12:41.421267  3242 consensus_queue.cc:237] T d36f71f507fa4150920f03785e0b8246 P 2b38c8523a74416e97e918b68903b31b [LEADER]: Queue going to LEADER mode. State: All replicated index: 0, Majority replicated index: 0, Committed index: 0, Last appended: 0.0, Last appended by leader: 0, Current term: 1, Majority size: 2, State: 0, Mode: LEADER, active raft config: opid_index: -1 OBSOLETE_local: false peers { permanent_uuid: "d4b0884ce6334ca0b6a0164f22be786c" member_type: VOTER last_known_addr { host: "127.0.107.193" port: 34929 } } peers { permanent_uuid: "2b38c8523a74416e97e918b68903b31b" member_type: VOTER last_known_addr { host: "127.0.107.194" port: 44529 } } peers { permanent_uuid: "af42dfad3a1048c38802342d51fe5cd6" member_type: VOTER last_known_addr { host: "127.0.107.195" port: 33661 } }
I20260630 12:12:41.427654  2936 catalog_manager.cc:5697] T d36f71f507fa4150920f03785e0b8246 P 2b38c8523a74416e97e918b68903b31b reported cstate change: term changed from 0 to 1, leader changed from <none> to 2b38c8523a74416e97e918b68903b31b (127.0.107.194). New cstate: current_term: 1 leader_uuid: "2b38c8523a74416e97e918b68903b31b" committed_config { opid_index: -1 OBSOLETE_local: false peers { permanent_uuid: "d4b0884ce6334ca0b6a0164f22be786c" member_type: VOTER last_known_addr { host: "127.0.107.193" port: 34929 } health_report { overall_health: UNKNOWN } } peers { permanent_uuid: "2b38c8523a74416e97e918b68903b31b" member_type: VOTER last_known_addr { host: "127.0.107.194" port: 44529 } health_report { overall_health: HEALTHY } } peers { permanent_uuid: "af42dfad3a1048c38802342d51fe5cd6" member_type: VOTER last_known_addr { host: "127.0.107.195" port: 33661 } health_report { overall_health: UNKNOWN } } }
I20260630 12:12:41.495545   431 tablet_server.cc:179] TabletServer@127.0.107.193:0 shutting down...
I20260630 12:12:41.499054  2992 auto_leader_rebalancer.cc:141] leader rebalance for table range_aware_auto_rebalancer_test
I20260630 12:12:41.519439   431 ts_tablet_manager.cc:1507] Shutting down tablet manager...
I20260630 12:12:41.520334   431 tablet_replica.cc:333] T 54ef1b9c11334e7a8ac4eaf8f743fda7 P d4b0884ce6334ca0b6a0164f22be786c: stopping tablet replica
I20260630 12:12:41.520938   431 raft_consensus.cc:2243] T 54ef1b9c11334e7a8ac4eaf8f743fda7 P d4b0884ce6334ca0b6a0164f22be786c [term 1 LEADER]: Raft consensus shutting down.
I20260630 12:12:41.521518   431 pending_rounds.cc:70] T 54ef1b9c11334e7a8ac4eaf8f743fda7 P d4b0884ce6334ca0b6a0164f22be786c: Trying to abort 1 pending ops.
I20260630 12:12:41.521766   431 pending_rounds.cc:77] T 54ef1b9c11334e7a8ac4eaf8f743fda7 P d4b0884ce6334ca0b6a0164f22be786c: Aborting op as it isn't in flight: id { term: 1 index: 1 } timestamp: 7302437115201015808 op_type: NO_OP noop_request { }
I20260630 12:12:41.522094   431 raft_consensus.cc:2889] T 54ef1b9c11334e7a8ac4eaf8f743fda7 P d4b0884ce6334ca0b6a0164f22be786c [term 1 LEADER]: NO_OP replication failed: Aborted: Op aborted
I20260630 12:12:41.522377   431 raft_consensus.cc:2272] T 54ef1b9c11334e7a8ac4eaf8f743fda7 P d4b0884ce6334ca0b6a0164f22be786c [term 1 FOLLOWER]: Raft consensus is shut down!
I20260630 12:12:41.524976   431 tablet_replica.cc:333] T 97aab1dfa41a451bb647e8cf46add9d3 P d4b0884ce6334ca0b6a0164f22be786c: stopping tablet replica
W20260630 12:12:41.525111  2992 auto_leader_rebalancer.cc:524] the master instance isn't leader: Remote error: Service unavailable: service kudu.consensus.ConsensusService not registered on TabletServer
I20260630 12:12:41.525535   431 raft_consensus.cc:2243] T 97aab1dfa41a451bb647e8cf46add9d3 P d4b0884ce6334ca0b6a0164f22be786c [term 1 LEADER]: Raft consensus shutting down.
I20260630 12:12:41.526110   431 pending_rounds.cc:70] T 97aab1dfa41a451bb647e8cf46add9d3 P d4b0884ce6334ca0b6a0164f22be786c: Trying to abort 1 pending ops.
I20260630 12:12:41.526324   431 pending_rounds.cc:77] T 97aab1dfa41a451bb647e8cf46add9d3 P d4b0884ce6334ca0b6a0164f22be786c: Aborting op as it isn't in flight: id { term: 1 index: 1 } timestamp: 7302437115200208896 op_type: NO_OP noop_request { }
I20260630 12:12:41.526594   431 raft_consensus.cc:2889] T 97aab1dfa41a451bb647e8cf46add9d3 P d4b0884ce6334ca0b6a0164f22be786c [term 1 LEADER]: NO_OP replication failed: Aborted: Op aborted
I20260630 12:12:41.526865   431 raft_consensus.cc:2272] T 97aab1dfa41a451bb647e8cf46add9d3 P d4b0884ce6334ca0b6a0164f22be786c [term 1 FOLLOWER]: Raft consensus is shut down!
I20260630 12:12:41.529040   431 tablet_replica.cc:333] T d36f71f507fa4150920f03785e0b8246 P d4b0884ce6334ca0b6a0164f22be786c: stopping tablet replica
I20260630 12:12:41.529557   431 raft_consensus.cc:2243] T d36f71f507fa4150920f03785e0b8246 P d4b0884ce6334ca0b6a0164f22be786c [term 1 FOLLOWER]: Raft consensus shutting down.
I20260630 12:12:41.529922   431 raft_consensus.cc:2272] T d36f71f507fa4150920f03785e0b8246 P d4b0884ce6334ca0b6a0164f22be786c [term 1 FOLLOWER]: Raft consensus is shut down!
I20260630 12:12:41.531682   431 tablet_replica.cc:333] T 43982657f627435e8a8786827a126de7 P d4b0884ce6334ca0b6a0164f22be786c: stopping tablet replica
I20260630 12:12:41.532228   431 raft_consensus.cc:2243] T 43982657f627435e8a8786827a126de7 P d4b0884ce6334ca0b6a0164f22be786c [term 1 LEADER]: Raft consensus shutting down.
I20260630 12:12:41.532761   431 pending_rounds.cc:70] T 43982657f627435e8a8786827a126de7 P d4b0884ce6334ca0b6a0164f22be786c: Trying to abort 1 pending ops.
I20260630 12:12:41.532958   431 pending_rounds.cc:77] T 43982657f627435e8a8786827a126de7 P d4b0884ce6334ca0b6a0164f22be786c: Aborting op as it isn't in flight: id { term: 1 index: 1 } timestamp: 7302437115098910720 op_type: NO_OP noop_request { }
I20260630 12:12:41.533229   431 raft_consensus.cc:2889] T 43982657f627435e8a8786827a126de7 P d4b0884ce6334ca0b6a0164f22be786c [term 1 LEADER]: NO_OP replication failed: Aborted: Op aborted
I20260630 12:12:41.533486   431 raft_consensus.cc:2272] T 43982657f627435e8a8786827a126de7 P d4b0884ce6334ca0b6a0164f22be786c [term 1 FOLLOWER]: Raft consensus is shut down!
I20260630 12:12:41.546095   431 tablet_server.cc:196] TabletServer@127.0.107.193:0 shutdown complete.
I20260630 12:12:41.556210   431 tablet_server.cc:179] TabletServer@127.0.107.194:0 shutting down...
I20260630 12:12:41.572211   431 ts_tablet_manager.cc:1507] Shutting down tablet manager...
I20260630 12:12:41.573055   431 tablet_replica.cc:333] T 97aab1dfa41a451bb647e8cf46add9d3 P 2b38c8523a74416e97e918b68903b31b: stopping tablet replica
I20260630 12:12:41.573668   431 raft_consensus.cc:2243] T 97aab1dfa41a451bb647e8cf46add9d3 P 2b38c8523a74416e97e918b68903b31b [term 1 FOLLOWER]: Raft consensus shutting down.
I20260630 12:12:41.574018   431 raft_consensus.cc:2272] T 97aab1dfa41a451bb647e8cf46add9d3 P 2b38c8523a74416e97e918b68903b31b [term 1 FOLLOWER]: Raft consensus is shut down!
I20260630 12:12:41.575769   431 tablet_replica.cc:333] T d36f71f507fa4150920f03785e0b8246 P 2b38c8523a74416e97e918b68903b31b: stopping tablet replica
I20260630 12:12:41.576303   431 raft_consensus.cc:2243] T d36f71f507fa4150920f03785e0b8246 P 2b38c8523a74416e97e918b68903b31b [term 1 LEADER]: Raft consensus shutting down.
I20260630 12:12:41.576790   431 pending_rounds.cc:70] T d36f71f507fa4150920f03785e0b8246 P 2b38c8523a74416e97e918b68903b31b: Trying to abort 1 pending ops.
I20260630 12:12:41.576933   431 pending_rounds.cc:77] T d36f71f507fa4150920f03785e0b8246 P 2b38c8523a74416e97e918b68903b31b: Aborting op as it isn't in flight: id { term: 1 index: 1 } timestamp: 7302437115588685824 op_type: NO_OP noop_request { }
I20260630 12:12:41.577147   431 raft_consensus.cc:2889] T d36f71f507fa4150920f03785e0b8246 P 2b38c8523a74416e97e918b68903b31b [term 1 LEADER]: NO_OP replication failed: Aborted: Op aborted
I20260630 12:12:41.577366   431 raft_consensus.cc:2272] T d36f71f507fa4150920f03785e0b8246 P 2b38c8523a74416e97e918b68903b31b [term 1 FOLLOWER]: Raft consensus is shut down!
I20260630 12:12:41.579412   431 tablet_replica.cc:333] T 43982657f627435e8a8786827a126de7 P 2b38c8523a74416e97e918b68903b31b: stopping tablet replica
I20260630 12:12:41.579866   431 raft_consensus.cc:2243] T 43982657f627435e8a8786827a126de7 P 2b38c8523a74416e97e918b68903b31b [term 1 FOLLOWER]: Raft consensus shutting down.
I20260630 12:12:41.580258   431 raft_consensus.cc:2272] T 43982657f627435e8a8786827a126de7 P 2b38c8523a74416e97e918b68903b31b [term 1 FOLLOWER]: Raft consensus is shut down!
I20260630 12:12:41.581956   431 tablet_replica.cc:333] T 54ef1b9c11334e7a8ac4eaf8f743fda7 P 2b38c8523a74416e97e918b68903b31b: stopping tablet replica
I20260630 12:12:41.582417   431 raft_consensus.cc:2243] T 54ef1b9c11334e7a8ac4eaf8f743fda7 P 2b38c8523a74416e97e918b68903b31b [term 1 FOLLOWER]: Raft consensus shutting down.
I20260630 12:12:41.582798   431 raft_consensus.cc:2272] T 54ef1b9c11334e7a8ac4eaf8f743fda7 P 2b38c8523a74416e97e918b68903b31b [term 1 FOLLOWER]: Raft consensus is shut down!
I20260630 12:12:41.604036   431 tablet_server.cc:196] TabletServer@127.0.107.194:0 shutdown complete.
I20260630 12:12:41.613955   431 tablet_server.cc:179] TabletServer@127.0.107.195:0 shutting down...
I20260630 12:12:41.629702   431 ts_tablet_manager.cc:1507] Shutting down tablet manager...
I20260630 12:12:41.630514   431 tablet_replica.cc:333] T 97aab1dfa41a451bb647e8cf46add9d3 P af42dfad3a1048c38802342d51fe5cd6: stopping tablet replica
I20260630 12:12:41.631124   431 raft_consensus.cc:2243] T 97aab1dfa41a451bb647e8cf46add9d3 P af42dfad3a1048c38802342d51fe5cd6 [term 1 FOLLOWER]: Raft consensus shutting down.
I20260630 12:12:41.631475   431 raft_consensus.cc:2272] T 97aab1dfa41a451bb647e8cf46add9d3 P af42dfad3a1048c38802342d51fe5cd6 [term 1 FOLLOWER]: Raft consensus is shut down!
I20260630 12:12:41.633277   431 tablet_replica.cc:333] T 54ef1b9c11334e7a8ac4eaf8f743fda7 P af42dfad3a1048c38802342d51fe5cd6: stopping tablet replica
I20260630 12:12:41.633742   431 raft_consensus.cc:2243] T 54ef1b9c11334e7a8ac4eaf8f743fda7 P af42dfad3a1048c38802342d51fe5cd6 [term 1 FOLLOWER]: Raft consensus shutting down.
