I20260630 12:39:50.682574 16864 raft_consensus.cc:2955] T de1b77379087430fa2b9169b0ed80fc7 P 5b83646caff54e8f9cf8c6ecda214540 [term 1 FOLLOWER]: Committing config change with OpId 1.3: config changed from index 2 to 3, e62d99c8b2c643d9b3a54a3c99d98b80 (127.13.104.130) changed from NON_VOTER to VOTER. New config: { opid_index: 3 OBSOLETE_local: false peers { permanent_uuid: "5b83646caff54e8f9cf8c6ecda214540" member_type: VOTER last_known_addr { host: "127.13.104.131" port: 36289 } } peers { permanent_uuid: "42be2e3fc5684c3085e14c4e4418c044" member_type: VOTER last_known_addr { host: "127.13.104.129" port: 42435 } } peers { permanent_uuid: "838603f8c835446e849165ff3f9396fc" member_type: VOTER last_known_addr { host: "127.13.104.132" port: 45455 } attrs { replace: true } } peers { permanent_uuid: "e62d99c8b2c643d9b3a54a3c99d98b80" member_type: VOTER last_known_addr { host: "127.13.104.130" port: 40719 } attrs { promote: false } } }
I20260630 12:39:50.691942 16615 catalog_manager.cc:5697] T de1b77379087430fa2b9169b0ed80fc7 P 838603f8c835446e849165ff3f9396fc reported cstate change: config changed from index 2 to 3, e62d99c8b2c643d9b3a54a3c99d98b80 (127.13.104.130) changed from NON_VOTER to VOTER. New cstate: current_term: 1 leader_uuid: "42be2e3fc5684c3085e14c4e4418c044" committed_config { opid_index: 3 OBSOLETE_local: false peers { permanent_uuid: "5b83646caff54e8f9cf8c6ecda214540" member_type: VOTER last_known_addr { host: "127.13.104.131" port: 36289 } } peers { permanent_uuid: "42be2e3fc5684c3085e14c4e4418c044" member_type: VOTER last_known_addr { host: "127.13.104.129" port: 42435 } } peers { permanent_uuid: "838603f8c835446e849165ff3f9396fc" member_type: VOTER last_known_addr { host: "127.13.104.132" port: 45455 } attrs { replace: true } } peers { permanent_uuid: "e62d99c8b2c643d9b3a54a3c99d98b80" member_type: VOTER last_known_addr { host: "127.13.104.130" port: 40719 } attrs { promote: false } } }
I20260630 12:39:50.700344 16791 raft_consensus.cc:2955] T de1b77379087430fa2b9169b0ed80fc7 P e62d99c8b2c643d9b3a54a3c99d98b80 [term 1 FOLLOWER]: Committing config change with OpId 1.3: config changed from index 2 to 3, e62d99c8b2c643d9b3a54a3c99d98b80 (127.13.104.130) changed from NON_VOTER to VOTER. New config: { opid_index: 3 OBSOLETE_local: false peers { permanent_uuid: "5b83646caff54e8f9cf8c6ecda214540" member_type: VOTER last_known_addr { host: "127.13.104.131" port: 36289 } } peers { permanent_uuid: "42be2e3fc5684c3085e14c4e4418c044" member_type: VOTER last_known_addr { host: "127.13.104.129" port: 42435 } } peers { permanent_uuid: "838603f8c835446e849165ff3f9396fc" member_type: VOTER last_known_addr { host: "127.13.104.132" port: 45455 } attrs { replace: true } } peers { permanent_uuid: "e62d99c8b2c643d9b3a54a3c99d98b80" member_type: VOTER last_known_addr { host: "127.13.104.130" port: 40719 } attrs { promote: false } } }
I20260630 12:39:50.714560 17286 raft_consensus.cc:1064] T 2f41488e152649eda2197008d5d9a5b4 P e62d99c8b2c643d9b3a54a3c99d98b80: attempting to promote NON_VOTER 838603f8c835446e849165ff3f9396fc to VOTER
I20260630 12:39:50.717342 17286 consensus_queue.cc:237] T 2f41488e152649eda2197008d5d9a5b4 P e62d99c8b2c643d9b3a54a3c99d98b80 [LEADER]: Queue going to LEADER mode. State: All replicated index: 0, Majority replicated index: 3, Committed index: 3, Last appended: 2.3, Last appended by leader: 1, Current term: 2, Majority size: 3, State: 0, Mode: LEADER, active raft config: opid_index: 4 OBSOLETE_local: false peers { permanent_uuid: "42be2e3fc5684c3085e14c4e4418c044" member_type: VOTER last_known_addr { host: "127.13.104.129" port: 42435 } } peers { permanent_uuid: "e62d99c8b2c643d9b3a54a3c99d98b80" member_type: VOTER last_known_addr { host: "127.13.104.130" port: 40719 } } peers { permanent_uuid: "5b83646caff54e8f9cf8c6ecda214540" member_type: VOTER last_known_addr { host: "127.13.104.131" port: 36289 } attrs { replace: true } } peers { permanent_uuid: "838603f8c835446e849165ff3f9396fc" member_type: VOTER last_known_addr { host: "127.13.104.132" port: 45455 } attrs { promote: false } }
I20260630 12:39:50.726920 17009 raft_consensus.cc:1275] T 2f41488e152649eda2197008d5d9a5b4 P 838603f8c835446e849165ff3f9396fc [term 2 LEARNER]: Refusing update from remote peer e62d99c8b2c643d9b3a54a3c99d98b80: Log matching property violated. Preceding OpId in replica: term: 2 index: 3. Preceding OpId from leader: term: 2 index: 4. (index mismatch)
I20260630 12:39:50.729092 16864 raft_consensus.cc:1275] T 2f41488e152649eda2197008d5d9a5b4 P 5b83646caff54e8f9cf8c6ecda214540 [term 2 FOLLOWER]: Refusing update from remote peer e62d99c8b2c643d9b3a54a3c99d98b80: Log matching property violated. Preceding OpId in replica: term: 2 index: 3. Preceding OpId from leader: term: 2 index: 4. (index mismatch)
I20260630 12:39:50.731945 16718 raft_consensus.cc:1275] T 2f41488e152649eda2197008d5d9a5b4 P 42be2e3fc5684c3085e14c4e4418c044 [term 2 FOLLOWER]: Refusing update from remote peer e62d99c8b2c643d9b3a54a3c99d98b80: Log matching property violated. Preceding OpId in replica: term: 2 index: 3. Preceding OpId from leader: term: 2 index: 4. (index mismatch)
I20260630 12:39:50.732383 17286 consensus_queue.cc:1048] T 2f41488e152649eda2197008d5d9a5b4 P e62d99c8b2c643d9b3a54a3c99d98b80 [LEADER]: Connected to new peer: Peer: permanent_uuid: "838603f8c835446e849165ff3f9396fc" member_type: VOTER last_known_addr { host: "127.13.104.132" port: 45455 } attrs { promote: false }, Status: LMP_MISMATCH, Last received: 0.0, Next index: 4, Last known committed idx: 3, Time since last communication: 0.001s
I20260630 12:39:50.737109 17268 consensus_queue.cc:1048] T 2f41488e152649eda2197008d5d9a5b4 P e62d99c8b2c643d9b3a54a3c99d98b80 [LEADER]: Connected to new peer: Peer: permanent_uuid: "5b83646caff54e8f9cf8c6ecda214540" member_type: VOTER last_known_addr { host: "127.13.104.131" port: 36289 } attrs { replace: true }, Status: LMP_MISMATCH, Last received: 0.0, Next index: 4, Last known committed idx: 3, Time since last communication: 0.001s
I20260630 12:39:50.739507 17268 consensus_queue.cc:1048] T 2f41488e152649eda2197008d5d9a5b4 P e62d99c8b2c643d9b3a54a3c99d98b80 [LEADER]: Connected to new peer: Peer: permanent_uuid: "42be2e3fc5684c3085e14c4e4418c044" member_type: VOTER last_known_addr { host: "127.13.104.129" port: 42435 }, Status: LMP_MISMATCH, Last received: 0.0, Next index: 4, Last known committed idx: 3, Time since last communication: 0.000s
I20260630 12:39:50.763281 17265 raft_consensus.cc:2955] T 2f41488e152649eda2197008d5d9a5b4 P e62d99c8b2c643d9b3a54a3c99d98b80 [term 2 LEADER]: Committing config change with OpId 2.4: config changed from index 3 to 4, 838603f8c835446e849165ff3f9396fc (127.13.104.132) changed from NON_VOTER to VOTER. New config: { opid_index: 4 OBSOLETE_local: false peers { permanent_uuid: "42be2e3fc5684c3085e14c4e4418c044" member_type: VOTER last_known_addr { host: "127.13.104.129" port: 42435 } } peers { permanent_uuid: "e62d99c8b2c643d9b3a54a3c99d98b80" member_type: VOTER last_known_addr { host: "127.13.104.130" port: 40719 } } peers { permanent_uuid: "5b83646caff54e8f9cf8c6ecda214540" member_type: VOTER last_known_addr { host: "127.13.104.131" port: 36289 } attrs { replace: true } } peers { permanent_uuid: "838603f8c835446e849165ff3f9396fc" member_type: VOTER last_known_addr { host: "127.13.104.132" port: 45455 } attrs { promote: false } } }
I20260630 12:39:50.764750 16718 raft_consensus.cc:2955] T 2f41488e152649eda2197008d5d9a5b4 P 42be2e3fc5684c3085e14c4e4418c044 [term 2 FOLLOWER]: Committing config change with OpId 2.4: config changed from index 3 to 4, 838603f8c835446e849165ff3f9396fc (127.13.104.132) changed from NON_VOTER to VOTER. New config: { opid_index: 4 OBSOLETE_local: false peers { permanent_uuid: "42be2e3fc5684c3085e14c4e4418c044" member_type: VOTER last_known_addr { host: "127.13.104.129" port: 42435 } } peers { permanent_uuid: "e62d99c8b2c643d9b3a54a3c99d98b80" member_type: VOTER last_known_addr { host: "127.13.104.130" port: 40719 } } peers { permanent_uuid: "5b83646caff54e8f9cf8c6ecda214540" member_type: VOTER last_known_addr { host: "127.13.104.131" port: 36289 } attrs { replace: true } } peers { permanent_uuid: "838603f8c835446e849165ff3f9396fc" member_type: VOTER last_known_addr { host: "127.13.104.132" port: 45455 } attrs { promote: false } } }
I20260630 12:39:50.782739 17012 raft_consensus.cc:2955] T 2f41488e152649eda2197008d5d9a5b4 P 838603f8c835446e849165ff3f9396fc [term 2 FOLLOWER]: Committing config change with OpId 2.4: config changed from index 3 to 4, 838603f8c835446e849165ff3f9396fc (127.13.104.132) changed from NON_VOTER to VOTER. New config: { opid_index: 4 OBSOLETE_local: false peers { permanent_uuid: "42be2e3fc5684c3085e14c4e4418c044" member_type: VOTER last_known_addr { host: "127.13.104.129" port: 42435 } } peers { permanent_uuid: "e62d99c8b2c643d9b3a54a3c99d98b80" member_type: VOTER last_known_addr { host: "127.13.104.130" port: 40719 } } peers { permanent_uuid: "5b83646caff54e8f9cf8c6ecda214540" member_type: VOTER last_known_addr { host: "127.13.104.131" port: 36289 } attrs { replace: true } } peers { permanent_uuid: "838603f8c835446e849165ff3f9396fc" member_type: VOTER last_known_addr { host: "127.13.104.132" port: 45455 } attrs { promote: false } } }
I20260630 12:39:50.802627 16867 raft_consensus.cc:2955] T 2f41488e152649eda2197008d5d9a5b4 P 5b83646caff54e8f9cf8c6ecda214540 [term 2 FOLLOWER]: Committing config change with OpId 2.4: config changed from index 3 to 4, 838603f8c835446e849165ff3f9396fc (127.13.104.132) changed from NON_VOTER to VOTER. New config: { opid_index: 4 OBSOLETE_local: false peers { permanent_uuid: "42be2e3fc5684c3085e14c4e4418c044" member_type: VOTER last_known_addr { host: "127.13.104.129" port: 42435 } } peers { permanent_uuid: "e62d99c8b2c643d9b3a54a3c99d98b80" member_type: VOTER last_known_addr { host: "127.13.104.130" port: 40719 } } peers { permanent_uuid: "5b83646caff54e8f9cf8c6ecda214540" member_type: VOTER last_known_addr { host: "127.13.104.131" port: 36289 } attrs { replace: true } } peers { permanent_uuid: "838603f8c835446e849165ff3f9396fc" member_type: VOTER last_known_addr { host: "127.13.104.132" port: 45455 } attrs { promote: false } } }
I20260630 12:39:50.818315 17252 raft_consensus.cc:1064] T 9ce897663f7b4b65b670855ceb438b16 P 42be2e3fc5684c3085e14c4e4418c044: attempting to promote NON_VOTER 5b83646caff54e8f9cf8c6ecda214540 to VOTER
I20260630 12:39:50.820999 17252 consensus_queue.cc:237] T 9ce897663f7b4b65b670855ceb438b16 P 42be2e3fc5684c3085e14c4e4418c044 [LEADER]: Queue going to LEADER mode. State: All replicated index: 0, Majority replicated index: 2, Committed index: 2, Last appended: 1.2, Last appended by leader: 0, Current term: 1, Majority size: 3, State: 0, Mode: LEADER, active raft config: opid_index: 3 OBSOLETE_local: false peers { permanent_uuid: "e62d99c8b2c643d9b3a54a3c99d98b80" member_type: VOTER last_known_addr { host: "127.13.104.130" port: 40719 } } peers { permanent_uuid: "42be2e3fc5684c3085e14c4e4418c044" member_type: VOTER last_known_addr { host: "127.13.104.129" port: 42435 } } peers { permanent_uuid: "838603f8c835446e849165ff3f9396fc" member_type: VOTER last_known_addr { host: "127.13.104.132" port: 45455 } attrs { replace: true } } peers { permanent_uuid: "5b83646caff54e8f9cf8c6ecda214540" member_type: VOTER last_known_addr { host: "127.13.104.131" port: 36289 } attrs { promote: false } }
I20260630 12:39:50.824982 16718 consensus_queue.cc:237] T de1b77379087430fa2b9169b0ed80fc7 P 42be2e3fc5684c3085e14c4e4418c044 [LEADER]: Queue going to LEADER mode. State: All replicated index: 0, Majority replicated index: 3, Committed index: 3, Last appended: 1.3, Last appended by leader: 0, Current term: 1, Majority size: 2, State: 0, Mode: LEADER, active raft config: opid_index: 4 OBSOLETE_local: false peers { permanent_uuid: "5b83646caff54e8f9cf8c6ecda214540" member_type: VOTER last_known_addr { host: "127.13.104.131" port: 36289 } } peers { permanent_uuid: "42be2e3fc5684c3085e14c4e4418c044" member_type: VOTER last_known_addr { host: "127.13.104.129" port: 42435 } } peers { permanent_uuid: "e62d99c8b2c643d9b3a54a3c99d98b80" member_type: VOTER last_known_addr { host: "127.13.104.130" port: 40719 } attrs { promote: false } }
I20260630 12:39:50.825300 16613 catalog_manager.cc:5697] T 2f41488e152649eda2197008d5d9a5b4 P 5b83646caff54e8f9cf8c6ecda214540 reported cstate change: config changed from index 3 to 4, 838603f8c835446e849165ff3f9396fc (127.13.104.132) changed from NON_VOTER to VOTER. New cstate: current_term: 2 leader_uuid: "e62d99c8b2c643d9b3a54a3c99d98b80" committed_config { opid_index: 4 OBSOLETE_local: false peers { permanent_uuid: "42be2e3fc5684c3085e14c4e4418c044" member_type: VOTER last_known_addr { host: "127.13.104.129" port: 42435 } } peers { permanent_uuid: "e62d99c8b2c643d9b3a54a3c99d98b80" member_type: VOTER last_known_addr { host: "127.13.104.130" port: 40719 } } peers { permanent_uuid: "5b83646caff54e8f9cf8c6ecda214540" member_type: VOTER last_known_addr { host: "127.13.104.131" port: 36289 } attrs { replace: true } } peers { permanent_uuid: "838603f8c835446e849165ff3f9396fc" member_type: VOTER last_known_addr { host: "127.13.104.132" port: 45455 } attrs { promote: false } } }
I20260630 12:39:50.832263 16790 raft_consensus.cc:1275] T de1b77379087430fa2b9169b0ed80fc7 P e62d99c8b2c643d9b3a54a3c99d98b80 [term 1 FOLLOWER]: Refusing update from remote peer 42be2e3fc5684c3085e14c4e4418c044: Log matching property violated. Preceding OpId in replica: term: 1 index: 3. Preceding OpId from leader: term: 1 index: 4. (index mismatch)
I20260630 12:39:50.833617 16864 raft_consensus.cc:1275] T 9ce897663f7b4b65b670855ceb438b16 P 5b83646caff54e8f9cf8c6ecda214540 [term 1 LEARNER]: Refusing update from remote peer 42be2e3fc5684c3085e14c4e4418c044: Log matching property violated. Preceding OpId in replica: term: 1 index: 2. Preceding OpId from leader: term: 1 index: 3. (index mismatch)
I20260630 12:39:50.833861 17288 consensus_queue.cc:1048] T de1b77379087430fa2b9169b0ed80fc7 P 42be2e3fc5684c3085e14c4e4418c044 [LEADER]: Connected to new peer: Peer: permanent_uuid: "e62d99c8b2c643d9b3a54a3c99d98b80" member_type: VOTER last_known_addr { host: "127.13.104.130" port: 40719 } attrs { promote: false }, Status: LMP_MISMATCH, Last received: 0.0, Next index: 4, Last known committed idx: 3, Time since last communication: 0.000s
I20260630 12:39:50.835228 17255 consensus_queue.cc:1048] T 9ce897663f7b4b65b670855ceb438b16 P 42be2e3fc5684c3085e14c4e4418c044 [LEADER]: Connected to new peer: Peer: permanent_uuid: "5b83646caff54e8f9cf8c6ecda214540" member_type: VOTER last_known_addr { host: "127.13.104.131" port: 36289 } attrs { promote: false }, Status: LMP_MISMATCH, Last received: 0.0, Next index: 3, Last known committed idx: 2, Time since last communication: 0.001s
I20260630 12:39:50.836774 17012 raft_consensus.cc:1275] T 9ce897663f7b4b65b670855ceb438b16 P 838603f8c835446e849165ff3f9396fc [term 1 FOLLOWER]: Refusing update from remote peer 42be2e3fc5684c3085e14c4e4418c044: Log matching property violated. Preceding OpId in replica: term: 1 index: 2. Preceding OpId from leader: term: 1 index: 3. (index mismatch)
I20260630 12:39:50.839491 16790 raft_consensus.cc:1275] T 9ce897663f7b4b65b670855ceb438b16 P e62d99c8b2c643d9b3a54a3c99d98b80 [term 1 FOLLOWER]: Refusing update from remote peer 42be2e3fc5684c3085e14c4e4418c044: Log matching property violated. Preceding OpId in replica: term: 1 index: 2. Preceding OpId from leader: term: 1 index: 3. (index mismatch)
I20260630 12:39:50.839591 17287 consensus_queue.cc:1048] T 9ce897663f7b4b65b670855ceb438b16 P 42be2e3fc5684c3085e14c4e4418c044 [LEADER]: Connected to new peer: Peer: permanent_uuid: "838603f8c835446e849165ff3f9396fc" member_type: VOTER last_known_addr { host: "127.13.104.132" port: 45455 } attrs { replace: true }, Status: LMP_MISMATCH, Last received: 0.0, Next index: 3, Last known committed idx: 2, Time since last communication: 0.001s
I20260630 12:39:50.839493 16867 raft_consensus.cc:1275] T de1b77379087430fa2b9169b0ed80fc7 P 5b83646caff54e8f9cf8c6ecda214540 [term 1 FOLLOWER]: Refusing update from remote peer 42be2e3fc5684c3085e14c4e4418c044: Log matching property violated. Preceding OpId in replica: term: 1 index: 3. Preceding OpId from leader: term: 1 index: 4. (index mismatch)
I20260630 12:39:50.840832 17232 raft_consensus.cc:2955] T de1b77379087430fa2b9169b0ed80fc7 P 42be2e3fc5684c3085e14c4e4418c044 [term 1 LEADER]: Committing config change with OpId 1.4: config changed from index 3 to 4, VOTER 838603f8c835446e849165ff3f9396fc (127.13.104.132) evicted. New config: { opid_index: 4 OBSOLETE_local: false peers { permanent_uuid: "5b83646caff54e8f9cf8c6ecda214540" member_type: VOTER last_known_addr { host: "127.13.104.131" port: 36289 } } peers { permanent_uuid: "42be2e3fc5684c3085e14c4e4418c044" member_type: VOTER last_known_addr { host: "127.13.104.129" port: 42435 } } peers { permanent_uuid: "e62d99c8b2c643d9b3a54a3c99d98b80" member_type: VOTER last_known_addr { host: "127.13.104.130" port: 40719 } attrs { promote: false } } }
I20260630 12:39:50.843387 17255 consensus_queue.cc:1048] T de1b77379087430fa2b9169b0ed80fc7 P 42be2e3fc5684c3085e14c4e4418c044 [LEADER]: Connected to new peer: Peer: permanent_uuid: "5b83646caff54e8f9cf8c6ecda214540" member_type: VOTER last_known_addr { host: "127.13.104.131" port: 36289 }, Status: LMP_MISMATCH, Last received: 0.0, Next index: 4, Last known committed idx: 3, Time since last communication: 0.000s
I20260630 12:39:50.848352 16864 raft_consensus.cc:2955] T de1b77379087430fa2b9169b0ed80fc7 P 5b83646caff54e8f9cf8c6ecda214540 [term 1 FOLLOWER]: Committing config change with OpId 1.4: config changed from index 3 to 4, VOTER 838603f8c835446e849165ff3f9396fc (127.13.104.132) evicted. New config: { opid_index: 4 OBSOLETE_local: false peers { permanent_uuid: "5b83646caff54e8f9cf8c6ecda214540" member_type: VOTER last_known_addr { host: "127.13.104.131" port: 36289 } } peers { permanent_uuid: "42be2e3fc5684c3085e14c4e4418c044" member_type: VOTER last_known_addr { host: "127.13.104.129" port: 42435 } } peers { permanent_uuid: "e62d99c8b2c643d9b3a54a3c99d98b80" member_type: VOTER last_known_addr { host: "127.13.104.130" port: 40719 } attrs { promote: false } } }
I20260630 12:39:50.851003 16790 raft_consensus.cc:2955] T de1b77379087430fa2b9169b0ed80fc7 P e62d99c8b2c643d9b3a54a3c99d98b80 [term 1 FOLLOWER]: Committing config change with OpId 1.4: config changed from index 3 to 4, VOTER 838603f8c835446e849165ff3f9396fc (127.13.104.132) evicted. New config: { opid_index: 4 OBSOLETE_local: false peers { permanent_uuid: "5b83646caff54e8f9cf8c6ecda214540" member_type: VOTER last_known_addr { host: "127.13.104.131" port: 36289 } } peers { permanent_uuid: "42be2e3fc5684c3085e14c4e4418c044" member_type: VOTER last_known_addr { host: "127.13.104.129" port: 42435 } } peers { permanent_uuid: "e62d99c8b2c643d9b3a54a3c99d98b80" member_type: VOTER last_known_addr { host: "127.13.104.130" port: 40719 } attrs { promote: false } } }
I20260630 12:39:50.857561 17255 consensus_queue.cc:1048] T 9ce897663f7b4b65b670855ceb438b16 P 42be2e3fc5684c3085e14c4e4418c044 [LEADER]: Connected to new peer: Peer: permanent_uuid: "e62d99c8b2c643d9b3a54a3c99d98b80" member_type: VOTER last_known_addr { host: "127.13.104.130" port: 40719 }, Status: LMP_MISMATCH, Last received: 0.0, Next index: 3, Last known committed idx: 2, Time since last communication: 0.000s
I20260630 12:39:50.870198 16791 consensus_queue.cc:237] T 2f41488e152649eda2197008d5d9a5b4 P e62d99c8b2c643d9b3a54a3c99d98b80 [LEADER]: Queue going to LEADER mode. State: All replicated index: 0, Majority replicated index: 4, Committed index: 4, Last appended: 2.4, Last appended by leader: 1, Current term: 2, Majority size: 2, State: 0, Mode: LEADER, active raft config: opid_index: 5 OBSOLETE_local: false peers { permanent_uuid: "42be2e3fc5684c3085e14c4e4418c044" member_type: VOTER last_known_addr { host: "127.13.104.129" port: 42435 } } peers { permanent_uuid: "e62d99c8b2c643d9b3a54a3c99d98b80" member_type: VOTER last_known_addr { host: "127.13.104.130" port: 40719 } } peers { permanent_uuid: "838603f8c835446e849165ff3f9396fc" member_type: VOTER last_known_addr { host: "127.13.104.132" port: 45455 } attrs { promote: false } }
I20260630 12:39:50.886304 16616 catalog_manager.cc:5697] T de1b77379087430fa2b9169b0ed80fc7 P 5b83646caff54e8f9cf8c6ecda214540 reported cstate change: config changed from index 3 to 4, VOTER 838603f8c835446e849165ff3f9396fc (127.13.104.132) evicted. New cstate: current_term: 1 leader_uuid: "42be2e3fc5684c3085e14c4e4418c044" committed_config { opid_index: 4 OBSOLETE_local: false peers { permanent_uuid: "5b83646caff54e8f9cf8c6ecda214540" member_type: VOTER last_known_addr { host: "127.13.104.131" port: 36289 } } peers { permanent_uuid: "42be2e3fc5684c3085e14c4e4418c044" member_type: VOTER last_known_addr { host: "127.13.104.129" port: 42435 } } peers { permanent_uuid: "e62d99c8b2c643d9b3a54a3c99d98b80" member_type: VOTER last_known_addr { host: "127.13.104.130" port: 40719 } attrs { promote: false } } }
I20260630 12:39:50.900295 17288 raft_consensus.cc:2955] T 9ce897663f7b4b65b670855ceb438b16 P 42be2e3fc5684c3085e14c4e4418c044 [term 1 LEADER]: Committing config change with OpId 1.3: config changed from index 2 to 3, 5b83646caff54e8f9cf8c6ecda214540 (127.13.104.131) changed from NON_VOTER to VOTER. New config: { opid_index: 3 OBSOLETE_local: false peers { permanent_uuid: "e62d99c8b2c643d9b3a54a3c99d98b80" member_type: VOTER last_known_addr { host: "127.13.104.130" port: 40719 } } peers { permanent_uuid: "42be2e3fc5684c3085e14c4e4418c044" member_type: VOTER last_known_addr { host: "127.13.104.129" port: 42435 } } peers { permanent_uuid: "838603f8c835446e849165ff3f9396fc" member_type: VOTER last_known_addr { host: "127.13.104.132" port: 45455 } attrs { replace: true } } peers { permanent_uuid: "5b83646caff54e8f9cf8c6ecda214540" member_type: VOTER last_known_addr { host: "127.13.104.131" port: 36289 } attrs { promote: false } } }
I20260630 12:39:50.902001 17012 raft_consensus.cc:2955] T 9ce897663f7b4b65b670855ceb438b16 P 838603f8c835446e849165ff3f9396fc [term 1 FOLLOWER]: Committing config change with OpId 1.3: config changed from index 2 to 3, 5b83646caff54e8f9cf8c6ecda214540 (127.13.104.131) changed from NON_VOTER to VOTER. New config: { opid_index: 3 OBSOLETE_local: false peers { permanent_uuid: "e62d99c8b2c643d9b3a54a3c99d98b80" member_type: VOTER last_known_addr { host: "127.13.104.130" port: 40719 } } peers { permanent_uuid: "42be2e3fc5684c3085e14c4e4418c044" member_type: VOTER last_known_addr { host: "127.13.104.129" port: 42435 } } peers { permanent_uuid: "838603f8c835446e849165ff3f9396fc" member_type: VOTER last_known_addr { host: "127.13.104.132" port: 45455 } attrs { replace: true } } peers { permanent_uuid: "5b83646caff54e8f9cf8c6ecda214540" member_type: VOTER last_known_addr { host: "127.13.104.131" port: 36289 } attrs { promote: false } } }
I20260630 12:39:50.904731 17009 raft_consensus.cc:1275] T 2f41488e152649eda2197008d5d9a5b4 P 838603f8c835446e849165ff3f9396fc [term 2 FOLLOWER]: Refusing update from remote peer e62d99c8b2c643d9b3a54a3c99d98b80: Log matching property violated. Preceding OpId in replica: term: 2 index: 4. Preceding OpId from leader: term: 2 index: 5. (index mismatch)
I20260630 12:39:50.906985 17268 consensus_queue.cc:1048] T 2f41488e152649eda2197008d5d9a5b4 P e62d99c8b2c643d9b3a54a3c99d98b80 [LEADER]: Connected to new peer: Peer: permanent_uuid: "838603f8c835446e849165ff3f9396fc" member_type: VOTER last_known_addr { host: "127.13.104.132" port: 45455 } attrs { promote: false }, Status: LMP_MISMATCH, Last received: 0.0, Next index: 5, Last known committed idx: 4, Time since last communication: 0.000s
I20260630 12:39:50.912276 16999 tablet_service.cc:1558] Processing DeleteTablet for tablet de1b77379087430fa2b9169b0ed80fc7 with delete_type TABLET_DATA_TOMBSTONED (TS 838603f8c835446e849165ff3f9396fc not found in new config with opid_index 4) from {username='slave'} at 127.0.0.1:39816
I20260630 12:39:50.915103 16615 catalog_manager.cc:5697] T 9ce897663f7b4b65b670855ceb438b16 P 838603f8c835446e849165ff3f9396fc reported cstate change: config changed from index 2 to 3, 5b83646caff54e8f9cf8c6ecda214540 (127.13.104.131) changed from NON_VOTER to VOTER. New cstate: current_term: 1 leader_uuid: "42be2e3fc5684c3085e14c4e4418c044" committed_config { opid_index: 3 OBSOLETE_local: false peers { permanent_uuid: "e62d99c8b2c643d9b3a54a3c99d98b80" member_type: VOTER last_known_addr { host: "127.13.104.130" port: 40719 } } peers { permanent_uuid: "42be2e3fc5684c3085e14c4e4418c044" member_type: VOTER last_known_addr { host: "127.13.104.129" port: 42435 } } peers { permanent_uuid: "838603f8c835446e849165ff3f9396fc" member_type: VOTER last_known_addr { host: "127.13.104.132" port: 45455 } attrs { replace: true } } peers { permanent_uuid: "5b83646caff54e8f9cf8c6ecda214540" member_type: VOTER last_known_addr { host: "127.13.104.131" port: 36289 } attrs { promote: false } } }
I20260630 12:39:50.927444 17305 tablet_replica.cc:333] T de1b77379087430fa2b9169b0ed80fc7 P 838603f8c835446e849165ff3f9396fc: stopping tablet replica
I20260630 12:39:50.928956 17305 raft_consensus.cc:2243] T de1b77379087430fa2b9169b0ed80fc7 P 838603f8c835446e849165ff3f9396fc [term 1 FOLLOWER]: Raft consensus shutting down.
I20260630 12:39:50.929816 17305 raft_consensus.cc:2272] T de1b77379087430fa2b9169b0ed80fc7 P 838603f8c835446e849165ff3f9396fc [term 1 FOLLOWER]: Raft consensus is shut down!
I20260630 12:39:50.930858 17286 raft_consensus.cc:2955] T 2f41488e152649eda2197008d5d9a5b4 P e62d99c8b2c643d9b3a54a3c99d98b80 [term 2 LEADER]: Committing config change with OpId 2.5: config changed from index 4 to 5, VOTER 5b83646caff54e8f9cf8c6ecda214540 (127.13.104.131) evicted. New config: { opid_index: 5 OBSOLETE_local: false peers { permanent_uuid: "42be2e3fc5684c3085e14c4e4418c044" member_type: VOTER last_known_addr { host: "127.13.104.129" port: 42435 } } peers { permanent_uuid: "e62d99c8b2c643d9b3a54a3c99d98b80" member_type: VOTER last_known_addr { host: "127.13.104.130" port: 40719 } } peers { permanent_uuid: "838603f8c835446e849165ff3f9396fc" member_type: VOTER last_known_addr { host: "127.13.104.132" port: 45455 } attrs { promote: false } } }
I20260630 12:39:50.932869 16718 raft_consensus.cc:1275] T 2f41488e152649eda2197008d5d9a5b4 P 42be2e3fc5684c3085e14c4e4418c044 [term 2 FOLLOWER]: Refusing update from remote peer e62d99c8b2c643d9b3a54a3c99d98b80: Log matching property violated. Preceding OpId in replica: term: 2 index: 4. Preceding OpId from leader: term: 2 index: 5. (index mismatch)
I20260630 12:39:50.934341 16867 raft_consensus.cc:2955] T 9ce897663f7b4b65b670855ceb438b16 P 5b83646caff54e8f9cf8c6ecda214540 [term 1 FOLLOWER]: Committing config change with OpId 1.3: config changed from index 2 to 3, 5b83646caff54e8f9cf8c6ecda214540 (127.13.104.131) changed from NON_VOTER to VOTER. New config: { opid_index: 3 OBSOLETE_local: false peers { permanent_uuid: "e62d99c8b2c643d9b3a54a3c99d98b80" member_type: VOTER last_known_addr { host: "127.13.104.130" port: 40719 } } peers { permanent_uuid: "42be2e3fc5684c3085e14c4e4418c044" member_type: VOTER last_known_addr { host: "127.13.104.129" port: 42435 } } peers { permanent_uuid: "838603f8c835446e849165ff3f9396fc" member_type: VOTER last_known_addr { host: "127.13.104.132" port: 45455 } attrs { replace: true } } peers { permanent_uuid: "5b83646caff54e8f9cf8c6ecda214540" member_type: VOTER last_known_addr { host: "127.13.104.131" port: 36289 } attrs { promote: false } } }
I20260630 12:39:50.935652 17305 ts_tablet_manager.cc:1916] T de1b77379087430fa2b9169b0ed80fc7 P 838603f8c835446e849165ff3f9396fc: Deleting tablet data with delete state TABLET_DATA_TOMBSTONED
I20260630 12:39:50.935803 16600 catalog_manager.cc:5210] ChangeConfig:REMOVE_PEER RPC for tablet de1b77379087430fa2b9169b0ed80fc7 with cas_config_opid_index 3: ChangeConfig:REMOVE_PEER succeeded (attempt 1)
I20260630 12:39:50.943575 17268 consensus_queue.cc:1048] T 2f41488e152649eda2197008d5d9a5b4 P e62d99c8b2c643d9b3a54a3c99d98b80 [LEADER]: Connected to new peer: Peer: permanent_uuid: "42be2e3fc5684c3085e14c4e4418c044" member_type: VOTER last_known_addr { host: "127.13.104.129" port: 42435 }, Status: LMP_MISMATCH, Last received: 0.0, Next index: 5, Last known committed idx: 4, Time since last communication: 0.000s
I20260630 12:39:50.951030 16718 raft_consensus.cc:2955] T 2f41488e152649eda2197008d5d9a5b4 P 42be2e3fc5684c3085e14c4e4418c044 [term 2 FOLLOWER]: Committing config change with OpId 2.5: config changed from index 4 to 5, VOTER 5b83646caff54e8f9cf8c6ecda214540 (127.13.104.131) evicted. New config: { opid_index: 5 OBSOLETE_local: false peers { permanent_uuid: "42be2e3fc5684c3085e14c4e4418c044" member_type: VOTER last_known_addr { host: "127.13.104.129" port: 42435 } } peers { permanent_uuid: "e62d99c8b2c643d9b3a54a3c99d98b80" member_type: VOTER last_known_addr { host: "127.13.104.130" port: 40719 } } peers { permanent_uuid: "838603f8c835446e849165ff3f9396fc" member_type: VOTER last_known_addr { host: "127.13.104.132" port: 45455 } attrs { promote: false } } }
I20260630 12:39:50.958155 16792 raft_consensus.cc:2955] T 9ce897663f7b4b65b670855ceb438b16 P e62d99c8b2c643d9b3a54a3c99d98b80 [term 1 FOLLOWER]: Committing config change with OpId 1.3: config changed from index 2 to 3, 5b83646caff54e8f9cf8c6ecda214540 (127.13.104.131) changed from NON_VOTER to VOTER. New config: { opid_index: 3 OBSOLETE_local: false peers { permanent_uuid: "e62d99c8b2c643d9b3a54a3c99d98b80" member_type: VOTER last_known_addr { host: "127.13.104.130" port: 40719 } } peers { permanent_uuid: "42be2e3fc5684c3085e14c4e4418c044" member_type: VOTER last_known_addr { host: "127.13.104.129" port: 42435 } } peers { permanent_uuid: "838603f8c835446e849165ff3f9396fc" member_type: VOTER last_known_addr { host: "127.13.104.132" port: 45455 } attrs { replace: true } } peers { permanent_uuid: "5b83646caff54e8f9cf8c6ecda214540" member_type: VOTER last_known_addr { host: "127.13.104.131" port: 36289 } attrs { promote: false } } }
I20260630 12:39:50.946798 16669 auto_leader_rebalancer.cc:141] leader rebalance for table range_aware_rebalance_new_range
I20260630 12:39:50.968688 17009 raft_consensus.cc:2955] T 2f41488e152649eda2197008d5d9a5b4 P 838603f8c835446e849165ff3f9396fc [term 2 FOLLOWER]: Committing config change with OpId 2.5: config changed from index 4 to 5, VOTER 5b83646caff54e8f9cf8c6ecda214540 (127.13.104.131) evicted. New config: { opid_index: 5 OBSOLETE_local: false peers { permanent_uuid: "42be2e3fc5684c3085e14c4e4418c044" member_type: VOTER last_known_addr { host: "127.13.104.129" port: 42435 } } peers { permanent_uuid: "e62d99c8b2c643d9b3a54a3c99d98b80" member_type: VOTER last_known_addr { host: "127.13.104.130" port: 40719 } } peers { permanent_uuid: "838603f8c835446e849165ff3f9396fc" member_type: VOTER last_known_addr { host: "127.13.104.132" port: 45455 } attrs { promote: false } } }
I20260630 12:39:50.983493 16602 catalog_manager.cc:5210] ChangeConfig:REMOVE_PEER RPC for tablet 2f41488e152649eda2197008d5d9a5b4 with cas_config_opid_index 4: ChangeConfig:REMOVE_PEER succeeded (attempt 1)
I20260630 12:39:50.989219 17305 ts_tablet_manager.cc:1929] T de1b77379087430fa2b9169b0ed80fc7 P 838603f8c835446e849165ff3f9396fc: tablet deleted with delete type TABLET_DATA_TOMBSTONED: last-logged OpId 1.3
I20260630 12:39:50.990520 17305 log.cc:1199] T de1b77379087430fa2b9169b0ed80fc7 P 838603f8c835446e849165ff3f9396fc: Deleting WAL directory at /tmp/dist-test-task8dfKXs/test-tmp/auto_rebalancer-test.0.AutoRebalancerTest.RangeAwareRebalancesNewRangeReplicas.1782823099288125-13730-0/minicluster-data/ts-3-root/wals/de1b77379087430fa2b9169b0ed80fc7
I20260630 12:39:50.989866 16615 catalog_manager.cc:5697] T 2f41488e152649eda2197008d5d9a5b4 P e62d99c8b2c643d9b3a54a3c99d98b80 reported cstate change: config changed from index 4 to 5, VOTER 5b83646caff54e8f9cf8c6ecda214540 (127.13.104.131) evicted. New cstate: current_term: 2 leader_uuid: "e62d99c8b2c643d9b3a54a3c99d98b80" committed_config { opid_index: 5 OBSOLETE_local: false peers { permanent_uuid: "42be2e3fc5684c3085e14c4e4418c044" member_type: VOTER last_known_addr { host: "127.13.104.129" port: 42435 } health_report { overall_health: UNKNOWN } } peers { permanent_uuid: "e62d99c8b2c643d9b3a54a3c99d98b80" member_type: VOTER last_known_addr { host: "127.13.104.130" port: 40719 } health_report { overall_health: HEALTHY } } peers { permanent_uuid: "838603f8c835446e849165ff3f9396fc" member_type: VOTER last_known_addr { host: "127.13.104.132" port: 45455 } attrs { promote: false } health_report { overall_health: HEALTHY } } }
I20260630 12:39:51.001725 16600 catalog_manager.cc:5028] TS 838603f8c835446e849165ff3f9396fc (127.13.104.132:45455): tablet de1b77379087430fa2b9169b0ed80fc7 (table range_aware_rebalance_new_range [id=ce20e5321ee44f799889333afaaad103]) successfully deleted
I20260630 12:39:51.018146 16853 tablet_service.cc:1558] Processing DeleteTablet for tablet 2f41488e152649eda2197008d5d9a5b4 with delete_type TABLET_DATA_TOMBSTONED (TS 5b83646caff54e8f9cf8c6ecda214540 not found in new config with opid_index 5) from {username='slave'} at 127.0.0.1:43284
I20260630 12:39:51.018234 16718 tablet_service.cc:2072] Received LeaderStepDown RPC: tablet_id: "174ba34306424a41a8cffc1023d11816"
dest_uuid: "42be2e3fc5684c3085e14c4e4418c044"
mode: GRACEFUL
new_leader_uuid: "5b83646caff54e8f9cf8c6ecda214540"
 from {username='slave'} at 127.0.0.1:55612
I20260630 12:39:51.019048 16718 raft_consensus.cc:606] T 174ba34306424a41a8cffc1023d11816 P 42be2e3fc5684c3085e14c4e4418c044 [term 2 LEADER]: Received request to transfer leadership to TS 5b83646caff54e8f9cf8c6ecda214540
I20260630 12:39:51.023875 17307 tablet_replica.cc:333] T 2f41488e152649eda2197008d5d9a5b4 P 5b83646caff54e8f9cf8c6ecda214540: stopping tablet replica
I20260630 12:39:51.024398 16669 auto_leader_rebalancer.cc:440] table: range_aware_rebalance_new_range, leader rebalance finish, leader transfer count: 1
I20260630 12:39:51.025234 16669 auto_leader_rebalancer.cc:515] All tables' leader rebalancing finished this round
I20260630 12:39:51.025815 17307 raft_consensus.cc:2243] T 2f41488e152649eda2197008d5d9a5b4 P 5b83646caff54e8f9cf8c6ecda214540 [term 2 FOLLOWER]: Raft consensus shutting down.
I20260630 12:39:51.031381 17307 raft_consensus.cc:2272] T 2f41488e152649eda2197008d5d9a5b4 P 5b83646caff54e8f9cf8c6ecda214540 [term 2 FOLLOWER]: Raft consensus is shut down!
I20260630 12:39:51.037650 16717 consensus_queue.cc:237] T 9ce897663f7b4b65b670855ceb438b16 P 42be2e3fc5684c3085e14c4e4418c044 [LEADER]: Queue going to LEADER mode. State: All replicated index: 0, Majority replicated index: 3, Committed index: 3, Last appended: 1.3, Last appended by leader: 0, Current term: 1, Majority size: 2, State: 0, Mode: LEADER, active raft config: opid_index: 4 OBSOLETE_local: false peers { permanent_uuid: "e62d99c8b2c643d9b3a54a3c99d98b80" member_type: VOTER last_known_addr { host: "127.13.104.130" port: 40719 } } peers { permanent_uuid: "42be2e3fc5684c3085e14c4e4418c044" member_type: VOTER last_known_addr { host: "127.13.104.129" port: 42435 } } peers { permanent_uuid: "5b83646caff54e8f9cf8c6ecda214540" member_type: VOTER last_known_addr { host: "127.13.104.131" port: 36289 } attrs { promote: false } }
I20260630 12:39:51.051815 16867 raft_consensus.cc:1275] T 9ce897663f7b4b65b670855ceb438b16 P 5b83646caff54e8f9cf8c6ecda214540 [term 1 FOLLOWER]: Refusing update from remote peer 42be2e3fc5684c3085e14c4e4418c044: Log matching property violated. Preceding OpId in replica: term: 1 index: 3. Preceding OpId from leader: term: 1 index: 4. (index mismatch)
I20260630 12:39:51.054147 16792 raft_consensus.cc:1275] T 9ce897663f7b4b65b670855ceb438b16 P e62d99c8b2c643d9b3a54a3c99d98b80 [term 1 FOLLOWER]: Refusing update from remote peer 42be2e3fc5684c3085e14c4e4418c044: Log matching property violated. Preceding OpId in replica: term: 1 index: 3. Preceding OpId from leader: term: 1 index: 4. (index mismatch)
I20260630 12:39:51.055183 17252 consensus_queue.cc:1048] T 9ce897663f7b4b65b670855ceb438b16 P 42be2e3fc5684c3085e14c4e4418c044 [LEADER]: Connected to new peer: Peer: permanent_uuid: "5b83646caff54e8f9cf8c6ecda214540" member_type: VOTER last_known_addr { host: "127.13.104.131" port: 36289 } attrs { promote: false }, Status: LMP_MISMATCH, Last received: 0.0, Next index: 4, Last known committed idx: 3, Time since last communication: 0.000s
I20260630 12:39:51.056077 17232 consensus_queue.cc:1048] T 9ce897663f7b4b65b670855ceb438b16 P 42be2e3fc5684c3085e14c4e4418c044 [LEADER]: Connected to new peer: Peer: permanent_uuid: "e62d99c8b2c643d9b3a54a3c99d98b80" member_type: VOTER last_known_addr { host: "127.13.104.130" port: 40719 }, Status: LMP_MISMATCH, Last received: 0.0, Next index: 4, Last known committed idx: 3, Time since last communication: 0.000s
I20260630 12:39:51.059235 17307 ts_tablet_manager.cc:1916] T 2f41488e152649eda2197008d5d9a5b4 P 5b83646caff54e8f9cf8c6ecda214540: Deleting tablet data with delete state TABLET_DATA_TOMBSTONED
I20260630 12:39:51.065070 17287 raft_consensus.cc:2955] T 9ce897663f7b4b65b670855ceb438b16 P 42be2e3fc5684c3085e14c4e4418c044 [term 1 LEADER]: Committing config change with OpId 1.4: config changed from index 3 to 4, VOTER 838603f8c835446e849165ff3f9396fc (127.13.104.132) evicted. New config: { opid_index: 4 OBSOLETE_local: false peers { permanent_uuid: "e62d99c8b2c643d9b3a54a3c99d98b80" member_type: VOTER last_known_addr { host: "127.13.104.130" port: 40719 } } peers { permanent_uuid: "42be2e3fc5684c3085e14c4e4418c044" member_type: VOTER last_known_addr { host: "127.13.104.129" port: 42435 } } peers { permanent_uuid: "5b83646caff54e8f9cf8c6ecda214540" member_type: VOTER last_known_addr { host: "127.13.104.131" port: 36289 } attrs { promote: false } } }
I20260630 12:39:51.066854 16791 raft_consensus.cc:2955] T 9ce897663f7b4b65b670855ceb438b16 P e62d99c8b2c643d9b3a54a3c99d98b80 [term 1 FOLLOWER]: Committing config change with OpId 1.4: config changed from index 3 to 4, VOTER 838603f8c835446e849165ff3f9396fc (127.13.104.132) evicted. New config: { opid_index: 4 OBSOLETE_local: false peers { permanent_uuid: "e62d99c8b2c643d9b3a54a3c99d98b80" member_type: VOTER last_known_addr { host: "127.13.104.130" port: 40719 } } peers { permanent_uuid: "42be2e3fc5684c3085e14c4e4418c044" member_type: VOTER last_known_addr { host: "127.13.104.129" port: 42435 } } peers { permanent_uuid: "5b83646caff54e8f9cf8c6ecda214540" member_type: VOTER last_known_addr { host: "127.13.104.131" port: 36289 } attrs { promote: false } } }
I20260630 12:39:51.066660 16867 raft_consensus.cc:2955] T 9ce897663f7b4b65b670855ceb438b16 P 5b83646caff54e8f9cf8c6ecda214540 [term 1 FOLLOWER]: Committing config change with OpId 1.4: config changed from index 3 to 4, VOTER 838603f8c835446e849165ff3f9396fc (127.13.104.132) evicted. New config: { opid_index: 4 OBSOLETE_local: false peers { permanent_uuid: "e62d99c8b2c643d9b3a54a3c99d98b80" member_type: VOTER last_known_addr { host: "127.13.104.130" port: 40719 } } peers { permanent_uuid: "42be2e3fc5684c3085e14c4e4418c044" member_type: VOTER last_known_addr { host: "127.13.104.129" port: 42435 } } peers { permanent_uuid: "5b83646caff54e8f9cf8c6ecda214540" member_type: VOTER last_known_addr { host: "127.13.104.131" port: 36289 } attrs { promote: false } } }
I20260630 12:39:51.071790 17288 raft_consensus.cc:993] T 174ba34306424a41a8cffc1023d11816 P 42be2e3fc5684c3085e14c4e4418c044: : Instructing follower 5b83646caff54e8f9cf8c6ecda214540 to start an election
I20260630 12:39:51.072207 17288 raft_consensus.cc:1081] T 174ba34306424a41a8cffc1023d11816 P 42be2e3fc5684c3085e14c4e4418c044 [term 2 LEADER]: Signalling peer 5b83646caff54e8f9cf8c6ecda214540 to start an election
I20260630 12:39:51.073881 16864 tablet_service.cc:2044] Received Run Leader Election RPC: tablet_id: "174ba34306424a41a8cffc1023d11816"
dest_uuid: "5b83646caff54e8f9cf8c6ecda214540"
 from {username='slave'} at 127.0.0.1:43292
I20260630 12:39:51.074398 16864 raft_consensus.cc:493] T 174ba34306424a41a8cffc1023d11816 P 5b83646caff54e8f9cf8c6ecda214540 [term 2 FOLLOWER]: Starting forced leader election (received explicit request)
I20260630 12:39:51.074745 16864 raft_consensus.cc:3060] T 174ba34306424a41a8cffc1023d11816 P 5b83646caff54e8f9cf8c6ecda214540 [term 2 FOLLOWER]: Advancing to term 3
I20260630 12:39:51.084342 16600 catalog_manager.cc:5210] ChangeConfig:REMOVE_PEER RPC for tablet 9ce897663f7b4b65b670855ceb438b16 with cas_config_opid_index 3: ChangeConfig:REMOVE_PEER succeeded (attempt 1)
I20260630 12:39:51.085383 16615 catalog_manager.cc:5697] T 9ce897663f7b4b65b670855ceb438b16 P e62d99c8b2c643d9b3a54a3c99d98b80 reported cstate change: config changed from index 3 to 4, VOTER 838603f8c835446e849165ff3f9396fc (127.13.104.132) evicted. New cstate: current_term: 1 leader_uuid: "42be2e3fc5684c3085e14c4e4418c044" committed_config { opid_index: 4 OBSOLETE_local: false peers { permanent_uuid: "e62d99c8b2c643d9b3a54a3c99d98b80" member_type: VOTER last_known_addr { host: "127.13.104.130" port: 40719 } } peers { permanent_uuid: "42be2e3fc5684c3085e14c4e4418c044" member_type: VOTER last_known_addr { host: "127.13.104.129" port: 42435 } } peers { permanent_uuid: "5b83646caff54e8f9cf8c6ecda214540" member_type: VOTER last_known_addr { host: "127.13.104.131" port: 36289 } attrs { promote: false } } }
I20260630 12:39:51.081744 16864 raft_consensus.cc:515] T 174ba34306424a41a8cffc1023d11816 P 5b83646caff54e8f9cf8c6ecda214540 [term 3 FOLLOWER]: Starting forced leader election with config: opid_index: -1 OBSOLETE_local: false peers { permanent_uuid: "42be2e3fc5684c3085e14c4e4418c044" member_type: VOTER last_known_addr { host: "127.13.104.129" port: 42435 } } peers { permanent_uuid: "e62d99c8b2c643d9b3a54a3c99d98b80" member_type: VOTER last_known_addr { host: "127.13.104.130" port: 40719 } } peers { permanent_uuid: "5b83646caff54e8f9cf8c6ecda214540" member_type: VOTER last_known_addr { host: "127.13.104.131" port: 36289 } }
I20260630 12:39:51.091463 16717 tablet_service.cc:1917] Received RequestConsensusVote() RPC: tablet_id: "174ba34306424a41a8cffc1023d11816" candidate_uuid: "5b83646caff54e8f9cf8c6ecda214540" candidate_term: 3 candidate_status { last_received { term: 2 index: 2 } } ignore_live_leader: true dest_uuid: "42be2e3fc5684c3085e14c4e4418c044"
I20260630 12:39:51.092089 16717 raft_consensus.cc:3055] T 174ba34306424a41a8cffc1023d11816 P 42be2e3fc5684c3085e14c4e4418c044 [term 2 LEADER]: Stepping down as leader of term 2
I20260630 12:39:51.092344 16717 raft_consensus.cc:740] T 174ba34306424a41a8cffc1023d11816 P 42be2e3fc5684c3085e14c4e4418c044 [term 2 LEADER]: Becoming Follower/Learner. State: Replica: 42be2e3fc5684c3085e14c4e4418c044, State: Running, Role: LEADER
I20260630 12:39:51.093107 16717 consensus_queue.cc:260] T 174ba34306424a41a8cffc1023d11816 P 42be2e3fc5684c3085e14c4e4418c044 [NON_LEADER]: Queue going to NON_LEADER mode. State: All replicated index: 0, Majority replicated index: 2, Committed index: 2, Last appended: 2.2, Last appended by leader: 2, Current term: 2, Majority size: -1, State: 0, Mode: NON_LEADER, active raft config: opid_index: -1 OBSOLETE_local: false peers { permanent_uuid: "42be2e3fc5684c3085e14c4e4418c044" member_type: VOTER last_known_addr { host: "127.13.104.129" port: 42435 } } peers { permanent_uuid: "e62d99c8b2c643d9b3a54a3c99d98b80" member_type: VOTER last_known_addr { host: "127.13.104.130" port: 40719 } } peers { permanent_uuid: "5b83646caff54e8f9cf8c6ecda214540" member_type: VOTER last_known_addr { host: "127.13.104.131" port: 36289 } }
I20260630 12:39:51.094105 16791 tablet_service.cc:1917] Received RequestConsensusVote() RPC: tablet_id: "174ba34306424a41a8cffc1023d11816" candidate_uuid: "5b83646caff54e8f9cf8c6ecda214540" candidate_term: 3 candidate_status { last_received { term: 2 index: 2 } } ignore_live_leader: true dest_uuid: "e62d99c8b2c643d9b3a54a3c99d98b80"
I20260630 12:39:51.094652 16791 raft_consensus.cc:3060] T 174ba34306424a41a8cffc1023d11816 P e62d99c8b2c643d9b3a54a3c99d98b80 [term 2 FOLLOWER]: Advancing to term 3
I20260630 12:39:51.094125 16717 raft_consensus.cc:3060] T 174ba34306424a41a8cffc1023d11816 P 42be2e3fc5684c3085e14c4e4418c044 [term 2 FOLLOWER]: Advancing to term 3
I20260630 12:39:51.101246 16791 raft_consensus.cc:2468] T 174ba34306424a41a8cffc1023d11816 P e62d99c8b2c643d9b3a54a3c99d98b80 [term 3 FOLLOWER]: Leader election vote request: Granting yes vote for candidate 5b83646caff54e8f9cf8c6ecda214540 in term 3.
I20260630 12:39:51.102634 16832 leader_election.cc:304] T 174ba34306424a41a8cffc1023d11816 P 5b83646caff54e8f9cf8c6ecda214540 [CANDIDATE]: Term 3 election: Election decided. Result: candidate won. Election summary: received 2 responses out of 3 voters: 2 yes votes; 0 no votes. yes voters: 5b83646caff54e8f9cf8c6ecda214540, e62d99c8b2c643d9b3a54a3c99d98b80; no voters: 
I20260630 12:39:51.108310 16999 tablet_service.cc:1558] Processing DeleteTablet for tablet 9ce897663f7b4b65b670855ceb438b16 with delete_type TABLET_DATA_TOMBSTONED (TS 838603f8c835446e849165ff3f9396fc not found in new config with opid_index 4) from {username='slave'} at 127.0.0.1:39816
I20260630 12:39:51.109340 17305 tablet_replica.cc:333] T 9ce897663f7b4b65b670855ceb438b16 P 838603f8c835446e849165ff3f9396fc: stopping tablet replica
I20260630 12:39:51.109970 17306 raft_consensus.cc:2804] T 174ba34306424a41a8cffc1023d11816 P 5b83646caff54e8f9cf8c6ecda214540 [term 3 FOLLOWER]: Leader election won for term 3
I20260630 12:39:51.110069 16864 leader_election.cc:290] T 174ba34306424a41a8cffc1023d11816 P 5b83646caff54e8f9cf8c6ecda214540 [CANDIDATE]: Term 3 election: Requested vote from peers 42be2e3fc5684c3085e14c4e4418c044 (127.13.104.129:42435), e62d99c8b2c643d9b3a54a3c99d98b80 (127.13.104.130:40719)
I20260630 12:39:51.110551 17306 raft_consensus.cc:697] T 174ba34306424a41a8cffc1023d11816 P 5b83646caff54e8f9cf8c6ecda214540 [term 3 LEADER]: Becoming Leader. State: Replica: 5b83646caff54e8f9cf8c6ecda214540, State: Running, Role: LEADER
I20260630 12:39:51.111451 17306 consensus_queue.cc:237] T 174ba34306424a41a8cffc1023d11816 P 5b83646caff54e8f9cf8c6ecda214540 [LEADER]: Queue going to LEADER mode. State: All replicated index: 0, Majority replicated index: 2, Committed index: 2, Last appended: 2.2, Last appended by leader: 2, Current term: 3, Majority size: 2, State: 0, Mode: LEADER, active raft config: opid_index: -1 OBSOLETE_local: false peers { permanent_uuid: "42be2e3fc5684c3085e14c4e4418c044" member_type: VOTER last_known_addr { host: "127.13.104.129" port: 42435 } } peers { permanent_uuid: "e62d99c8b2c643d9b3a54a3c99d98b80" member_type: VOTER last_known_addr { host: "127.13.104.130" port: 40719 } } peers { permanent_uuid: "5b83646caff54e8f9cf8c6ecda214540" member_type: VOTER last_known_addr { host: "127.13.104.131" port: 36289 } }
I20260630 12:39:51.112521 16717 raft_consensus.cc:2468] T 174ba34306424a41a8cffc1023d11816 P 42be2e3fc5684c3085e14c4e4418c044 [term 3 FOLLOWER]: Leader election vote request: Granting yes vote for candidate 5b83646caff54e8f9cf8c6ecda214540 in term 3.
I20260630 12:39:51.112818 17305 raft_consensus.cc:2243] T 9ce897663f7b4b65b670855ceb438b16 P 838603f8c835446e849165ff3f9396fc [term 1 FOLLOWER]: Raft consensus shutting down.
I20260630 12:39:51.113598 17305 raft_consensus.cc:2272] T 9ce897663f7b4b65b670855ceb438b16 P 838603f8c835446e849165ff3f9396fc [term 1 FOLLOWER]: Raft consensus is shut down!
I20260630 12:39:51.117553 17305 ts_tablet_manager.cc:1916] T 9ce897663f7b4b65b670855ceb438b16 P 838603f8c835446e849165ff3f9396fc: Deleting tablet data with delete state TABLET_DATA_TOMBSTONED
I20260630 12:39:51.122325 17307 ts_tablet_manager.cc:1929] T 2f41488e152649eda2197008d5d9a5b4 P 5b83646caff54e8f9cf8c6ecda214540: tablet deleted with delete type TABLET_DATA_TOMBSTONED: last-logged OpId 2.4
I20260630 12:39:51.122813 17307 log.cc:1199] T 2f41488e152649eda2197008d5d9a5b4 P 5b83646caff54e8f9cf8c6ecda214540: Deleting WAL directory at /tmp/dist-test-task8dfKXs/test-tmp/auto_rebalancer-test.0.AutoRebalancerTest.RangeAwareRebalancesNewRangeReplicas.1782823099288125-13730-0/minicluster-data/ts-2-root/wals/2f41488e152649eda2197008d5d9a5b4
I20260630 12:39:51.124739 16601 catalog_manager.cc:5028] TS 5b83646caff54e8f9cf8c6ecda214540 (127.13.104.131:36289): tablet 2f41488e152649eda2197008d5d9a5b4 (table range_aware_rebalance_new_range [id=ce20e5321ee44f799889333afaaad103]) successfully deleted
I20260630 12:39:51.127893 16615 catalog_manager.cc:5697] T 174ba34306424a41a8cffc1023d11816 P 5b83646caff54e8f9cf8c6ecda214540 reported cstate change: term changed from 2 to 3, leader changed from 42be2e3fc5684c3085e14c4e4418c044 (127.13.104.129) to 5b83646caff54e8f9cf8c6ecda214540 (127.13.104.131). New cstate: current_term: 3 leader_uuid: "5b83646caff54e8f9cf8c6ecda214540" committed_config { opid_index: -1 OBSOLETE_local: false peers { permanent_uuid: "42be2e3fc5684c3085e14c4e4418c044" member_type: VOTER last_known_addr { host: "127.13.104.129" port: 42435 } health_report { overall_health: UNKNOWN } } peers { permanent_uuid: "e62d99c8b2c643d9b3a54a3c99d98b80" member_type: VOTER last_known_addr { host: "127.13.104.130" port: 40719 } health_report { overall_health: UNKNOWN } } peers { permanent_uuid: "5b83646caff54e8f9cf8c6ecda214540" member_type: VOTER last_known_addr { host: "127.13.104.131" port: 36289 } health_report { overall_health: HEALTHY } } }
I20260630 12:39:51.139627 17305 ts_tablet_manager.cc:1929] T 9ce897663f7b4b65b670855ceb438b16 P 838603f8c835446e849165ff3f9396fc: tablet deleted with delete type TABLET_DATA_TOMBSTONED: last-logged OpId 1.3
