I20260630 12:39:34.834919 16547 ts_tablet_manager.cc:1403] T 0f9d3248125f4577b64b5af03d3e49eb P f0e663b044a54fea8dda2d6a09c0b132: Time spent bootstrapping tablet: real 0.019s	user 0.007s	sys 0.008s
I20260630 12:39:34.834986 16550 tablet_bootstrap.cc:492] T ca275dcc839942cbab42cdd466a69c5d P 616ab27360d74696bf7ed1ffe65965e6: No bootstrap required, opened a new log
I20260630 12:39:34.835044 16549 ts_tablet_manager.cc:1403] T 0f9d3248125f4577b64b5af03d3e49eb P 62634c8f95994f76b5715024c5bad73e: Time spent bootstrapping tablet: real 0.055s	user 0.015s	sys 0.008s
I20260630 12:39:34.835608 16550 ts_tablet_manager.cc:1403] T ca275dcc839942cbab42cdd466a69c5d P 616ab27360d74696bf7ed1ffe65965e6: Time spent bootstrapping tablet: real 0.030s	user 0.010s	sys 0.018s
I20260630 12:39:34.837220 16547 raft_consensus.cc:359] T 0f9d3248125f4577b64b5af03d3e49eb P f0e663b044a54fea8dda2d6a09c0b132 [term 0 FOLLOWER]: Replica starting. Triggering 0 pending ops. Active config: opid_index: -1 OBSOLETE_local: false peers { permanent_uuid: "62634c8f95994f76b5715024c5bad73e" member_type: VOTER last_known_addr { host: "127.13.18.66" port: 36075 } } peers { permanent_uuid: "616ab27360d74696bf7ed1ffe65965e6" member_type: VOTER last_known_addr { host: "127.13.18.65" port: 43709 } } peers { permanent_uuid: "f0e663b044a54fea8dda2d6a09c0b132" member_type: VOTER last_known_addr { host: "127.13.18.67" port: 33511 } }
I20260630 12:39:34.837798 16547 raft_consensus.cc:385] T 0f9d3248125f4577b64b5af03d3e49eb P f0e663b044a54fea8dda2d6a09c0b132 [term 0 FOLLOWER]: Consensus starting up: Expiring failure detector timer to make a prompt election more likely
I20260630 12:39:34.838042 16547 raft_consensus.cc:740] T 0f9d3248125f4577b64b5af03d3e49eb P f0e663b044a54fea8dda2d6a09c0b132 [term 0 FOLLOWER]: Becoming Follower/Learner. State: Replica: f0e663b044a54fea8dda2d6a09c0b132, State: Initialized, Role: FOLLOWER
I20260630 12:39:34.838083 16549 raft_consensus.cc:359] T 0f9d3248125f4577b64b5af03d3e49eb P 62634c8f95994f76b5715024c5bad73e [term 0 FOLLOWER]: Replica starting. Triggering 0 pending ops. Active config: opid_index: -1 OBSOLETE_local: false peers { permanent_uuid: "62634c8f95994f76b5715024c5bad73e" member_type: VOTER last_known_addr { host: "127.13.18.66" port: 36075 } } peers { permanent_uuid: "616ab27360d74696bf7ed1ffe65965e6" member_type: VOTER last_known_addr { host: "127.13.18.65" port: 43709 } } peers { permanent_uuid: "f0e663b044a54fea8dda2d6a09c0b132" member_type: VOTER last_known_addr { host: "127.13.18.67" port: 33511 } }
I20260630 12:39:34.838339 16550 raft_consensus.cc:359] T ca275dcc839942cbab42cdd466a69c5d P 616ab27360d74696bf7ed1ffe65965e6 [term 0 FOLLOWER]: Replica starting. Triggering 0 pending ops. Active config: opid_index: -1 OBSOLETE_local: false peers { permanent_uuid: "616ab27360d74696bf7ed1ffe65965e6" member_type: VOTER last_known_addr { host: "127.13.18.65" port: 43709 } } peers { permanent_uuid: "62634c8f95994f76b5715024c5bad73e" member_type: VOTER last_known_addr { host: "127.13.18.66" port: 36075 } } peers { permanent_uuid: "f0e663b044a54fea8dda2d6a09c0b132" member_type: VOTER last_known_addr { host: "127.13.18.67" port: 33511 } }
I20260630 12:39:34.838903 16549 raft_consensus.cc:385] T 0f9d3248125f4577b64b5af03d3e49eb P 62634c8f95994f76b5715024c5bad73e [term 0 FOLLOWER]: Consensus starting up: Expiring failure detector timer to make a prompt election more likely
I20260630 12:39:34.839020 16550 raft_consensus.cc:385] T ca275dcc839942cbab42cdd466a69c5d P 616ab27360d74696bf7ed1ffe65965e6 [term 0 FOLLOWER]: Consensus starting up: Expiring failure detector timer to make a prompt election more likely
I20260630 12:39:34.838701 16547 consensus_queue.cc:260] T 0f9d3248125f4577b64b5af03d3e49eb P f0e663b044a54fea8dda2d6a09c0b132 [NON_LEADER]: Queue going to NON_LEADER mode. State: All replicated index: 0, Majority replicated index: 0, Committed index: 0, Last appended: 0.0, Last appended by leader: 0, Current term: 0, Majority size: -1, State: 0, Mode: NON_LEADER, active raft config: opid_index: -1 OBSOLETE_local: false peers { permanent_uuid: "62634c8f95994f76b5715024c5bad73e" member_type: VOTER last_known_addr { host: "127.13.18.66" port: 36075 } } peers { permanent_uuid: "616ab27360d74696bf7ed1ffe65965e6" member_type: VOTER last_known_addr { host: "127.13.18.65" port: 43709 } } peers { permanent_uuid: "f0e663b044a54fea8dda2d6a09c0b132" member_type: VOTER last_known_addr { host: "127.13.18.67" port: 33511 } }
I20260630 12:39:34.839267 16549 raft_consensus.cc:740] T 0f9d3248125f4577b64b5af03d3e49eb P 62634c8f95994f76b5715024c5bad73e [term 0 FOLLOWER]: Becoming Follower/Learner. State: Replica: 62634c8f95994f76b5715024c5bad73e, State: Initialized, Role: FOLLOWER
I20260630 12:39:34.839346 16550 raft_consensus.cc:740] T ca275dcc839942cbab42cdd466a69c5d P 616ab27360d74696bf7ed1ffe65965e6 [term 0 FOLLOWER]: Becoming Follower/Learner. State: Replica: 616ab27360d74696bf7ed1ffe65965e6, State: Initialized, Role: FOLLOWER
I20260630 12:39:34.840848 16547 ts_tablet_manager.cc:1434] T 0f9d3248125f4577b64b5af03d3e49eb P f0e663b044a54fea8dda2d6a09c0b132: Time spent starting tablet: real 0.006s	user 0.007s	sys 0.000s
I20260630 12:39:34.840354 16549 consensus_queue.cc:260] T 0f9d3248125f4577b64b5af03d3e49eb P 62634c8f95994f76b5715024c5bad73e [NON_LEADER]: Queue going to NON_LEADER mode. State: All replicated index: 0, Majority replicated index: 0, Committed index: 0, Last appended: 0.0, Last appended by leader: 0, Current term: 0, Majority size: -1, State: 0, Mode: NON_LEADER, active raft config: opid_index: -1 OBSOLETE_local: false peers { permanent_uuid: "62634c8f95994f76b5715024c5bad73e" member_type: VOTER last_known_addr { host: "127.13.18.66" port: 36075 } } peers { permanent_uuid: "616ab27360d74696bf7ed1ffe65965e6" member_type: VOTER last_known_addr { host: "127.13.18.65" port: 43709 } } peers { permanent_uuid: "f0e663b044a54fea8dda2d6a09c0b132" member_type: VOTER last_known_addr { host: "127.13.18.67" port: 33511 } }
I20260630 12:39:34.840418 16550 consensus_queue.cc:260] T ca275dcc839942cbab42cdd466a69c5d P 616ab27360d74696bf7ed1ffe65965e6 [NON_LEADER]: Queue going to NON_LEADER mode. State: All replicated index: 0, Majority replicated index: 0, Committed index: 0, Last appended: 0.0, Last appended by leader: 0, Current term: 0, Majority size: -1, State: 0, Mode: NON_LEADER, active raft config: opid_index: -1 OBSOLETE_local: false peers { permanent_uuid: "616ab27360d74696bf7ed1ffe65965e6" member_type: VOTER last_known_addr { host: "127.13.18.65" port: 43709 } } peers { permanent_uuid: "62634c8f95994f76b5715024c5bad73e" member_type: VOTER last_known_addr { host: "127.13.18.66" port: 36075 } } peers { permanent_uuid: "f0e663b044a54fea8dda2d6a09c0b132" member_type: VOTER last_known_addr { host: "127.13.18.67" port: 33511 } }
I20260630 12:39:34.842033 16547 tablet_bootstrap.cc:492] T 6548366a2bf5436cb870bb3653747d7a P f0e663b044a54fea8dda2d6a09c0b132: Bootstrap starting.
I20260630 12:39:34.848946 16547 tablet_bootstrap.cc:654] T 6548366a2bf5436cb870bb3653747d7a P f0e663b044a54fea8dda2d6a09c0b132: Neither blocks nor log segments found. Creating new log.
I20260630 12:39:34.850257 16549 ts_tablet_manager.cc:1434] T 0f9d3248125f4577b64b5af03d3e49eb P 62634c8f95994f76b5715024c5bad73e: Time spent starting tablet: real 0.015s	user 0.008s	sys 0.004s
I20260630 12:39:34.850898 16550 ts_tablet_manager.cc:1434] T ca275dcc839942cbab42cdd466a69c5d P 616ab27360d74696bf7ed1ffe65965e6: Time spent starting tablet: real 0.015s	user 0.011s	sys 0.002s
I20260630 12:39:34.851511 16549 tablet_bootstrap.cc:492] T 6548366a2bf5436cb870bb3653747d7a P 62634c8f95994f76b5715024c5bad73e: Bootstrap starting.
I20260630 12:39:34.854573 16550 tablet_bootstrap.cc:492] T 249b318695e048a5a4486aa941450516 P 616ab27360d74696bf7ed1ffe65965e6: Bootstrap starting.
I20260630 12:39:34.858175 16549 tablet_bootstrap.cc:654] T 6548366a2bf5436cb870bb3653747d7a P 62634c8f95994f76b5715024c5bad73e: Neither blocks nor log segments found. Creating new log.
I20260630 12:39:34.861361 16550 tablet_bootstrap.cc:654] T 249b318695e048a5a4486aa941450516 P 616ab27360d74696bf7ed1ffe65965e6: Neither blocks nor log segments found. Creating new log.
I20260630 12:39:34.869354 16549 tablet_bootstrap.cc:492] T 6548366a2bf5436cb870bb3653747d7a P 62634c8f95994f76b5715024c5bad73e: No bootstrap required, opened a new log
I20260630 12:39:34.869812 16549 ts_tablet_manager.cc:1403] T 6548366a2bf5436cb870bb3653747d7a P 62634c8f95994f76b5715024c5bad73e: Time spent bootstrapping tablet: real 0.019s	user 0.010s	sys 0.000s
I20260630 12:39:34.870890 16547 tablet_bootstrap.cc:492] T 6548366a2bf5436cb870bb3653747d7a P f0e663b044a54fea8dda2d6a09c0b132: No bootstrap required, opened a new log
I20260630 12:39:34.871403 16547 ts_tablet_manager.cc:1403] T 6548366a2bf5436cb870bb3653747d7a P f0e663b044a54fea8dda2d6a09c0b132: Time spent bootstrapping tablet: real 0.030s	user 0.014s	sys 0.005s
I20260630 12:39:34.871964 16549 raft_consensus.cc:359] T 6548366a2bf5436cb870bb3653747d7a P 62634c8f95994f76b5715024c5bad73e [term 0 FOLLOWER]: Replica starting. Triggering 0 pending ops. Active config: opid_index: -1 OBSOLETE_local: false peers { permanent_uuid: "616ab27360d74696bf7ed1ffe65965e6" member_type: VOTER last_known_addr { host: "127.13.18.65" port: 43709 } } peers { permanent_uuid: "62634c8f95994f76b5715024c5bad73e" member_type: VOTER last_known_addr { host: "127.13.18.66" port: 36075 } } peers { permanent_uuid: "f0e663b044a54fea8dda2d6a09c0b132" member_type: VOTER last_known_addr { host: "127.13.18.67" port: 33511 } }
I20260630 12:39:34.872573 16549 raft_consensus.cc:385] T 6548366a2bf5436cb870bb3653747d7a P 62634c8f95994f76b5715024c5bad73e [term 0 FOLLOWER]: Consensus starting up: Expiring failure detector timer to make a prompt election more likely
I20260630 12:39:34.872802 16549 raft_consensus.cc:740] T 6548366a2bf5436cb870bb3653747d7a P 62634c8f95994f76b5715024c5bad73e [term 0 FOLLOWER]: Becoming Follower/Learner. State: Replica: 62634c8f95994f76b5715024c5bad73e, State: Initialized, Role: FOLLOWER
I20260630 12:39:34.873013 16550 tablet_bootstrap.cc:492] T 249b318695e048a5a4486aa941450516 P 616ab27360d74696bf7ed1ffe65965e6: No bootstrap required, opened a new log
I20260630 12:39:34.873494 16550 ts_tablet_manager.cc:1403] T 249b318695e048a5a4486aa941450516 P 616ab27360d74696bf7ed1ffe65965e6: Time spent bootstrapping tablet: real 0.019s	user 0.009s	sys 0.008s
I20260630 12:39:34.873479 16549 consensus_queue.cc:260] T 6548366a2bf5436cb870bb3653747d7a P 62634c8f95994f76b5715024c5bad73e [NON_LEADER]: Queue going to NON_LEADER mode. State: All replicated index: 0, Majority replicated index: 0, Committed index: 0, Last appended: 0.0, Last appended by leader: 0, Current term: 0, Majority size: -1, State: 0, Mode: NON_LEADER, active raft config: opid_index: -1 OBSOLETE_local: false peers { permanent_uuid: "616ab27360d74696bf7ed1ffe65965e6" member_type: VOTER last_known_addr { host: "127.13.18.65" port: 43709 } } peers { permanent_uuid: "62634c8f95994f76b5715024c5bad73e" member_type: VOTER last_known_addr { host: "127.13.18.66" port: 36075 } } peers { permanent_uuid: "f0e663b044a54fea8dda2d6a09c0b132" member_type: VOTER last_known_addr { host: "127.13.18.67" port: 33511 } }
I20260630 12:39:34.874341 16547 raft_consensus.cc:359] T 6548366a2bf5436cb870bb3653747d7a P f0e663b044a54fea8dda2d6a09c0b132 [term 0 FOLLOWER]: Replica starting. Triggering 0 pending ops. Active config: opid_index: -1 OBSOLETE_local: false peers { permanent_uuid: "616ab27360d74696bf7ed1ffe65965e6" member_type: VOTER last_known_addr { host: "127.13.18.65" port: 43709 } } peers { permanent_uuid: "62634c8f95994f76b5715024c5bad73e" member_type: VOTER last_known_addr { host: "127.13.18.66" port: 36075 } } peers { permanent_uuid: "f0e663b044a54fea8dda2d6a09c0b132" member_type: VOTER last_known_addr { host: "127.13.18.67" port: 33511 } }
I20260630 12:39:34.875077 16547 raft_consensus.cc:385] T 6548366a2bf5436cb870bb3653747d7a P f0e663b044a54fea8dda2d6a09c0b132 [term 0 FOLLOWER]: Consensus starting up: Expiring failure detector timer to make a prompt election more likely
I20260630 12:39:34.875378 16547 raft_consensus.cc:740] T 6548366a2bf5436cb870bb3653747d7a P f0e663b044a54fea8dda2d6a09c0b132 [term 0 FOLLOWER]: Becoming Follower/Learner. State: Replica: f0e663b044a54fea8dda2d6a09c0b132, State: Initialized, Role: FOLLOWER
I20260630 12:39:34.875552 16549 ts_tablet_manager.cc:1434] T 6548366a2bf5436cb870bb3653747d7a P 62634c8f95994f76b5715024c5bad73e: Time spent starting tablet: real 0.005s	user 0.004s	sys 0.000s
I20260630 12:39:34.876540 16549 tablet_bootstrap.cc:492] T ca275dcc839942cbab42cdd466a69c5d P 62634c8f95994f76b5715024c5bad73e: Bootstrap starting.
I20260630 12:39:34.876163 16547 consensus_queue.cc:260] T 6548366a2bf5436cb870bb3653747d7a P f0e663b044a54fea8dda2d6a09c0b132 [NON_LEADER]: Queue going to NON_LEADER mode. State: All replicated index: 0, Majority replicated index: 0, Committed index: 0, Last appended: 0.0, Last appended by leader: 0, Current term: 0, Majority size: -1, State: 0, Mode: NON_LEADER, active raft config: opid_index: -1 OBSOLETE_local: false peers { permanent_uuid: "616ab27360d74696bf7ed1ffe65965e6" member_type: VOTER last_known_addr { host: "127.13.18.65" port: 43709 } } peers { permanent_uuid: "62634c8f95994f76b5715024c5bad73e" member_type: VOTER last_known_addr { host: "127.13.18.66" port: 36075 } } peers { permanent_uuid: "f0e663b044a54fea8dda2d6a09c0b132" member_type: VOTER last_known_addr { host: "127.13.18.67" port: 33511 } }
I20260630 12:39:34.876402 16550 raft_consensus.cc:359] T 249b318695e048a5a4486aa941450516 P 616ab27360d74696bf7ed1ffe65965e6 [term 0 FOLLOWER]: Replica starting. Triggering 0 pending ops. Active config: opid_index: -1 OBSOLETE_local: false peers { permanent_uuid: "616ab27360d74696bf7ed1ffe65965e6" member_type: VOTER last_known_addr { host: "127.13.18.65" port: 43709 } } peers { permanent_uuid: "62634c8f95994f76b5715024c5bad73e" member_type: VOTER last_known_addr { host: "127.13.18.66" port: 36075 } } peers { permanent_uuid: "f0e663b044a54fea8dda2d6a09c0b132" member_type: VOTER last_known_addr { host: "127.13.18.67" port: 33511 } }
I20260630 12:39:34.877102 16550 raft_consensus.cc:385] T 249b318695e048a5a4486aa941450516 P 616ab27360d74696bf7ed1ffe65965e6 [term 0 FOLLOWER]: Consensus starting up: Expiring failure detector timer to make a prompt election more likely
I20260630 12:39:34.877427 16550 raft_consensus.cc:740] T 249b318695e048a5a4486aa941450516 P 616ab27360d74696bf7ed1ffe65965e6 [term 0 FOLLOWER]: Becoming Follower/Learner. State: Replica: 616ab27360d74696bf7ed1ffe65965e6, State: Initialized, Role: FOLLOWER
I20260630 12:39:34.878414 16547 ts_tablet_manager.cc:1434] T 6548366a2bf5436cb870bb3653747d7a P f0e663b044a54fea8dda2d6a09c0b132: Time spent starting tablet: real 0.007s	user 0.005s	sys 0.000s
I20260630 12:39:34.878261 16550 consensus_queue.cc:260] T 249b318695e048a5a4486aa941450516 P 616ab27360d74696bf7ed1ffe65965e6 [NON_LEADER]: Queue going to NON_LEADER mode. State: All replicated index: 0, Majority replicated index: 0, Committed index: 0, Last appended: 0.0, Last appended by leader: 0, Current term: 0, Majority size: -1, State: 0, Mode: NON_LEADER, active raft config: opid_index: -1 OBSOLETE_local: false peers { permanent_uuid: "616ab27360d74696bf7ed1ffe65965e6" member_type: VOTER last_known_addr { host: "127.13.18.65" port: 43709 } } peers { permanent_uuid: "62634c8f95994f76b5715024c5bad73e" member_type: VOTER last_known_addr { host: "127.13.18.66" port: 36075 } } peers { permanent_uuid: "f0e663b044a54fea8dda2d6a09c0b132" member_type: VOTER last_known_addr { host: "127.13.18.67" port: 33511 } }
I20260630 12:39:34.881035 16547 tablet_bootstrap.cc:492] T ca275dcc839942cbab42cdd466a69c5d P f0e663b044a54fea8dda2d6a09c0b132: Bootstrap starting.
I20260630 12:39:34.881639 16555 raft_consensus.cc:493] T 0f9d3248125f4577b64b5af03d3e49eb P 62634c8f95994f76b5715024c5bad73e [term 0 FOLLOWER]: Starting pre-election (no leader contacted us within the election timeout)
I20260630 12:39:34.882104 16555 raft_consensus.cc:515] T 0f9d3248125f4577b64b5af03d3e49eb P 62634c8f95994f76b5715024c5bad73e [term 0 FOLLOWER]: Starting pre-election with config: opid_index: -1 OBSOLETE_local: false peers { permanent_uuid: "62634c8f95994f76b5715024c5bad73e" member_type: VOTER last_known_addr { host: "127.13.18.66" port: 36075 } } peers { permanent_uuid: "616ab27360d74696bf7ed1ffe65965e6" member_type: VOTER last_known_addr { host: "127.13.18.65" port: 43709 } } peers { permanent_uuid: "f0e663b044a54fea8dda2d6a09c0b132" member_type: VOTER last_known_addr { host: "127.13.18.67" port: 33511 } }
I20260630 12:39:34.882659 16549 tablet_bootstrap.cc:654] T ca275dcc839942cbab42cdd466a69c5d P 62634c8f95994f76b5715024c5bad73e: Neither blocks nor log segments found. Creating new log.
I20260630 12:39:34.882772 16550 ts_tablet_manager.cc:1434] T 249b318695e048a5a4486aa941450516 P 616ab27360d74696bf7ed1ffe65965e6: Time spent starting tablet: real 0.009s	user 0.005s	sys 0.000s
I20260630 12:39:34.883740 16550 tablet_bootstrap.cc:492] T 5f603768774e4c36952297f58312efd5 P 616ab27360d74696bf7ed1ffe65965e6: Bootstrap starting.
I20260630 12:39:34.887409 16547 tablet_bootstrap.cc:654] T ca275dcc839942cbab42cdd466a69c5d P f0e663b044a54fea8dda2d6a09c0b132: Neither blocks nor log segments found. Creating new log.
I20260630 12:39:34.889567 16550 tablet_bootstrap.cc:654] T 5f603768774e4c36952297f58312efd5 P 616ab27360d74696bf7ed1ffe65965e6: Neither blocks nor log segments found. Creating new log.
I20260630 12:39:34.892956 16555 leader_election.cc:290] T 0f9d3248125f4577b64b5af03d3e49eb P 62634c8f95994f76b5715024c5bad73e [CANDIDATE]: Term 1 pre-election: Requested pre-vote from peers 616ab27360d74696bf7ed1ffe65965e6 (127.13.18.65:43709), f0e663b044a54fea8dda2d6a09c0b132 (127.13.18.67:33511)
I20260630 12:39:34.893993 16549 tablet_bootstrap.cc:492] T ca275dcc839942cbab42cdd466a69c5d P 62634c8f95994f76b5715024c5bad73e: No bootstrap required, opened a new log
I20260630 12:39:34.900794 16549 ts_tablet_manager.cc:1403] T ca275dcc839942cbab42cdd466a69c5d P 62634c8f95994f76b5715024c5bad73e: Time spent bootstrapping tablet: real 0.024s	user 0.017s	sys 0.000s
I20260630 12:39:34.903887 16549 raft_consensus.cc:359] T ca275dcc839942cbab42cdd466a69c5d P 62634c8f95994f76b5715024c5bad73e [term 0 FOLLOWER]: Replica starting. Triggering 0 pending ops. Active config: opid_index: -1 OBSOLETE_local: false peers { permanent_uuid: "616ab27360d74696bf7ed1ffe65965e6" member_type: VOTER last_known_addr { host: "127.13.18.65" port: 43709 } } peers { permanent_uuid: "62634c8f95994f76b5715024c5bad73e" member_type: VOTER last_known_addr { host: "127.13.18.66" port: 36075 } } peers { permanent_uuid: "f0e663b044a54fea8dda2d6a09c0b132" member_type: VOTER last_known_addr { host: "127.13.18.67" port: 33511 } }
I20260630 12:39:34.904765 16549 raft_consensus.cc:385] T ca275dcc839942cbab42cdd466a69c5d P 62634c8f95994f76b5715024c5bad73e [term 0 FOLLOWER]: Consensus starting up: Expiring failure detector timer to make a prompt election more likely
I20260630 12:39:34.905067 16549 raft_consensus.cc:740] T ca275dcc839942cbab42cdd466a69c5d P 62634c8f95994f76b5715024c5bad73e [term 0 FOLLOWER]: Becoming Follower/Learner. State: Replica: 62634c8f95994f76b5715024c5bad73e, State: Initialized, Role: FOLLOWER
I20260630 12:39:34.906008 16549 consensus_queue.cc:260] T ca275dcc839942cbab42cdd466a69c5d P 62634c8f95994f76b5715024c5bad73e [NON_LEADER]: Queue going to NON_LEADER mode. State: All replicated index: 0, Majority replicated index: 0, Committed index: 0, Last appended: 0.0, Last appended by leader: 0, Current term: 0, Majority size: -1, State: 0, Mode: NON_LEADER, active raft config: opid_index: -1 OBSOLETE_local: false peers { permanent_uuid: "616ab27360d74696bf7ed1ffe65965e6" member_type: VOTER last_known_addr { host: "127.13.18.65" port: 43709 } } peers { permanent_uuid: "62634c8f95994f76b5715024c5bad73e" member_type: VOTER last_known_addr { host: "127.13.18.66" port: 36075 } } peers { permanent_uuid: "f0e663b044a54fea8dda2d6a09c0b132" member_type: VOTER last_known_addr { host: "127.13.18.67" port: 33511 } }
I20260630 12:39:34.908468 16549 ts_tablet_manager.cc:1434] T ca275dcc839942cbab42cdd466a69c5d P 62634c8f95994f76b5715024c5bad73e: Time spent starting tablet: real 0.007s	user 0.007s	sys 0.000s
I20260630 12:39:34.909598 16549 tablet_bootstrap.cc:492] T 86e39870519648eea4f2d99bc8098740 P 62634c8f95994f76b5715024c5bad73e: Bootstrap starting.
I20260630 12:39:34.925752 16549 tablet_bootstrap.cc:654] T 86e39870519648eea4f2d99bc8098740 P 62634c8f95994f76b5715024c5bad73e: Neither blocks nor log segments found. Creating new log.
I20260630 12:39:34.938869 16353 tablet_service.cc:1917] Received RequestConsensusVote() RPC: tablet_id: "0f9d3248125f4577b64b5af03d3e49eb" candidate_uuid: "62634c8f95994f76b5715024c5bad73e" candidate_term: 1 candidate_status { last_received { term: 0 index: 0 } } ignore_live_leader: false dest_uuid: "616ab27360d74696bf7ed1ffe65965e6" is_pre_election: true
W20260630 12:39:34.941362 16394 leader_election.cc:343] T 0f9d3248125f4577b64b5af03d3e49eb P 62634c8f95994f76b5715024c5bad73e [CANDIDATE]: Term 1 pre-election: Tablet error from VoteRequest() call to peer 616ab27360d74696bf7ed1ffe65965e6 (127.13.18.65:43709): Illegal state: must be running to vote when last-logged opid is not known
I20260630 12:39:34.941980 16549 tablet_bootstrap.cc:492] T 86e39870519648eea4f2d99bc8098740 P 62634c8f95994f76b5715024c5bad73e: No bootstrap required, opened a new log
I20260630 12:39:34.942539 16549 ts_tablet_manager.cc:1403] T 86e39870519648eea4f2d99bc8098740 P 62634c8f95994f76b5715024c5bad73e: Time spent bootstrapping tablet: real 0.033s	user 0.013s	sys 0.000s
I20260630 12:39:34.943163 16502 tablet_service.cc:1917] Received RequestConsensusVote() RPC: tablet_id: "0f9d3248125f4577b64b5af03d3e49eb" candidate_uuid: "62634c8f95994f76b5715024c5bad73e" candidate_term: 1 candidate_status { last_received { term: 0 index: 0 } } ignore_live_leader: false dest_uuid: "f0e663b044a54fea8dda2d6a09c0b132" is_pre_election: true
I20260630 12:39:34.944000 16502 raft_consensus.cc:2468] T 0f9d3248125f4577b64b5af03d3e49eb P f0e663b044a54fea8dda2d6a09c0b132 [term 0 FOLLOWER]: Leader pre-election vote request: Granting yes vote for candidate 62634c8f95994f76b5715024c5bad73e in term 0.
I20260630 12:39:34.944751 16556 raft_consensus.cc:493] T ca275dcc839942cbab42cdd466a69c5d P 616ab27360d74696bf7ed1ffe65965e6 [term 0 FOLLOWER]: Starting pre-election (no leader contacted us within the election timeout)
I20260630 12:39:34.945235 16556 raft_consensus.cc:515] T ca275dcc839942cbab42cdd466a69c5d P 616ab27360d74696bf7ed1ffe65965e6 [term 0 FOLLOWER]: Starting pre-election with config: opid_index: -1 OBSOLETE_local: false peers { permanent_uuid: "616ab27360d74696bf7ed1ffe65965e6" member_type: VOTER last_known_addr { host: "127.13.18.65" port: 43709 } } peers { permanent_uuid: "62634c8f95994f76b5715024c5bad73e" member_type: VOTER last_known_addr { host: "127.13.18.66" port: 36075 } } peers { permanent_uuid: "f0e663b044a54fea8dda2d6a09c0b132" member_type: VOTER last_known_addr { host: "127.13.18.67" port: 33511 } }
I20260630 12:39:34.945462 16549 raft_consensus.cc:359] T 86e39870519648eea4f2d99bc8098740 P 62634c8f95994f76b5715024c5bad73e [term 0 FOLLOWER]: Replica starting. Triggering 0 pending ops. Active config: opid_index: -1 OBSOLETE_local: false peers { permanent_uuid: "616ab27360d74696bf7ed1ffe65965e6" member_type: VOTER last_known_addr { host: "127.13.18.65" port: 43709 } } peers { permanent_uuid: "62634c8f95994f76b5715024c5bad73e" member_type: VOTER last_known_addr { host: "127.13.18.66" port: 36075 } } peers { permanent_uuid: "f0e663b044a54fea8dda2d6a09c0b132" member_type: VOTER last_known_addr { host: "127.13.18.67" port: 33511 } }
I20260630 12:39:34.945763 16394 leader_election.cc:304] T 0f9d3248125f4577b64b5af03d3e49eb P 62634c8f95994f76b5715024c5bad73e [CANDIDATE]: Term 1 pre-election: Election decided. Result: candidate won. Election summary: received 3 responses out of 3 voters: 2 yes votes; 1 no votes. yes voters: 62634c8f95994f76b5715024c5bad73e, f0e663b044a54fea8dda2d6a09c0b132; no voters: 616ab27360d74696bf7ed1ffe65965e6
I20260630 12:39:34.946092 16549 raft_consensus.cc:385] T 86e39870519648eea4f2d99bc8098740 P 62634c8f95994f76b5715024c5bad73e [term 0 FOLLOWER]: Consensus starting up: Expiring failure detector timer to make a prompt election more likely
I20260630 12:39:34.946504 16550 tablet_bootstrap.cc:492] T 5f603768774e4c36952297f58312efd5 P 616ab27360d74696bf7ed1ffe65965e6: No bootstrap required, opened a new log
I20260630 12:39:34.946544 16549 raft_consensus.cc:740] T 86e39870519648eea4f2d99bc8098740 P 62634c8f95994f76b5715024c5bad73e [term 0 FOLLOWER]: Becoming Follower/Learner. State: Replica: 62634c8f95994f76b5715024c5bad73e, State: Initialized, Role: FOLLOWER
I20260630 12:39:34.947117 16555 raft_consensus.cc:2804] T 0f9d3248125f4577b64b5af03d3e49eb P 62634c8f95994f76b5715024c5bad73e [term 0 FOLLOWER]: Leader pre-election won for term 1
I20260630 12:39:34.947237 16550 ts_tablet_manager.cc:1403] T 5f603768774e4c36952297f58312efd5 P 616ab27360d74696bf7ed1ffe65965e6: Time spent bootstrapping tablet: real 0.064s	user 0.021s	sys 0.039s
I20260630 12:39:34.947610 16555 raft_consensus.cc:493] T 0f9d3248125f4577b64b5af03d3e49eb P 62634c8f95994f76b5715024c5bad73e [term 0 FOLLOWER]: Starting leader election (no leader contacted us within the election timeout)
I20260630 12:39:34.948060 16555 raft_consensus.cc:3060] T 0f9d3248125f4577b64b5af03d3e49eb P 62634c8f95994f76b5715024c5bad73e [term 0 FOLLOWER]: Advancing to term 1
I20260630 12:39:34.947698 16549 consensus_queue.cc:260] T 86e39870519648eea4f2d99bc8098740 P 62634c8f95994f76b5715024c5bad73e [NON_LEADER]: Queue going to NON_LEADER mode. State: All replicated index: 0, Majority replicated index: 0, Committed index: 0, Last appended: 0.0, Last appended by leader: 0, Current term: 0, Majority size: -1, State: 0, Mode: NON_LEADER, active raft config: opid_index: -1 OBSOLETE_local: false peers { permanent_uuid: "616ab27360d74696bf7ed1ffe65965e6" member_type: VOTER last_known_addr { host: "127.13.18.65" port: 43709 } } peers { permanent_uuid: "62634c8f95994f76b5715024c5bad73e" member_type: VOTER last_known_addr { host: "127.13.18.66" port: 36075 } } peers { permanent_uuid: "f0e663b044a54fea8dda2d6a09c0b132" member_type: VOTER last_known_addr { host: "127.13.18.67" port: 33511 } }
I20260630 12:39:34.950531 16550 raft_consensus.cc:359] T 5f603768774e4c36952297f58312efd5 P 616ab27360d74696bf7ed1ffe65965e6 [term 0 FOLLOWER]: Replica starting. Triggering 0 pending ops. Active config: opid_index: -1 OBSOLETE_local: false peers { permanent_uuid: "f0e663b044a54fea8dda2d6a09c0b132" member_type: VOTER last_known_addr { host: "127.13.18.67" port: 33511 } } peers { permanent_uuid: "62634c8f95994f76b5715024c5bad73e" member_type: VOTER last_known_addr { host: "127.13.18.66" port: 36075 } } peers { permanent_uuid: "616ab27360d74696bf7ed1ffe65965e6" member_type: VOTER last_known_addr { host: "127.13.18.65" port: 43709 } }
I20260630 12:39:34.951370 16550 raft_consensus.cc:385] T 5f603768774e4c36952297f58312efd5 P 616ab27360d74696bf7ed1ffe65965e6 [term 0 FOLLOWER]: Consensus starting up: Expiring failure detector timer to make a prompt election more likely
I20260630 12:39:34.951701 16550 raft_consensus.cc:740] T 5f603768774e4c36952297f58312efd5 P 616ab27360d74696bf7ed1ffe65965e6 [term 0 FOLLOWER]: Becoming Follower/Learner. State: Replica: 616ab27360d74696bf7ed1ffe65965e6, State: Initialized, Role: FOLLOWER
I20260630 12:39:34.952596 16550 consensus_queue.cc:260] T 5f603768774e4c36952297f58312efd5 P 616ab27360d74696bf7ed1ffe65965e6 [NON_LEADER]: Queue going to NON_LEADER mode. State: All replicated index: 0, Majority replicated index: 0, Committed index: 0, Last appended: 0.0, Last appended by leader: 0, Current term: 0, Majority size: -1, State: 0, Mode: NON_LEADER, active raft config: opid_index: -1 OBSOLETE_local: false peers { permanent_uuid: "f0e663b044a54fea8dda2d6a09c0b132" member_type: VOTER last_known_addr { host: "127.13.18.67" port: 33511 } } peers { permanent_uuid: "62634c8f95994f76b5715024c5bad73e" member_type: VOTER last_known_addr { host: "127.13.18.66" port: 36075 } } peers { permanent_uuid: "616ab27360d74696bf7ed1ffe65965e6" member_type: VOTER last_known_addr { host: "127.13.18.65" port: 43709 } }
I20260630 12:39:34.955789 16556 leader_election.cc:290] T ca275dcc839942cbab42cdd466a69c5d P 616ab27360d74696bf7ed1ffe65965e6 [CANDIDATE]: Term 1 pre-election: Requested pre-vote from peers 62634c8f95994f76b5715024c5bad73e (127.13.18.66:36075), f0e663b044a54fea8dda2d6a09c0b132 (127.13.18.67:33511)
I20260630 12:39:34.958976 16555 raft_consensus.cc:515] T 0f9d3248125f4577b64b5af03d3e49eb P 62634c8f95994f76b5715024c5bad73e [term 1 FOLLOWER]: Starting leader election with config: opid_index: -1 OBSOLETE_local: false peers { permanent_uuid: "62634c8f95994f76b5715024c5bad73e" member_type: VOTER last_known_addr { host: "127.13.18.66" port: 36075 } } peers { permanent_uuid: "616ab27360d74696bf7ed1ffe65965e6" member_type: VOTER last_known_addr { host: "127.13.18.65" port: 43709 } } peers { permanent_uuid: "f0e663b044a54fea8dda2d6a09c0b132" member_type: VOTER last_known_addr { host: "127.13.18.67" port: 33511 } }
I20260630 12:39:34.962077 16550 ts_tablet_manager.cc:1434] T 5f603768774e4c36952297f58312efd5 P 616ab27360d74696bf7ed1ffe65965e6: Time spent starting tablet: real 0.014s	user 0.013s	sys 0.000s
I20260630 12:39:34.963315 16550 tablet_bootstrap.cc:492] T 0f9d3248125f4577b64b5af03d3e49eb P 616ab27360d74696bf7ed1ffe65965e6: Bootstrap starting.
I20260630 12:39:34.963690 16502 tablet_service.cc:1917] Received RequestConsensusVote() RPC: tablet_id: "0f9d3248125f4577b64b5af03d3e49eb" candidate_uuid: "62634c8f95994f76b5715024c5bad73e" candidate_term: 1 candidate_status { last_received { term: 0 index: 0 } } ignore_live_leader: false dest_uuid: "f0e663b044a54fea8dda2d6a09c0b132"
I20260630 12:39:34.964321 16502 raft_consensus.cc:3060] T 0f9d3248125f4577b64b5af03d3e49eb P f0e663b044a54fea8dda2d6a09c0b132 [term 0 FOLLOWER]: Advancing to term 1
I20260630 12:39:34.969470 16550 tablet_bootstrap.cc:654] T 0f9d3248125f4577b64b5af03d3e49eb P 616ab27360d74696bf7ed1ffe65965e6: Neither blocks nor log segments found. Creating new log.
I20260630 12:39:34.972651 16502 raft_consensus.cc:2468] T 0f9d3248125f4577b64b5af03d3e49eb P f0e663b044a54fea8dda2d6a09c0b132 [term 1 FOLLOWER]: Leader election vote request: Granting yes vote for candidate 62634c8f95994f76b5715024c5bad73e in term 1.
I20260630 12:39:34.973299 16547 tablet_bootstrap.cc:492] T ca275dcc839942cbab42cdd466a69c5d P f0e663b044a54fea8dda2d6a09c0b132: No bootstrap required, opened a new log
I20260630 12:39:34.974083 16547 ts_tablet_manager.cc:1403] T ca275dcc839942cbab42cdd466a69c5d P f0e663b044a54fea8dda2d6a09c0b132: Time spent bootstrapping tablet: real 0.093s	user 0.022s	sys 0.037s
I20260630 12:39:34.974969 16394 leader_election.cc:304] T 0f9d3248125f4577b64b5af03d3e49eb P 62634c8f95994f76b5715024c5bad73e [CANDIDATE]: Term 1 election: Election decided. Result: candidate won. Election summary: received 2 responses out of 3 voters: 2 yes votes; 0 no votes. yes voters: 62634c8f95994f76b5715024c5bad73e, f0e663b044a54fea8dda2d6a09c0b132; no voters: 
I20260630 12:39:34.977605 16547 raft_consensus.cc:359] T ca275dcc839942cbab42cdd466a69c5d P f0e663b044a54fea8dda2d6a09c0b132 [term 0 FOLLOWER]: Replica starting. Triggering 0 pending ops. Active config: opid_index: -1 OBSOLETE_local: false peers { permanent_uuid: "616ab27360d74696bf7ed1ffe65965e6" member_type: VOTER last_known_addr { host: "127.13.18.65" port: 43709 } } peers { permanent_uuid: "62634c8f95994f76b5715024c5bad73e" member_type: VOTER last_known_addr { host: "127.13.18.66" port: 36075 } } peers { permanent_uuid: "f0e663b044a54fea8dda2d6a09c0b132" member_type: VOTER last_known_addr { host: "127.13.18.67" port: 33511 } }
I20260630 12:39:34.978570 16547 raft_consensus.cc:385] T ca275dcc839942cbab42cdd466a69c5d P f0e663b044a54fea8dda2d6a09c0b132 [term 0 FOLLOWER]: Consensus starting up: Expiring failure detector timer to make a prompt election more likely
I20260630 12:39:34.978953 16547 raft_consensus.cc:740] T ca275dcc839942cbab42cdd466a69c5d P f0e663b044a54fea8dda2d6a09c0b132 [term 0 FOLLOWER]: Becoming Follower/Learner. State: Replica: f0e663b044a54fea8dda2d6a09c0b132, State: Initialized, Role: FOLLOWER
I20260630 12:39:34.973351 16555 leader_election.cc:290] T 0f9d3248125f4577b64b5af03d3e49eb P 62634c8f95994f76b5715024c5bad73e [CANDIDATE]: Term 1 election: Requested vote from peers 616ab27360d74696bf7ed1ffe65965e6 (127.13.18.65:43709), f0e663b044a54fea8dda2d6a09c0b132 (127.13.18.67:33511)
I20260630 12:39:34.982426 16555 raft_consensus.cc:2804] T 0f9d3248125f4577b64b5af03d3e49eb P 62634c8f95994f76b5715024c5bad73e [term 1 FOLLOWER]: Leader election won for term 1
I20260630 12:39:34.984429 16555 raft_consensus.cc:697] T 0f9d3248125f4577b64b5af03d3e49eb P 62634c8f95994f76b5715024c5bad73e [term 1 LEADER]: Becoming Leader. State: Replica: 62634c8f95994f76b5715024c5bad73e, State: Running, Role: LEADER
I20260630 12:39:34.986436 16555 consensus_queue.cc:237] T 0f9d3248125f4577b64b5af03d3e49eb P 62634c8f95994f76b5715024c5bad73e [LEADER]: Queue going to LEADER mode. State: All replicated index: 0, Majority replicated index: 0, Committed index: 0, Last appended: 0.0, Last appended by leader: 0, Current term: 1, Majority size: 2, State: 0, Mode: LEADER, active raft config: opid_index: -1 OBSOLETE_local: false peers { permanent_uuid: "62634c8f95994f76b5715024c5bad73e" member_type: VOTER last_known_addr { host: "127.13.18.66" port: 36075 } } peers { permanent_uuid: "616ab27360d74696bf7ed1ffe65965e6" member_type: VOTER last_known_addr { host: "127.13.18.65" port: 43709 } } peers { permanent_uuid: "f0e663b044a54fea8dda2d6a09c0b132" member_type: VOTER last_known_addr { host: "127.13.18.67" port: 33511 } }
I20260630 12:39:34.979950 16547 consensus_queue.cc:260] T ca275dcc839942cbab42cdd466a69c5d P f0e663b044a54fea8dda2d6a09c0b132 [NON_LEADER]: Queue going to NON_LEADER mode. State: All replicated index: 0, Majority replicated index: 0, Committed index: 0, Last appended: 0.0, Last appended by leader: 0, Current term: 0, Majority size: -1, State: 0, Mode: NON_LEADER, active raft config: opid_index: -1 OBSOLETE_local: false peers { permanent_uuid: "616ab27360d74696bf7ed1ffe65965e6" member_type: VOTER last_known_addr { host: "127.13.18.65" port: 43709 } } peers { permanent_uuid: "62634c8f95994f76b5715024c5bad73e" member_type: VOTER last_known_addr { host: "127.13.18.66" port: 36075 } } peers { permanent_uuid: "f0e663b044a54fea8dda2d6a09c0b132" member_type: VOTER last_known_addr { host: "127.13.18.67" port: 33511 } }
I20260630 12:39:34.992116 16547 ts_tablet_manager.cc:1434] T ca275dcc839942cbab42cdd466a69c5d P f0e663b044a54fea8dda2d6a09c0b132: Time spent starting tablet: real 0.018s	user 0.009s	sys 0.000s
I20260630 12:39:34.993851 16547 tablet_bootstrap.cc:492] T 249b318695e048a5a4486aa941450516 P f0e663b044a54fea8dda2d6a09c0b132: Bootstrap starting.
I20260630 12:39:35.012639 16550 tablet_bootstrap.cc:492] T 0f9d3248125f4577b64b5af03d3e49eb P 616ab27360d74696bf7ed1ffe65965e6: No bootstrap required, opened a new log
I20260630 12:39:35.013302 16550 ts_tablet_manager.cc:1403] T 0f9d3248125f4577b64b5af03d3e49eb P 616ab27360d74696bf7ed1ffe65965e6: Time spent bootstrapping tablet: real 0.050s	user 0.022s	sys 0.026s
I20260630 12:39:35.013695 16547 tablet_bootstrap.cc:654] T 249b318695e048a5a4486aa941450516 P f0e663b044a54fea8dda2d6a09c0b132: Neither blocks nor log segments found. Creating new log.
I20260630 12:39:35.016655 16550 raft_consensus.cc:359] T 0f9d3248125f4577b64b5af03d3e49eb P 616ab27360d74696bf7ed1ffe65965e6 [term 0 FOLLOWER]: Replica starting. Triggering 0 pending ops. Active config: opid_index: -1 OBSOLETE_local: false peers { permanent_uuid: "62634c8f95994f76b5715024c5bad73e" member_type: VOTER last_known_addr { host: "127.13.18.66" port: 36075 } } peers { permanent_uuid: "616ab27360d74696bf7ed1ffe65965e6" member_type: VOTER last_known_addr { host: "127.13.18.65" port: 43709 } } peers { permanent_uuid: "f0e663b044a54fea8dda2d6a09c0b132" member_type: VOTER last_known_addr { host: "127.13.18.67" port: 33511 } }
I20260630 12:39:35.017964 16550 raft_consensus.cc:385] T 0f9d3248125f4577b64b5af03d3e49eb P 616ab27360d74696bf7ed1ffe65965e6 [term 0 FOLLOWER]: Consensus starting up: Expiring failure detector timer to make a prompt election more likely
I20260630 12:39:35.018450 16550 raft_consensus.cc:740] T 0f9d3248125f4577b64b5af03d3e49eb P 616ab27360d74696bf7ed1ffe65965e6 [term 0 FOLLOWER]: Becoming Follower/Learner. State: Replica: 616ab27360d74696bf7ed1ffe65965e6, State: Initialized, Role: FOLLOWER
I20260630 12:39:35.019641 16550 consensus_queue.cc:260] T 0f9d3248125f4577b64b5af03d3e49eb P 616ab27360d74696bf7ed1ffe65965e6 [NON_LEADER]: Queue going to NON_LEADER mode. State: All replicated index: 0, Majority replicated index: 0, Committed index: 0, Last appended: 0.0, Last appended by leader: 0, Current term: 0, Majority size: -1, State: 0, Mode: NON_LEADER, active raft config: opid_index: -1 OBSOLETE_local: false peers { permanent_uuid: "62634c8f95994f76b5715024c5bad73e" member_type: VOTER last_known_addr { host: "127.13.18.66" port: 36075 } } peers { permanent_uuid: "616ab27360d74696bf7ed1ffe65965e6" member_type: VOTER last_known_addr { host: "127.13.18.65" port: 43709 } } peers { permanent_uuid: "f0e663b044a54fea8dda2d6a09c0b132" member_type: VOTER last_known_addr { host: "127.13.18.67" port: 33511 } }
I20260630 12:39:35.023000 16550 ts_tablet_manager.cc:1434] T 0f9d3248125f4577b64b5af03d3e49eb P 616ab27360d74696bf7ed1ffe65965e6: Time spent starting tablet: real 0.009s	user 0.007s	sys 0.000s
I20260630 12:39:35.024320 16550 tablet_bootstrap.cc:492] T 86e39870519648eea4f2d99bc8098740 P 616ab27360d74696bf7ed1ffe65965e6: Bootstrap starting.
I20260630 12:39:35.032545 16550 tablet_bootstrap.cc:654] T 86e39870519648eea4f2d99bc8098740 P 616ab27360d74696bf7ed1ffe65965e6: Neither blocks nor log segments found. Creating new log.
I20260630 12:39:35.039638 16551 raft_consensus.cc:493] T 6548366a2bf5436cb870bb3653747d7a P f0e663b044a54fea8dda2d6a09c0b132 [term 0 FOLLOWER]: Starting pre-election (no leader contacted us within the election timeout)
I20260630 12:39:35.040340 16551 raft_consensus.cc:515] T 6548366a2bf5436cb870bb3653747d7a P f0e663b044a54fea8dda2d6a09c0b132 [term 0 FOLLOWER]: Starting pre-election with config: opid_index: -1 OBSOLETE_local: false peers { permanent_uuid: "616ab27360d74696bf7ed1ffe65965e6" member_type: VOTER last_known_addr { host: "127.13.18.65" port: 43709 } } peers { permanent_uuid: "62634c8f95994f76b5715024c5bad73e" member_type: VOTER last_known_addr { host: "127.13.18.66" port: 36075 } } peers { permanent_uuid: "f0e663b044a54fea8dda2d6a09c0b132" member_type: VOTER last_known_addr { host: "127.13.18.67" port: 33511 } }
I20260630 12:39:35.051285 16551 leader_election.cc:290] T 6548366a2bf5436cb870bb3653747d7a P f0e663b044a54fea8dda2d6a09c0b132 [CANDIDATE]: Term 1 pre-election: Requested pre-vote from peers 616ab27360d74696bf7ed1ffe65965e6 (127.13.18.65:43709), 62634c8f95994f76b5715024c5bad73e (127.13.18.66:36075)
W20260630 12:39:35.050515 16394 outbound_call.cc:321] RPC callback for RPC call kudu.consensus.ConsensusService.RequestConsensusVote -> {remote=127.13.18.67:33511, user_credentials={real_user=slave}} blocked reactor thread for 75699us
I20260630 12:39:35.056344 16551 raft_consensus.cc:493] T ca275dcc839942cbab42cdd466a69c5d P f0e663b044a54fea8dda2d6a09c0b132 [term 0 FOLLOWER]: Starting pre-election (no leader contacted us within the election timeout)
I20260630 12:39:35.057859 16551 raft_consensus.cc:515] T ca275dcc839942cbab42cdd466a69c5d P f0e663b044a54fea8dda2d6a09c0b132 [term 0 FOLLOWER]: Starting pre-election with config: opid_index: -1 OBSOLETE_local: false peers { permanent_uuid: "616ab27360d74696bf7ed1ffe65965e6" member_type: VOTER last_known_addr { host: "127.13.18.65" port: 43709 } } peers { permanent_uuid: "62634c8f95994f76b5715024c5bad73e" member_type: VOTER last_known_addr { host: "127.13.18.66" port: 36075 } } peers { permanent_uuid: "f0e663b044a54fea8dda2d6a09c0b132" member_type: VOTER last_known_addr { host: "127.13.18.67" port: 33511 } }
I20260630 12:39:35.060154 16551 leader_election.cc:290] T ca275dcc839942cbab42cdd466a69c5d P f0e663b044a54fea8dda2d6a09c0b132 [CANDIDATE]: Term 1 pre-election: Requested pre-vote from peers 616ab27360d74696bf7ed1ffe65965e6 (127.13.18.65:43709), 62634c8f95994f76b5715024c5bad73e (127.13.18.66:36075)
I20260630 12:39:35.065817 16550 tablet_bootstrap.cc:492] T 86e39870519648eea4f2d99bc8098740 P 616ab27360d74696bf7ed1ffe65965e6: No bootstrap required, opened a new log
I20260630 12:39:35.068775 16353 tablet_service.cc:1917] Received RequestConsensusVote() RPC: tablet_id: "0f9d3248125f4577b64b5af03d3e49eb" candidate_uuid: "62634c8f95994f76b5715024c5bad73e" candidate_term: 1 candidate_status { last_received { term: 0 index: 0 } } ignore_live_leader: false dest_uuid: "616ab27360d74696bf7ed1ffe65965e6"
I20260630 12:39:35.069679 16353 raft_consensus.cc:3060] T 0f9d3248125f4577b64b5af03d3e49eb P 616ab27360d74696bf7ed1ffe65965e6 [term 0 FOLLOWER]: Advancing to term 1
I20260630 12:39:35.076380 16250 catalog_manager.cc:5697] T 0f9d3248125f4577b64b5af03d3e49eb P 62634c8f95994f76b5715024c5bad73e reported cstate change: term changed from 0 to 1, leader changed from <none> to 62634c8f95994f76b5715024c5bad73e (127.13.18.66). New cstate: current_term: 1 leader_uuid: "62634c8f95994f76b5715024c5bad73e" committed_config { opid_index: -1 OBSOLETE_local: false peers { permanent_uuid: "62634c8f95994f76b5715024c5bad73e" member_type: VOTER last_known_addr { host: "127.13.18.66" port: 36075 } health_report { overall_health: HEALTHY } } peers { permanent_uuid: "616ab27360d74696bf7ed1ffe65965e6" member_type: VOTER last_known_addr { host: "127.13.18.65" port: 43709 } health_report { overall_health: UNKNOWN } } peers { permanent_uuid: "f0e663b044a54fea8dda2d6a09c0b132" member_type: VOTER last_known_addr { host: "127.13.18.67" port: 33511 } health_report { overall_health: UNKNOWN } } }
I20260630 12:39:35.081907 16578 raft_consensus.cc:493] T 5f603768774e4c36952297f58312efd5 P f0e663b044a54fea8dda2d6a09c0b132 [term 0 FOLLOWER]: Starting pre-election (no leader contacted us within the election timeout)
I20260630 12:39:35.082405 16578 raft_consensus.cc:515] T 5f603768774e4c36952297f58312efd5 P f0e663b044a54fea8dda2d6a09c0b132 [term 0 FOLLOWER]: Starting pre-election with config: opid_index: -1 OBSOLETE_local: false peers { permanent_uuid: "f0e663b044a54fea8dda2d6a09c0b132" member_type: VOTER last_known_addr { host: "127.13.18.67" port: 33511 } } peers { permanent_uuid: "62634c8f95994f76b5715024c5bad73e" member_type: VOTER last_known_addr { host: "127.13.18.66" port: 36075 } } peers { permanent_uuid: "616ab27360d74696bf7ed1ffe65965e6" member_type: VOTER last_known_addr { host: "127.13.18.65" port: 43709 } }
I20260630 12:39:35.068830 16550 ts_tablet_manager.cc:1403] T 86e39870519648eea4f2d99bc8098740 P 616ab27360d74696bf7ed1ffe65965e6: Time spent bootstrapping tablet: real 0.045s	user 0.007s	sys 0.014s
I20260630 12:39:35.084616 16578 leader_election.cc:290] T 5f603768774e4c36952297f58312efd5 P f0e663b044a54fea8dda2d6a09c0b132 [CANDIDATE]: Term 1 pre-election: Requested pre-vote from peers 62634c8f95994f76b5715024c5bad73e (127.13.18.66:36075), 616ab27360d74696bf7ed1ffe65965e6 (127.13.18.65:43709)
I20260630 12:39:35.098416 16502 tablet_service.cc:1917] Received RequestConsensusVote() RPC: tablet_id: "ca275dcc839942cbab42cdd466a69c5d" candidate_uuid: "616ab27360d74696bf7ed1ffe65965e6" candidate_term: 1 candidate_status { last_received { term: 0 index: 0 } } ignore_live_leader: false dest_uuid: "f0e663b044a54fea8dda2d6a09c0b132" is_pre_election: true
I20260630 12:39:35.098680 16353 raft_consensus.cc:2468] T 0f9d3248125f4577b64b5af03d3e49eb P 616ab27360d74696bf7ed1ffe65965e6 [term 1 FOLLOWER]: Leader election vote request: Granting yes vote for candidate 62634c8f95994f76b5715024c5bad73e in term 1.
I20260630 12:39:35.099136 16502 raft_consensus.cc:2468] T ca275dcc839942cbab42cdd466a69c5d P f0e663b044a54fea8dda2d6a09c0b132 [term 0 FOLLOWER]: Leader pre-election vote request: Granting yes vote for candidate 616ab27360d74696bf7ed1ffe65965e6 in term 0.
I20260630 12:39:35.100121 16549 ts_tablet_manager.cc:1434] T 86e39870519648eea4f2d99bc8098740 P 62634c8f95994f76b5715024c5bad73e: Time spent starting tablet: real 0.157s	user 0.061s	sys 0.086s
I20260630 12:39:35.100538 16319 leader_election.cc:304] T ca275dcc839942cbab42cdd466a69c5d P 616ab27360d74696bf7ed1ffe65965e6 [CANDIDATE]: Term 1 pre-election: Election decided. Result: candidate won. Election summary: received 2 responses out of 3 voters: 2 yes votes; 0 no votes. yes voters: 616ab27360d74696bf7ed1ffe65965e6, f0e663b044a54fea8dda2d6a09c0b132; no voters: 
I20260630 12:39:35.100394 16550 raft_consensus.cc:359] T 86e39870519648eea4f2d99bc8098740 P 616ab27360d74696bf7ed1ffe65965e6 [term 0 FOLLOWER]: Replica starting. Triggering 0 pending ops. Active config: opid_index: -1 OBSOLETE_local: false peers { permanent_uuid: "616ab27360d74696bf7ed1ffe65965e6" member_type: VOTER last_known_addr { host: "127.13.18.65" port: 43709 } } peers { permanent_uuid: "62634c8f95994f76b5715024c5bad73e" member_type: VOTER last_known_addr { host: "127.13.18.66" port: 36075 } } peers { permanent_uuid: "f0e663b044a54fea8dda2d6a09c0b132" member_type: VOTER last_known_addr { host: "127.13.18.67" port: 33511 } }
I20260630 12:39:35.101184 16550 raft_consensus.cc:385] T 86e39870519648eea4f2d99bc8098740 P 616ab27360d74696bf7ed1ffe65965e6 [term 0 FOLLOWER]: Consensus starting up: Expiring failure detector timer to make a prompt election more likely
I20260630 12:39:35.101450 16569 raft_consensus.cc:2804] T ca275dcc839942cbab42cdd466a69c5d P 616ab27360d74696bf7ed1ffe65965e6 [term 0 FOLLOWER]: Leader pre-election won for term 1
I20260630 12:39:35.101819 16569 raft_consensus.cc:493] T ca275dcc839942cbab42cdd466a69c5d P 616ab27360d74696bf7ed1ffe65965e6 [term 0 FOLLOWER]: Starting leader election (no leader contacted us within the election timeout)
I20260630 12:39:35.102164 16569 raft_consensus.cc:3060] T ca275dcc839942cbab42cdd466a69c5d P 616ab27360d74696bf7ed1ffe65965e6 [term 0 FOLLOWER]: Advancing to term 1
I20260630 12:39:35.102824 16549 tablet_bootstrap.cc:492] T 2cb50958abf04db0aedc0b065b081c3c P 62634c8f95994f76b5715024c5bad73e: Bootstrap starting.
I20260630 12:39:35.108115 16428 tablet_service.cc:1917] Received RequestConsensusVote() RPC: tablet_id: "ca275dcc839942cbab42cdd466a69c5d" candidate_uuid: "616ab27360d74696bf7ed1ffe65965e6" candidate_term: 1 candidate_status { last_received { term: 0 index: 0 } } ignore_live_leader: false dest_uuid: "62634c8f95994f76b5715024c5bad73e" is_pre_election: true
I20260630 12:39:35.108913 16428 raft_consensus.cc:2468] T ca275dcc839942cbab42cdd466a69c5d P 62634c8f95994f76b5715024c5bad73e [term 0 FOLLOWER]: Leader pre-election vote request: Granting yes vote for candidate 616ab27360d74696bf7ed1ffe65965e6 in term 0.
I20260630 12:39:35.109720 16549 tablet_bootstrap.cc:654] T 2cb50958abf04db0aedc0b065b081c3c P 62634c8f95994f76b5715024c5bad73e: Neither blocks nor log segments found. Creating new log.
I20260630 12:39:35.110414 16569 raft_consensus.cc:515] T ca275dcc839942cbab42cdd466a69c5d P 616ab27360d74696bf7ed1ffe65965e6 [term 1 FOLLOWER]: Starting leader election with config: opid_index: -1 OBSOLETE_local: false peers { permanent_uuid: "616ab27360d74696bf7ed1ffe65965e6" member_type: VOTER last_known_addr { host: "127.13.18.65" port: 43709 } } peers { permanent_uuid: "62634c8f95994f76b5715024c5bad73e" member_type: VOTER last_known_addr { host: "127.13.18.66" port: 36075 } } peers { permanent_uuid: "f0e663b044a54fea8dda2d6a09c0b132" member_type: VOTER last_known_addr { host: "127.13.18.67" port: 33511 } }
I20260630 12:39:35.113852 16428 tablet_service.cc:1917] Received RequestConsensusVote() RPC: tablet_id: "ca275dcc839942cbab42cdd466a69c5d" candidate_uuid: "616ab27360d74696bf7ed1ffe65965e6" candidate_term: 1 candidate_status { last_received { term: 0 index: 0 } } ignore_live_leader: false dest_uuid: "62634c8f95994f76b5715024c5bad73e"
I20260630 12:39:35.113934 16502 tablet_service.cc:1917] Received RequestConsensusVote() RPC: tablet_id: "ca275dcc839942cbab42cdd466a69c5d" candidate_uuid: "616ab27360d74696bf7ed1ffe65965e6" candidate_term: 1 candidate_status { last_received { term: 0 index: 0 } } ignore_live_leader: false dest_uuid: "f0e663b044a54fea8dda2d6a09c0b132"
I20260630 12:39:35.114729 16428 raft_consensus.cc:3060] T ca275dcc839942cbab42cdd466a69c5d P 62634c8f95994f76b5715024c5bad73e [term 0 FOLLOWER]: Advancing to term 1
I20260630 12:39:35.114777 16502 raft_consensus.cc:3060] T ca275dcc839942cbab42cdd466a69c5d P f0e663b044a54fea8dda2d6a09c0b132 [term 0 FOLLOWER]: Advancing to term 1
I20260630 12:39:35.116061 16547 tablet_bootstrap.cc:492] T 249b318695e048a5a4486aa941450516 P f0e663b044a54fea8dda2d6a09c0b132: No bootstrap required, opened a new log
I20260630 12:39:35.116634 16547 ts_tablet_manager.cc:1403] T 249b318695e048a5a4486aa941450516 P f0e663b044a54fea8dda2d6a09c0b132: Time spent bootstrapping tablet: real 0.123s	user 0.020s	sys 0.031s
I20260630 12:39:35.118954 16427 tablet_service.cc:1917] Received RequestConsensusVote() RPC: tablet_id: "6548366a2bf5436cb870bb3653747d7a" candidate_uuid: "f0e663b044a54fea8dda2d6a09c0b132" candidate_term: 1 candidate_status { last_received { term: 0 index: 0 } } ignore_live_leader: false dest_uuid: "62634c8f95994f76b5715024c5bad73e" is_pre_election: true
