I20260630 12:39:36.806020 16817 raft_consensus.cc:359] T a36072a98e4d41fdac9533b43ae8fb60 P 71ed8f2d429f442b860b762eb1788a29 [term 0 FOLLOWER]: Replica starting. Triggering 0 pending ops. Active config: opid_index: -1 OBSOLETE_local: false peers { permanent_uuid: "5a0f8174b7934cb697db2917254f1b95" member_type: VOTER last_known_addr { host: "127.13.41.2" port: 45049 } } peers { permanent_uuid: "0b58ff10dec443f8b6cb7b5365b4fdb9" member_type: VOTER last_known_addr { host: "127.13.41.3" port: 39401 } } peers { permanent_uuid: "71ed8f2d429f442b860b762eb1788a29" member_type: VOTER last_known_addr { host: "127.13.41.4" port: 34997 } }
I20260630 12:39:36.808625 16817 raft_consensus.cc:385] T a36072a98e4d41fdac9533b43ae8fb60 P 71ed8f2d429f442b860b762eb1788a29 [term 0 FOLLOWER]: Consensus starting up: Expiring failure detector timer to make a prompt election more likely
I20260630 12:39:36.808714 16813 ts_tablet_manager.cc:1434] T 0d2a2f3805694251bacccc9da5043586 P 5a0f8174b7934cb697db2917254f1b95: Time spent starting tablet: real 0.011s	user 0.006s	sys 0.001s
I20260630 12:39:36.808928 16817 raft_consensus.cc:740] T a36072a98e4d41fdac9533b43ae8fb60 P 71ed8f2d429f442b860b762eb1788a29 [term 0 FOLLOWER]: Becoming Follower/Learner. State: Replica: 71ed8f2d429f442b860b762eb1788a29, State: Initialized, Role: FOLLOWER
I20260630 12:39:36.809629 16817 consensus_queue.cc:260] T a36072a98e4d41fdac9533b43ae8fb60 P 71ed8f2d429f442b860b762eb1788a29 [NON_LEADER]: Queue going to NON_LEADER mode. State: All replicated index: 0, Majority replicated index: 0, Committed index: 0, Last appended: 0.0, Last appended by leader: 0, Current term: 0, Majority size: -1, State: 0, Mode: NON_LEADER, active raft config: opid_index: -1 OBSOLETE_local: false peers { permanent_uuid: "5a0f8174b7934cb697db2917254f1b95" member_type: VOTER last_known_addr { host: "127.13.41.2" port: 45049 } } peers { permanent_uuid: "0b58ff10dec443f8b6cb7b5365b4fdb9" member_type: VOTER last_known_addr { host: "127.13.41.3" port: 39401 } } peers { permanent_uuid: "71ed8f2d429f442b860b762eb1788a29" member_type: VOTER last_known_addr { host: "127.13.41.4" port: 34997 } }
I20260630 12:39:36.813742 16815 raft_consensus.cc:359] T ff4d4cb9cc934d14afc130438c8dbadc P 50a9823e44f141698a2372053dbca3d4 [term 0 FOLLOWER]: Replica starting. Triggering 0 pending ops. Active config: opid_index: -1 OBSOLETE_local: false peers { permanent_uuid: "71ed8f2d429f442b860b762eb1788a29" member_type: VOTER last_known_addr { host: "127.13.41.4" port: 34997 } } peers { permanent_uuid: "0b58ff10dec443f8b6cb7b5365b4fdb9" member_type: VOTER last_known_addr { host: "127.13.41.3" port: 39401 } } peers { permanent_uuid: "50a9823e44f141698a2372053dbca3d4" member_type: VOTER last_known_addr { host: "127.13.41.1" port: 39441 } }
I20260630 12:39:36.815268 16815 raft_consensus.cc:385] T ff4d4cb9cc934d14afc130438c8dbadc P 50a9823e44f141698a2372053dbca3d4 [term 0 FOLLOWER]: Consensus starting up: Expiring failure detector timer to make a prompt election more likely
I20260630 12:39:36.815595 16815 raft_consensus.cc:740] T ff4d4cb9cc934d14afc130438c8dbadc P 50a9823e44f141698a2372053dbca3d4 [term 0 FOLLOWER]: Becoming Follower/Learner. State: Replica: 50a9823e44f141698a2372053dbca3d4, State: Initialized, Role: FOLLOWER
I20260630 12:39:36.816308 16815 consensus_queue.cc:260] T ff4d4cb9cc934d14afc130438c8dbadc P 50a9823e44f141698a2372053dbca3d4 [NON_LEADER]: Queue going to NON_LEADER mode. State: All replicated index: 0, Majority replicated index: 0, Committed index: 0, Last appended: 0.0, Last appended by leader: 0, Current term: 0, Majority size: -1, State: 0, Mode: NON_LEADER, active raft config: opid_index: -1 OBSOLETE_local: false peers { permanent_uuid: "71ed8f2d429f442b860b762eb1788a29" member_type: VOTER last_known_addr { host: "127.13.41.4" port: 34997 } } peers { permanent_uuid: "0b58ff10dec443f8b6cb7b5365b4fdb9" member_type: VOTER last_known_addr { host: "127.13.41.3" port: 39401 } } peers { permanent_uuid: "50a9823e44f141698a2372053dbca3d4" member_type: VOTER last_known_addr { host: "127.13.41.1" port: 39441 } }
I20260630 12:39:36.818281 16817 ts_tablet_manager.cc:1434] T a36072a98e4d41fdac9533b43ae8fb60 P 71ed8f2d429f442b860b762eb1788a29: Time spent starting tablet: real 0.015s	user 0.006s	sys 0.002s
I20260630 12:39:36.820309 16815 ts_tablet_manager.cc:1434] T ff4d4cb9cc934d14afc130438c8dbadc P 50a9823e44f141698a2372053dbca3d4: Time spent starting tablet: real 0.016s	user 0.007s	sys 0.000s
I20260630 12:39:36.821007 16817 tablet_bootstrap.cc:492] T 08b9a8e94ceb409a8622e7b9737fc505 P 71ed8f2d429f442b860b762eb1788a29: Bootstrap starting.
I20260630 12:39:36.822503 16818 tablet_bootstrap.cc:492] T ff4d4cb9cc934d14afc130438c8dbadc P 0b58ff10dec443f8b6cb7b5365b4fdb9: No bootstrap required, opened a new log
I20260630 12:39:36.822952 16818 ts_tablet_manager.cc:1403] T ff4d4cb9cc934d14afc130438c8dbadc P 0b58ff10dec443f8b6cb7b5365b4fdb9: Time spent bootstrapping tablet: real 0.105s	user 0.005s	sys 0.014s
I20260630 12:39:36.825665 16818 raft_consensus.cc:359] T ff4d4cb9cc934d14afc130438c8dbadc P 0b58ff10dec443f8b6cb7b5365b4fdb9 [term 0 FOLLOWER]: Replica starting. Triggering 0 pending ops. Active config: opid_index: -1 OBSOLETE_local: false peers { permanent_uuid: "71ed8f2d429f442b860b762eb1788a29" member_type: VOTER last_known_addr { host: "127.13.41.4" port: 34997 } } peers { permanent_uuid: "0b58ff10dec443f8b6cb7b5365b4fdb9" member_type: VOTER last_known_addr { host: "127.13.41.3" port: 39401 } } peers { permanent_uuid: "50a9823e44f141698a2372053dbca3d4" member_type: VOTER last_known_addr { host: "127.13.41.1" port: 39441 } }
I20260630 12:39:36.826310 16818 raft_consensus.cc:385] T ff4d4cb9cc934d14afc130438c8dbadc P 0b58ff10dec443f8b6cb7b5365b4fdb9 [term 0 FOLLOWER]: Consensus starting up: Expiring failure detector timer to make a prompt election more likely
I20260630 12:39:36.826594 16818 raft_consensus.cc:740] T ff4d4cb9cc934d14afc130438c8dbadc P 0b58ff10dec443f8b6cb7b5365b4fdb9 [term 0 FOLLOWER]: Becoming Follower/Learner. State: Replica: 0b58ff10dec443f8b6cb7b5365b4fdb9, State: Initialized, Role: FOLLOWER
I20260630 12:39:36.827266 16817 tablet_bootstrap.cc:654] T 08b9a8e94ceb409a8622e7b9737fc505 P 71ed8f2d429f442b860b762eb1788a29: Neither blocks nor log segments found. Creating new log.
I20260630 12:39:36.827282 16818 consensus_queue.cc:260] T ff4d4cb9cc934d14afc130438c8dbadc P 0b58ff10dec443f8b6cb7b5365b4fdb9 [NON_LEADER]: Queue going to NON_LEADER mode. State: All replicated index: 0, Majority replicated index: 0, Committed index: 0, Last appended: 0.0, Last appended by leader: 0, Current term: 0, Majority size: -1, State: 0, Mode: NON_LEADER, active raft config: opid_index: -1 OBSOLETE_local: false peers { permanent_uuid: "71ed8f2d429f442b860b762eb1788a29" member_type: VOTER last_known_addr { host: "127.13.41.4" port: 34997 } } peers { permanent_uuid: "0b58ff10dec443f8b6cb7b5365b4fdb9" member_type: VOTER last_known_addr { host: "127.13.41.3" port: 39401 } } peers { permanent_uuid: "50a9823e44f141698a2372053dbca3d4" member_type: VOTER last_known_addr { host: "127.13.41.1" port: 39441 } }
I20260630 12:39:36.830302 16818 ts_tablet_manager.cc:1434] T ff4d4cb9cc934d14afc130438c8dbadc P 0b58ff10dec443f8b6cb7b5365b4fdb9: Time spent starting tablet: real 0.007s	user 0.005s	sys 0.003s
I20260630 12:39:36.838794 16817 tablet_bootstrap.cc:492] T 08b9a8e94ceb409a8622e7b9737fc505 P 71ed8f2d429f442b860b762eb1788a29: No bootstrap required, opened a new log
I20260630 12:39:36.839166 16817 ts_tablet_manager.cc:1403] T 08b9a8e94ceb409a8622e7b9737fc505 P 71ed8f2d429f442b860b762eb1788a29: Time spent bootstrapping tablet: real 0.018s	user 0.013s	sys 0.000s
I20260630 12:39:36.839676 16363 catalog_manager.cc:5697] T 0d2a2f3805694251bacccc9da5043586 P 50a9823e44f141698a2372053dbca3d4 reported cstate change: term changed from 0 to 1, leader changed from <none> to 50a9823e44f141698a2372053dbca3d4 (127.13.41.1). New cstate: current_term: 1 leader_uuid: "50a9823e44f141698a2372053dbca3d4" committed_config { opid_index: -1 OBSOLETE_local: false peers { permanent_uuid: "71ed8f2d429f442b860b762eb1788a29" member_type: VOTER last_known_addr { host: "127.13.41.4" port: 34997 } health_report { overall_health: UNKNOWN } } peers { permanent_uuid: "50a9823e44f141698a2372053dbca3d4" member_type: VOTER last_known_addr { host: "127.13.41.1" port: 39441 } health_report { overall_health: HEALTHY } } peers { permanent_uuid: "5a0f8174b7934cb697db2917254f1b95" member_type: VOTER last_known_addr { host: "127.13.41.2" port: 45049 } health_report { overall_health: UNKNOWN } } }
I20260630 12:39:36.841325 16817 raft_consensus.cc:359] T 08b9a8e94ceb409a8622e7b9737fc505 P 71ed8f2d429f442b860b762eb1788a29 [term 0 FOLLOWER]: Replica starting. Triggering 0 pending ops. Active config: opid_index: -1 OBSOLETE_local: false peers { permanent_uuid: "50a9823e44f141698a2372053dbca3d4" member_type: VOTER last_known_addr { host: "127.13.41.1" port: 39441 } } peers { permanent_uuid: "71ed8f2d429f442b860b762eb1788a29" member_type: VOTER last_known_addr { host: "127.13.41.4" port: 34997 } } peers { permanent_uuid: "0b58ff10dec443f8b6cb7b5365b4fdb9" member_type: VOTER last_known_addr { host: "127.13.41.3" port: 39401 } }
I20260630 12:39:36.841931 16817 raft_consensus.cc:385] T 08b9a8e94ceb409a8622e7b9737fc505 P 71ed8f2d429f442b860b762eb1788a29 [term 0 FOLLOWER]: Consensus starting up: Expiring failure detector timer to make a prompt election more likely
I20260630 12:39:36.842209 16817 raft_consensus.cc:740] T 08b9a8e94ceb409a8622e7b9737fc505 P 71ed8f2d429f442b860b762eb1788a29 [term 0 FOLLOWER]: Becoming Follower/Learner. State: Replica: 71ed8f2d429f442b860b762eb1788a29, State: Initialized, Role: FOLLOWER
I20260630 12:39:36.842803 16817 consensus_queue.cc:260] T 08b9a8e94ceb409a8622e7b9737fc505 P 71ed8f2d429f442b860b762eb1788a29 [NON_LEADER]: Queue going to NON_LEADER mode. State: All replicated index: 0, Majority replicated index: 0, Committed index: 0, Last appended: 0.0, Last appended by leader: 0, Current term: 0, Majority size: -1, State: 0, Mode: NON_LEADER, active raft config: opid_index: -1 OBSOLETE_local: false peers { permanent_uuid: "50a9823e44f141698a2372053dbca3d4" member_type: VOTER last_known_addr { host: "127.13.41.1" port: 39441 } } peers { permanent_uuid: "71ed8f2d429f442b860b762eb1788a29" member_type: VOTER last_known_addr { host: "127.13.41.4" port: 34997 } } peers { permanent_uuid: "0b58ff10dec443f8b6cb7b5365b4fdb9" member_type: VOTER last_known_addr { host: "127.13.41.3" port: 39401 } }
I20260630 12:39:36.844600 16817 ts_tablet_manager.cc:1434] T 08b9a8e94ceb409a8622e7b9737fc505 P 71ed8f2d429f442b860b762eb1788a29: Time spent starting tablet: real 0.005s	user 0.001s	sys 0.003s
I20260630 12:39:36.845238 16817 tablet_bootstrap.cc:492] T ff4d4cb9cc934d14afc130438c8dbadc P 71ed8f2d429f442b860b762eb1788a29: Bootstrap starting.
I20260630 12:39:36.850368 16817 tablet_bootstrap.cc:654] T ff4d4cb9cc934d14afc130438c8dbadc P 71ed8f2d429f442b860b762eb1788a29: Neither blocks nor log segments found. Creating new log.
I20260630 12:39:36.854404 16817 tablet_bootstrap.cc:492] T ff4d4cb9cc934d14afc130438c8dbadc P 71ed8f2d429f442b860b762eb1788a29: No bootstrap required, opened a new log
I20260630 12:39:36.854780 16817 ts_tablet_manager.cc:1403] T ff4d4cb9cc934d14afc130438c8dbadc P 71ed8f2d429f442b860b762eb1788a29: Time spent bootstrapping tablet: real 0.010s	user 0.001s	sys 0.008s
I20260630 12:39:36.856453 16817 raft_consensus.cc:359] T ff4d4cb9cc934d14afc130438c8dbadc P 71ed8f2d429f442b860b762eb1788a29 [term 0 FOLLOWER]: Replica starting. Triggering 0 pending ops. Active config: opid_index: -1 OBSOLETE_local: false peers { permanent_uuid: "71ed8f2d429f442b860b762eb1788a29" member_type: VOTER last_known_addr { host: "127.13.41.4" port: 34997 } } peers { permanent_uuid: "0b58ff10dec443f8b6cb7b5365b4fdb9" member_type: VOTER last_known_addr { host: "127.13.41.3" port: 39401 } } peers { permanent_uuid: "50a9823e44f141698a2372053dbca3d4" member_type: VOTER last_known_addr { host: "127.13.41.1" port: 39441 } }
I20260630 12:39:36.856961 16817 raft_consensus.cc:385] T ff4d4cb9cc934d14afc130438c8dbadc P 71ed8f2d429f442b860b762eb1788a29 [term 0 FOLLOWER]: Consensus starting up: Expiring failure detector timer to make a prompt election more likely
I20260630 12:39:36.857177 16817 raft_consensus.cc:740] T ff4d4cb9cc934d14afc130438c8dbadc P 71ed8f2d429f442b860b762eb1788a29 [term 0 FOLLOWER]: Becoming Follower/Learner. State: Replica: 71ed8f2d429f442b860b762eb1788a29, State: Initialized, Role: FOLLOWER
I20260630 12:39:36.857770 16817 consensus_queue.cc:260] T ff4d4cb9cc934d14afc130438c8dbadc P 71ed8f2d429f442b860b762eb1788a29 [NON_LEADER]: Queue going to NON_LEADER mode. State: All replicated index: 0, Majority replicated index: 0, Committed index: 0, Last appended: 0.0, Last appended by leader: 0, Current term: 0, Majority size: -1, State: 0, Mode: NON_LEADER, active raft config: opid_index: -1 OBSOLETE_local: false peers { permanent_uuid: "71ed8f2d429f442b860b762eb1788a29" member_type: VOTER last_known_addr { host: "127.13.41.4" port: 34997 } } peers { permanent_uuid: "0b58ff10dec443f8b6cb7b5365b4fdb9" member_type: VOTER last_known_addr { host: "127.13.41.3" port: 39401 } } peers { permanent_uuid: "50a9823e44f141698a2372053dbca3d4" member_type: VOTER last_known_addr { host: "127.13.41.1" port: 39441 } }
I20260630 12:39:36.859529 16817 ts_tablet_manager.cc:1434] T ff4d4cb9cc934d14afc130438c8dbadc P 71ed8f2d429f442b860b762eb1788a29: Time spent starting tablet: real 0.005s	user 0.004s	sys 0.000s
I20260630 12:39:36.874482 16720 raft_consensus.cc:493] T ff4d4cb9cc934d14afc130438c8dbadc P 50a9823e44f141698a2372053dbca3d4 [term 0 FOLLOWER]: Starting pre-election (no leader contacted us within the election timeout)
I20260630 12:39:36.874846 16720 raft_consensus.cc:515] T ff4d4cb9cc934d14afc130438c8dbadc P 50a9823e44f141698a2372053dbca3d4 [term 0 FOLLOWER]: Starting pre-election with config: opid_index: -1 OBSOLETE_local: false peers { permanent_uuid: "71ed8f2d429f442b860b762eb1788a29" member_type: VOTER last_known_addr { host: "127.13.41.4" port: 34997 } } peers { permanent_uuid: "0b58ff10dec443f8b6cb7b5365b4fdb9" member_type: VOTER last_known_addr { host: "127.13.41.3" port: 39401 } } peers { permanent_uuid: "50a9823e44f141698a2372053dbca3d4" member_type: VOTER last_known_addr { host: "127.13.41.1" port: 39441 } }
I20260630 12:39:36.876289 16720 leader_election.cc:290] T ff4d4cb9cc934d14afc130438c8dbadc P 50a9823e44f141698a2372053dbca3d4 [CANDIDATE]: Term 1 pre-election: Requested pre-vote from peers 71ed8f2d429f442b860b762eb1788a29 (127.13.41.4:34997), 0b58ff10dec443f8b6cb7b5365b4fdb9 (127.13.41.3:39401)
I20260630 12:39:36.876911 16767 tablet_service.cc:1917] Received RequestConsensusVote() RPC: tablet_id: "ff4d4cb9cc934d14afc130438c8dbadc" candidate_uuid: "50a9823e44f141698a2372053dbca3d4" candidate_term: 1 candidate_status { last_received { term: 0 index: 0 } } ignore_live_leader: false dest_uuid: "71ed8f2d429f442b860b762eb1788a29" is_pre_election: true
I20260630 12:39:36.877220 16615 tablet_service.cc:1917] Received RequestConsensusVote() RPC: tablet_id: "ff4d4cb9cc934d14afc130438c8dbadc" candidate_uuid: "50a9823e44f141698a2372053dbca3d4" candidate_term: 1 candidate_status { last_received { term: 0 index: 0 } } ignore_live_leader: false dest_uuid: "0b58ff10dec443f8b6cb7b5365b4fdb9" is_pre_election: true
I20260630 12:39:36.877559 16767 raft_consensus.cc:2468] T ff4d4cb9cc934d14afc130438c8dbadc P 71ed8f2d429f442b860b762eb1788a29 [term 0 FOLLOWER]: Leader pre-election vote request: Granting yes vote for candidate 50a9823e44f141698a2372053dbca3d4 in term 0.
I20260630 12:39:36.877818 16615 raft_consensus.cc:2468] T ff4d4cb9cc934d14afc130438c8dbadc P 0b58ff10dec443f8b6cb7b5365b4fdb9 [term 0 FOLLOWER]: Leader pre-election vote request: Granting yes vote for candidate 50a9823e44f141698a2372053dbca3d4 in term 0.
I20260630 12:39:36.878609 16432 leader_election.cc:304] T ff4d4cb9cc934d14afc130438c8dbadc P 50a9823e44f141698a2372053dbca3d4 [CANDIDATE]: Term 1 pre-election: Election decided. Result: candidate won. Election summary: received 2 responses out of 3 voters: 2 yes votes; 0 no votes. yes voters: 50a9823e44f141698a2372053dbca3d4, 71ed8f2d429f442b860b762eb1788a29; no voters: 
I20260630 12:39:36.879382 16720 raft_consensus.cc:2804] T ff4d4cb9cc934d14afc130438c8dbadc P 50a9823e44f141698a2372053dbca3d4 [term 0 FOLLOWER]: Leader pre-election won for term 1
I20260630 12:39:36.879722 16720 raft_consensus.cc:493] T ff4d4cb9cc934d14afc130438c8dbadc P 50a9823e44f141698a2372053dbca3d4 [term 0 FOLLOWER]: Starting leader election (no leader contacted us within the election timeout)
I20260630 12:39:36.879959 16720 raft_consensus.cc:3060] T ff4d4cb9cc934d14afc130438c8dbadc P 50a9823e44f141698a2372053dbca3d4 [term 0 FOLLOWER]: Advancing to term 1
I20260630 12:39:36.884024 16720 raft_consensus.cc:515] T ff4d4cb9cc934d14afc130438c8dbadc P 50a9823e44f141698a2372053dbca3d4 [term 1 FOLLOWER]: Starting leader election with config: opid_index: -1 OBSOLETE_local: false peers { permanent_uuid: "71ed8f2d429f442b860b762eb1788a29" member_type: VOTER last_known_addr { host: "127.13.41.4" port: 34997 } } peers { permanent_uuid: "0b58ff10dec443f8b6cb7b5365b4fdb9" member_type: VOTER last_known_addr { host: "127.13.41.3" port: 39401 } } peers { permanent_uuid: "50a9823e44f141698a2372053dbca3d4" member_type: VOTER last_known_addr { host: "127.13.41.1" port: 39441 } }
I20260630 12:39:36.885530 16720 leader_election.cc:290] T ff4d4cb9cc934d14afc130438c8dbadc P 50a9823e44f141698a2372053dbca3d4 [CANDIDATE]: Term 1 election: Requested vote from peers 71ed8f2d429f442b860b762eb1788a29 (127.13.41.4:34997), 0b58ff10dec443f8b6cb7b5365b4fdb9 (127.13.41.3:39401)
I20260630 12:39:36.886178 16767 tablet_service.cc:1917] Received RequestConsensusVote() RPC: tablet_id: "ff4d4cb9cc934d14afc130438c8dbadc" candidate_uuid: "50a9823e44f141698a2372053dbca3d4" candidate_term: 1 candidate_status { last_received { term: 0 index: 0 } } ignore_live_leader: false dest_uuid: "71ed8f2d429f442b860b762eb1788a29"
I20260630 12:39:36.886461 16615 tablet_service.cc:1917] Received RequestConsensusVote() RPC: tablet_id: "ff4d4cb9cc934d14afc130438c8dbadc" candidate_uuid: "50a9823e44f141698a2372053dbca3d4" candidate_term: 1 candidate_status { last_received { term: 0 index: 0 } } ignore_live_leader: false dest_uuid: "0b58ff10dec443f8b6cb7b5365b4fdb9"
I20260630 12:39:36.886796 16767 raft_consensus.cc:3060] T ff4d4cb9cc934d14afc130438c8dbadc P 71ed8f2d429f442b860b762eb1788a29 [term 0 FOLLOWER]: Advancing to term 1
I20260630 12:39:36.887044 16615 raft_consensus.cc:3060] T ff4d4cb9cc934d14afc130438c8dbadc P 0b58ff10dec443f8b6cb7b5365b4fdb9 [term 0 FOLLOWER]: Advancing to term 1
I20260630 12:39:36.891069 16767 raft_consensus.cc:2468] T ff4d4cb9cc934d14afc130438c8dbadc P 71ed8f2d429f442b860b762eb1788a29 [term 1 FOLLOWER]: Leader election vote request: Granting yes vote for candidate 50a9823e44f141698a2372053dbca3d4 in term 1.
I20260630 12:39:36.891077 16615 raft_consensus.cc:2468] T ff4d4cb9cc934d14afc130438c8dbadc P 0b58ff10dec443f8b6cb7b5365b4fdb9 [term 1 FOLLOWER]: Leader election vote request: Granting yes vote for candidate 50a9823e44f141698a2372053dbca3d4 in term 1.
I20260630 12:39:36.892107 16432 leader_election.cc:304] T ff4d4cb9cc934d14afc130438c8dbadc P 50a9823e44f141698a2372053dbca3d4 [CANDIDATE]: Term 1 election: Election decided. Result: candidate won. Election summary: received 2 responses out of 3 voters: 2 yes votes; 0 no votes. yes voters: 50a9823e44f141698a2372053dbca3d4, 71ed8f2d429f442b860b762eb1788a29; no voters: 
I20260630 12:39:36.892745 16720 raft_consensus.cc:2804] T ff4d4cb9cc934d14afc130438c8dbadc P 50a9823e44f141698a2372053dbca3d4 [term 1 FOLLOWER]: Leader election won for term 1
I20260630 12:39:36.893213 16720 raft_consensus.cc:697] T ff4d4cb9cc934d14afc130438c8dbadc P 50a9823e44f141698a2372053dbca3d4 [term 1 LEADER]: Becoming Leader. State: Replica: 50a9823e44f141698a2372053dbca3d4, State: Running, Role: LEADER
I20260630 12:39:36.893884 16720 consensus_queue.cc:237] T ff4d4cb9cc934d14afc130438c8dbadc P 50a9823e44f141698a2372053dbca3d4 [LEADER]: Queue going to LEADER mode. State: All replicated index: 0, Majority replicated index: 0, Committed index: 0, Last appended: 0.0, Last appended by leader: 0, Current term: 1, Majority size: 2, State: 0, Mode: LEADER, active raft config: opid_index: -1 OBSOLETE_local: false peers { permanent_uuid: "71ed8f2d429f442b860b762eb1788a29" member_type: VOTER last_known_addr { host: "127.13.41.4" port: 34997 } } peers { permanent_uuid: "0b58ff10dec443f8b6cb7b5365b4fdb9" member_type: VOTER last_known_addr { host: "127.13.41.3" port: 39401 } } peers { permanent_uuid: "50a9823e44f141698a2372053dbca3d4" member_type: VOTER last_known_addr { host: "127.13.41.1" port: 39441 } }
I20260630 12:39:36.901194 16363 catalog_manager.cc:5697] T ff4d4cb9cc934d14afc130438c8dbadc P 50a9823e44f141698a2372053dbca3d4 reported cstate change: term changed from 0 to 1, leader changed from <none> to 50a9823e44f141698a2372053dbca3d4 (127.13.41.1). New cstate: current_term: 1 leader_uuid: "50a9823e44f141698a2372053dbca3d4" committed_config { opid_index: -1 OBSOLETE_local: false peers { permanent_uuid: "71ed8f2d429f442b860b762eb1788a29" member_type: VOTER last_known_addr { host: "127.13.41.4" port: 34997 } health_report { overall_health: UNKNOWN } } peers { permanent_uuid: "0b58ff10dec443f8b6cb7b5365b4fdb9" member_type: VOTER last_known_addr { host: "127.13.41.3" port: 39401 } health_report { overall_health: UNKNOWN } } peers { permanent_uuid: "50a9823e44f141698a2372053dbca3d4" member_type: VOTER last_known_addr { host: "127.13.41.1" port: 39441 } health_report { overall_health: HEALTHY } } }
I20260630 12:39:37.007788 16669 consensus_queue.cc:1048] T d43f37528cb54571a313ab4307e2c7ec P 0b58ff10dec443f8b6cb7b5365b4fdb9 [LEADER]: Connected to new peer: Peer: permanent_uuid: "71ed8f2d429f442b860b762eb1788a29" member_type: VOTER last_known_addr { host: "127.13.41.4" port: 34997 }, Status: LMP_MISMATCH, Last received: 0.0, Next index: 1, Last known committed idx: 0, Time since last communication: 0.000s
I20260630 12:39:37.014477 16824 raft_consensus.cc:493] T 08b9a8e94ceb409a8622e7b9737fc505 P 71ed8f2d429f442b860b762eb1788a29 [term 0 FOLLOWER]: Starting pre-election (no leader contacted us within the election timeout)
I20260630 12:39:37.014912 16824 raft_consensus.cc:515] T 08b9a8e94ceb409a8622e7b9737fc505 P 71ed8f2d429f442b860b762eb1788a29 [term 0 FOLLOWER]: Starting pre-election with config: opid_index: -1 OBSOLETE_local: false peers { permanent_uuid: "50a9823e44f141698a2372053dbca3d4" member_type: VOTER last_known_addr { host: "127.13.41.1" port: 39441 } } peers { permanent_uuid: "71ed8f2d429f442b860b762eb1788a29" member_type: VOTER last_known_addr { host: "127.13.41.4" port: 34997 } } peers { permanent_uuid: "0b58ff10dec443f8b6cb7b5365b4fdb9" member_type: VOTER last_known_addr { host: "127.13.41.3" port: 39401 } }
I20260630 12:39:37.016917 16824 leader_election.cc:290] T 08b9a8e94ceb409a8622e7b9737fc505 P 71ed8f2d429f442b860b762eb1788a29 [CANDIDATE]: Term 1 pre-election: Requested pre-vote from peers 50a9823e44f141698a2372053dbca3d4 (127.13.41.1:39441), 0b58ff10dec443f8b6cb7b5365b4fdb9 (127.13.41.3:39401)
I20260630 12:39:37.017612 16467 tablet_service.cc:1917] Received RequestConsensusVote() RPC: tablet_id: "08b9a8e94ceb409a8622e7b9737fc505" candidate_uuid: "71ed8f2d429f442b860b762eb1788a29" candidate_term: 1 candidate_status { last_received { term: 0 index: 0 } } ignore_live_leader: false dest_uuid: "50a9823e44f141698a2372053dbca3d4" is_pre_election: true
I20260630 12:39:37.018191 16687 raft_consensus.cc:493] T 0d2a2f3805694251bacccc9da5043586 P 5a0f8174b7934cb697db2917254f1b95 [term 0 FOLLOWER]: Starting pre-election (no leader contacted us within the election timeout)
I20260630 12:39:37.018291 16467 raft_consensus.cc:2468] T 08b9a8e94ceb409a8622e7b9737fc505 P 50a9823e44f141698a2372053dbca3d4 [term 0 FOLLOWER]: Leader pre-election vote request: Granting yes vote for candidate 71ed8f2d429f442b860b762eb1788a29 in term 0.
I20260630 12:39:37.018642 16687 raft_consensus.cc:515] T 0d2a2f3805694251bacccc9da5043586 P 5a0f8174b7934cb697db2917254f1b95 [term 0 FOLLOWER]: Starting pre-election with config: opid_index: -1 OBSOLETE_local: false peers { permanent_uuid: "71ed8f2d429f442b860b762eb1788a29" member_type: VOTER last_known_addr { host: "127.13.41.4" port: 34997 } } peers { permanent_uuid: "50a9823e44f141698a2372053dbca3d4" member_type: VOTER last_known_addr { host: "127.13.41.1" port: 39441 } } peers { permanent_uuid: "5a0f8174b7934cb697db2917254f1b95" member_type: VOTER last_known_addr { host: "127.13.41.2" port: 45049 } }
I20260630 12:39:37.019487 16733 leader_election.cc:304] T 08b9a8e94ceb409a8622e7b9737fc505 P 71ed8f2d429f442b860b762eb1788a29 [CANDIDATE]: Term 1 pre-election: Election decided. Result: candidate won. Election summary: received 2 responses out of 3 voters: 2 yes votes; 0 no votes. yes voters: 50a9823e44f141698a2372053dbca3d4, 71ed8f2d429f442b860b762eb1788a29; no voters: 
I20260630 12:39:37.020419 16687 leader_election.cc:290] T 0d2a2f3805694251bacccc9da5043586 P 5a0f8174b7934cb697db2917254f1b95 [CANDIDATE]: Term 1 pre-election: Requested pre-vote from peers 71ed8f2d429f442b860b762eb1788a29 (127.13.41.4:34997), 50a9823e44f141698a2372053dbca3d4 (127.13.41.1:39441)
I20260630 12:39:37.020469 16847 raft_consensus.cc:2804] T 08b9a8e94ceb409a8622e7b9737fc505 P 71ed8f2d429f442b860b762eb1788a29 [term 0 FOLLOWER]: Leader pre-election won for term 1
I20260630 12:39:37.020977 16847 raft_consensus.cc:493] T 08b9a8e94ceb409a8622e7b9737fc505 P 71ed8f2d429f442b860b762eb1788a29 [term 0 FOLLOWER]: Starting leader election (no leader contacted us within the election timeout)
I20260630 12:39:37.021286 16847 raft_consensus.cc:3060] T 08b9a8e94ceb409a8622e7b9737fc505 P 71ed8f2d429f442b860b762eb1788a29 [term 0 FOLLOWER]: Advancing to term 1
I20260630 12:39:37.022509 16467 tablet_service.cc:1917] Received RequestConsensusVote() RPC: tablet_id: "0d2a2f3805694251bacccc9da5043586" candidate_uuid: "5a0f8174b7934cb697db2917254f1b95" candidate_term: 1 candidate_status { last_received { term: 0 index: 0 } } ignore_live_leader: false dest_uuid: "50a9823e44f141698a2372053dbca3d4" is_pre_election: true
I20260630 12:39:37.024132 16767 tablet_service.cc:1917] Received RequestConsensusVote() RPC: tablet_id: "0d2a2f3805694251bacccc9da5043586" candidate_uuid: "5a0f8174b7934cb697db2917254f1b95" candidate_term: 1 candidate_status { last_received { term: 0 index: 0 } } ignore_live_leader: false dest_uuid: "71ed8f2d429f442b860b762eb1788a29" is_pre_election: true
I20260630 12:39:37.024906 16767 raft_consensus.cc:2393] T 0d2a2f3805694251bacccc9da5043586 P 71ed8f2d429f442b860b762eb1788a29 [term 1 FOLLOWER]: Leader pre-election vote request: Denying vote to candidate 5a0f8174b7934cb697db2917254f1b95 in current term 1: Already voted for candidate 50a9823e44f141698a2372053dbca3d4 in this term.
I20260630 12:39:37.025597 16801 consensus_queue.cc:1048] T d43f37528cb54571a313ab4307e2c7ec P 0b58ff10dec443f8b6cb7b5365b4fdb9 [LEADER]: Connected to new peer: Peer: permanent_uuid: "50a9823e44f141698a2372053dbca3d4" member_type: VOTER last_known_addr { host: "127.13.41.1" port: 39441 }, Status: LMP_MISMATCH, Last received: 0.0, Next index: 1, Last known committed idx: 0, Time since last communication: 0.000s
I20260630 12:39:37.025890 16507 leader_election.cc:304] T 0d2a2f3805694251bacccc9da5043586 P 5a0f8174b7934cb697db2917254f1b95 [CANDIDATE]: Term 1 pre-election: Election decided. Result: candidate lost. Election summary: received 3 responses out of 3 voters: 1 yes votes; 2 no votes. yes voters: 5a0f8174b7934cb697db2917254f1b95; no voters: 50a9823e44f141698a2372053dbca3d4, 71ed8f2d429f442b860b762eb1788a29
I20260630 12:39:37.026993 16687 raft_consensus.cc:3060] T 0d2a2f3805694251bacccc9da5043586 P 5a0f8174b7934cb697db2917254f1b95 [term 0 FOLLOWER]: Advancing to term 1
I20260630 12:39:37.027654 16615 tablet_service.cc:1917] Received RequestConsensusVote() RPC: tablet_id: "08b9a8e94ceb409a8622e7b9737fc505" candidate_uuid: "71ed8f2d429f442b860b762eb1788a29" candidate_term: 1 candidate_status { last_received { term: 0 index: 0 } } ignore_live_leader: false dest_uuid: "0b58ff10dec443f8b6cb7b5365b4fdb9" is_pre_election: true
I20260630 12:39:37.028260 16615 raft_consensus.cc:2468] T 08b9a8e94ceb409a8622e7b9737fc505 P 0b58ff10dec443f8b6cb7b5365b4fdb9 [term 0 FOLLOWER]: Leader pre-election vote request: Granting yes vote for candidate 71ed8f2d429f442b860b762eb1788a29 in term 0.
I20260630 12:39:37.028918 16847 raft_consensus.cc:515] T 08b9a8e94ceb409a8622e7b9737fc505 P 71ed8f2d429f442b860b762eb1788a29 [term 1 FOLLOWER]: Starting leader election with config: opid_index: -1 OBSOLETE_local: false peers { permanent_uuid: "50a9823e44f141698a2372053dbca3d4" member_type: VOTER last_known_addr { host: "127.13.41.1" port: 39441 } } peers { permanent_uuid: "71ed8f2d429f442b860b762eb1788a29" member_type: VOTER last_known_addr { host: "127.13.41.4" port: 34997 } } peers { permanent_uuid: "0b58ff10dec443f8b6cb7b5365b4fdb9" member_type: VOTER last_known_addr { host: "127.13.41.3" port: 39401 } }
I20260630 12:39:37.031203 16847 leader_election.cc:290] T 08b9a8e94ceb409a8622e7b9737fc505 P 71ed8f2d429f442b860b762eb1788a29 [CANDIDATE]: Term 1 election: Requested vote from peers 50a9823e44f141698a2372053dbca3d4 (127.13.41.1:39441), 0b58ff10dec443f8b6cb7b5365b4fdb9 (127.13.41.3:39401)
I20260630 12:39:37.031405 16468 tablet_service.cc:1917] Received RequestConsensusVote() RPC: tablet_id: "08b9a8e94ceb409a8622e7b9737fc505" candidate_uuid: "71ed8f2d429f442b860b762eb1788a29" candidate_term: 1 candidate_status { last_received { term: 0 index: 0 } } ignore_live_leader: false dest_uuid: "50a9823e44f141698a2372053dbca3d4"
I20260630 12:39:37.032023 16468 raft_consensus.cc:3060] T 08b9a8e94ceb409a8622e7b9737fc505 P 50a9823e44f141698a2372053dbca3d4 [term 0 FOLLOWER]: Advancing to term 1
I20260630 12:39:37.032902 16615 tablet_service.cc:1917] Received RequestConsensusVote() RPC: tablet_id: "08b9a8e94ceb409a8622e7b9737fc505" candidate_uuid: "71ed8f2d429f442b860b762eb1788a29" candidate_term: 1 candidate_status { last_received { term: 0 index: 0 } } ignore_live_leader: false dest_uuid: "0b58ff10dec443f8b6cb7b5365b4fdb9"
I20260630 12:39:37.033556 16615 raft_consensus.cc:3060] T 08b9a8e94ceb409a8622e7b9737fc505 P 0b58ff10dec443f8b6cb7b5365b4fdb9 [term 0 FOLLOWER]: Advancing to term 1
I20260630 12:39:37.035135 16687 raft_consensus.cc:2749] T 0d2a2f3805694251bacccc9da5043586 P 5a0f8174b7934cb697db2917254f1b95 [term 1 FOLLOWER]: Leader pre-election lost for term 1. Reason: could not achieve majority
I20260630 12:39:37.038318 16468 raft_consensus.cc:2468] T 08b9a8e94ceb409a8622e7b9737fc505 P 50a9823e44f141698a2372053dbca3d4 [term 1 FOLLOWER]: Leader election vote request: Granting yes vote for candidate 71ed8f2d429f442b860b762eb1788a29 in term 1.
I20260630 12:39:37.039371 16733 leader_election.cc:304] T 08b9a8e94ceb409a8622e7b9737fc505 P 71ed8f2d429f442b860b762eb1788a29 [CANDIDATE]: Term 1 election: Election decided. Result: candidate won. Election summary: received 2 responses out of 3 voters: 2 yes votes; 0 no votes. yes voters: 50a9823e44f141698a2372053dbca3d4, 71ed8f2d429f442b860b762eb1788a29; no voters: 
I20260630 12:39:37.040062 16847 raft_consensus.cc:2804] T 08b9a8e94ceb409a8622e7b9737fc505 P 71ed8f2d429f442b860b762eb1788a29 [term 1 FOLLOWER]: Leader election won for term 1
I20260630 12:39:37.040479 16847 raft_consensus.cc:697] T 08b9a8e94ceb409a8622e7b9737fc505 P 71ed8f2d429f442b860b762eb1788a29 [term 1 LEADER]: Becoming Leader. State: Replica: 71ed8f2d429f442b860b762eb1788a29, State: Running, Role: LEADER
I20260630 12:39:37.041097 16847 consensus_queue.cc:237] T 08b9a8e94ceb409a8622e7b9737fc505 P 71ed8f2d429f442b860b762eb1788a29 [LEADER]: Queue going to LEADER mode. State: All replicated index: 0, Majority replicated index: 0, Committed index: 0, Last appended: 0.0, Last appended by leader: 0, Current term: 1, Majority size: 2, State: 0, Mode: LEADER, active raft config: opid_index: -1 OBSOLETE_local: false peers { permanent_uuid: "50a9823e44f141698a2372053dbca3d4" member_type: VOTER last_known_addr { host: "127.13.41.1" port: 39441 } } peers { permanent_uuid: "71ed8f2d429f442b860b762eb1788a29" member_type: VOTER last_known_addr { host: "127.13.41.4" port: 34997 } } peers { permanent_uuid: "0b58ff10dec443f8b6cb7b5365b4fdb9" member_type: VOTER last_known_addr { host: "127.13.41.3" port: 39401 } }
I20260630 12:39:37.041697 16615 raft_consensus.cc:2468] T 08b9a8e94ceb409a8622e7b9737fc505 P 0b58ff10dec443f8b6cb7b5365b4fdb9 [term 1 FOLLOWER]: Leader election vote request: Granting yes vote for candidate 71ed8f2d429f442b860b762eb1788a29 in term 1.
I20260630 12:39:37.047683 16366 catalog_manager.cc:5697] T 08b9a8e94ceb409a8622e7b9737fc505 P 71ed8f2d429f442b860b762eb1788a29 reported cstate change: term changed from 0 to 1, leader changed from <none> to 71ed8f2d429f442b860b762eb1788a29 (127.13.41.4). New cstate: current_term: 1 leader_uuid: "71ed8f2d429f442b860b762eb1788a29" committed_config { opid_index: -1 OBSOLETE_local: false peers { permanent_uuid: "50a9823e44f141698a2372053dbca3d4" member_type: VOTER last_known_addr { host: "127.13.41.1" port: 39441 } health_report { overall_health: UNKNOWN } } peers { permanent_uuid: "71ed8f2d429f442b860b762eb1788a29" member_type: VOTER last_known_addr { host: "127.13.41.4" port: 34997 } health_report { overall_health: HEALTHY } } peers { permanent_uuid: "0b58ff10dec443f8b6cb7b5365b4fdb9" member_type: VOTER last_known_addr { host: "127.13.41.3" port: 39401 } health_report { overall_health: UNKNOWN } } }
I20260630 12:39:37.089331 16801 consensus_queue.cc:1048] T 9688ce6cec76451c8cb307c3e7aab9cf P 0b58ff10dec443f8b6cb7b5365b4fdb9 [LEADER]: Connected to new peer: Peer: permanent_uuid: "5a0f8174b7934cb697db2917254f1b95" member_type: VOTER last_known_addr { host: "127.13.41.2" port: 45049 }, Status: LMP_MISMATCH, Last received: 0.0, Next index: 1, Last known committed idx: 0, Time since last communication: 0.000s
I20260630 12:39:37.098591 16801 consensus_queue.cc:1048] T 9688ce6cec76451c8cb307c3e7aab9cf P 0b58ff10dec443f8b6cb7b5365b4fdb9 [LEADER]: Connected to new peer: Peer: permanent_uuid: "71ed8f2d429f442b860b762eb1788a29" member_type: VOTER last_known_addr { host: "127.13.41.4" port: 34997 }, Status: LMP_MISMATCH, Last received: 0.0, Next index: 1, Last known committed idx: 0, Time since last communication: 0.000s
I20260630 12:39:37.142088 16847 raft_consensus.cc:493] T a36072a98e4d41fdac9533b43ae8fb60 P 71ed8f2d429f442b860b762eb1788a29 [term 0 FOLLOWER]: Starting pre-election (no leader contacted us within the election timeout)
I20260630 12:39:37.142539 16847 raft_consensus.cc:515] T a36072a98e4d41fdac9533b43ae8fb60 P 71ed8f2d429f442b860b762eb1788a29 [term 0 FOLLOWER]: Starting pre-election with config: opid_index: -1 OBSOLETE_local: false peers { permanent_uuid: "5a0f8174b7934cb697db2917254f1b95" member_type: VOTER last_known_addr { host: "127.13.41.2" port: 45049 } } peers { permanent_uuid: "0b58ff10dec443f8b6cb7b5365b4fdb9" member_type: VOTER last_known_addr { host: "127.13.41.3" port: 39401 } } peers { permanent_uuid: "71ed8f2d429f442b860b762eb1788a29" member_type: VOTER last_known_addr { host: "127.13.41.4" port: 34997 } }
I20260630 12:39:37.143903 16847 leader_election.cc:290] T a36072a98e4d41fdac9533b43ae8fb60 P 71ed8f2d429f442b860b762eb1788a29 [CANDIDATE]: Term 1 pre-election: Requested pre-vote from peers 5a0f8174b7934cb697db2917254f1b95 (127.13.41.2:45049), 0b58ff10dec443f8b6cb7b5365b4fdb9 (127.13.41.3:39401)
I20260630 12:39:37.144513 16542 tablet_service.cc:1917] Received RequestConsensusVote() RPC: tablet_id: "a36072a98e4d41fdac9533b43ae8fb60" candidate_uuid: "71ed8f2d429f442b860b762eb1788a29" candidate_term: 1 candidate_status { last_received { term: 0 index: 0 } } ignore_live_leader: false dest_uuid: "5a0f8174b7934cb697db2917254f1b95" is_pre_election: true
I20260630 12:39:37.144783 16615 tablet_service.cc:1917] Received RequestConsensusVote() RPC: tablet_id: "a36072a98e4d41fdac9533b43ae8fb60" candidate_uuid: "71ed8f2d429f442b860b762eb1788a29" candidate_term: 1 candidate_status { last_received { term: 0 index: 0 } } ignore_live_leader: false dest_uuid: "0b58ff10dec443f8b6cb7b5365b4fdb9" is_pre_election: true
I20260630 12:39:37.145489 16615 raft_consensus.cc:2393] T a36072a98e4d41fdac9533b43ae8fb60 P 0b58ff10dec443f8b6cb7b5365b4fdb9 [term 1 FOLLOWER]: Leader pre-election vote request: Denying vote to candidate 71ed8f2d429f442b860b762eb1788a29 in current term 1: Already voted for candidate 5a0f8174b7934cb697db2917254f1b95 in this term.
I20260630 12:39:37.146332 16734 leader_election.cc:304] T a36072a98e4d41fdac9533b43ae8fb60 P 71ed8f2d429f442b860b762eb1788a29 [CANDIDATE]: Term 1 pre-election: Election decided. Result: candidate lost. Election summary: received 3 responses out of 3 voters: 1 yes votes; 2 no votes. yes voters: 71ed8f2d429f442b860b762eb1788a29; no voters: 0b58ff10dec443f8b6cb7b5365b4fdb9, 5a0f8174b7934cb697db2917254f1b95
I20260630 12:39:37.146907 16847 raft_consensus.cc:3060] T a36072a98e4d41fdac9533b43ae8fb60 P 71ed8f2d429f442b860b762eb1788a29 [term 0 FOLLOWER]: Advancing to term 1
I20260630 12:39:37.150921 16847 raft_consensus.cc:2749] T a36072a98e4d41fdac9533b43ae8fb60 P 71ed8f2d429f442b860b762eb1788a29 [term 1 FOLLOWER]: Leader pre-election lost for term 1. Reason: could not achieve majority
I20260630 12:39:37.176198 16687 consensus_queue.cc:1048] T 40d3201469084efcba60c21292de0530 P 5a0f8174b7934cb697db2917254f1b95 [LEADER]: Connected to new peer: Peer: permanent_uuid: "71ed8f2d429f442b860b762eb1788a29" member_type: VOTER last_known_addr { host: "127.13.41.4" port: 34997 }, Status: LMP_MISMATCH, Last received: 0.0, Next index: 1, Last known committed idx: 0, Time since last communication: 0.000s
I20260630 12:39:37.185212 16687 consensus_queue.cc:1048] T 40d3201469084efcba60c21292de0530 P 5a0f8174b7934cb697db2917254f1b95 [LEADER]: Connected to new peer: Peer: permanent_uuid: "50a9823e44f141698a2372053dbca3d4" member_type: VOTER last_known_addr { host: "127.13.41.1" port: 39441 }, Status: LMP_MISMATCH, Last received: 0.0, Next index: 1, Last known committed idx: 0, Time since last communication: 0.000s
I20260630 12:39:37.192843 16847 consensus_queue.cc:1048] T 98667e8163144c20acbb4021b6b87a40 P 71ed8f2d429f442b860b762eb1788a29 [LEADER]: Connected to new peer: Peer: permanent_uuid: "5a0f8174b7934cb697db2917254f1b95" member_type: VOTER last_known_addr { host: "127.13.41.2" port: 45049 }, Status: LMP_MISMATCH, Last received: 0.0, Next index: 1, Last known committed idx: 0, Time since last communication: 0.000s
I20260630 12:39:37.202899 16847 consensus_queue.cc:1048] T 98667e8163144c20acbb4021b6b87a40 P 71ed8f2d429f442b860b762eb1788a29 [LEADER]: Connected to new peer: Peer: permanent_uuid: "50a9823e44f141698a2372053dbca3d4" member_type: VOTER last_known_addr { host: "127.13.41.1" port: 39441 }, Status: LMP_MISMATCH, Last received: 0.0, Next index: 1, Last known committed idx: 0, Time since last communication: 0.000s
I20260630 12:39:37.218989 16687 consensus_queue.cc:1048] T a36072a98e4d41fdac9533b43ae8fb60 P 5a0f8174b7934cb697db2917254f1b95 [LEADER]: Connected to new peer: Peer: permanent_uuid: "71ed8f2d429f442b860b762eb1788a29" member_type: VOTER last_known_addr { host: "127.13.41.4" port: 34997 }, Status: LMP_MISMATCH, Last received: 0.0, Next index: 1, Last known committed idx: 0, Time since last communication: 0.000s
I20260630 12:39:37.231494 16689 consensus_queue.cc:1048] T a36072a98e4d41fdac9533b43ae8fb60 P 5a0f8174b7934cb697db2917254f1b95 [LEADER]: Connected to new peer: Peer: permanent_uuid: "0b58ff10dec443f8b6cb7b5365b4fdb9" member_type: VOTER last_known_addr { host: "127.13.41.3" port: 39401 }, Status: LMP_MISMATCH, Last received: 0.0, Next index: 1, Last known committed idx: 0, Time since last communication: 0.000s
I20260630 12:39:37.240978 16720 consensus_queue.cc:1048] T 0d2a2f3805694251bacccc9da5043586 P 50a9823e44f141698a2372053dbca3d4 [LEADER]: Connected to new peer: Peer: permanent_uuid: "5a0f8174b7934cb697db2917254f1b95" member_type: VOTER last_known_addr { host: "127.13.41.2" port: 45049 }, Status: LMP_MISMATCH, Last received: 0.0, Next index: 1, Last known committed idx: 0, Time since last communication: 0.000s
I20260630 12:39:37.250972 16720 consensus_queue.cc:1048] T 0d2a2f3805694251bacccc9da5043586 P 50a9823e44f141698a2372053dbca3d4 [LEADER]: Connected to new peer: Peer: permanent_uuid: "71ed8f2d429f442b860b762eb1788a29" member_type: VOTER last_known_addr { host: "127.13.41.4" port: 34997 }, Status: LMP_MISMATCH, Last received: 0.0, Next index: 1, Last known committed idx: 0, Time since last communication: 0.000s
I20260630 12:39:37.415805 16419 auto_leader_rebalancer.cc:141] leader rebalance for table range_aware_rebalance_new_range
I20260630 12:39:37.416625 16878 consensus_queue.cc:1048] T ff4d4cb9cc934d14afc130438c8dbadc P 50a9823e44f141698a2372053dbca3d4 [LEADER]: Connected to new peer: Peer: permanent_uuid: "71ed8f2d429f442b860b762eb1788a29" member_type: VOTER last_known_addr { host: "127.13.41.4" port: 34997 }, Status: LMP_MISMATCH, Last received: 0.0, Next index: 1, Last known committed idx: 0, Time since last communication: 0.000s
I20260630 12:39:37.433840 16720 consensus_queue.cc:1048] T ff4d4cb9cc934d14afc130438c8dbadc P 50a9823e44f141698a2372053dbca3d4 [LEADER]: Connected to new peer: Peer: permanent_uuid: "0b58ff10dec443f8b6cb7b5365b4fdb9" member_type: VOTER last_known_addr { host: "127.13.41.3" port: 39401 }, Status: LMP_MISMATCH, Last received: 0.0, Next index: 1, Last known committed idx: 0, Time since last communication: 0.000s
I20260630 12:39:37.449232 16467 tablet_service.cc:2072] Received LeaderStepDown RPC: tablet_id: "0d2a2f3805694251bacccc9da5043586"
dest_uuid: "50a9823e44f141698a2372053dbca3d4"
mode: GRACEFUL
new_leader_uuid: "71ed8f2d429f442b860b762eb1788a29"
 from {username='slave'} at 127.0.0.1:33462
I20260630 12:39:37.450099 16467 raft_consensus.cc:606] T 0d2a2f3805694251bacccc9da5043586 P 50a9823e44f141698a2372053dbca3d4 [term 1 LEADER]: Received request to transfer leadership to TS 71ed8f2d429f442b860b762eb1788a29
I20260630 12:39:37.462595 16542 tablet_service.cc:2072] Received LeaderStepDown RPC: tablet_id: "90c316aa31db4d1e8272a67da98c319e"
dest_uuid: "5a0f8174b7934cb697db2917254f1b95"
mode: GRACEFUL
new_leader_uuid: "0b58ff10dec443f8b6cb7b5365b4fdb9"
 from {username='slave'} at 127.0.0.1:47270
I20260630 12:39:37.463047 16542 raft_consensus.cc:606] T 90c316aa31db4d1e8272a67da98c319e P 5a0f8174b7934cb697db2917254f1b95 [term 1 LEADER]: Received request to transfer leadership to TS 0b58ff10dec443f8b6cb7b5365b4fdb9
I20260630 12:39:37.465760 16542 tablet_service.cc:2072] Received LeaderStepDown RPC: tablet_id: "cfee2143f15e421686af0f9369592c55"
dest_uuid: "5a0f8174b7934cb697db2917254f1b95"
mode: GRACEFUL
new_leader_uuid: "50a9823e44f141698a2372053dbca3d4"
 from {username='slave'} at 127.0.0.1:47270
I20260630 12:39:37.466280 16542 raft_consensus.cc:606] T cfee2143f15e421686af0f9369592c55 P 5a0f8174b7934cb697db2917254f1b95 [term 1 LEADER]: Received request to transfer leadership to TS 50a9823e44f141698a2372053dbca3d4
I20260630 12:39:37.469754 16419 auto_leader_rebalancer.cc:440] table: range_aware_rebalance_new_range, leader rebalance finish, leader transfer count: 3
I20260630 12:39:37.470494 16419 auto_leader_rebalancer.cc:515] All tables' leader rebalancing finished this round
W20260630 12:39:37.471669 16414 auto_rebalancer.cc:639] Failed to schedule move for tablet cfee2143f15e421686af0f9369592c55: Remote error: Service unavailable: leader transfer in progress
W20260630 12:39:37.474498 16414 auto_rebalancer.cc:639] Failed to schedule move for tablet 90c316aa31db4d1e8272a67da98c319e: Remote error: Service unavailable: leader transfer in progress
I20260630 12:39:37.485872 16467 consensus_queue.cc:237] T fba001bd2d9245048b79020ae0548c02 P 50a9823e44f141698a2372053dbca3d4 [LEADER]: Queue going to LEADER mode. State: All replicated index: 0, Majority replicated index: 1, Committed index: 1, Last appended: 1.1, Last appended by leader: 0, Current term: 1, Majority size: 2, State: 0, Mode: LEADER, active raft config: opid_index: 2 OBSOLETE_local: false peers { permanent_uuid: "50a9823e44f141698a2372053dbca3d4" member_type: VOTER last_known_addr { host: "127.13.41.1" port: 39441 } } peers { permanent_uuid: "5a0f8174b7934cb697db2917254f1b95" member_type: VOTER last_known_addr { host: "127.13.41.2" port: 45049 } attrs { replace: true } } peers { permanent_uuid: "0b58ff10dec443f8b6cb7b5365b4fdb9" member_type: VOTER last_known_addr { host: "127.13.41.3" port: 39401 } } peers { permanent_uuid: "71ed8f2d429f442b860b762eb1788a29" member_type: NON_VOTER last_known_addr { host: "127.13.41.4" port: 34997 } attrs { promote: true } }
W20260630 12:39:37.492084 16432 consensus_peers.cc:597] T fba001bd2d9245048b79020ae0548c02 P 50a9823e44f141698a2372053dbca3d4 -> Peer 71ed8f2d429f442b860b762eb1788a29 (127.13.41.4:34997): Couldn't send request to peer 71ed8f2d429f442b860b762eb1788a29. Error code: TABLET_NOT_FOUND (6). Status: Not found: Tablet not found: fba001bd2d9245048b79020ae0548c02. This is attempt 1: this message will repeat every 5th retry.
I20260630 12:39:37.492653 16543 raft_consensus.cc:1275] T fba001bd2d9245048b79020ae0548c02 P 5a0f8174b7934cb697db2917254f1b95 [term 1 FOLLOWER]: Refusing update from remote peer 50a9823e44f141698a2372053dbca3d4: Log matching property violated. Preceding OpId in replica: term: 1 index: 1. Preceding OpId from leader: term: 1 index: 2. (index mismatch)
I20260630 12:39:37.493237 16615 raft_consensus.cc:1275] T fba001bd2d9245048b79020ae0548c02 P 0b58ff10dec443f8b6cb7b5365b4fdb9 [term 1 FOLLOWER]: Refusing update from remote peer 50a9823e44f141698a2372053dbca3d4: Log matching property violated. Preceding OpId in replica: term: 1 index: 1. Preceding OpId from leader: term: 1 index: 2. (index mismatch)
I20260630 12:39:37.494231 16881 consensus_queue.cc:1048] T fba001bd2d9245048b79020ae0548c02 P 50a9823e44f141698a2372053dbca3d4 [LEADER]: Connected to new peer: Peer: permanent_uuid: "5a0f8174b7934cb697db2917254f1b95" member_type: VOTER last_known_addr { host: "127.13.41.2" port: 45049 } attrs { replace: true }, Status: LMP_MISMATCH, Last received: 0.0, Next index: 2, Last known committed idx: 1, Time since last communication: 0.000s
I20260630 12:39:37.495404 16720 consensus_queue.cc:1048] T fba001bd2d9245048b79020ae0548c02 P 50a9823e44f141698a2372053dbca3d4 [LEADER]: Connected to new peer: Peer: permanent_uuid: "0b58ff10dec443f8b6cb7b5365b4fdb9" member_type: VOTER last_known_addr { host: "127.13.41.3" port: 39401 }, Status: LMP_MISMATCH, Last received: 0.0, Next index: 2, Last known committed idx: 1, Time since last communication: 0.000s
I20260630 12:39:37.505839 16881 raft_consensus.cc:2955] T fba001bd2d9245048b79020ae0548c02 P 50a9823e44f141698a2372053dbca3d4 [term 1 LEADER]: Committing config change with OpId 1.2: config changed from index -1 to 2, NON_VOTER 71ed8f2d429f442b860b762eb1788a29 (127.13.41.4) added. New config: { opid_index: 2 OBSOLETE_local: false peers { permanent_uuid: "50a9823e44f141698a2372053dbca3d4" member_type: VOTER last_known_addr { host: "127.13.41.1" port: 39441 } } peers { permanent_uuid: "5a0f8174b7934cb697db2917254f1b95" member_type: VOTER last_known_addr { host: "127.13.41.2" port: 45049 } attrs { replace: true } } peers { permanent_uuid: "0b58ff10dec443f8b6cb7b5365b4fdb9" member_type: VOTER last_known_addr { host: "127.13.41.3" port: 39401 } } peers { permanent_uuid: "71ed8f2d429f442b860b762eb1788a29" member_type: NON_VOTER last_known_addr { host: "127.13.41.4" port: 34997 } attrs { promote: true } } }
I20260630 12:39:37.509370 16543 raft_consensus.cc:2955] T fba001bd2d9245048b79020ae0548c02 P 5a0f8174b7934cb697db2917254f1b95 [term 1 FOLLOWER]: Committing config change with OpId 1.2: config changed from index -1 to 2, NON_VOTER 71ed8f2d429f442b860b762eb1788a29 (127.13.41.4) added. New config: { opid_index: 2 OBSOLETE_local: false peers { permanent_uuid: "50a9823e44f141698a2372053dbca3d4" member_type: VOTER last_known_addr { host: "127.13.41.1" port: 39441 } } peers { permanent_uuid: "5a0f8174b7934cb697db2917254f1b95" member_type: VOTER last_known_addr { host: "127.13.41.2" port: 45049 } attrs { replace: true } } peers { permanent_uuid: "0b58ff10dec443f8b6cb7b5365b4fdb9" member_type: VOTER last_known_addr { host: "127.13.41.3" port: 39401 } } peers { permanent_uuid: "71ed8f2d429f442b860b762eb1788a29" member_type: NON_VOTER last_known_addr { host: "127.13.41.4" port: 34997 } attrs { promote: true } } }
I20260630 12:39:37.510257 16615 raft_consensus.cc:2955] T fba001bd2d9245048b79020ae0548c02 P 0b58ff10dec443f8b6cb7b5365b4fdb9 [term 1 FOLLOWER]: Committing config change with OpId 1.2: config changed from index -1 to 2, NON_VOTER 71ed8f2d429f442b860b762eb1788a29 (127.13.41.4) added. New config: { opid_index: 2 OBSOLETE_local: false peers { permanent_uuid: "50a9823e44f141698a2372053dbca3d4" member_type: VOTER last_known_addr { host: "127.13.41.1" port: 39441 } } peers { permanent_uuid: "5a0f8174b7934cb697db2917254f1b95" member_type: VOTER last_known_addr { host: "127.13.41.2" port: 45049 } attrs { replace: true } } peers { permanent_uuid: "0b58ff10dec443f8b6cb7b5365b4fdb9" member_type: VOTER last_known_addr { host: "127.13.41.3" port: 39401 } } peers { permanent_uuid: "71ed8f2d429f442b860b762eb1788a29" member_type: NON_VOTER last_known_addr { host: "127.13.41.4" port: 34997 } attrs { promote: true } } }
I20260630 12:39:37.516603 16689 raft_consensus.cc:993] T 90c316aa31db4d1e8272a67da98c319e P 5a0f8174b7934cb697db2917254f1b95: : Instructing follower 0b58ff10dec443f8b6cb7b5365b4fdb9 to start an election
