I20260630 12:11:47.571945   431 hybrid_clock.cc:584] initializing the hybrid clock with 'system_unsync' time source
W20260630 12:11:47.572126   431 system_unsync_time.cc:38] NTP support is disabled. Clock error bounds will not be accurate. This configuration is not suitable for distributed clusters.
I20260630 12:11:47.572239   431 hybrid_clock.cc:648] HybridClock initialized: now 1782821507572228 us; error 0 us; skew 500 ppm
I20260630 12:11:47.572701   431 server_base.cc:861] Flag tcmalloc_max_total_thread_cache_bytes is not working since tcmalloc is not enabled.
I20260630 12:11:47.575605   431 webserver.cc:533] Webserver started at http://127.0.107.254:36791/ using document root <none> and password file <none>
I20260630 12:11:47.576284   431 fs_manager.cc:362] Metadata directory not provided
I20260630 12:11:47.576476   431 fs_manager.cc:368] Using write-ahead log directory (fs_wal_dir) as metadata directory
I20260630 12:11:47.576731   431 server_base.cc:909] This appears to be a new deployment of Kudu; creating new FS layout
I20260630 12:11:47.577929   431 fs_manager.cc:1068] Generated new instance metadata in path /tmp/dist-test-task1x7RUn/test-tmp/auto_rebalancer-test.0.AutoRebalancerTest.MovesScheduledIfAddTserver.1782821477926743-431-0/minicluster-data/master-0-root/instance:
uuid: "91fa46e5958a45c19c269315d636582f"
format_stamp: "Formatted at 2026-06-30 12:11:47 on dist-test-slave-668g"
I20260630 12:11:47.583737   431 fs_manager.cc:696] Time spent creating directory manager: real 0.005s	user 0.005s	sys 0.000s
I20260630 12:11:47.587479  2081 log_block_manager.cc:4031] Time spent loading block containers with low live blocks: real 0.000s	user 0.000s	sys 0.000s
I20260630 12:11:47.588251   431 fs_manager.cc:730] Time spent opening block manager: real 0.002s	user 0.004s	sys 0.000s
I20260630 12:11:47.588557   431 fs_manager.cc:647] Opened local filesystem: /tmp/dist-test-task1x7RUn/test-tmp/auto_rebalancer-test.0.AutoRebalancerTest.MovesScheduledIfAddTserver.1782821477926743-431-0/minicluster-data/master-0-root
uuid: "91fa46e5958a45c19c269315d636582f"
format_stamp: "Formatted at 2026-06-30 12:11:47 on dist-test-slave-668g"
I20260630 12:11:47.588835   431 fs_report.cc:389] FS layout report
--------------------
wal directory: /tmp/dist-test-task1x7RUn/test-tmp/auto_rebalancer-test.0.AutoRebalancerTest.MovesScheduledIfAddTserver.1782821477926743-431-0/minicluster-data/master-0-root
metadata directory: /tmp/dist-test-task1x7RUn/test-tmp/auto_rebalancer-test.0.AutoRebalancerTest.MovesScheduledIfAddTserver.1782821477926743-431-0/minicluster-data/master-0-root
1 data directories: /tmp/dist-test-task1x7RUn/test-tmp/auto_rebalancer-test.0.AutoRebalancerTest.MovesScheduledIfAddTserver.1782821477926743-431-0/minicluster-data/master-0-root/data
Total live blocks: 0
Total live bytes: 0
Total live bytes (after alignment): 0
Total number of LBM containers: 0 (0 full)
Did not check for missing blocks
Did not check for orphaned blocks
Total full LBM containers with extra space: 0 (0 repaired)
Total full LBM container extra space in bytes: 0 (0 repaired)
Total incomplete LBM containers: 0 (0 repaired)
Total LBM partial records: 0 (0 repaired)
Total corrupted LBM metadata records in RocksDB: 0 (0 repaired)
I20260630 12:11:47.599532   431 rpc_server.cc:225] running with OpenSSL 1.1.1  11 Sep 2018
I20260630 12:11:47.600579   431 kserver.cc:163] Server-wide thread pool size limit: 3276
I20260630 12:11:47.639623   431 rpc_server.cc:307] RPC server started. Bound to: 127.0.107.254:42665
I20260630 12:11:47.639719  2132 acceptor_pool.cc:272] collecting diagnostics on the listening RPC socket 127.0.107.254:42665 every 8 connection(s)
I20260630 12:11:47.643684  2133 data_dirs.cc:400] Could only allocate 1 dirs of requested 3 for tablet 00000000000000000000000000000000. 1 dirs total, 0 dirs full, 0 dirs failed
I20260630 12:11:47.654719  2133 tablet_bootstrap.cc:492] T 00000000000000000000000000000000 P 91fa46e5958a45c19c269315d636582f: Bootstrap starting.
I20260630 12:11:47.659116  2133 tablet_bootstrap.cc:654] T 00000000000000000000000000000000 P 91fa46e5958a45c19c269315d636582f: Neither blocks nor log segments found. Creating new log.
I20260630 12:11:47.663276  2133 tablet_bootstrap.cc:492] T 00000000000000000000000000000000 P 91fa46e5958a45c19c269315d636582f: No bootstrap required, opened a new log
I20260630 12:11:47.665769  2133 raft_consensus.cc:359] T 00000000000000000000000000000000 P 91fa46e5958a45c19c269315d636582f [term 0 FOLLOWER]: Replica starting. Triggering 0 pending ops. Active config: opid_index: -1 OBSOLETE_local: true peers { permanent_uuid: "91fa46e5958a45c19c269315d636582f" member_type: VOTER }
I20260630 12:11:47.666301  2133 raft_consensus.cc:385] T 00000000000000000000000000000000 P 91fa46e5958a45c19c269315d636582f [term 0 FOLLOWER]: Consensus starting up: Expiring failure detector timer to make a prompt election more likely
I20260630 12:11:47.666514  2133 raft_consensus.cc:740] T 00000000000000000000000000000000 P 91fa46e5958a45c19c269315d636582f [term 0 FOLLOWER]: Becoming Follower/Learner. State: Replica: 91fa46e5958a45c19c269315d636582f, State: Initialized, Role: FOLLOWER
I20260630 12:11:47.667122  2133 consensus_queue.cc:260] T 00000000000000000000000000000000 P 91fa46e5958a45c19c269315d636582f [NON_LEADER]: Queue going to NON_LEADER mode. State: All replicated index: 0, Majority replicated index: 0, Committed index: 0, Last appended: 0.0, Last appended by leader: 0, Current term: 0, Majority size: -1, State: 0, Mode: NON_LEADER, active raft config: opid_index: -1 OBSOLETE_local: true peers { permanent_uuid: "91fa46e5958a45c19c269315d636582f" member_type: VOTER }
I20260630 12:11:47.667594  2133 raft_consensus.cc:399] T 00000000000000000000000000000000 P 91fa46e5958a45c19c269315d636582f [term 0 FOLLOWER]: Only one voter in the Raft config. Triggering election immediately
I20260630 12:11:47.667794  2133 raft_consensus.cc:493] T 00000000000000000000000000000000 P 91fa46e5958a45c19c269315d636582f [term 0 FOLLOWER]: Starting leader election (initial election of a single-replica configuration)
I20260630 12:11:47.668015  2133 raft_consensus.cc:3060] T 00000000000000000000000000000000 P 91fa46e5958a45c19c269315d636582f [term 0 FOLLOWER]: Advancing to term 1
I20260630 12:11:47.673276  2133 raft_consensus.cc:515] T 00000000000000000000000000000000 P 91fa46e5958a45c19c269315d636582f [term 1 FOLLOWER]: Starting leader election with config: opid_index: -1 OBSOLETE_local: true peers { permanent_uuid: "91fa46e5958a45c19c269315d636582f" member_type: VOTER }
I20260630 12:11:47.673846  2133 leader_election.cc:304] T 00000000000000000000000000000000 P 91fa46e5958a45c19c269315d636582f [CANDIDATE]: Term 1 election: Election decided. Result: candidate won. Election summary: received 1 responses out of 1 voters: 1 yes votes; 0 no votes. yes voters: 91fa46e5958a45c19c269315d636582f; no voters: 
I20260630 12:11:47.675045  2133 leader_election.cc:290] T 00000000000000000000000000000000 P 91fa46e5958a45c19c269315d636582f [CANDIDATE]: Term 1 election: Requested vote from peers 
I20260630 12:11:47.675382  2136 raft_consensus.cc:2804] T 00000000000000000000000000000000 P 91fa46e5958a45c19c269315d636582f [term 1 FOLLOWER]: Leader election won for term 1
I20260630 12:11:47.676653  2136 raft_consensus.cc:697] T 00000000000000000000000000000000 P 91fa46e5958a45c19c269315d636582f [term 1 LEADER]: Becoming Leader. State: Replica: 91fa46e5958a45c19c269315d636582f, State: Running, Role: LEADER
I20260630 12:11:47.677307  2136 consensus_queue.cc:237] T 00000000000000000000000000000000 P 91fa46e5958a45c19c269315d636582f [LEADER]: Queue going to LEADER mode. State: All replicated index: 0, Majority replicated index: 0, Committed index: 0, Last appended: 0.0, Last appended by leader: 0, Current term: 1, Majority size: 1, State: 0, Mode: LEADER, active raft config: opid_index: -1 OBSOLETE_local: true peers { permanent_uuid: "91fa46e5958a45c19c269315d636582f" member_type: VOTER }
I20260630 12:11:47.677909  2133 sys_catalog.cc:565] T 00000000000000000000000000000000 P 91fa46e5958a45c19c269315d636582f [sys.catalog]: configured and running, proceeding with master startup.
I20260630 12:11:47.680249  2137 sys_catalog.cc:455] T 00000000000000000000000000000000 P 91fa46e5958a45c19c269315d636582f [sys.catalog]: SysCatalogTable state changed. Reason: RaftConsensus started. Latest consensus state: current_term: 1 leader_uuid: "91fa46e5958a45c19c269315d636582f" committed_config { opid_index: -1 OBSOLETE_local: true peers { permanent_uuid: "91fa46e5958a45c19c269315d636582f" member_type: VOTER } }
I20260630 12:11:47.680158  2138 sys_catalog.cc:455] T 00000000000000000000000000000000 P 91fa46e5958a45c19c269315d636582f [sys.catalog]: SysCatalogTable state changed. Reason: New leader 91fa46e5958a45c19c269315d636582f. Latest consensus state: current_term: 1 leader_uuid: "91fa46e5958a45c19c269315d636582f" committed_config { opid_index: -1 OBSOLETE_local: true peers { permanent_uuid: "91fa46e5958a45c19c269315d636582f" member_type: VOTER } }
I20260630 12:11:47.680845  2137 sys_catalog.cc:458] T 00000000000000000000000000000000 P 91fa46e5958a45c19c269315d636582f [sys.catalog]: This master's current role is: LEADER
I20260630 12:11:47.680963  2138 sys_catalog.cc:458] T 00000000000000000000000000000000 P 91fa46e5958a45c19c269315d636582f [sys.catalog]: This master's current role is: LEADER
I20260630 12:11:47.687058  2141 catalog_manager.cc:1511] Loading table and tablet metadata into memory...
I20260630 12:11:47.692718  2141 catalog_manager.cc:1520] Initializing Kudu cluster ID...
I20260630 12:11:47.694231   431 internal_mini_cluster.cc:184] Waiting to initialize catalog manager on master 0
I20260630 12:11:47.702428  2141 catalog_manager.cc:1383] Generated new cluster ID: ff50fd19b2214aebb06c556c58a8d257
I20260630 12:11:47.702788  2141 catalog_manager.cc:1531] Initializing Kudu internal certificate authority...
I20260630 12:11:47.721295  2141 catalog_manager.cc:1406] Generated new certificate authority record
I20260630 12:11:47.722698  2141 catalog_manager.cc:1540] Loading token signing keys...
I20260630 12:11:47.735539  2141 catalog_manager.cc:6070] T 00000000000000000000000000000000 P 91fa46e5958a45c19c269315d636582f: Generated new TSK 0
I20260630 12:11:47.736193  2141 catalog_manager.cc:1550] Initializing in-progress tserver states...
I20260630 12:11:47.761559   431 file_cache.cc:492] Constructed file cache file cache with capacity 419430
W20260630 12:11:47.767369  2154 instance_detector.cc:116] could not retrieve AWS instance metadata: Network error: curl error: HTTP response code said error: The requested URL returned error: 404
W20260630 12:11:47.768518  2155 instance_detector.cc:116] could not retrieve Azure instance metadata: Network error: curl error: HTTP response code said error: The requested URL returned error: 404
I20260630 12:11:47.770352   431 server_base.cc:1061] running on GCE node
W20260630 12:11:47.770625  2157 instance_detector.cc:116] could not retrieve OpenStack instance metadata: Network error: curl error: HTTP response code said error: The requested URL returned error: 404
I20260630 12:11:47.771646   431 hybrid_clock.cc:584] initializing the hybrid clock with 'system_unsync' time source
W20260630 12:11:47.771847   431 system_unsync_time.cc:38] NTP support is disabled. Clock error bounds will not be accurate. This configuration is not suitable for distributed clusters.
I20260630 12:11:47.772025   431 hybrid_clock.cc:648] HybridClock initialized: now 1782821507772005 us; error 0 us; skew 500 ppm
I20260630 12:11:47.772528   431 server_base.cc:861] Flag tcmalloc_max_total_thread_cache_bytes is not working since tcmalloc is not enabled.
I20260630 12:11:47.775309   431 webserver.cc:533] Webserver started at http://127.0.107.193:36341/ using document root <none> and password file <none>
I20260630 12:11:47.775822   431 fs_manager.cc:362] Metadata directory not provided
I20260630 12:11:47.776006   431 fs_manager.cc:368] Using write-ahead log directory (fs_wal_dir) as metadata directory
I20260630 12:11:47.776281   431 server_base.cc:909] This appears to be a new deployment of Kudu; creating new FS layout
I20260630 12:11:47.777405   431 fs_manager.cc:1068] Generated new instance metadata in path /tmp/dist-test-task1x7RUn/test-tmp/auto_rebalancer-test.0.AutoRebalancerTest.MovesScheduledIfAddTserver.1782821477926743-431-0/minicluster-data/ts-0-root/instance:
uuid: "3c765da6162d4f2593db0108fc53409c"
format_stamp: "Formatted at 2026-06-30 12:11:47 on dist-test-slave-668g"
I20260630 12:11:47.781936   431 fs_manager.cc:696] Time spent creating directory manager: real 0.004s	user 0.006s	sys 0.000s
I20260630 12:11:47.785452  2162 log_block_manager.cc:4031] Time spent loading block containers with low live blocks: real 0.000s	user 0.000s	sys 0.000s
I20260630 12:11:47.786300   431 fs_manager.cc:730] Time spent opening block manager: real 0.002s	user 0.003s	sys 0.000s
I20260630 12:11:47.786603   431 fs_manager.cc:647] Opened local filesystem: /tmp/dist-test-task1x7RUn/test-tmp/auto_rebalancer-test.0.AutoRebalancerTest.MovesScheduledIfAddTserver.1782821477926743-431-0/minicluster-data/ts-0-root
uuid: "3c765da6162d4f2593db0108fc53409c"
format_stamp: "Formatted at 2026-06-30 12:11:47 on dist-test-slave-668g"
I20260630 12:11:47.786895   431 fs_report.cc:389] FS layout report
--------------------
wal directory: /tmp/dist-test-task1x7RUn/test-tmp/auto_rebalancer-test.0.AutoRebalancerTest.MovesScheduledIfAddTserver.1782821477926743-431-0/minicluster-data/ts-0-root
metadata directory: /tmp/dist-test-task1x7RUn/test-tmp/auto_rebalancer-test.0.AutoRebalancerTest.MovesScheduledIfAddTserver.1782821477926743-431-0/minicluster-data/ts-0-root
1 data directories: /tmp/dist-test-task1x7RUn/test-tmp/auto_rebalancer-test.0.AutoRebalancerTest.MovesScheduledIfAddTserver.1782821477926743-431-0/minicluster-data/ts-0-root/data
Total live blocks: 0
Total live bytes: 0
Total live bytes (after alignment): 0
Total number of LBM containers: 0 (0 full)
Did not check for missing blocks
Did not check for orphaned blocks
Total full LBM containers with extra space: 0 (0 repaired)
Total full LBM container extra space in bytes: 0 (0 repaired)
Total incomplete LBM containers: 0 (0 repaired)
Total LBM partial records: 0 (0 repaired)
Total corrupted LBM metadata records in RocksDB: 0 (0 repaired)
I20260630 12:11:47.803151   431 rpc_server.cc:225] running with OpenSSL 1.1.1  11 Sep 2018
I20260630 12:11:47.804180   431 kserver.cc:163] Server-wide thread pool size limit: 3276
I20260630 12:11:47.805624   431 txn_system_client.cc:432] TxnSystemClient initialization is disabled...
I20260630 12:11:47.808116   431 ts_tablet_manager.cc:585] Loaded tablet metadata (0 total tablets, 0 live tablets)
I20260630 12:11:47.808322   431 ts_tablet_manager.cc:531] Time spent load tablet metadata: real 0.000s	user 0.000s	sys 0.000s
I20260630 12:11:47.808557   431 ts_tablet_manager.cc:616] Registered 0 tablets
I20260630 12:11:47.808704   431 ts_tablet_manager.cc:595] Time spent register tablets: real 0.000s	user 0.000s	sys 0.000s
I20260630 12:11:47.850755   431 rpc_server.cc:307] RPC server started. Bound to: 127.0.107.193:34825
I20260630 12:11:47.850951  2224 acceptor_pool.cc:272] collecting diagnostics on the listening RPC socket 127.0.107.193:34825 every 8 connection(s)
I20260630 12:11:47.855703   431 file_cache.cc:492] Constructed file cache file cache with capacity 419430
W20260630 12:11:47.863154  2229 instance_detector.cc:116] could not retrieve AWS instance metadata: Network error: curl error: HTTP response code said error: The requested URL returned error: 404
W20260630 12:11:47.864914  2230 instance_detector.cc:116] could not retrieve Azure instance metadata: Network error: curl error: HTTP response code said error: The requested URL returned error: 404
I20260630 12:11:47.867995   431 server_base.cc:1061] running on GCE node
W20260630 12:11:47.868494  2232 instance_detector.cc:116] could not retrieve OpenStack instance metadata: Network error: curl error: HTTP response code said error: The requested URL returned error: 404
I20260630 12:11:47.869415   431 hybrid_clock.cc:584] initializing the hybrid clock with 'system_unsync' time source
W20260630 12:11:47.869630   431 system_unsync_time.cc:38] NTP support is disabled. Clock error bounds will not be accurate. This configuration is not suitable for distributed clusters.
I20260630 12:11:47.869827   431 hybrid_clock.cc:648] HybridClock initialized: now 1782821507869810 us; error 0 us; skew 500 ppm
I20260630 12:11:47.870400   431 server_base.cc:861] Flag tcmalloc_max_total_thread_cache_bytes is not working since tcmalloc is not enabled.
I20260630 12:11:47.874261   431 webserver.cc:533] Webserver started at http://127.0.107.194:43339/ using document root <none> and password file <none>
I20260630 12:11:47.874958   431 fs_manager.cc:362] Metadata directory not provided
I20260630 12:11:47.875208   431 fs_manager.cc:368] Using write-ahead log directory (fs_wal_dir) as metadata directory
I20260630 12:11:47.875540   431 server_base.cc:909] This appears to be a new deployment of Kudu; creating new FS layout
I20260630 12:11:47.876550  2225 heartbeater.cc:344] Connected to a master server at 127.0.107.254:42665
I20260630 12:11:47.877017  2225 heartbeater.cc:461] Registering TS with master...
I20260630 12:11:47.877074   431 fs_manager.cc:1068] Generated new instance metadata in path /tmp/dist-test-task1x7RUn/test-tmp/auto_rebalancer-test.0.AutoRebalancerTest.MovesScheduledIfAddTserver.1782821477926743-431-0/minicluster-data/ts-1-root/instance:
uuid: "18970fa45bc943f89d15adc9107f526f"
format_stamp: "Formatted at 2026-06-30 12:11:47 on dist-test-slave-668g"
I20260630 12:11:47.877866  2225 heartbeater.cc:507] Master 127.0.107.254:42665 requested a full tablet report, sending...
I20260630 12:11:47.880156  2098 ts_manager.cc:194] Registered new tserver with Master: 3c765da6162d4f2593db0108fc53409c (127.0.107.193:34825)
I20260630 12:11:47.882337  2098 master_service.cc:502] Signed X509 certificate for tserver {username='slave'} at 127.0.0.1:45394
I20260630 12:11:47.882524   431 fs_manager.cc:696] Time spent creating directory manager: real 0.005s	user 0.005s	sys 0.003s
I20260630 12:11:47.886219  2237 log_block_manager.cc:4031] Time spent loading block containers with low live blocks: real 0.000s	user 0.000s	sys 0.000s
I20260630 12:11:47.887017   431 fs_manager.cc:730] Time spent opening block manager: real 0.002s	user 0.002s	sys 0.002s
I20260630 12:11:47.887301   431 fs_manager.cc:647] Opened local filesystem: /tmp/dist-test-task1x7RUn/test-tmp/auto_rebalancer-test.0.AutoRebalancerTest.MovesScheduledIfAddTserver.1782821477926743-431-0/minicluster-data/ts-1-root
uuid: "18970fa45bc943f89d15adc9107f526f"
format_stamp: "Formatted at 2026-06-30 12:11:47 on dist-test-slave-668g"
I20260630 12:11:47.887571   431 fs_report.cc:389] FS layout report
--------------------
wal directory: /tmp/dist-test-task1x7RUn/test-tmp/auto_rebalancer-test.0.AutoRebalancerTest.MovesScheduledIfAddTserver.1782821477926743-431-0/minicluster-data/ts-1-root
metadata directory: /tmp/dist-test-task1x7RUn/test-tmp/auto_rebalancer-test.0.AutoRebalancerTest.MovesScheduledIfAddTserver.1782821477926743-431-0/minicluster-data/ts-1-root
1 data directories: /tmp/dist-test-task1x7RUn/test-tmp/auto_rebalancer-test.0.AutoRebalancerTest.MovesScheduledIfAddTserver.1782821477926743-431-0/minicluster-data/ts-1-root/data
Total live blocks: 0
Total live bytes: 0
Total live bytes (after alignment): 0
Total number of LBM containers: 0 (0 full)
Did not check for missing blocks
Did not check for orphaned blocks
Total full LBM containers with extra space: 0 (0 repaired)
Total full LBM container extra space in bytes: 0 (0 repaired)
Total incomplete LBM containers: 0 (0 repaired)
Total LBM partial records: 0 (0 repaired)
Total corrupted LBM metadata records in RocksDB: 0 (0 repaired)
I20260630 12:11:47.910162   431 rpc_server.cc:225] running with OpenSSL 1.1.1  11 Sep 2018
I20260630 12:11:47.911267   431 kserver.cc:163] Server-wide thread pool size limit: 3276
I20260630 12:11:47.912717   431 txn_system_client.cc:432] TxnSystemClient initialization is disabled...
I20260630 12:11:47.915637   431 ts_tablet_manager.cc:585] Loaded tablet metadata (0 total tablets, 0 live tablets)
I20260630 12:11:47.915843   431 ts_tablet_manager.cc:531] Time spent load tablet metadata: real 0.000s	user 0.000s	sys 0.000s
I20260630 12:11:47.916033   431 ts_tablet_manager.cc:616] Registered 0 tablets
I20260630 12:11:47.916157   431 ts_tablet_manager.cc:595] Time spent register tablets: real 0.000s	user 0.000s	sys 0.000s
I20260630 12:11:47.958547   431 rpc_server.cc:307] RPC server started. Bound to: 127.0.107.194:37431
I20260630 12:11:47.958636  2299 acceptor_pool.cc:272] collecting diagnostics on the listening RPC socket 127.0.107.194:37431 every 8 connection(s)
I20260630 12:11:47.963573   431 file_cache.cc:492] Constructed file cache file cache with capacity 419430
W20260630 12:11:47.970083  2303 instance_detector.cc:116] could not retrieve AWS instance metadata: Network error: curl error: HTTP response code said error: The requested URL returned error: 404
W20260630 12:11:47.971472  2304 instance_detector.cc:116] could not retrieve Azure instance metadata: Network error: curl error: HTTP response code said error: The requested URL returned error: 404
W20260630 12:11:47.974818  2306 instance_detector.cc:116] could not retrieve OpenStack instance metadata: Network error: curl error: HTTP response code said error: The requested URL returned error: 404
I20260630 12:11:47.976084   431 server_base.cc:1061] running on GCE node
I20260630 12:11:47.977208  2300 heartbeater.cc:344] Connected to a master server at 127.0.107.254:42665
I20260630 12:11:47.977433   431 hybrid_clock.cc:584] initializing the hybrid clock with 'system_unsync' time source
I20260630 12:11:47.977686  2300 heartbeater.cc:461] Registering TS with master...
W20260630 12:11:47.977718   431 system_unsync_time.cc:38] NTP support is disabled. Clock error bounds will not be accurate. This configuration is not suitable for distributed clusters.
I20260630 12:11:47.978147   431 hybrid_clock.cc:648] HybridClock initialized: now 1782821507978123 us; error 0 us; skew 500 ppm
I20260630 12:11:47.978808  2300 heartbeater.cc:507] Master 127.0.107.254:42665 requested a full tablet report, sending...
I20260630 12:11:47.978899   431 server_base.cc:861] Flag tcmalloc_max_total_thread_cache_bytes is not working since tcmalloc is not enabled.
I20260630 12:11:47.981261  2098 ts_manager.cc:194] Registered new tserver with Master: 18970fa45bc943f89d15adc9107f526f (127.0.107.194:37431)
I20260630 12:11:47.981837   431 webserver.cc:533] Webserver started at http://127.0.107.195:35609/ using document root <none> and password file <none>
I20260630 12:11:47.982355   431 fs_manager.cc:362] Metadata directory not provided
I20260630 12:11:47.982542   431 fs_manager.cc:368] Using write-ahead log directory (fs_wal_dir) as metadata directory
I20260630 12:11:47.982780   431 server_base.cc:909] This appears to be a new deployment of Kudu; creating new FS layout
I20260630 12:11:47.982820  2098 master_service.cc:502] Signed X509 certificate for tserver {username='slave'} at 127.0.0.1:45404
I20260630 12:11:47.984112   431 fs_manager.cc:1068] Generated new instance metadata in path /tmp/dist-test-task1x7RUn/test-tmp/auto_rebalancer-test.0.AutoRebalancerTest.MovesScheduledIfAddTserver.1782821477926743-431-0/minicluster-data/ts-2-root/instance:
uuid: "53a7acbb0de64ec78bbb6f808308c7b4"
format_stamp: "Formatted at 2026-06-30 12:11:47 on dist-test-slave-668g"
I20260630 12:11:47.988981   431 fs_manager.cc:696] Time spent creating directory manager: real 0.004s	user 0.005s	sys 0.000s
I20260630 12:11:47.992619  2311 log_block_manager.cc:4031] Time spent loading block containers with low live blocks: real 0.000s	user 0.000s	sys 0.000s
I20260630 12:11:47.993395   431 fs_manager.cc:730] Time spent opening block manager: real 0.002s	user 0.002s	sys 0.000s
I20260630 12:11:47.993681   431 fs_manager.cc:647] Opened local filesystem: /tmp/dist-test-task1x7RUn/test-tmp/auto_rebalancer-test.0.AutoRebalancerTest.MovesScheduledIfAddTserver.1782821477926743-431-0/minicluster-data/ts-2-root
uuid: "53a7acbb0de64ec78bbb6f808308c7b4"
format_stamp: "Formatted at 2026-06-30 12:11:47 on dist-test-slave-668g"
I20260630 12:11:47.993960   431 fs_report.cc:389] FS layout report
--------------------
wal directory: /tmp/dist-test-task1x7RUn/test-tmp/auto_rebalancer-test.0.AutoRebalancerTest.MovesScheduledIfAddTserver.1782821477926743-431-0/minicluster-data/ts-2-root
metadata directory: /tmp/dist-test-task1x7RUn/test-tmp/auto_rebalancer-test.0.AutoRebalancerTest.MovesScheduledIfAddTserver.1782821477926743-431-0/minicluster-data/ts-2-root
1 data directories: /tmp/dist-test-task1x7RUn/test-tmp/auto_rebalancer-test.0.AutoRebalancerTest.MovesScheduledIfAddTserver.1782821477926743-431-0/minicluster-data/ts-2-root/data
Total live blocks: 0
Total live bytes: 0
Total live bytes (after alignment): 0
Total number of LBM containers: 0 (0 full)
Did not check for missing blocks
Did not check for orphaned blocks
Total full LBM containers with extra space: 0 (0 repaired)
Total full LBM container extra space in bytes: 0 (0 repaired)
Total incomplete LBM containers: 0 (0 repaired)
Total LBM partial records: 0 (0 repaired)
Total corrupted LBM metadata records in RocksDB: 0 (0 repaired)
I20260630 12:11:48.004911   431 rpc_server.cc:225] running with OpenSSL 1.1.1  11 Sep 2018
I20260630 12:11:48.006067   431 kserver.cc:163] Server-wide thread pool size limit: 3276
I20260630 12:11:48.007686   431 txn_system_client.cc:432] TxnSystemClient initialization is disabled...
I20260630 12:11:48.010020   431 ts_tablet_manager.cc:585] Loaded tablet metadata (0 total tablets, 0 live tablets)
I20260630 12:11:48.010224   431 ts_tablet_manager.cc:531] Time spent load tablet metadata: real 0.000s	user 0.000s	sys 0.000s
I20260630 12:11:48.010469   431 ts_tablet_manager.cc:616] Registered 0 tablets
I20260630 12:11:48.010610   431 ts_tablet_manager.cc:595] Time spent register tablets: real 0.000s	user 0.000s	sys 0.000s
I20260630 12:11:48.050127   431 rpc_server.cc:307] RPC server started. Bound to: 127.0.107.195:42515
I20260630 12:11:48.050217  2373 acceptor_pool.cc:272] collecting diagnostics on the listening RPC socket 127.0.107.195:42515 every 8 connection(s)
I20260630 12:11:48.063685  2374 heartbeater.cc:344] Connected to a master server at 127.0.107.254:42665
I20260630 12:11:48.064080  2374 heartbeater.cc:461] Registering TS with master...
I20260630 12:11:48.064838  2374 heartbeater.cc:507] Master 127.0.107.254:42665 requested a full tablet report, sending...
I20260630 12:11:48.066789  2098 ts_manager.cc:194] Registered new tserver with Master: 53a7acbb0de64ec78bbb6f808308c7b4 (127.0.107.195:42515)
I20260630 12:11:48.067343   431 internal_mini_cluster.cc:371] 3 TS(s) registered with all masters after 0.013670482s
I20260630 12:11:48.068216  2098 master_service.cc:502] Signed X509 certificate for tserver {username='slave'} at 127.0.0.1:45414
I20260630 12:11:48.885391  2225 heartbeater.cc:499] Master 127.0.107.254:42665 was elected leader, sending a full tablet report...
I20260630 12:11:48.985905  2300 heartbeater.cc:499] Master 127.0.107.254:42665 was elected leader, sending a full tablet report...
I20260630 12:11:49.071276  2374 heartbeater.cc:499] Master 127.0.107.254:42665 was elected leader, sending a full tablet report...
I20260630 12:11:49.148727  2098 catalog_manager.cc:2283] Servicing CreateTable request from {username='slave'} at 127.0.0.1:45422:
name: "test-workload"
schema {
  columns {
    name: "key"
    type: INT32
    is_key: true
    is_nullable: false
    encoding: AUTO_ENCODING
    compression: DEFAULT_COMPRESSION
    cfile_block_size: 0
    immutable: false
  }
  columns {
    name: "int_val"
    type: INT32
    is_key: false
    is_nullable: false
    encoding: AUTO_ENCODING
    compression: DEFAULT_COMPRESSION
    cfile_block_size: 0
    immutable: false
  }
  columns {
    name: "string_val"
    type: STRING
    is_key: false
    is_nullable: true
    encoding: AUTO_ENCODING
    compression: DEFAULT_COMPRESSION
    cfile_block_size: 0
    immutable: false
  }
}
num_replicas: 3
split_rows_range_bounds {
  rows: "\004\001\000\377\377\377?""\004\001\000\377\377\377?"
  indirect_data: """"
}
partition_schema {
  range_schema {
    columns {
      name: "key"
    }
  }
}
W20260630 12:11:49.151459  2098 catalog_manager.cc:7077] The number of live tablet servers is not enough to re-replicate a tablet replica of the newly created table test-workload in case of a server failure: 4 tablet servers would be needed, 3 are available. Consider bringing up more tablet servers.
I20260630 12:11:49.218050  2339 tablet_service.cc:1511] Processing CreateTablet for tablet 902e0f3b426e47f3b071a2c551f10b69 (DEFAULT_TABLE table=test-workload [id=d6401a17cc194565bbc024d01b5d2536]), partition=RANGE (key) PARTITION VALUES < 1073741823
I20260630 12:11:49.218343  2338 tablet_service.cc:1511] Processing CreateTablet for tablet 4743a6c2cd0046ff967125713eeebb1e (DEFAULT_TABLE table=test-workload [id=d6401a17cc194565bbc024d01b5d2536]), partition=RANGE (key) PARTITION 1073741823 <= VALUES
I20260630 12:11:49.220209  2339 data_dirs.cc:400] Could only allocate 1 dirs of requested 3 for tablet 902e0f3b426e47f3b071a2c551f10b69. 1 dirs total, 0 dirs full, 0 dirs failed
I20260630 12:11:49.220927  2338 data_dirs.cc:400] Could only allocate 1 dirs of requested 3 for tablet 4743a6c2cd0046ff967125713eeebb1e. 1 dirs total, 0 dirs full, 0 dirs failed
I20260630 12:11:49.224651  2190 tablet_service.cc:1511] Processing CreateTablet for tablet 902e0f3b426e47f3b071a2c551f10b69 (DEFAULT_TABLE table=test-workload [id=d6401a17cc194565bbc024d01b5d2536]), partition=RANGE (key) PARTITION VALUES < 1073741823
I20260630 12:11:49.225152  2189 tablet_service.cc:1511] Processing CreateTablet for tablet 4743a6c2cd0046ff967125713eeebb1e (DEFAULT_TABLE table=test-workload [id=d6401a17cc194565bbc024d01b5d2536]), partition=RANGE (key) PARTITION 1073741823 <= VALUES
I20260630 12:11:49.226819  2190 data_dirs.cc:400] Could only allocate 1 dirs of requested 3 for tablet 902e0f3b426e47f3b071a2c551f10b69. 1 dirs total, 0 dirs full, 0 dirs failed
I20260630 12:11:49.227835  2189 data_dirs.cc:400] Could only allocate 1 dirs of requested 3 for tablet 4743a6c2cd0046ff967125713eeebb1e. 1 dirs total, 0 dirs full, 0 dirs failed
I20260630 12:11:49.228912  2265 tablet_service.cc:1511] Processing CreateTablet for tablet 902e0f3b426e47f3b071a2c551f10b69 (DEFAULT_TABLE table=test-workload [id=d6401a17cc194565bbc024d01b5d2536]), partition=RANGE (key) PARTITION VALUES < 1073741823
I20260630 12:11:49.230690  2265 data_dirs.cc:400] Could only allocate 1 dirs of requested 3 for tablet 902e0f3b426e47f3b071a2c551f10b69. 1 dirs total, 0 dirs full, 0 dirs failed
I20260630 12:11:49.235627  2264 tablet_service.cc:1511] Processing CreateTablet for tablet 4743a6c2cd0046ff967125713eeebb1e (DEFAULT_TABLE table=test-workload [id=d6401a17cc194565bbc024d01b5d2536]), partition=RANGE (key) PARTITION 1073741823 <= VALUES
I20260630 12:11:49.237287  2264 data_dirs.cc:400] Could only allocate 1 dirs of requested 3 for tablet 4743a6c2cd0046ff967125713eeebb1e. 1 dirs total, 0 dirs full, 0 dirs failed
I20260630 12:11:49.255798  2395 tablet_bootstrap.cc:492] T 902e0f3b426e47f3b071a2c551f10b69 P 3c765da6162d4f2593db0108fc53409c: Bootstrap starting.
I20260630 12:11:49.264914  2395 tablet_bootstrap.cc:654] T 902e0f3b426e47f3b071a2c551f10b69 P 3c765da6162d4f2593db0108fc53409c: Neither blocks nor log segments found. Creating new log.
I20260630 12:11:49.275605  2395 tablet_bootstrap.cc:492] T 902e0f3b426e47f3b071a2c551f10b69 P 3c765da6162d4f2593db0108fc53409c: No bootstrap required, opened a new log
I20260630 12:11:49.276503  2395 ts_tablet_manager.cc:1403] T 902e0f3b426e47f3b071a2c551f10b69 P 3c765da6162d4f2593db0108fc53409c: Time spent bootstrapping tablet: real 0.021s	user 0.000s	sys 0.014s
I20260630 12:11:49.278012  2398 tablet_bootstrap.cc:492] T 4743a6c2cd0046ff967125713eeebb1e P 53a7acbb0de64ec78bbb6f808308c7b4: Bootstrap starting.
I20260630 12:11:49.278031  2396 tablet_bootstrap.cc:492] T 902e0f3b426e47f3b071a2c551f10b69 P 18970fa45bc943f89d15adc9107f526f: Bootstrap starting.
I20260630 12:11:49.280071  2395 raft_consensus.cc:359] T 902e0f3b426e47f3b071a2c551f10b69 P 3c765da6162d4f2593db0108fc53409c [term 0 FOLLOWER]: Replica starting. Triggering 0 pending ops. Active config: opid_index: -1 OBSOLETE_local: false peers { permanent_uuid: "53a7acbb0de64ec78bbb6f808308c7b4" member_type: VOTER last_known_addr { host: "127.0.107.195" port: 42515 } } peers { permanent_uuid: "3c765da6162d4f2593db0108fc53409c" member_type: VOTER last_known_addr { host: "127.0.107.193" port: 34825 } } peers { permanent_uuid: "18970fa45bc943f89d15adc9107f526f" member_type: VOTER last_known_addr { host: "127.0.107.194" port: 37431 } }
I20260630 12:11:49.281162  2395 raft_consensus.cc:385] T 902e0f3b426e47f3b071a2c551f10b69 P 3c765da6162d4f2593db0108fc53409c [term 0 FOLLOWER]: Consensus starting up: Expiring failure detector timer to make a prompt election more likely
I20260630 12:11:49.281507  2395 raft_consensus.cc:740] T 902e0f3b426e47f3b071a2c551f10b69 P 3c765da6162d4f2593db0108fc53409c [term 0 FOLLOWER]: Becoming Follower/Learner. State: Replica: 3c765da6162d4f2593db0108fc53409c, State: Initialized, Role: FOLLOWER
I20260630 12:11:49.282459  2395 consensus_queue.cc:260] T 902e0f3b426e47f3b071a2c551f10b69 P 3c765da6162d4f2593db0108fc53409c [NON_LEADER]: Queue going to NON_LEADER mode. State: All replicated index: 0, Majority replicated index: 0, Committed index: 0, Last appended: 0.0, Last appended by leader: 0, Current term: 0, Majority size: -1, State: 0, Mode: NON_LEADER, active raft config: opid_index: -1 OBSOLETE_local: false peers { permanent_uuid: "53a7acbb0de64ec78bbb6f808308c7b4" member_type: VOTER last_known_addr { host: "127.0.107.195" port: 42515 } } peers { permanent_uuid: "3c765da6162d4f2593db0108fc53409c" member_type: VOTER last_known_addr { host: "127.0.107.193" port: 34825 } } peers { permanent_uuid: "18970fa45bc943f89d15adc9107f526f" member_type: VOTER last_known_addr { host: "127.0.107.194" port: 37431 } }
I20260630 12:11:49.284569  2398 tablet_bootstrap.cc:654] T 4743a6c2cd0046ff967125713eeebb1e P 53a7acbb0de64ec78bbb6f808308c7b4: Neither blocks nor log segments found. Creating new log.
I20260630 12:11:49.286000  2395 ts_tablet_manager.cc:1434] T 902e0f3b426e47f3b071a2c551f10b69 P 3c765da6162d4f2593db0108fc53409c: Time spent starting tablet: real 0.009s	user 0.008s	sys 0.000s
I20260630 12:11:49.287076  2395 tablet_bootstrap.cc:492] T 4743a6c2cd0046ff967125713eeebb1e P 3c765da6162d4f2593db0108fc53409c: Bootstrap starting.
I20260630 12:11:49.290392  2396 tablet_bootstrap.cc:654] T 902e0f3b426e47f3b071a2c551f10b69 P 18970fa45bc943f89d15adc9107f526f: Neither blocks nor log segments found. Creating new log.
I20260630 12:11:49.294363  2395 tablet_bootstrap.cc:654] T 4743a6c2cd0046ff967125713eeebb1e P 3c765da6162d4f2593db0108fc53409c: Neither blocks nor log segments found. Creating new log.
I20260630 12:11:49.297537  2398 tablet_bootstrap.cc:492] T 4743a6c2cd0046ff967125713eeebb1e P 53a7acbb0de64ec78bbb6f808308c7b4: No bootstrap required, opened a new log
I20260630 12:11:49.298106  2398 ts_tablet_manager.cc:1403] T 4743a6c2cd0046ff967125713eeebb1e P 53a7acbb0de64ec78bbb6f808308c7b4: Time spent bootstrapping tablet: real 0.021s	user 0.012s	sys 0.007s
I20260630 12:11:49.301373  2398 raft_consensus.cc:359] T 4743a6c2cd0046ff967125713eeebb1e P 53a7acbb0de64ec78bbb6f808308c7b4 [term 0 FOLLOWER]: Replica starting. Triggering 0 pending ops. Active config: opid_index: -1 OBSOLETE_local: false peers { permanent_uuid: "3c765da6162d4f2593db0108fc53409c" member_type: VOTER last_known_addr { host: "127.0.107.193" port: 34825 } } peers { permanent_uuid: "18970fa45bc943f89d15adc9107f526f" member_type: VOTER last_known_addr { host: "127.0.107.194" port: 37431 } } peers { permanent_uuid: "53a7acbb0de64ec78bbb6f808308c7b4" member_type: VOTER last_known_addr { host: "127.0.107.195" port: 42515 } }
I20260630 12:11:49.302223  2398 raft_consensus.cc:385] T 4743a6c2cd0046ff967125713eeebb1e P 53a7acbb0de64ec78bbb6f808308c7b4 [term 0 FOLLOWER]: Consensus starting up: Expiring failure detector timer to make a prompt election more likely
I20260630 12:11:49.302531  2398 raft_consensus.cc:740] T 4743a6c2cd0046ff967125713eeebb1e P 53a7acbb0de64ec78bbb6f808308c7b4 [term 0 FOLLOWER]: Becoming Follower/Learner. State: Replica: 53a7acbb0de64ec78bbb6f808308c7b4, State: Initialized, Role: FOLLOWER
I20260630 12:11:49.303392  2398 consensus_queue.cc:260] T 4743a6c2cd0046ff967125713eeebb1e P 53a7acbb0de64ec78bbb6f808308c7b4 [NON_LEADER]: Queue going to NON_LEADER mode. State: All replicated index: 0, Majority replicated index: 0, Committed index: 0, Last appended: 0.0, Last appended by leader: 0, Current term: 0, Majority size: -1, State: 0, Mode: NON_LEADER, active raft config: opid_index: -1 OBSOLETE_local: false peers { permanent_uuid: "3c765da6162d4f2593db0108fc53409c" member_type: VOTER last_known_addr { host: "127.0.107.193" port: 34825 } } peers { permanent_uuid: "18970fa45bc943f89d15adc9107f526f" member_type: VOTER last_known_addr { host: "127.0.107.194" port: 37431 } } peers { permanent_uuid: "53a7acbb0de64ec78bbb6f808308c7b4" member_type: VOTER last_known_addr { host: "127.0.107.195" port: 42515 } }
I20260630 12:11:49.307238  2398 ts_tablet_manager.cc:1434] T 4743a6c2cd0046ff967125713eeebb1e P 53a7acbb0de64ec78bbb6f808308c7b4: Time spent starting tablet: real 0.009s	user 0.007s	sys 0.001s
I20260630 12:11:49.308750  2398 tablet_bootstrap.cc:492] T 902e0f3b426e47f3b071a2c551f10b69 P 53a7acbb0de64ec78bbb6f808308c7b4: Bootstrap starting.
I20260630 12:11:49.308830  2396 tablet_bootstrap.cc:492] T 902e0f3b426e47f3b071a2c551f10b69 P 18970fa45bc943f89d15adc9107f526f: No bootstrap required, opened a new log
I20260630 12:11:49.309207  2395 tablet_bootstrap.cc:492] T 4743a6c2cd0046ff967125713eeebb1e P 3c765da6162d4f2593db0108fc53409c: No bootstrap required, opened a new log
I20260630 12:11:49.309471  2396 ts_tablet_manager.cc:1403] T 902e0f3b426e47f3b071a2c551f10b69 P 18970fa45bc943f89d15adc9107f526f: Time spent bootstrapping tablet: real 0.032s	user 0.013s	sys 0.011s
I20260630 12:11:49.309741  2395 ts_tablet_manager.cc:1403] T 4743a6c2cd0046ff967125713eeebb1e P 3c765da6162d4f2593db0108fc53409c: Time spent bootstrapping tablet: real 0.023s	user 0.006s	sys 0.012s
I20260630 12:11:49.312909  2396 raft_consensus.cc:359] T 902e0f3b426e47f3b071a2c551f10b69 P 18970fa45bc943f89d15adc9107f526f [term 0 FOLLOWER]: Replica starting. Triggering 0 pending ops. Active config: opid_index: -1 OBSOLETE_local: false peers { permanent_uuid: "53a7acbb0de64ec78bbb6f808308c7b4" member_type: VOTER last_known_addr { host: "127.0.107.195" port: 42515 } } peers { permanent_uuid: "3c765da6162d4f2593db0108fc53409c" member_type: VOTER last_known_addr { host: "127.0.107.193" port: 34825 } } peers { permanent_uuid: "18970fa45bc943f89d15adc9107f526f" member_type: VOTER last_known_addr { host: "127.0.107.194" port: 37431 } }
I20260630 12:11:49.313153  2395 raft_consensus.cc:359] T 4743a6c2cd0046ff967125713eeebb1e P 3c765da6162d4f2593db0108fc53409c [term 0 FOLLOWER]: Replica starting. Triggering 0 pending ops. Active config: opid_index: -1 OBSOLETE_local: false peers { permanent_uuid: "3c765da6162d4f2593db0108fc53409c" member_type: VOTER last_known_addr { host: "127.0.107.193" port: 34825 } } peers { permanent_uuid: "18970fa45bc943f89d15adc9107f526f" member_type: VOTER last_known_addr { host: "127.0.107.194" port: 37431 } } peers { permanent_uuid: "53a7acbb0de64ec78bbb6f808308c7b4" member_type: VOTER last_known_addr { host: "127.0.107.195" port: 42515 } }
I20260630 12:11:49.313766  2396 raft_consensus.cc:385] T 902e0f3b426e47f3b071a2c551f10b69 P 18970fa45bc943f89d15adc9107f526f [term 0 FOLLOWER]: Consensus starting up: Expiring failure detector timer to make a prompt election more likely
I20260630 12:11:49.313925  2395 raft_consensus.cc:385] T 4743a6c2cd0046ff967125713eeebb1e P 3c765da6162d4f2593db0108fc53409c [term 0 FOLLOWER]: Consensus starting up: Expiring failure detector timer to make a prompt election more likely
I20260630 12:11:49.314208  2396 raft_consensus.cc:740] T 902e0f3b426e47f3b071a2c551f10b69 P 18970fa45bc943f89d15adc9107f526f [term 0 FOLLOWER]: Becoming Follower/Learner. State: Replica: 18970fa45bc943f89d15adc9107f526f, State: Initialized, Role: FOLLOWER
I20260630 12:11:49.314344  2395 raft_consensus.cc:740] T 4743a6c2cd0046ff967125713eeebb1e P 3c765da6162d4f2593db0108fc53409c [term 0 FOLLOWER]: Becoming Follower/Learner. State: Replica: 3c765da6162d4f2593db0108fc53409c, State: Initialized, Role: FOLLOWER
I20260630 12:11:49.315155  2396 consensus_queue.cc:260] T 902e0f3b426e47f3b071a2c551f10b69 P 18970fa45bc943f89d15adc9107f526f [NON_LEADER]: Queue going to NON_LEADER mode. State: All replicated index: 0, Majority replicated index: 0, Committed index: 0, Last appended: 0.0, Last appended by leader: 0, Current term: 0, Majority size: -1, State: 0, Mode: NON_LEADER, active raft config: opid_index: -1 OBSOLETE_local: false peers { permanent_uuid: "53a7acbb0de64ec78bbb6f808308c7b4" member_type: VOTER last_known_addr { host: "127.0.107.195" port: 42515 } } peers { permanent_uuid: "3c765da6162d4f2593db0108fc53409c" member_type: VOTER last_known_addr { host: "127.0.107.193" port: 34825 } } peers { permanent_uuid: "18970fa45bc943f89d15adc9107f526f" member_type: VOTER last_known_addr { host: "127.0.107.194" port: 37431 } }
I20260630 12:11:49.315354  2395 consensus_queue.cc:260] T 4743a6c2cd0046ff967125713eeebb1e P 3c765da6162d4f2593db0108fc53409c [NON_LEADER]: Queue going to NON_LEADER mode. State: All replicated index: 0, Majority replicated index: 0, Committed index: 0, Last appended: 0.0, Last appended by leader: 0, Current term: 0, Majority size: -1, State: 0, Mode: NON_LEADER, active raft config: opid_index: -1 OBSOLETE_local: false peers { permanent_uuid: "3c765da6162d4f2593db0108fc53409c" member_type: VOTER last_known_addr { host: "127.0.107.193" port: 34825 } } peers { permanent_uuid: "18970fa45bc943f89d15adc9107f526f" member_type: VOTER last_known_addr { host: "127.0.107.194" port: 37431 } } peers { permanent_uuid: "53a7acbb0de64ec78bbb6f808308c7b4" member_type: VOTER last_known_addr { host: "127.0.107.195" port: 42515 } }
I20260630 12:11:49.317284  2398 tablet_bootstrap.cc:654] T 902e0f3b426e47f3b071a2c551f10b69 P 53a7acbb0de64ec78bbb6f808308c7b4: Neither blocks nor log segments found. Creating new log.
I20260630 12:11:49.323881  2395 ts_tablet_manager.cc:1434] T 4743a6c2cd0046ff967125713eeebb1e P 3c765da6162d4f2593db0108fc53409c: Time spent starting tablet: real 0.014s	user 0.006s	sys 0.000s
I20260630 12:11:49.324512  2396 ts_tablet_manager.cc:1434] T 902e0f3b426e47f3b071a2c551f10b69 P 18970fa45bc943f89d15adc9107f526f: Time spent starting tablet: real 0.015s	user 0.007s	sys 0.007s
I20260630 12:11:49.325736  2396 tablet_bootstrap.cc:492] T 4743a6c2cd0046ff967125713eeebb1e P 18970fa45bc943f89d15adc9107f526f: Bootstrap starting.
I20260630 12:11:49.331678  2398 tablet_bootstrap.cc:492] T 902e0f3b426e47f3b071a2c551f10b69 P 53a7acbb0de64ec78bbb6f808308c7b4: No bootstrap required, opened a new log
I20260630 12:11:49.332253  2398 ts_tablet_manager.cc:1403] T 902e0f3b426e47f3b071a2c551f10b69 P 53a7acbb0de64ec78bbb6f808308c7b4: Time spent bootstrapping tablet: real 0.024s	user 0.007s	sys 0.008s
I20260630 12:11:49.332453  2396 tablet_bootstrap.cc:654] T 4743a6c2cd0046ff967125713eeebb1e P 18970fa45bc943f89d15adc9107f526f: Neither blocks nor log segments found. Creating new log.
I20260630 12:11:49.336447  2398 raft_consensus.cc:359] T 902e0f3b426e47f3b071a2c551f10b69 P 53a7acbb0de64ec78bbb6f808308c7b4 [term 0 FOLLOWER]: Replica starting. Triggering 0 pending ops. Active config: opid_index: -1 OBSOLETE_local: false peers { permanent_uuid: "53a7acbb0de64ec78bbb6f808308c7b4" member_type: VOTER last_known_addr { host: "127.0.107.195" port: 42515 } } peers { permanent_uuid: "3c765da6162d4f2593db0108fc53409c" member_type: VOTER last_known_addr { host: "127.0.107.193" port: 34825 } } peers { permanent_uuid: "18970fa45bc943f89d15adc9107f526f" member_type: VOTER last_known_addr { host: "127.0.107.194" port: 37431 } }
I20260630 12:11:49.337280  2398 raft_consensus.cc:385] T 902e0f3b426e47f3b071a2c551f10b69 P 53a7acbb0de64ec78bbb6f808308c7b4 [term 0 FOLLOWER]: Consensus starting up: Expiring failure detector timer to make a prompt election more likely
I20260630 12:11:49.337566  2398 raft_consensus.cc:740] T 902e0f3b426e47f3b071a2c551f10b69 P 53a7acbb0de64ec78bbb6f808308c7b4 [term 0 FOLLOWER]: Becoming Follower/Learner. State: Replica: 53a7acbb0de64ec78bbb6f808308c7b4, State: Initialized, Role: FOLLOWER
I20260630 12:11:49.338300  2398 consensus_queue.cc:260] T 902e0f3b426e47f3b071a2c551f10b69 P 53a7acbb0de64ec78bbb6f808308c7b4 [NON_LEADER]: Queue going to NON_LEADER mode. State: All replicated index: 0, Majority replicated index: 0, Committed index: 0, Last appended: 0.0, Last appended by leader: 0, Current term: 0, Majority size: -1, State: 0, Mode: NON_LEADER, active raft config: opid_index: -1 OBSOLETE_local: false peers { permanent_uuid: "53a7acbb0de64ec78bbb6f808308c7b4" member_type: VOTER last_known_addr { host: "127.0.107.195" port: 42515 } } peers { permanent_uuid: "3c765da6162d4f2593db0108fc53409c" member_type: VOTER last_known_addr { host: "127.0.107.193" port: 34825 } } peers { permanent_uuid: "18970fa45bc943f89d15adc9107f526f" member_type: VOTER last_known_addr { host: "127.0.107.194" port: 37431 } }
I20260630 12:11:49.338873  2396 tablet_bootstrap.cc:492] T 4743a6c2cd0046ff967125713eeebb1e P 18970fa45bc943f89d15adc9107f526f: No bootstrap required, opened a new log
I20260630 12:11:49.339391  2396 ts_tablet_manager.cc:1403] T 4743a6c2cd0046ff967125713eeebb1e P 18970fa45bc943f89d15adc9107f526f: Time spent bootstrapping tablet: real 0.014s	user 0.007s	sys 0.004s
I20260630 12:11:49.340314  2398 ts_tablet_manager.cc:1434] T 902e0f3b426e47f3b071a2c551f10b69 P 53a7acbb0de64ec78bbb6f808308c7b4: Time spent starting tablet: real 0.008s	user 0.004s	sys 0.000s
I20260630 12:11:49.342269  2396 raft_consensus.cc:359] T 4743a6c2cd0046ff967125713eeebb1e P 18970fa45bc943f89d15adc9107f526f [term 0 FOLLOWER]: Replica starting. Triggering 0 pending ops. Active config: opid_index: -1 OBSOLETE_local: false peers { permanent_uuid: "3c765da6162d4f2593db0108fc53409c" member_type: VOTER last_known_addr { host: "127.0.107.193" port: 34825 } } peers { permanent_uuid: "18970fa45bc943f89d15adc9107f526f" member_type: VOTER last_known_addr { host: "127.0.107.194" port: 37431 } } peers { permanent_uuid: "53a7acbb0de64ec78bbb6f808308c7b4" member_type: VOTER last_known_addr { host: "127.0.107.195" port: 42515 } }
I20260630 12:11:49.342836  2396 raft_consensus.cc:385] T 4743a6c2cd0046ff967125713eeebb1e P 18970fa45bc943f89d15adc9107f526f [term 0 FOLLOWER]: Consensus starting up: Expiring failure detector timer to make a prompt election more likely
I20260630 12:11:49.343065  2396 raft_consensus.cc:740] T 4743a6c2cd0046ff967125713eeebb1e P 18970fa45bc943f89d15adc9107f526f [term 0 FOLLOWER]: Becoming Follower/Learner. State: Replica: 18970fa45bc943f89d15adc9107f526f, State: Initialized, Role: FOLLOWER
I20260630 12:11:49.343725  2396 consensus_queue.cc:260] T 4743a6c2cd0046ff967125713eeebb1e P 18970fa45bc943f89d15adc9107f526f [NON_LEADER]: Queue going to NON_LEADER mode. State: All replicated index: 0, Majority replicated index: 0, Committed index: 0, Last appended: 0.0, Last appended by leader: 0, Current term: 0, Majority size: -1, State: 0, Mode: NON_LEADER, active raft config: opid_index: -1 OBSOLETE_local: false peers { permanent_uuid: "3c765da6162d4f2593db0108fc53409c" member_type: VOTER last_known_addr { host: "127.0.107.193" port: 34825 } } peers { permanent_uuid: "18970fa45bc943f89d15adc9107f526f" member_type: VOTER last_known_addr { host: "127.0.107.194" port: 37431 } } peers { permanent_uuid: "53a7acbb0de64ec78bbb6f808308c7b4" member_type: VOTER last_known_addr { host: "127.0.107.195" port: 42515 } }
I20260630 12:11:49.345736  2396 ts_tablet_manager.cc:1434] T 4743a6c2cd0046ff967125713eeebb1e P 18970fa45bc943f89d15adc9107f526f: Time spent starting tablet: real 0.006s	user 0.002s	sys 0.002s
I20260630 12:11:49.594341  2399 raft_consensus.cc:493] T 902e0f3b426e47f3b071a2c551f10b69 P 3c765da6162d4f2593db0108fc53409c [term 0 FOLLOWER]: Starting pre-election (no leader contacted us within the election timeout)
I20260630 12:11:49.594961  2399 raft_consensus.cc:515] T 902e0f3b426e47f3b071a2c551f10b69 P 3c765da6162d4f2593db0108fc53409c [term 0 FOLLOWER]: Starting pre-election with config: opid_index: -1 OBSOLETE_local: false peers { permanent_uuid: "53a7acbb0de64ec78bbb6f808308c7b4" member_type: VOTER last_known_addr { host: "127.0.107.195" port: 42515 } } peers { permanent_uuid: "3c765da6162d4f2593db0108fc53409c" member_type: VOTER last_known_addr { host: "127.0.107.193" port: 34825 } } peers { permanent_uuid: "18970fa45bc943f89d15adc9107f526f" member_type: VOTER last_known_addr { host: "127.0.107.194" port: 37431 } }
I20260630 12:11:49.597538  2399 leader_election.cc:290] T 902e0f3b426e47f3b071a2c551f10b69 P 3c765da6162d4f2593db0108fc53409c [CANDIDATE]: Term 1 pre-election: Requested pre-vote from peers 53a7acbb0de64ec78bbb6f808308c7b4 (127.0.107.195:42515), 18970fa45bc943f89d15adc9107f526f (127.0.107.194:37431)
