I20260630 12:40:05.394989 18394 raft_consensus.cc:359] T 8145713d0eb841a2b596b89330e3c127 P e361e07330164790a1dc04009c781497 [term 0 FOLLOWER]: Replica starting. Triggering 0 pending ops. Active config: opid_index: -1 OBSOLETE_local: false peers { permanent_uuid: "2299564a05de4ef18f20150310696c20" member_type: VOTER last_known_addr { host: "127.13.86.129" port: 37395 } } peers { permanent_uuid: "5441e81f69e743458e4ba6f9a8fa8f24" member_type: VOTER last_known_addr { host: "127.13.86.130" port: 38519 } } peers { permanent_uuid: "e361e07330164790a1dc04009c781497" member_type: VOTER last_known_addr { host: "127.13.86.131" port: 38119 } }
I20260630 12:40:05.395852 18394 raft_consensus.cc:385] T 8145713d0eb841a2b596b89330e3c127 P e361e07330164790a1dc04009c781497 [term 0 FOLLOWER]: Consensus starting up: Expiring failure detector timer to make a prompt election more likely
I20260630 12:40:05.396188 18394 raft_consensus.cc:740] T 8145713d0eb841a2b596b89330e3c127 P e361e07330164790a1dc04009c781497 [term 0 FOLLOWER]: Becoming Follower/Learner. State: Replica: e361e07330164790a1dc04009c781497, State: Initialized, Role: FOLLOWER
I20260630 12:40:05.397097 18394 consensus_queue.cc:260] T 8145713d0eb841a2b596b89330e3c127 P e361e07330164790a1dc04009c781497 [NON_LEADER]: Queue going to NON_LEADER mode. State: All replicated index: 0, Majority replicated index: 0, Committed index: 0, Last appended: 0.0, Last appended by leader: 0, Current term: 0, Majority size: -1, State: 0, Mode: NON_LEADER, active raft config: opid_index: -1 OBSOLETE_local: false peers { permanent_uuid: "2299564a05de4ef18f20150310696c20" member_type: VOTER last_known_addr { host: "127.13.86.129" port: 37395 } } peers { permanent_uuid: "5441e81f69e743458e4ba6f9a8fa8f24" member_type: VOTER last_known_addr { host: "127.13.86.130" port: 38519 } } peers { permanent_uuid: "e361e07330164790a1dc04009c781497" member_type: VOTER last_known_addr { host: "127.13.86.131" port: 38119 } }
I20260630 12:40:05.402443 18395 tablet_bootstrap.cc:492] T 5bf86202265a419e96a16182f5cf4c05 P 5441e81f69e743458e4ba6f9a8fa8f24: No bootstrap required, opened a new log
I20260630 12:40:05.402976 18395 ts_tablet_manager.cc:1403] T 5bf86202265a419e96a16182f5cf4c05 P 5441e81f69e743458e4ba6f9a8fa8f24: Time spent bootstrapping tablet: real 0.018s	user 0.014s	sys 0.000s
I20260630 12:40:05.406181 18396 tablet_bootstrap.cc:492] T 4baf2ad580864065a4730b28db09eae7 P 2299564a05de4ef18f20150310696c20: No bootstrap required, opened a new log
I20260630 12:40:05.406000 18099 catalog_manager.cc:5697] T 61593060648046e8bdd23444d9049b21 P 5441e81f69e743458e4ba6f9a8fa8f24 reported cstate change: term changed from 0 to 1, leader changed from <none> to 5441e81f69e743458e4ba6f9a8fa8f24 (127.13.86.130). New cstate: current_term: 1 leader_uuid: "5441e81f69e743458e4ba6f9a8fa8f24" committed_config { opid_index: -1 OBSOLETE_local: false peers { permanent_uuid: "2299564a05de4ef18f20150310696c20" member_type: VOTER last_known_addr { host: "127.13.86.129" port: 37395 } health_report { overall_health: UNKNOWN } } peers { permanent_uuid: "5441e81f69e743458e4ba6f9a8fa8f24" member_type: VOTER last_known_addr { host: "127.13.86.130" port: 38519 } health_report { overall_health: HEALTHY } } peers { permanent_uuid: "e361e07330164790a1dc04009c781497" member_type: VOTER last_known_addr { host: "127.13.86.131" port: 38119 } health_report { overall_health: UNKNOWN } } }
I20260630 12:40:05.406728 18396 ts_tablet_manager.cc:1403] T 4baf2ad580864065a4730b28db09eae7 P 2299564a05de4ef18f20150310696c20: Time spent bootstrapping tablet: real 0.023s	user 0.009s	sys 0.011s
I20260630 12:40:05.406680 18097 catalog_manager.cc:5697] T be01d9ec9d2b40e28c8b991420d6ba01 P 2299564a05de4ef18f20150310696c20 reported cstate change: term changed from 0 to 1, leader changed from <none> to 2299564a05de4ef18f20150310696c20 (127.13.86.129). New cstate: current_term: 1 leader_uuid: "2299564a05de4ef18f20150310696c20" committed_config { opid_index: -1 OBSOLETE_local: false peers { permanent_uuid: "2299564a05de4ef18f20150310696c20" member_type: VOTER last_known_addr { host: "127.13.86.129" port: 37395 } health_report { overall_health: HEALTHY } } peers { permanent_uuid: "5441e81f69e743458e4ba6f9a8fa8f24" member_type: VOTER last_known_addr { host: "127.13.86.130" port: 38519 } health_report { overall_health: UNKNOWN } } peers { permanent_uuid: "e361e07330164790a1dc04009c781497" member_type: VOTER last_known_addr { host: "127.13.86.131" port: 38119 } health_report { overall_health: UNKNOWN } } }
I20260630 12:40:05.407990 18394 ts_tablet_manager.cc:1434] T 8145713d0eb841a2b596b89330e3c127 P e361e07330164790a1dc04009c781497: Time spent starting tablet: real 0.016s	user 0.006s	sys 0.000s
I20260630 12:40:05.409674 18396 raft_consensus.cc:359] T 4baf2ad580864065a4730b28db09eae7 P 2299564a05de4ef18f20150310696c20 [term 0 FOLLOWER]: Replica starting. Triggering 0 pending ops. Active config: opid_index: -1 OBSOLETE_local: false peers { permanent_uuid: "2299564a05de4ef18f20150310696c20" member_type: VOTER last_known_addr { host: "127.13.86.129" port: 37395 } } peers { permanent_uuid: "5441e81f69e743458e4ba6f9a8fa8f24" member_type: VOTER last_known_addr { host: "127.13.86.130" port: 38519 } } peers { permanent_uuid: "e361e07330164790a1dc04009c781497" member_type: VOTER last_known_addr { host: "127.13.86.131" port: 38119 } }
I20260630 12:40:05.410439 18396 raft_consensus.cc:385] T 4baf2ad580864065a4730b28db09eae7 P 2299564a05de4ef18f20150310696c20 [term 0 FOLLOWER]: Consensus starting up: Expiring failure detector timer to make a prompt election more likely
I20260630 12:40:05.410651 18394 tablet_bootstrap.cc:492] T efad4f9439334b35860bce4478438c78 P e361e07330164790a1dc04009c781497: Bootstrap starting.
I20260630 12:40:05.410776 18396 raft_consensus.cc:740] T 4baf2ad580864065a4730b28db09eae7 P 2299564a05de4ef18f20150310696c20 [term 0 FOLLOWER]: Becoming Follower/Learner. State: Replica: 2299564a05de4ef18f20150310696c20, State: Initialized, Role: FOLLOWER
I20260630 12:40:05.411685 18396 consensus_queue.cc:260] T 4baf2ad580864065a4730b28db09eae7 P 2299564a05de4ef18f20150310696c20 [NON_LEADER]: Queue going to NON_LEADER mode. State: All replicated index: 0, Majority replicated index: 0, Committed index: 0, Last appended: 0.0, Last appended by leader: 0, Current term: 0, Majority size: -1, State: 0, Mode: NON_LEADER, active raft config: opid_index: -1 OBSOLETE_local: false peers { permanent_uuid: "2299564a05de4ef18f20150310696c20" member_type: VOTER last_known_addr { host: "127.13.86.129" port: 37395 } } peers { permanent_uuid: "5441e81f69e743458e4ba6f9a8fa8f24" member_type: VOTER last_known_addr { host: "127.13.86.130" port: 38519 } } peers { permanent_uuid: "e361e07330164790a1dc04009c781497" member_type: VOTER last_known_addr { host: "127.13.86.131" port: 38119 } }
I20260630 12:40:05.414096 18396 ts_tablet_manager.cc:1434] T 4baf2ad580864065a4730b28db09eae7 P 2299564a05de4ef18f20150310696c20: Time spent starting tablet: real 0.007s	user 0.004s	sys 0.002s
I20260630 12:40:05.415140 18396 tablet_bootstrap.cc:492] T 8f53047438a5419897c21e660aba9a47 P 2299564a05de4ef18f20150310696c20: Bootstrap starting.
I20260630 12:40:05.414829 18395 raft_consensus.cc:359] T 5bf86202265a419e96a16182f5cf4c05 P 5441e81f69e743458e4ba6f9a8fa8f24 [term 0 FOLLOWER]: Replica starting. Triggering 0 pending ops. Active config: opid_index: -1 OBSOLETE_local: false peers { permanent_uuid: "2299564a05de4ef18f20150310696c20" member_type: VOTER last_known_addr { host: "127.13.86.129" port: 37395 } } peers { permanent_uuid: "5441e81f69e743458e4ba6f9a8fa8f24" member_type: VOTER last_known_addr { host: "127.13.86.130" port: 38519 } } peers { permanent_uuid: "e361e07330164790a1dc04009c781497" member_type: VOTER last_known_addr { host: "127.13.86.131" port: 38119 } }
I20260630 12:40:05.415668 18395 raft_consensus.cc:385] T 5bf86202265a419e96a16182f5cf4c05 P 5441e81f69e743458e4ba6f9a8fa8f24 [term 0 FOLLOWER]: Consensus starting up: Expiring failure detector timer to make a prompt election more likely
I20260630 12:40:05.416031 18395 raft_consensus.cc:740] T 5bf86202265a419e96a16182f5cf4c05 P 5441e81f69e743458e4ba6f9a8fa8f24 [term 0 FOLLOWER]: Becoming Follower/Learner. State: Replica: 5441e81f69e743458e4ba6f9a8fa8f24, State: Initialized, Role: FOLLOWER
I20260630 12:40:05.417100 18394 tablet_bootstrap.cc:654] T efad4f9439334b35860bce4478438c78 P e361e07330164790a1dc04009c781497: Neither blocks nor log segments found. Creating new log.
I20260630 12:40:05.416923 18395 consensus_queue.cc:260] T 5bf86202265a419e96a16182f5cf4c05 P 5441e81f69e743458e4ba6f9a8fa8f24 [NON_LEADER]: Queue going to NON_LEADER mode. State: All replicated index: 0, Majority replicated index: 0, Committed index: 0, Last appended: 0.0, Last appended by leader: 0, Current term: 0, Majority size: -1, State: 0, Mode: NON_LEADER, active raft config: opid_index: -1 OBSOLETE_local: false peers { permanent_uuid: "2299564a05de4ef18f20150310696c20" member_type: VOTER last_known_addr { host: "127.13.86.129" port: 37395 } } peers { permanent_uuid: "5441e81f69e743458e4ba6f9a8fa8f24" member_type: VOTER last_known_addr { host: "127.13.86.130" port: 38519 } } peers { permanent_uuid: "e361e07330164790a1dc04009c781497" member_type: VOTER last_known_addr { host: "127.13.86.131" port: 38119 } }
I20260630 12:40:05.419421 18395 ts_tablet_manager.cc:1434] T 5bf86202265a419e96a16182f5cf4c05 P 5441e81f69e743458e4ba6f9a8fa8f24: Time spent starting tablet: real 0.016s	user 0.005s	sys 0.000s
I20260630 12:40:05.420432 18395 tablet_bootstrap.cc:492] T 8f53047438a5419897c21e660aba9a47 P 5441e81f69e743458e4ba6f9a8fa8f24: Bootstrap starting.
I20260630 12:40:05.421602 18396 tablet_bootstrap.cc:654] T 8f53047438a5419897c21e660aba9a47 P 2299564a05de4ef18f20150310696c20: Neither blocks nor log segments found. Creating new log.
I20260630 12:40:05.426236 18395 tablet_bootstrap.cc:654] T 8f53047438a5419897c21e660aba9a47 P 5441e81f69e743458e4ba6f9a8fa8f24: Neither blocks nor log segments found. Creating new log.
I20260630 12:40:05.437590 18395 tablet_bootstrap.cc:492] T 8f53047438a5419897c21e660aba9a47 P 5441e81f69e743458e4ba6f9a8fa8f24: No bootstrap required, opened a new log
I20260630 12:40:05.438057 18395 ts_tablet_manager.cc:1403] T 8f53047438a5419897c21e660aba9a47 P 5441e81f69e743458e4ba6f9a8fa8f24: Time spent bootstrapping tablet: real 0.018s	user 0.010s	sys 0.006s
I20260630 12:40:05.439661 18396 tablet_bootstrap.cc:492] T 8f53047438a5419897c21e660aba9a47 P 2299564a05de4ef18f20150310696c20: No bootstrap required, opened a new log
I20260630 12:40:05.440090 18396 ts_tablet_manager.cc:1403] T 8f53047438a5419897c21e660aba9a47 P 2299564a05de4ef18f20150310696c20: Time spent bootstrapping tablet: real 0.025s	user 0.010s	sys 0.008s
I20260630 12:40:05.440421 18394 tablet_bootstrap.cc:492] T efad4f9439334b35860bce4478438c78 P e361e07330164790a1dc04009c781497: No bootstrap required, opened a new log
I20260630 12:40:05.440922 18394 ts_tablet_manager.cc:1403] T efad4f9439334b35860bce4478438c78 P e361e07330164790a1dc04009c781497: Time spent bootstrapping tablet: real 0.030s	user 0.012s	sys 0.017s
I20260630 12:40:05.440768 18395 raft_consensus.cc:359] T 8f53047438a5419897c21e660aba9a47 P 5441e81f69e743458e4ba6f9a8fa8f24 [term 0 FOLLOWER]: Replica starting. Triggering 0 pending ops. Active config: opid_index: -1 OBSOLETE_local: false peers { permanent_uuid: "2299564a05de4ef18f20150310696c20" member_type: VOTER last_known_addr { host: "127.13.86.129" port: 37395 } } peers { permanent_uuid: "5441e81f69e743458e4ba6f9a8fa8f24" member_type: VOTER last_known_addr { host: "127.13.86.130" port: 38519 } } peers { permanent_uuid: "e361e07330164790a1dc04009c781497" member_type: VOTER last_known_addr { host: "127.13.86.131" port: 38119 } }
I20260630 12:40:05.441484 18395 raft_consensus.cc:385] T 8f53047438a5419897c21e660aba9a47 P 5441e81f69e743458e4ba6f9a8fa8f24 [term 0 FOLLOWER]: Consensus starting up: Expiring failure detector timer to make a prompt election more likely
I20260630 12:40:05.441792 18395 raft_consensus.cc:740] T 8f53047438a5419897c21e660aba9a47 P 5441e81f69e743458e4ba6f9a8fa8f24 [term 0 FOLLOWER]: Becoming Follower/Learner. State: Replica: 5441e81f69e743458e4ba6f9a8fa8f24, State: Initialized, Role: FOLLOWER
I20260630 12:40:05.442480 18396 raft_consensus.cc:359] T 8f53047438a5419897c21e660aba9a47 P 2299564a05de4ef18f20150310696c20 [term 0 FOLLOWER]: Replica starting. Triggering 0 pending ops. Active config: opid_index: -1 OBSOLETE_local: false peers { permanent_uuid: "2299564a05de4ef18f20150310696c20" member_type: VOTER last_known_addr { host: "127.13.86.129" port: 37395 } } peers { permanent_uuid: "5441e81f69e743458e4ba6f9a8fa8f24" member_type: VOTER last_known_addr { host: "127.13.86.130" port: 38519 } } peers { permanent_uuid: "e361e07330164790a1dc04009c781497" member_type: VOTER last_known_addr { host: "127.13.86.131" port: 38119 } }
I20260630 12:40:05.443073 18396 raft_consensus.cc:385] T 8f53047438a5419897c21e660aba9a47 P 2299564a05de4ef18f20150310696c20 [term 0 FOLLOWER]: Consensus starting up: Expiring failure detector timer to make a prompt election more likely
I20260630 12:40:05.442519 18395 consensus_queue.cc:260] T 8f53047438a5419897c21e660aba9a47 P 5441e81f69e743458e4ba6f9a8fa8f24 [NON_LEADER]: Queue going to NON_LEADER mode. State: All replicated index: 0, Majority replicated index: 0, Committed index: 0, Last appended: 0.0, Last appended by leader: 0, Current term: 0, Majority size: -1, State: 0, Mode: NON_LEADER, active raft config: opid_index: -1 OBSOLETE_local: false peers { permanent_uuid: "2299564a05de4ef18f20150310696c20" member_type: VOTER last_known_addr { host: "127.13.86.129" port: 37395 } } peers { permanent_uuid: "5441e81f69e743458e4ba6f9a8fa8f24" member_type: VOTER last_known_addr { host: "127.13.86.130" port: 38519 } } peers { permanent_uuid: "e361e07330164790a1dc04009c781497" member_type: VOTER last_known_addr { host: "127.13.86.131" port: 38119 } }
I20260630 12:40:05.443315 18396 raft_consensus.cc:740] T 8f53047438a5419897c21e660aba9a47 P 2299564a05de4ef18f20150310696c20 [term 0 FOLLOWER]: Becoming Follower/Learner. State: Replica: 2299564a05de4ef18f20150310696c20, State: Initialized, Role: FOLLOWER
I20260630 12:40:05.443693 18394 raft_consensus.cc:359] T efad4f9439334b35860bce4478438c78 P e361e07330164790a1dc04009c781497 [term 0 FOLLOWER]: Replica starting. Triggering 0 pending ops. Active config: opid_index: -1 OBSOLETE_local: false peers { permanent_uuid: "e361e07330164790a1dc04009c781497" member_type: VOTER last_known_addr { host: "127.13.86.131" port: 38119 } } peers { permanent_uuid: "5441e81f69e743458e4ba6f9a8fa8f24" member_type: VOTER last_known_addr { host: "127.13.86.130" port: 38519 } } peers { permanent_uuid: "2299564a05de4ef18f20150310696c20" member_type: VOTER last_known_addr { host: "127.13.86.129" port: 37395 } }
I20260630 12:40:05.444003 18396 consensus_queue.cc:260] T 8f53047438a5419897c21e660aba9a47 P 2299564a05de4ef18f20150310696c20 [NON_LEADER]: Queue going to NON_LEADER mode. State: All replicated index: 0, Majority replicated index: 0, Committed index: 0, Last appended: 0.0, Last appended by leader: 0, Current term: 0, Majority size: -1, State: 0, Mode: NON_LEADER, active raft config: opid_index: -1 OBSOLETE_local: false peers { permanent_uuid: "2299564a05de4ef18f20150310696c20" member_type: VOTER last_known_addr { host: "127.13.86.129" port: 37395 } } peers { permanent_uuid: "5441e81f69e743458e4ba6f9a8fa8f24" member_type: VOTER last_known_addr { host: "127.13.86.130" port: 38519 } } peers { permanent_uuid: "e361e07330164790a1dc04009c781497" member_type: VOTER last_known_addr { host: "127.13.86.131" port: 38119 } }
I20260630 12:40:05.444501 18394 raft_consensus.cc:385] T efad4f9439334b35860bce4478438c78 P e361e07330164790a1dc04009c781497 [term 0 FOLLOWER]: Consensus starting up: Expiring failure detector timer to make a prompt election more likely
I20260630 12:40:05.444849 18394 raft_consensus.cc:740] T efad4f9439334b35860bce4478438c78 P e361e07330164790a1dc04009c781497 [term 0 FOLLOWER]: Becoming Follower/Learner. State: Replica: e361e07330164790a1dc04009c781497, State: Initialized, Role: FOLLOWER
I20260630 12:40:05.445196 18395 ts_tablet_manager.cc:1434] T 8f53047438a5419897c21e660aba9a47 P 5441e81f69e743458e4ba6f9a8fa8f24: Time spent starting tablet: real 0.007s	user 0.005s	sys 0.000s
I20260630 12:40:05.445585 18394 consensus_queue.cc:260] T efad4f9439334b35860bce4478438c78 P e361e07330164790a1dc04009c781497 [NON_LEADER]: Queue going to NON_LEADER mode. State: All replicated index: 0, Majority replicated index: 0, Committed index: 0, Last appended: 0.0, Last appended by leader: 0, Current term: 0, Majority size: -1, State: 0, Mode: NON_LEADER, active raft config: opid_index: -1 OBSOLETE_local: false peers { permanent_uuid: "e361e07330164790a1dc04009c781497" member_type: VOTER last_known_addr { host: "127.13.86.131" port: 38119 } } peers { permanent_uuid: "5441e81f69e743458e4ba6f9a8fa8f24" member_type: VOTER last_known_addr { host: "127.13.86.130" port: 38519 } } peers { permanent_uuid: "2299564a05de4ef18f20150310696c20" member_type: VOTER last_known_addr { host: "127.13.86.129" port: 37395 } }
I20260630 12:40:05.446164 18395 tablet_bootstrap.cc:492] T 8145713d0eb841a2b596b89330e3c127 P 5441e81f69e743458e4ba6f9a8fa8f24: Bootstrap starting.
I20260630 12:40:05.449924 18396 ts_tablet_manager.cc:1434] T 8f53047438a5419897c21e660aba9a47 P 2299564a05de4ef18f20150310696c20: Time spent starting tablet: real 0.009s	user 0.004s	sys 0.000s
I20260630 12:40:05.450979 18396 tablet_bootstrap.cc:492] T f2ebe73ada9f46ed820416f2b2cca6ac P 2299564a05de4ef18f20150310696c20: Bootstrap starting.
I20260630 12:40:05.450964 18402 raft_consensus.cc:493] T fee51d73ee68480b9002b44dc8597e55 P 2299564a05de4ef18f20150310696c20 [term 0 FOLLOWER]: Starting pre-election (no leader contacted us within the election timeout)
I20260630 12:40:05.451653 18402 raft_consensus.cc:515] T fee51d73ee68480b9002b44dc8597e55 P 2299564a05de4ef18f20150310696c20 [term 0 FOLLOWER]: Starting pre-election with config: opid_index: -1 OBSOLETE_local: false peers { permanent_uuid: "2299564a05de4ef18f20150310696c20" member_type: VOTER last_known_addr { host: "127.13.86.129" port: 37395 } } peers { permanent_uuid: "5441e81f69e743458e4ba6f9a8fa8f24" member_type: VOTER last_known_addr { host: "127.13.86.130" port: 38519 } } peers { permanent_uuid: "e361e07330164790a1dc04009c781497" member_type: VOTER last_known_addr { host: "127.13.86.131" port: 38119 } }
I20260630 12:40:05.452755 18395 tablet_bootstrap.cc:654] T 8145713d0eb841a2b596b89330e3c127 P 5441e81f69e743458e4ba6f9a8fa8f24: Neither blocks nor log segments found. Creating new log.
I20260630 12:40:05.453715 18402 leader_election.cc:290] T fee51d73ee68480b9002b44dc8597e55 P 2299564a05de4ef18f20150310696c20 [CANDIDATE]: Term 1 pre-election: Requested pre-vote from peers 5441e81f69e743458e4ba6f9a8fa8f24 (127.13.86.130:38519), e361e07330164790a1dc04009c781497 (127.13.86.131:38119)
I20260630 12:40:05.454555 18394 ts_tablet_manager.cc:1434] T efad4f9439334b35860bce4478438c78 P e361e07330164790a1dc04009c781497: Time spent starting tablet: real 0.013s	user 0.006s	sys 0.000s
I20260630 12:40:05.455343 18276 tablet_service.cc:1917] Received RequestConsensusVote() RPC: tablet_id: "fee51d73ee68480b9002b44dc8597e55" candidate_uuid: "2299564a05de4ef18f20150310696c20" candidate_term: 1 candidate_status { last_received { term: 0 index: 0 } } ignore_live_leader: false dest_uuid: "5441e81f69e743458e4ba6f9a8fa8f24" is_pre_election: true
I20260630 12:40:05.457341 18394 tablet_bootstrap.cc:492] T fee51d73ee68480b9002b44dc8597e55 P e361e07330164790a1dc04009c781497: Bootstrap starting.
I20260630 12:40:05.457267 18349 tablet_service.cc:1917] Received RequestConsensusVote() RPC: tablet_id: "fee51d73ee68480b9002b44dc8597e55" candidate_uuid: "2299564a05de4ef18f20150310696c20" candidate_term: 1 candidate_status { last_received { term: 0 index: 0 } } ignore_live_leader: false dest_uuid: "e361e07330164790a1dc04009c781497" is_pre_election: true
I20260630 12:40:05.457377 18396 tablet_bootstrap.cc:654] T f2ebe73ada9f46ed820416f2b2cca6ac P 2299564a05de4ef18f20150310696c20: Neither blocks nor log segments found. Creating new log.
W20260630 12:40:05.458856 18166 leader_election.cc:343] T fee51d73ee68480b9002b44dc8597e55 P 2299564a05de4ef18f20150310696c20 [CANDIDATE]: Term 1 pre-election: Tablet error from VoteRequest() call to peer e361e07330164790a1dc04009c781497 (127.13.86.131:38119): Illegal state: must be running to vote when last-logged opid is not known
I20260630 12:40:05.464186 18394 tablet_bootstrap.cc:654] T fee51d73ee68480b9002b44dc8597e55 P e361e07330164790a1dc04009c781497: Neither blocks nor log segments found. Creating new log.
W20260630 12:40:05.464162 18167 leader_election.cc:343] T fee51d73ee68480b9002b44dc8597e55 P 2299564a05de4ef18f20150310696c20 [CANDIDATE]: Term 1 pre-election: Tablet error from VoteRequest() call to peer 5441e81f69e743458e4ba6f9a8fa8f24 (127.13.86.130:38519): Illegal state: must be running to vote when last-logged opid is not known
I20260630 12:40:05.464869 18167 leader_election.cc:304] T fee51d73ee68480b9002b44dc8597e55 P 2299564a05de4ef18f20150310696c20 [CANDIDATE]: Term 1 pre-election: Election decided. Result: candidate lost. Election summary: received 3 responses out of 3 voters: 1 yes votes; 2 no votes. yes voters: 2299564a05de4ef18f20150310696c20; no voters: 5441e81f69e743458e4ba6f9a8fa8f24, e361e07330164790a1dc04009c781497
I20260630 12:40:05.466084 18402 raft_consensus.cc:2749] T fee51d73ee68480b9002b44dc8597e55 P 2299564a05de4ef18f20150310696c20 [term 0 FOLLOWER]: Leader pre-election lost for term 1. Reason: could not achieve majority
W20260630 12:40:05.467696 18147 auto_rebalancer.cc:298] Could not retrieve cluster info: Service unavailable: Tablet not running
I20260630 12:40:05.473681 18395 tablet_bootstrap.cc:492] T 8145713d0eb841a2b596b89330e3c127 P 5441e81f69e743458e4ba6f9a8fa8f24: No bootstrap required, opened a new log
I20260630 12:40:05.474278 18394 tablet_bootstrap.cc:492] T fee51d73ee68480b9002b44dc8597e55 P e361e07330164790a1dc04009c781497: No bootstrap required, opened a new log
I20260630 12:40:05.474246 18395 ts_tablet_manager.cc:1403] T 8145713d0eb841a2b596b89330e3c127 P 5441e81f69e743458e4ba6f9a8fa8f24: Time spent bootstrapping tablet: real 0.028s	user 0.013s	sys 0.012s
I20260630 12:40:05.474817 18394 ts_tablet_manager.cc:1403] T fee51d73ee68480b9002b44dc8597e55 P e361e07330164790a1dc04009c781497: Time spent bootstrapping tablet: real 0.018s	user 0.009s	sys 0.003s
I20260630 12:40:05.475535 18396 tablet_bootstrap.cc:492] T f2ebe73ada9f46ed820416f2b2cca6ac P 2299564a05de4ef18f20150310696c20: No bootstrap required, opened a new log
I20260630 12:40:05.476042 18396 ts_tablet_manager.cc:1403] T f2ebe73ada9f46ed820416f2b2cca6ac P 2299564a05de4ef18f20150310696c20: Time spent bootstrapping tablet: real 0.025s	user 0.014s	sys 0.004s
I20260630 12:40:05.477356 18395 raft_consensus.cc:359] T 8145713d0eb841a2b596b89330e3c127 P 5441e81f69e743458e4ba6f9a8fa8f24 [term 0 FOLLOWER]: Replica starting. Triggering 0 pending ops. Active config: opid_index: -1 OBSOLETE_local: false peers { permanent_uuid: "2299564a05de4ef18f20150310696c20" member_type: VOTER last_known_addr { host: "127.13.86.129" port: 37395 } } peers { permanent_uuid: "5441e81f69e743458e4ba6f9a8fa8f24" member_type: VOTER last_known_addr { host: "127.13.86.130" port: 38519 } } peers { permanent_uuid: "e361e07330164790a1dc04009c781497" member_type: VOTER last_known_addr { host: "127.13.86.131" port: 38119 } }
I20260630 12:40:05.478071 18395 raft_consensus.cc:385] T 8145713d0eb841a2b596b89330e3c127 P 5441e81f69e743458e4ba6f9a8fa8f24 [term 0 FOLLOWER]: Consensus starting up: Expiring failure detector timer to make a prompt election more likely
I20260630 12:40:05.477936 18394 raft_consensus.cc:359] T fee51d73ee68480b9002b44dc8597e55 P e361e07330164790a1dc04009c781497 [term 0 FOLLOWER]: Replica starting. Triggering 0 pending ops. Active config: opid_index: -1 OBSOLETE_local: false peers { permanent_uuid: "2299564a05de4ef18f20150310696c20" member_type: VOTER last_known_addr { host: "127.13.86.129" port: 37395 } } peers { permanent_uuid: "5441e81f69e743458e4ba6f9a8fa8f24" member_type: VOTER last_known_addr { host: "127.13.86.130" port: 38519 } } peers { permanent_uuid: "e361e07330164790a1dc04009c781497" member_type: VOTER last_known_addr { host: "127.13.86.131" port: 38119 } }
I20260630 12:40:05.478011 18396 raft_consensus.cc:359] T f2ebe73ada9f46ed820416f2b2cca6ac P 2299564a05de4ef18f20150310696c20 [term 0 FOLLOWER]: Replica starting. Triggering 0 pending ops. Active config: opid_index: -1 OBSOLETE_local: false peers { permanent_uuid: "2299564a05de4ef18f20150310696c20" member_type: VOTER last_known_addr { host: "127.13.86.129" port: 37395 } } peers { permanent_uuid: "5441e81f69e743458e4ba6f9a8fa8f24" member_type: VOTER last_known_addr { host: "127.13.86.130" port: 38519 } } peers { permanent_uuid: "e361e07330164790a1dc04009c781497" member_type: VOTER last_known_addr { host: "127.13.86.131" port: 38119 } }
I20260630 12:40:05.478610 18395 raft_consensus.cc:740] T 8145713d0eb841a2b596b89330e3c127 P 5441e81f69e743458e4ba6f9a8fa8f24 [term 0 FOLLOWER]: Becoming Follower/Learner. State: Replica: 5441e81f69e743458e4ba6f9a8fa8f24, State: Initialized, Role: FOLLOWER
I20260630 12:40:05.478809 18394 raft_consensus.cc:385] T fee51d73ee68480b9002b44dc8597e55 P e361e07330164790a1dc04009c781497 [term 0 FOLLOWER]: Consensus starting up: Expiring failure detector timer to make a prompt election more likely
I20260630 12:40:05.478953 18396 raft_consensus.cc:385] T f2ebe73ada9f46ed820416f2b2cca6ac P 2299564a05de4ef18f20150310696c20 [term 0 FOLLOWER]: Consensus starting up: Expiring failure detector timer to make a prompt election more likely
I20260630 12:40:05.479152 18394 raft_consensus.cc:740] T fee51d73ee68480b9002b44dc8597e55 P e361e07330164790a1dc04009c781497 [term 0 FOLLOWER]: Becoming Follower/Learner. State: Replica: e361e07330164790a1dc04009c781497, State: Initialized, Role: FOLLOWER
I20260630 12:40:05.479326 18396 raft_consensus.cc:740] T f2ebe73ada9f46ed820416f2b2cca6ac P 2299564a05de4ef18f20150310696c20 [term 0 FOLLOWER]: Becoming Follower/Learner. State: Replica: 2299564a05de4ef18f20150310696c20, State: Initialized, Role: FOLLOWER
I20260630 12:40:05.479377 18395 consensus_queue.cc:260] T 8145713d0eb841a2b596b89330e3c127 P 5441e81f69e743458e4ba6f9a8fa8f24 [NON_LEADER]: Queue going to NON_LEADER mode. State: All replicated index: 0, Majority replicated index: 0, Committed index: 0, Last appended: 0.0, Last appended by leader: 0, Current term: 0, Majority size: -1, State: 0, Mode: NON_LEADER, active raft config: opid_index: -1 OBSOLETE_local: false peers { permanent_uuid: "2299564a05de4ef18f20150310696c20" member_type: VOTER last_known_addr { host: "127.13.86.129" port: 37395 } } peers { permanent_uuid: "5441e81f69e743458e4ba6f9a8fa8f24" member_type: VOTER last_known_addr { host: "127.13.86.130" port: 38519 } } peers { permanent_uuid: "e361e07330164790a1dc04009c781497" member_type: VOTER last_known_addr { host: "127.13.86.131" port: 38119 } }
I20260630 12:40:05.479993 18394 consensus_queue.cc:260] T fee51d73ee68480b9002b44dc8597e55 P e361e07330164790a1dc04009c781497 [NON_LEADER]: Queue going to NON_LEADER mode. State: All replicated index: 0, Majority replicated index: 0, Committed index: 0, Last appended: 0.0, Last appended by leader: 0, Current term: 0, Majority size: -1, State: 0, Mode: NON_LEADER, active raft config: opid_index: -1 OBSOLETE_local: false peers { permanent_uuid: "2299564a05de4ef18f20150310696c20" member_type: VOTER last_known_addr { host: "127.13.86.129" port: 37395 } } peers { permanent_uuid: "5441e81f69e743458e4ba6f9a8fa8f24" member_type: VOTER last_known_addr { host: "127.13.86.130" port: 38519 } } peers { permanent_uuid: "e361e07330164790a1dc04009c781497" member_type: VOTER last_known_addr { host: "127.13.86.131" port: 38119 } }
I20260630 12:40:05.480144 18396 consensus_queue.cc:260] T f2ebe73ada9f46ed820416f2b2cca6ac P 2299564a05de4ef18f20150310696c20 [NON_LEADER]: Queue going to NON_LEADER mode. State: All replicated index: 0, Majority replicated index: 0, Committed index: 0, Last appended: 0.0, Last appended by leader: 0, Current term: 0, Majority size: -1, State: 0, Mode: NON_LEADER, active raft config: opid_index: -1 OBSOLETE_local: false peers { permanent_uuid: "2299564a05de4ef18f20150310696c20" member_type: VOTER last_known_addr { host: "127.13.86.129" port: 37395 } } peers { permanent_uuid: "5441e81f69e743458e4ba6f9a8fa8f24" member_type: VOTER last_known_addr { host: "127.13.86.130" port: 38519 } } peers { permanent_uuid: "e361e07330164790a1dc04009c781497" member_type: VOTER last_known_addr { host: "127.13.86.131" port: 38119 } }
I20260630 12:40:05.481673 18395 ts_tablet_manager.cc:1434] T 8145713d0eb841a2b596b89330e3c127 P 5441e81f69e743458e4ba6f9a8fa8f24: Time spent starting tablet: real 0.007s	user 0.005s	sys 0.000s
I20260630 12:40:05.482702 18395 tablet_bootstrap.cc:492] T efad4f9439334b35860bce4478438c78 P 5441e81f69e743458e4ba6f9a8fa8f24: Bootstrap starting.
I20260630 12:40:05.484164 18394 ts_tablet_manager.cc:1434] T fee51d73ee68480b9002b44dc8597e55 P e361e07330164790a1dc04009c781497: Time spent starting tablet: real 0.009s	user 0.000s	sys 0.005s
I20260630 12:40:05.484972 18396 ts_tablet_manager.cc:1434] T f2ebe73ada9f46ed820416f2b2cca6ac P 2299564a05de4ef18f20150310696c20: Time spent starting tablet: real 0.009s	user 0.005s	sys 0.000s
I20260630 12:40:05.485183 18394 tablet_bootstrap.cc:492] T 4baf2ad580864065a4730b28db09eae7 P e361e07330164790a1dc04009c781497: Bootstrap starting.
I20260630 12:40:05.485975 18396 tablet_bootstrap.cc:492] T 8145713d0eb841a2b596b89330e3c127 P 2299564a05de4ef18f20150310696c20: Bootstrap starting.
I20260630 12:40:05.489152 18395 tablet_bootstrap.cc:654] T efad4f9439334b35860bce4478438c78 P 5441e81f69e743458e4ba6f9a8fa8f24: Neither blocks nor log segments found. Creating new log.
I20260630 12:40:05.491478 18394 tablet_bootstrap.cc:654] T 4baf2ad580864065a4730b28db09eae7 P e361e07330164790a1dc04009c781497: Neither blocks nor log segments found. Creating new log.
I20260630 12:40:05.495021 18396 tablet_bootstrap.cc:654] T 8145713d0eb841a2b596b89330e3c127 P 2299564a05de4ef18f20150310696c20: Neither blocks nor log segments found. Creating new log.
I20260630 12:40:05.500432 18395 tablet_bootstrap.cc:492] T efad4f9439334b35860bce4478438c78 P 5441e81f69e743458e4ba6f9a8fa8f24: No bootstrap required, opened a new log
I20260630 12:40:05.501013 18395 ts_tablet_manager.cc:1403] T efad4f9439334b35860bce4478438c78 P 5441e81f69e743458e4ba6f9a8fa8f24: Time spent bootstrapping tablet: real 0.019s	user 0.012s	sys 0.005s
I20260630 12:40:05.503973 18395 raft_consensus.cc:359] T efad4f9439334b35860bce4478438c78 P 5441e81f69e743458e4ba6f9a8fa8f24 [term 0 FOLLOWER]: Replica starting. Triggering 0 pending ops. Active config: opid_index: -1 OBSOLETE_local: false peers { permanent_uuid: "e361e07330164790a1dc04009c781497" member_type: VOTER last_known_addr { host: "127.13.86.131" port: 38119 } } peers { permanent_uuid: "5441e81f69e743458e4ba6f9a8fa8f24" member_type: VOTER last_known_addr { host: "127.13.86.130" port: 38519 } } peers { permanent_uuid: "2299564a05de4ef18f20150310696c20" member_type: VOTER last_known_addr { host: "127.13.86.129" port: 37395 } }
I20260630 12:40:05.505822 18395 raft_consensus.cc:385] T efad4f9439334b35860bce4478438c78 P 5441e81f69e743458e4ba6f9a8fa8f24 [term 0 FOLLOWER]: Consensus starting up: Expiring failure detector timer to make a prompt election more likely
I20260630 12:40:05.505986 18396 tablet_bootstrap.cc:492] T 8145713d0eb841a2b596b89330e3c127 P 2299564a05de4ef18f20150310696c20: No bootstrap required, opened a new log
I20260630 12:40:05.506162 18395 raft_consensus.cc:740] T efad4f9439334b35860bce4478438c78 P 5441e81f69e743458e4ba6f9a8fa8f24 [term 0 FOLLOWER]: Becoming Follower/Learner. State: Replica: 5441e81f69e743458e4ba6f9a8fa8f24, State: Initialized, Role: FOLLOWER
I20260630 12:40:05.506609 18396 ts_tablet_manager.cc:1403] T 8145713d0eb841a2b596b89330e3c127 P 2299564a05de4ef18f20150310696c20: Time spent bootstrapping tablet: real 0.021s	user 0.010s	sys 0.007s
I20260630 12:40:05.506978 18394 tablet_bootstrap.cc:492] T 4baf2ad580864065a4730b28db09eae7 P e361e07330164790a1dc04009c781497: No bootstrap required, opened a new log
I20260630 12:40:05.482658 18401 raft_consensus.cc:493] T 5bf86202265a419e96a16182f5cf4c05 P e361e07330164790a1dc04009c781497 [term 0 FOLLOWER]: Starting pre-election (no leader contacted us within the election timeout)
I20260630 12:40:05.507500 18394 ts_tablet_manager.cc:1403] T 4baf2ad580864065a4730b28db09eae7 P e361e07330164790a1dc04009c781497: Time spent bootstrapping tablet: real 0.023s	user 0.014s	sys 0.008s
I20260630 12:40:05.507145 18395 consensus_queue.cc:260] T efad4f9439334b35860bce4478438c78 P 5441e81f69e743458e4ba6f9a8fa8f24 [NON_LEADER]: Queue going to NON_LEADER mode. State: All replicated index: 0, Majority replicated index: 0, Committed index: 0, Last appended: 0.0, Last appended by leader: 0, Current term: 0, Majority size: -1, State: 0, Mode: NON_LEADER, active raft config: opid_index: -1 OBSOLETE_local: false peers { permanent_uuid: "e361e07330164790a1dc04009c781497" member_type: VOTER last_known_addr { host: "127.13.86.131" port: 38119 } } peers { permanent_uuid: "5441e81f69e743458e4ba6f9a8fa8f24" member_type: VOTER last_known_addr { host: "127.13.86.130" port: 38519 } } peers { permanent_uuid: "2299564a05de4ef18f20150310696c20" member_type: VOTER last_known_addr { host: "127.13.86.129" port: 37395 } }
I20260630 12:40:05.507679 18401 raft_consensus.cc:515] T 5bf86202265a419e96a16182f5cf4c05 P e361e07330164790a1dc04009c781497 [term 0 FOLLOWER]: Starting pre-election with config: opid_index: -1 OBSOLETE_local: false peers { permanent_uuid: "2299564a05de4ef18f20150310696c20" member_type: VOTER last_known_addr { host: "127.13.86.129" port: 37395 } } peers { permanent_uuid: "5441e81f69e743458e4ba6f9a8fa8f24" member_type: VOTER last_known_addr { host: "127.13.86.130" port: 38519 } } peers { permanent_uuid: "e361e07330164790a1dc04009c781497" member_type: VOTER last_known_addr { host: "127.13.86.131" port: 38119 } }
I20260630 12:40:05.509917 18395 ts_tablet_manager.cc:1434] T efad4f9439334b35860bce4478438c78 P 5441e81f69e743458e4ba6f9a8fa8f24: Time spent starting tablet: real 0.009s	user 0.006s	sys 0.000s
I20260630 12:40:05.510465 18401 leader_election.cc:290] T 5bf86202265a419e96a16182f5cf4c05 P e361e07330164790a1dc04009c781497 [CANDIDATE]: Term 1 pre-election: Requested pre-vote from peers 2299564a05de4ef18f20150310696c20 (127.13.86.129:37395), 5441e81f69e743458e4ba6f9a8fa8f24 (127.13.86.130:38519)
I20260630 12:40:05.510254 18394 raft_consensus.cc:359] T 4baf2ad580864065a4730b28db09eae7 P e361e07330164790a1dc04009c781497 [term 0 FOLLOWER]: Replica starting. Triggering 0 pending ops. Active config: opid_index: -1 OBSOLETE_local: false peers { permanent_uuid: "2299564a05de4ef18f20150310696c20" member_type: VOTER last_known_addr { host: "127.13.86.129" port: 37395 } } peers { permanent_uuid: "5441e81f69e743458e4ba6f9a8fa8f24" member_type: VOTER last_known_addr { host: "127.13.86.130" port: 38519 } } peers { permanent_uuid: "e361e07330164790a1dc04009c781497" member_type: VOTER last_known_addr { host: "127.13.86.131" port: 38119 } }
I20260630 12:40:05.510982 18394 raft_consensus.cc:385] T 4baf2ad580864065a4730b28db09eae7 P e361e07330164790a1dc04009c781497 [term 0 FOLLOWER]: Consensus starting up: Expiring failure detector timer to make a prompt election more likely
I20260630 12:40:05.511022 18395 tablet_bootstrap.cc:492] T fee51d73ee68480b9002b44dc8597e55 P 5441e81f69e743458e4ba6f9a8fa8f24: Bootstrap starting.
I20260630 12:40:05.511404 18394 raft_consensus.cc:740] T 4baf2ad580864065a4730b28db09eae7 P e361e07330164790a1dc04009c781497 [term 0 FOLLOWER]: Becoming Follower/Learner. State: Replica: e361e07330164790a1dc04009c781497, State: Initialized, Role: FOLLOWER
I20260630 12:40:05.512159 18394 consensus_queue.cc:260] T 4baf2ad580864065a4730b28db09eae7 P e361e07330164790a1dc04009c781497 [NON_LEADER]: Queue going to NON_LEADER mode. State: All replicated index: 0, Majority replicated index: 0, Committed index: 0, Last appended: 0.0, Last appended by leader: 0, Current term: 0, Majority size: -1, State: 0, Mode: NON_LEADER, active raft config: opid_index: -1 OBSOLETE_local: false peers { permanent_uuid: "2299564a05de4ef18f20150310696c20" member_type: VOTER last_known_addr { host: "127.13.86.129" port: 37395 } } peers { permanent_uuid: "5441e81f69e743458e4ba6f9a8fa8f24" member_type: VOTER last_known_addr { host: "127.13.86.130" port: 38519 } } peers { permanent_uuid: "e361e07330164790a1dc04009c781497" member_type: VOTER last_known_addr { host: "127.13.86.131" port: 38119 } }
I20260630 12:40:05.513939 18396 raft_consensus.cc:359] T 8145713d0eb841a2b596b89330e3c127 P 2299564a05de4ef18f20150310696c20 [term 0 FOLLOWER]: Replica starting. Triggering 0 pending ops. Active config: opid_index: -1 OBSOLETE_local: false peers { permanent_uuid: "2299564a05de4ef18f20150310696c20" member_type: VOTER last_known_addr { host: "127.13.86.129" port: 37395 } } peers { permanent_uuid: "5441e81f69e743458e4ba6f9a8fa8f24" member_type: VOTER last_known_addr { host: "127.13.86.130" port: 38519 } } peers { permanent_uuid: "e361e07330164790a1dc04009c781497" member_type: VOTER last_known_addr { host: "127.13.86.131" port: 38119 } }
I20260630 12:40:05.514601 18396 raft_consensus.cc:385] T 8145713d0eb841a2b596b89330e3c127 P 2299564a05de4ef18f20150310696c20 [term 0 FOLLOWER]: Consensus starting up: Expiring failure detector timer to make a prompt election more likely
I20260630 12:40:05.514804 18396 raft_consensus.cc:740] T 8145713d0eb841a2b596b89330e3c127 P 2299564a05de4ef18f20150310696c20 [term 0 FOLLOWER]: Becoming Follower/Learner. State: Replica: 2299564a05de4ef18f20150310696c20, State: Initialized, Role: FOLLOWER
I20260630 12:40:05.519349 18402 raft_consensus.cc:493] T 4baf2ad580864065a4730b28db09eae7 P 2299564a05de4ef18f20150310696c20 [term 0 FOLLOWER]: Starting pre-election (no leader contacted us within the election timeout)
I20260630 12:40:05.519883 18402 raft_consensus.cc:515] T 4baf2ad580864065a4730b28db09eae7 P 2299564a05de4ef18f20150310696c20 [term 0 FOLLOWER]: Starting pre-election with config: opid_index: -1 OBSOLETE_local: false peers { permanent_uuid: "2299564a05de4ef18f20150310696c20" member_type: VOTER last_known_addr { host: "127.13.86.129" port: 37395 } } peers { permanent_uuid: "5441e81f69e743458e4ba6f9a8fa8f24" member_type: VOTER last_known_addr { host: "127.13.86.130" port: 38519 } } peers { permanent_uuid: "e361e07330164790a1dc04009c781497" member_type: VOTER last_known_addr { host: "127.13.86.131" port: 38119 } }
I20260630 12:40:05.521975 18402 leader_election.cc:290] T 4baf2ad580864065a4730b28db09eae7 P 2299564a05de4ef18f20150310696c20 [CANDIDATE]: Term 1 pre-election: Requested pre-vote from peers 5441e81f69e743458e4ba6f9a8fa8f24 (127.13.86.130:38519), e361e07330164790a1dc04009c781497 (127.13.86.131:38119)
I20260630 12:40:05.525099 18396 consensus_queue.cc:260] T 8145713d0eb841a2b596b89330e3c127 P 2299564a05de4ef18f20150310696c20 [NON_LEADER]: Queue going to NON_LEADER mode. State: All replicated index: 0, Majority replicated index: 0, Committed index: 0, Last appended: 0.0, Last appended by leader: 0, Current term: 0, Majority size: -1, State: 0, Mode: NON_LEADER, active raft config: opid_index: -1 OBSOLETE_local: false peers { permanent_uuid: "2299564a05de4ef18f20150310696c20" member_type: VOTER last_known_addr { host: "127.13.86.129" port: 37395 } } peers { permanent_uuid: "5441e81f69e743458e4ba6f9a8fa8f24" member_type: VOTER last_known_addr { host: "127.13.86.130" port: 38519 } } peers { permanent_uuid: "e361e07330164790a1dc04009c781497" member_type: VOTER last_known_addr { host: "127.13.86.131" port: 38119 } }
I20260630 12:40:05.527104 18394 ts_tablet_manager.cc:1434] T 4baf2ad580864065a4730b28db09eae7 P e361e07330164790a1dc04009c781497: Time spent starting tablet: real 0.019s	user 0.005s	sys 0.000s
I20260630 12:40:05.528628 18276 tablet_service.cc:1917] Received RequestConsensusVote() RPC: tablet_id: "4baf2ad580864065a4730b28db09eae7" candidate_uuid: "2299564a05de4ef18f20150310696c20" candidate_term: 1 candidate_status { last_received { term: 0 index: 0 } } ignore_live_leader: false dest_uuid: "5441e81f69e743458e4ba6f9a8fa8f24" is_pre_election: true
I20260630 12:40:05.529215 18276 raft_consensus.cc:2468] T 4baf2ad580864065a4730b28db09eae7 P 5441e81f69e743458e4ba6f9a8fa8f24 [term 0 FOLLOWER]: Leader pre-election vote request: Granting yes vote for candidate 2299564a05de4ef18f20150310696c20 in term 0.
I20260630 12:40:05.530298 18396 ts_tablet_manager.cc:1434] T 8145713d0eb841a2b596b89330e3c127 P 2299564a05de4ef18f20150310696c20: Time spent starting tablet: real 0.023s	user 0.005s	sys 0.000s
I20260630 12:40:05.523200 18395 tablet_bootstrap.cc:654] T fee51d73ee68480b9002b44dc8597e55 P 5441e81f69e743458e4ba6f9a8fa8f24: Neither blocks nor log segments found. Creating new log.
I20260630 12:40:05.523860 18349 tablet_service.cc:1917] Received RequestConsensusVote() RPC: tablet_id: "4baf2ad580864065a4730b28db09eae7" candidate_uuid: "2299564a05de4ef18f20150310696c20" candidate_term: 1 candidate_status { last_received { term: 0 index: 0 } } ignore_live_leader: false dest_uuid: "e361e07330164790a1dc04009c781497" is_pre_election: true
I20260630 12:40:05.530941 18349 raft_consensus.cc:2468] T 4baf2ad580864065a4730b28db09eae7 P e361e07330164790a1dc04009c781497 [term 0 FOLLOWER]: Leader pre-election vote request: Granting yes vote for candidate 2299564a05de4ef18f20150310696c20 in term 0.
I20260630 12:40:05.532197 18166 leader_election.cc:304] T 4baf2ad580864065a4730b28db09eae7 P 2299564a05de4ef18f20150310696c20 [CANDIDATE]: Term 1 pre-election: Election decided. Result: candidate won. Election summary: received 2 responses out of 3 voters: 2 yes votes; 0 no votes. yes voters: 2299564a05de4ef18f20150310696c20, e361e07330164790a1dc04009c781497; no voters: 
I20260630 12:40:05.533205 18416 raft_consensus.cc:493] T 8f53047438a5419897c21e660aba9a47 P 2299564a05de4ef18f20150310696c20 [term 0 FOLLOWER]: Starting pre-election (no leader contacted us within the election timeout)
I20260630 12:40:05.534063 18402 raft_consensus.cc:2804] T 4baf2ad580864065a4730b28db09eae7 P 2299564a05de4ef18f20150310696c20 [term 0 FOLLOWER]: Leader pre-election won for term 1
I20260630 12:40:05.534499 18402 raft_consensus.cc:493] T 4baf2ad580864065a4730b28db09eae7 P 2299564a05de4ef18f20150310696c20 [term 0 FOLLOWER]: Starting leader election (no leader contacted us within the election timeout)
I20260630 12:40:05.533676 18416 raft_consensus.cc:515] T 8f53047438a5419897c21e660aba9a47 P 2299564a05de4ef18f20150310696c20 [term 0 FOLLOWER]: Starting pre-election with config: opid_index: -1 OBSOLETE_local: false peers { permanent_uuid: "2299564a05de4ef18f20150310696c20" member_type: VOTER last_known_addr { host: "127.13.86.129" port: 37395 } } peers { permanent_uuid: "5441e81f69e743458e4ba6f9a8fa8f24" member_type: VOTER last_known_addr { host: "127.13.86.130" port: 38519 } } peers { permanent_uuid: "e361e07330164790a1dc04009c781497" member_type: VOTER last_known_addr { host: "127.13.86.131" port: 38119 } }
I20260630 12:40:05.536489 18416 leader_election.cc:290] T 8f53047438a5419897c21e660aba9a47 P 2299564a05de4ef18f20150310696c20 [CANDIDATE]: Term 1 pre-election: Requested pre-vote from peers 5441e81f69e743458e4ba6f9a8fa8f24 (127.13.86.130:38519), e361e07330164790a1dc04009c781497 (127.13.86.131:38119)
I20260630 12:40:05.537647 18349 tablet_service.cc:1917] Received RequestConsensusVote() RPC: tablet_id: "8f53047438a5419897c21e660aba9a47" candidate_uuid: "2299564a05de4ef18f20150310696c20" candidate_term: 1 candidate_status { last_received { term: 0 index: 0 } } ignore_live_leader: false dest_uuid: "e361e07330164790a1dc04009c781497" is_pre_election: true
I20260630 12:40:05.538406 18349 raft_consensus.cc:2468] T 8f53047438a5419897c21e660aba9a47 P e361e07330164790a1dc04009c781497 [term 0 FOLLOWER]: Leader pre-election vote request: Granting yes vote for candidate 2299564a05de4ef18f20150310696c20 in term 0.
I20260630 12:40:05.540087 18276 tablet_service.cc:1917] Received RequestConsensusVote() RPC: tablet_id: "8f53047438a5419897c21e660aba9a47" candidate_uuid: "2299564a05de4ef18f20150310696c20" candidate_term: 1 candidate_status { last_received { term: 0 index: 0 } } ignore_live_leader: false dest_uuid: "5441e81f69e743458e4ba6f9a8fa8f24" is_pre_election: true
I20260630 12:40:05.540755 18276 raft_consensus.cc:2468] T 8f53047438a5419897c21e660aba9a47 P 5441e81f69e743458e4ba6f9a8fa8f24 [term 0 FOLLOWER]: Leader pre-election vote request: Granting yes vote for candidate 2299564a05de4ef18f20150310696c20 in term 0.
I20260630 12:40:05.534677 18394 tablet_bootstrap.cc:492] T 6e18878f31fd4f36a802319b03383530 P e361e07330164790a1dc04009c781497: Bootstrap starting.
I20260630 12:40:05.542447 18167 leader_election.cc:304] T 8f53047438a5419897c21e660aba9a47 P 2299564a05de4ef18f20150310696c20 [CANDIDATE]: Term 1 pre-election: Election decided. Result: candidate won. Election summary: received 2 responses out of 3 voters: 2 yes votes; 0 no votes. yes voters: 2299564a05de4ef18f20150310696c20, 5441e81f69e743458e4ba6f9a8fa8f24; no voters: 
I20260630 12:40:05.540098 18402 raft_consensus.cc:3060] T 4baf2ad580864065a4730b28db09eae7 P 2299564a05de4ef18f20150310696c20 [term 0 FOLLOWER]: Advancing to term 1
I20260630 12:40:05.547304 18416 raft_consensus.cc:2804] T 8f53047438a5419897c21e660aba9a47 P 2299564a05de4ef18f20150310696c20 [term 0 FOLLOWER]: Leader pre-election won for term 1
I20260630 12:40:05.547767 18416 raft_consensus.cc:493] T 8f53047438a5419897c21e660aba9a47 P 2299564a05de4ef18f20150310696c20 [term 0 FOLLOWER]: Starting leader election (no leader contacted us within the election timeout)
I20260630 12:40:05.548156 18416 raft_consensus.cc:3060] T 8f53047438a5419897c21e660aba9a47 P 2299564a05de4ef18f20150310696c20 [term 0 FOLLOWER]: Advancing to term 1
I20260630 12:40:05.548393 18396 tablet_bootstrap.cc:492] T f0349245a1aa44229229d9e6864fd303 P 2299564a05de4ef18f20150310696c20: Bootstrap starting.
I20260630 12:40:05.553206 18402 raft_consensus.cc:515] T 4baf2ad580864065a4730b28db09eae7 P 2299564a05de4ef18f20150310696c20 [term 1 FOLLOWER]: Starting leader election with config: opid_index: -1 OBSOLETE_local: false peers { permanent_uuid: "2299564a05de4ef18f20150310696c20" member_type: VOTER last_known_addr { host: "127.13.86.129" port: 37395 } } peers { permanent_uuid: "5441e81f69e743458e4ba6f9a8fa8f24" member_type: VOTER last_known_addr { host: "127.13.86.130" port: 38519 } } peers { permanent_uuid: "e361e07330164790a1dc04009c781497" member_type: VOTER last_known_addr { host: "127.13.86.131" port: 38119 } }
I20260630 12:40:05.568305 18402 leader_election.cc:290] T 4baf2ad580864065a4730b28db09eae7 P 2299564a05de4ef18f20150310696c20 [CANDIDATE]: Term 1 election: Requested vote from peers 5441e81f69e743458e4ba6f9a8fa8f24 (127.13.86.130:38519), e361e07330164790a1dc04009c781497 (127.13.86.131:38119)
I20260630 12:40:05.557955 18394 tablet_bootstrap.cc:654] T 6e18878f31fd4f36a802319b03383530 P e361e07330164790a1dc04009c781497: Neither blocks nor log segments found. Creating new log.
I20260630 12:40:05.569615 18276 tablet_service.cc:1917] Received RequestConsensusVote() RPC: tablet_id: "4baf2ad580864065a4730b28db09eae7" candidate_uuid: "2299564a05de4ef18f20150310696c20" candidate_term: 1 candidate_status { last_received { term: 0 index: 0 } } ignore_live_leader: false dest_uuid: "5441e81f69e743458e4ba6f9a8fa8f24"
I20260630 12:40:05.561690 18396 tablet_bootstrap.cc:654] T f0349245a1aa44229229d9e6864fd303 P 2299564a05de4ef18f20150310696c20: Neither blocks nor log segments found. Creating new log.
I20260630 12:40:05.570247 18276 raft_consensus.cc:3060] T 4baf2ad580864065a4730b28db09eae7 P 5441e81f69e743458e4ba6f9a8fa8f24 [term 0 FOLLOWER]: Advancing to term 1
I20260630 12:40:05.575489 18349 tablet_service.cc:1917] Received RequestConsensusVote() RPC: tablet_id: "4baf2ad580864065a4730b28db09eae7" candidate_uuid: "2299564a05de4ef18f20150310696c20" candidate_term: 1 candidate_status { last_received { term: 0 index: 0 } } ignore_live_leader: false dest_uuid: "e361e07330164790a1dc04009c781497"
I20260630 12:40:05.576107 18349 raft_consensus.cc:3060] T 4baf2ad580864065a4730b28db09eae7 P e361e07330164790a1dc04009c781497 [term 0 FOLLOWER]: Advancing to term 1
I20260630 12:40:05.564711 18416 raft_consensus.cc:515] T 8f53047438a5419897c21e660aba9a47 P 2299564a05de4ef18f20150310696c20 [term 1 FOLLOWER]: Starting leader election with config: opid_index: -1 OBSOLETE_local: false peers { permanent_uuid: "2299564a05de4ef18f20150310696c20" member_type: VOTER last_known_addr { host: "127.13.86.129" port: 37395 } } peers { permanent_uuid: "5441e81f69e743458e4ba6f9a8fa8f24" member_type: VOTER last_known_addr { host: "127.13.86.130" port: 38519 } } peers { permanent_uuid: "e361e07330164790a1dc04009c781497" member_type: VOTER last_known_addr { host: "127.13.86.131" port: 38119 } }
I20260630 12:40:05.579738 18416 leader_election.cc:290] T 8f53047438a5419897c21e660aba9a47 P 2299564a05de4ef18f20150310696c20 [CANDIDATE]: Term 1 election: Requested vote from peers 5441e81f69e743458e4ba6f9a8fa8f24 (127.13.86.130:38519), e361e07330164790a1dc04009c781497 (127.13.86.131:38119)
I20260630 12:40:05.579933 18396 tablet_bootstrap.cc:492] T f0349245a1aa44229229d9e6864fd303 P 2299564a05de4ef18f20150310696c20: No bootstrap required, opened a new log
I20260630 12:40:05.582782 18396 ts_tablet_manager.cc:1403] T f0349245a1aa44229229d9e6864fd303 P 2299564a05de4ef18f20150310696c20: Time spent bootstrapping tablet: real 0.035s	user 0.010s	sys 0.000s
