I20260630 12:39:34.830796 16724 raft_consensus.cc:2955] T 3e804179f9a54d458929e94bd345da6f P 683a300cf835400d99acfb513bc760af [term 1 FOLLOWER]: Committing config change with OpId 1.2: config changed from index -1 to 2, NON_VOTER ac03405cf884469e9f2429aeef39d3b7 (127.13.86.132) added. New config: { opid_index: 2 OBSOLETE_local: false peers { permanent_uuid: "3cc973e9674f457898ca7d892951d7d9" member_type: VOTER last_known_addr { host: "127.13.86.129" port: 41445 } } peers { permanent_uuid: "8b7c8a92734d4fbcb3408969e21e6bfd" member_type: VOTER last_known_addr { host: "127.13.86.131" port: 38475 } } peers { permanent_uuid: "683a300cf835400d99acfb513bc760af" member_type: VOTER last_known_addr { host: "127.13.86.130" port: 42599 } attrs { replace: true } } peers { permanent_uuid: "ac03405cf884469e9f2429aeef39d3b7" member_type: NON_VOTER last_known_addr { host: "127.13.86.132" port: 34385 } attrs { promote: true } } }
I20260630 12:39:34.834753 16799 raft_consensus.cc:2955] T 3e804179f9a54d458929e94bd345da6f P 8b7c8a92734d4fbcb3408969e21e6bfd [term 1 FOLLOWER]: Committing config change with OpId 1.2: config changed from index -1 to 2, NON_VOTER ac03405cf884469e9f2429aeef39d3b7 (127.13.86.132) added. New config: { opid_index: 2 OBSOLETE_local: false peers { permanent_uuid: "3cc973e9674f457898ca7d892951d7d9" member_type: VOTER last_known_addr { host: "127.13.86.129" port: 41445 } } peers { permanent_uuid: "8b7c8a92734d4fbcb3408969e21e6bfd" member_type: VOTER last_known_addr { host: "127.13.86.131" port: 38475 } } peers { permanent_uuid: "683a300cf835400d99acfb513bc760af" member_type: VOTER last_known_addr { host: "127.13.86.130" port: 42599 } attrs { replace: true } } peers { permanent_uuid: "ac03405cf884469e9f2429aeef39d3b7" member_type: NON_VOTER last_known_addr { host: "127.13.86.132" port: 34385 } attrs { promote: true } } }
I20260630 12:39:34.843900 16548 catalog_manager.cc:5697] T 3e804179f9a54d458929e94bd345da6f P 3cc973e9674f457898ca7d892951d7d9 reported cstate change: config changed from index -1 to 2, NON_VOTER ac03405cf884469e9f2429aeef39d3b7 (127.13.86.132) added. New cstate: current_term: 1 leader_uuid: "3cc973e9674f457898ca7d892951d7d9" committed_config { opid_index: 2 OBSOLETE_local: false peers { permanent_uuid: "3cc973e9674f457898ca7d892951d7d9" member_type: VOTER last_known_addr { host: "127.13.86.129" port: 41445 } health_report { overall_health: HEALTHY } } peers { permanent_uuid: "8b7c8a92734d4fbcb3408969e21e6bfd" member_type: VOTER last_known_addr { host: "127.13.86.131" port: 38475 } health_report { overall_health: HEALTHY } } peers { permanent_uuid: "683a300cf835400d99acfb513bc760af" member_type: VOTER last_known_addr { host: "127.13.86.130" port: 42599 } attrs { replace: true } health_report { overall_health: HEALTHY } } peers { permanent_uuid: "ac03405cf884469e9f2429aeef39d3b7" member_type: NON_VOTER last_known_addr { host: "127.13.86.132" port: 34385 } attrs { promote: true } health_report { overall_health: UNKNOWN } } }
I20260630 12:39:35.182365 17266 ts_tablet_manager.cc:933] T b1f60845599e4e619101f33b348892ee P ac03405cf884469e9f2429aeef39d3b7: Initiating tablet copy from peer 683a300cf835400d99acfb513bc760af (127.13.86.130:42599)
I20260630 12:39:35.184051 17266 tablet_copy_client.cc:323] T b1f60845599e4e619101f33b348892ee P ac03405cf884469e9f2429aeef39d3b7: tablet copy: Beginning tablet copy session from remote peer at address 127.13.86.130:42599
I20260630 12:39:35.184593 16602 auto_leader_rebalancer.cc:141] leader rebalance for table range_aware_rebalance_new_range
I20260630 12:39:35.185921 16736 tablet_copy_service.cc:140] P 683a300cf835400d99acfb513bc760af: Received BeginTabletCopySession request for tablet b1f60845599e4e619101f33b348892ee from peer ac03405cf884469e9f2429aeef39d3b7 ({username='slave'} at 127.0.0.1:47284)
I20260630 12:39:35.186481 16736 tablet_copy_service.cc:161] P 683a300cf835400d99acfb513bc760af: Beginning new tablet copy session on tablet b1f60845599e4e619101f33b348892ee from peer ac03405cf884469e9f2429aeef39d3b7 at {username='slave'} at 127.0.0.1:47284: session id = ac03405cf884469e9f2429aeef39d3b7-b1f60845599e4e619101f33b348892ee
I20260630 12:39:35.192755 16736 tablet_copy_source_session.cc:215] T b1f60845599e4e619101f33b348892ee P 683a300cf835400d99acfb513bc760af: Tablet Copy: opened 0 blocks and 1 log segments
I20260630 12:39:35.196920 17266 data_dirs.cc:400] Could only allocate 1 dirs of requested 3 for tablet b1f60845599e4e619101f33b348892ee. 1 dirs total, 0 dirs full, 0 dirs failed
I20260630 12:39:35.206375 16724 tablet_service.cc:2072] Received LeaderStepDown RPC: tablet_id: "d37f0c7161f6456796ddfa51110ae542"
dest_uuid: "683a300cf835400d99acfb513bc760af"
mode: GRACEFUL
new_leader_uuid: "ac03405cf884469e9f2429aeef39d3b7"
 from {username='slave'} at 127.0.0.1:47310
I20260630 12:39:35.206947 16724 raft_consensus.cc:606] T d37f0c7161f6456796ddfa51110ae542 P 683a300cf835400d99acfb513bc760af [term 1 LEADER]: Received request to transfer leadership to TS ac03405cf884469e9f2429aeef39d3b7
I20260630 12:39:35.208216 16602 auto_leader_rebalancer.cc:440] table: range_aware_rebalance_new_range, leader rebalance finish, leader transfer count: 1
I20260630 12:39:35.208982 16602 auto_leader_rebalancer.cc:515] All tables' leader rebalancing finished this round
I20260630 12:39:35.212101 17266 tablet_copy_client.cc:806] T b1f60845599e4e619101f33b348892ee P ac03405cf884469e9f2429aeef39d3b7: tablet copy: Starting download of 0 data blocks...
I20260630 12:39:35.212661 17266 tablet_copy_client.cc:670] T b1f60845599e4e619101f33b348892ee P ac03405cf884469e9f2429aeef39d3b7: tablet copy: Starting download of 1 WAL segments...
I20260630 12:39:35.216032 17266 tablet_copy_client.cc:538] T b1f60845599e4e619101f33b348892ee P ac03405cf884469e9f2429aeef39d3b7: tablet copy: Tablet Copy complete. Replacing tablet superblock.
I20260630 12:39:35.221381 17266 tablet_bootstrap.cc:492] T b1f60845599e4e619101f33b348892ee P ac03405cf884469e9f2429aeef39d3b7: Bootstrap starting.
I20260630 12:39:35.238965 17266 tablet_bootstrap.cc:492] T b1f60845599e4e619101f33b348892ee P ac03405cf884469e9f2429aeef39d3b7: Bootstrap replayed 1/1 log segments. Stats: ops{read=5 overwritten=0 applied=5 ignored=0} inserts{seen=0 ignored=0} mutations{seen=0 ignored=0} orphaned_commits=0. Pending: 0 replicates
I20260630 12:39:35.239688 17266 tablet_bootstrap.cc:492] T b1f60845599e4e619101f33b348892ee P ac03405cf884469e9f2429aeef39d3b7: Bootstrap complete.
I20260630 12:39:35.240173 17266 ts_tablet_manager.cc:1403] T b1f60845599e4e619101f33b348892ee P ac03405cf884469e9f2429aeef39d3b7: Time spent bootstrapping tablet: real 0.019s	user 0.020s	sys 0.000s
I20260630 12:39:35.242200 17266 raft_consensus.cc:359] T b1f60845599e4e619101f33b348892ee P ac03405cf884469e9f2429aeef39d3b7 [term 4 LEARNER]: Replica starting. Triggering 0 pending ops. Active config: opid_index: 5 OBSOLETE_local: false peers { permanent_uuid: "3cc973e9674f457898ca7d892951d7d9" member_type: VOTER last_known_addr { host: "127.13.86.129" port: 41445 } } peers { permanent_uuid: "683a300cf835400d99acfb513bc760af" member_type: VOTER last_known_addr { host: "127.13.86.130" port: 42599 } } peers { permanent_uuid: "8b7c8a92734d4fbcb3408969e21e6bfd" member_type: VOTER last_known_addr { host: "127.13.86.131" port: 38475 } attrs { replace: true } } peers { permanent_uuid: "ac03405cf884469e9f2429aeef39d3b7" member_type: NON_VOTER last_known_addr { host: "127.13.86.132" port: 34385 } attrs { promote: true } }
I20260630 12:39:35.242839 17266 raft_consensus.cc:740] T b1f60845599e4e619101f33b348892ee P ac03405cf884469e9f2429aeef39d3b7 [term 4 LEARNER]: Becoming Follower/Learner. State: Replica: ac03405cf884469e9f2429aeef39d3b7, State: Initialized, Role: LEARNER
I20260630 12:39:35.243337 17266 consensus_queue.cc:260] T b1f60845599e4e619101f33b348892ee P ac03405cf884469e9f2429aeef39d3b7 [NON_LEADER]: Queue going to NON_LEADER mode. State: All replicated index: 0, Majority replicated index: 0, Committed index: 5, Last appended: 4.5, Last appended by leader: 5, Current term: 0, Majority size: -1, State: 0, Mode: NON_LEADER, active raft config: opid_index: 5 OBSOLETE_local: false peers { permanent_uuid: "3cc973e9674f457898ca7d892951d7d9" member_type: VOTER last_known_addr { host: "127.13.86.129" port: 41445 } } peers { permanent_uuid: "683a300cf835400d99acfb513bc760af" member_type: VOTER last_known_addr { host: "127.13.86.130" port: 42599 } } peers { permanent_uuid: "8b7c8a92734d4fbcb3408969e21e6bfd" member_type: VOTER last_known_addr { host: "127.13.86.131" port: 38475 } attrs { replace: true } } peers { permanent_uuid: "ac03405cf884469e9f2429aeef39d3b7" member_type: NON_VOTER last_known_addr { host: "127.13.86.132" port: 34385 } attrs { promote: true } }
I20260630 12:39:35.245026 17266 ts_tablet_manager.cc:1434] T b1f60845599e4e619101f33b348892ee P ac03405cf884469e9f2429aeef39d3b7: Time spent starting tablet: real 0.005s	user 0.003s	sys 0.000s
I20260630 12:39:35.246559 16736 tablet_copy_service.cc:342] P 683a300cf835400d99acfb513bc760af: Request end of tablet copy session ac03405cf884469e9f2429aeef39d3b7-b1f60845599e4e619101f33b348892ee received from {username='slave'} at 127.0.0.1:47284
I20260630 12:39:35.246898 16736 tablet_copy_service.cc:434] P 683a300cf835400d99acfb513bc760af: ending tablet copy session ac03405cf884469e9f2429aeef39d3b7-b1f60845599e4e619101f33b348892ee on tablet b1f60845599e4e619101f33b348892ee with peer ac03405cf884469e9f2429aeef39d3b7
I20260630 12:39:35.264971 17266 ts_tablet_manager.cc:933] T 3e804179f9a54d458929e94bd345da6f P ac03405cf884469e9f2429aeef39d3b7: Initiating tablet copy from peer 3cc973e9674f457898ca7d892951d7d9 (127.13.86.129:41445)
I20260630 12:39:35.266412 17266 tablet_copy_client.cc:323] T 3e804179f9a54d458929e94bd345da6f P ac03405cf884469e9f2429aeef39d3b7: tablet copy: Beginning tablet copy session from remote peer at address 127.13.86.129:41445
I20260630 12:39:35.267984 16661 tablet_copy_service.cc:140] P 3cc973e9674f457898ca7d892951d7d9: Received BeginTabletCopySession request for tablet 3e804179f9a54d458929e94bd345da6f from peer ac03405cf884469e9f2429aeef39d3b7 ({username='slave'} at 127.0.0.1:60792)
I20260630 12:39:35.268499 16661 tablet_copy_service.cc:161] P 3cc973e9674f457898ca7d892951d7d9: Beginning new tablet copy session on tablet 3e804179f9a54d458929e94bd345da6f from peer ac03405cf884469e9f2429aeef39d3b7 at {username='slave'} at 127.0.0.1:60792: session id = ac03405cf884469e9f2429aeef39d3b7-3e804179f9a54d458929e94bd345da6f
I20260630 12:39:35.276193 16661 tablet_copy_source_session.cc:215] T 3e804179f9a54d458929e94bd345da6f P 3cc973e9674f457898ca7d892951d7d9: Tablet Copy: opened 0 blocks and 1 log segments
I20260630 12:39:35.278889 17266 data_dirs.cc:400] Could only allocate 1 dirs of requested 3 for tablet 3e804179f9a54d458929e94bd345da6f. 1 dirs total, 0 dirs full, 0 dirs failed
I20260630 12:39:35.289002 17266 tablet_copy_client.cc:806] T 3e804179f9a54d458929e94bd345da6f P ac03405cf884469e9f2429aeef39d3b7: tablet copy: Starting download of 0 data blocks...
I20260630 12:39:35.289456 17266 tablet_copy_client.cc:670] T 3e804179f9a54d458929e94bd345da6f P ac03405cf884469e9f2429aeef39d3b7: tablet copy: Starting download of 1 WAL segments...
I20260630 12:39:35.292694 17266 tablet_copy_client.cc:538] T 3e804179f9a54d458929e94bd345da6f P ac03405cf884469e9f2429aeef39d3b7: tablet copy: Tablet Copy complete. Replacing tablet superblock.
I20260630 12:39:35.298635 17266 tablet_bootstrap.cc:492] T 3e804179f9a54d458929e94bd345da6f P ac03405cf884469e9f2429aeef39d3b7: Bootstrap starting.
I20260630 12:39:35.313694 17266 tablet_bootstrap.cc:492] T 3e804179f9a54d458929e94bd345da6f P ac03405cf884469e9f2429aeef39d3b7: Bootstrap replayed 1/1 log segments. Stats: ops{read=2 overwritten=0 applied=2 ignored=0} inserts{seen=0 ignored=0} mutations{seen=0 ignored=0} orphaned_commits=0. Pending: 0 replicates
I20260630 12:39:35.314363 17266 tablet_bootstrap.cc:492] T 3e804179f9a54d458929e94bd345da6f P ac03405cf884469e9f2429aeef39d3b7: Bootstrap complete.
I20260630 12:39:35.314806 17266 ts_tablet_manager.cc:1403] T 3e804179f9a54d458929e94bd345da6f P ac03405cf884469e9f2429aeef39d3b7: Time spent bootstrapping tablet: real 0.016s	user 0.015s	sys 0.000s
I20260630 12:39:35.316715 17266 raft_consensus.cc:359] T 3e804179f9a54d458929e94bd345da6f P ac03405cf884469e9f2429aeef39d3b7 [term 1 LEARNER]: Replica starting. Triggering 0 pending ops. Active config: opid_index: 2 OBSOLETE_local: false peers { permanent_uuid: "3cc973e9674f457898ca7d892951d7d9" member_type: VOTER last_known_addr { host: "127.13.86.129" port: 41445 } } peers { permanent_uuid: "8b7c8a92734d4fbcb3408969e21e6bfd" member_type: VOTER last_known_addr { host: "127.13.86.131" port: 38475 } } peers { permanent_uuid: "683a300cf835400d99acfb513bc760af" member_type: VOTER last_known_addr { host: "127.13.86.130" port: 42599 } attrs { replace: true } } peers { permanent_uuid: "ac03405cf884469e9f2429aeef39d3b7" member_type: NON_VOTER last_known_addr { host: "127.13.86.132" port: 34385 } attrs { promote: true } }
I20260630 12:39:35.317269 17266 raft_consensus.cc:740] T 3e804179f9a54d458929e94bd345da6f P ac03405cf884469e9f2429aeef39d3b7 [term 1 LEARNER]: Becoming Follower/Learner. State: Replica: ac03405cf884469e9f2429aeef39d3b7, State: Initialized, Role: LEARNER
I20260630 12:39:35.317716 17266 consensus_queue.cc:260] T 3e804179f9a54d458929e94bd345da6f P ac03405cf884469e9f2429aeef39d3b7 [NON_LEADER]: Queue going to NON_LEADER mode. State: All replicated index: 0, Majority replicated index: 0, Committed index: 2, Last appended: 1.2, Last appended by leader: 2, Current term: 0, Majority size: -1, State: 0, Mode: NON_LEADER, active raft config: opid_index: 2 OBSOLETE_local: false peers { permanent_uuid: "3cc973e9674f457898ca7d892951d7d9" member_type: VOTER last_known_addr { host: "127.13.86.129" port: 41445 } } peers { permanent_uuid: "8b7c8a92734d4fbcb3408969e21e6bfd" member_type: VOTER last_known_addr { host: "127.13.86.131" port: 38475 } } peers { permanent_uuid: "683a300cf835400d99acfb513bc760af" member_type: VOTER last_known_addr { host: "127.13.86.130" port: 42599 } attrs { replace: true } } peers { permanent_uuid: "ac03405cf884469e9f2429aeef39d3b7" member_type: NON_VOTER last_known_addr { host: "127.13.86.132" port: 34385 } attrs { promote: true } }
I20260630 12:39:35.319376 17266 ts_tablet_manager.cc:1434] T 3e804179f9a54d458929e94bd345da6f P ac03405cf884469e9f2429aeef39d3b7: Time spent starting tablet: real 0.004s	user 0.004s	sys 0.000s
I20260630 12:39:35.320957 16661 tablet_copy_service.cc:342] P 3cc973e9674f457898ca7d892951d7d9: Request end of tablet copy session ac03405cf884469e9f2429aeef39d3b7-3e804179f9a54d458929e94bd345da6f received from {username='slave'} at 127.0.0.1:60792
I20260630 12:39:35.321341 16661 tablet_copy_service.cc:434] P 3cc973e9674f457898ca7d892951d7d9: ending tablet copy session ac03405cf884469e9f2429aeef39d3b7-3e804179f9a54d458929e94bd345da6f on tablet 3e804179f9a54d458929e94bd345da6f with peer ac03405cf884469e9f2429aeef39d3b7
I20260630 12:39:35.498927 17208 raft_consensus.cc:993] T d37f0c7161f6456796ddfa51110ae542 P 683a300cf835400d99acfb513bc760af: : Instructing follower ac03405cf884469e9f2429aeef39d3b7 to start an election
I20260630 12:39:35.499467 17215 raft_consensus.cc:1081] T d37f0c7161f6456796ddfa51110ae542 P 683a300cf835400d99acfb513bc760af [term 1 LEADER]: Signalling peer ac03405cf884469e9f2429aeef39d3b7 to start an election
I20260630 12:39:35.501060 16961 tablet_service.cc:2044] Received Run Leader Election RPC: tablet_id: "d37f0c7161f6456796ddfa51110ae542"
dest_uuid: "ac03405cf884469e9f2429aeef39d3b7"
 from {username='slave'} at 127.0.0.1:33674
I20260630 12:39:35.501598 16961 raft_consensus.cc:493] T d37f0c7161f6456796ddfa51110ae542 P ac03405cf884469e9f2429aeef39d3b7 [term 1 FOLLOWER]: Starting forced leader election (received explicit request)
I20260630 12:39:35.501878 16961 raft_consensus.cc:3060] T d37f0c7161f6456796ddfa51110ae542 P ac03405cf884469e9f2429aeef39d3b7 [term 1 FOLLOWER]: Advancing to term 2
I20260630 12:39:35.507126 16961 raft_consensus.cc:515] T d37f0c7161f6456796ddfa51110ae542 P ac03405cf884469e9f2429aeef39d3b7 [term 2 FOLLOWER]: Starting forced leader election with config: opid_index: -1 OBSOLETE_local: false peers { permanent_uuid: "ac03405cf884469e9f2429aeef39d3b7" member_type: VOTER last_known_addr { host: "127.13.86.132" port: 34385 } } peers { permanent_uuid: "683a300cf835400d99acfb513bc760af" member_type: VOTER last_known_addr { host: "127.13.86.130" port: 42599 } } peers { permanent_uuid: "8b7c8a92734d4fbcb3408969e21e6bfd" member_type: VOTER last_known_addr { host: "127.13.86.131" port: 38475 } }
I20260630 12:39:35.509241 16961 leader_election.cc:290] T d37f0c7161f6456796ddfa51110ae542 P ac03405cf884469e9f2429aeef39d3b7 [CANDIDATE]: Term 2 election: Requested vote from peers 683a300cf835400d99acfb513bc760af (127.13.86.130:42599), 8b7c8a92734d4fbcb3408969e21e6bfd (127.13.86.131:38475)
I20260630 12:39:35.509378 16724 tablet_service.cc:1917] Received RequestConsensusVote() RPC: tablet_id: "d37f0c7161f6456796ddfa51110ae542" candidate_uuid: "ac03405cf884469e9f2429aeef39d3b7" candidate_term: 2 candidate_status { last_received { term: 1 index: 1 } } ignore_live_leader: true dest_uuid: "683a300cf835400d99acfb513bc760af"
I20260630 12:39:35.510000 16724 raft_consensus.cc:3055] T d37f0c7161f6456796ddfa51110ae542 P 683a300cf835400d99acfb513bc760af [term 1 LEADER]: Stepping down as leader of term 1
I20260630 12:39:35.510355 16724 raft_consensus.cc:740] T d37f0c7161f6456796ddfa51110ae542 P 683a300cf835400d99acfb513bc760af [term 1 LEADER]: Becoming Follower/Learner. State: Replica: 683a300cf835400d99acfb513bc760af, State: Running, Role: LEADER
I20260630 12:39:35.510766 16800 tablet_service.cc:1917] Received RequestConsensusVote() RPC: tablet_id: "d37f0c7161f6456796ddfa51110ae542" candidate_uuid: "ac03405cf884469e9f2429aeef39d3b7" candidate_term: 2 candidate_status { last_received { term: 1 index: 1 } } ignore_live_leader: true dest_uuid: "8b7c8a92734d4fbcb3408969e21e6bfd"
I20260630 12:39:35.511292 16800 raft_consensus.cc:3060] T d37f0c7161f6456796ddfa51110ae542 P 8b7c8a92734d4fbcb3408969e21e6bfd [term 1 FOLLOWER]: Advancing to term 2
I20260630 12:39:35.511049 16724 consensus_queue.cc:260] T d37f0c7161f6456796ddfa51110ae542 P 683a300cf835400d99acfb513bc760af [NON_LEADER]: Queue going to NON_LEADER mode. State: All replicated index: 0, Majority replicated index: 1, Committed index: 1, Last appended: 1.1, Last appended by leader: 1, Current term: 1, Majority size: -1, State: 0, Mode: NON_LEADER, active raft config: opid_index: -1 OBSOLETE_local: false peers { permanent_uuid: "ac03405cf884469e9f2429aeef39d3b7" member_type: VOTER last_known_addr { host: "127.13.86.132" port: 34385 } } peers { permanent_uuid: "683a300cf835400d99acfb513bc760af" member_type: VOTER last_known_addr { host: "127.13.86.130" port: 42599 } } peers { permanent_uuid: "8b7c8a92734d4fbcb3408969e21e6bfd" member_type: VOTER last_known_addr { host: "127.13.86.131" port: 38475 } }
I20260630 12:39:35.512369 16724 raft_consensus.cc:3060] T d37f0c7161f6456796ddfa51110ae542 P 683a300cf835400d99acfb513bc760af [term 1 FOLLOWER]: Advancing to term 2
I20260630 12:39:35.515586 16800 raft_consensus.cc:2468] T d37f0c7161f6456796ddfa51110ae542 P 8b7c8a92734d4fbcb3408969e21e6bfd [term 2 FOLLOWER]: Leader election vote request: Granting yes vote for candidate ac03405cf884469e9f2429aeef39d3b7 in term 2.
I20260630 12:39:35.516645 16923 leader_election.cc:304] T d37f0c7161f6456796ddfa51110ae542 P ac03405cf884469e9f2429aeef39d3b7 [CANDIDATE]: Term 2 election: Election decided. Result: candidate won. Election summary: received 2 responses out of 3 voters: 2 yes votes; 0 no votes. yes voters: 8b7c8a92734d4fbcb3408969e21e6bfd, ac03405cf884469e9f2429aeef39d3b7; no voters: 
I20260630 12:39:35.517328 17260 raft_consensus.cc:2804] T d37f0c7161f6456796ddfa51110ae542 P ac03405cf884469e9f2429aeef39d3b7 [term 2 FOLLOWER]: Leader election won for term 2
I20260630 12:39:35.518383 17260 raft_consensus.cc:697] T d37f0c7161f6456796ddfa51110ae542 P ac03405cf884469e9f2429aeef39d3b7 [term 2 LEADER]: Becoming Leader. State: Replica: ac03405cf884469e9f2429aeef39d3b7, State: Running, Role: LEADER
I20260630 12:39:35.518554 16724 raft_consensus.cc:2468] T d37f0c7161f6456796ddfa51110ae542 P 683a300cf835400d99acfb513bc760af [term 2 FOLLOWER]: Leader election vote request: Granting yes vote for candidate ac03405cf884469e9f2429aeef39d3b7 in term 2.
I20260630 12:39:35.519376 17260 consensus_queue.cc:237] T d37f0c7161f6456796ddfa51110ae542 P ac03405cf884469e9f2429aeef39d3b7 [LEADER]: Queue going to LEADER mode. State: All replicated index: 0, Majority replicated index: 1, Committed index: 1, Last appended: 1.1, Last appended by leader: 1, Current term: 2, Majority size: 2, State: 0, Mode: LEADER, active raft config: opid_index: -1 OBSOLETE_local: false peers { permanent_uuid: "ac03405cf884469e9f2429aeef39d3b7" member_type: VOTER last_known_addr { host: "127.13.86.132" port: 34385 } } peers { permanent_uuid: "683a300cf835400d99acfb513bc760af" member_type: VOTER last_known_addr { host: "127.13.86.130" port: 42599 } } peers { permanent_uuid: "8b7c8a92734d4fbcb3408969e21e6bfd" member_type: VOTER last_known_addr { host: "127.13.86.131" port: 38475 } }
I20260630 12:39:35.526585 16546 catalog_manager.cc:5697] T d37f0c7161f6456796ddfa51110ae542 P ac03405cf884469e9f2429aeef39d3b7 reported cstate change: term changed from 1 to 2, leader changed from 683a300cf835400d99acfb513bc760af (127.13.86.130) to ac03405cf884469e9f2429aeef39d3b7 (127.13.86.132). New cstate: current_term: 2 leader_uuid: "ac03405cf884469e9f2429aeef39d3b7" committed_config { opid_index: -1 OBSOLETE_local: false peers { permanent_uuid: "ac03405cf884469e9f2429aeef39d3b7" member_type: VOTER last_known_addr { host: "127.13.86.132" port: 34385 } health_report { overall_health: HEALTHY } } peers { permanent_uuid: "683a300cf835400d99acfb513bc760af" member_type: VOTER last_known_addr { host: "127.13.86.130" port: 42599 } health_report { overall_health: UNKNOWN } } peers { permanent_uuid: "8b7c8a92734d4fbcb3408969e21e6bfd" member_type: VOTER last_known_addr { host: "127.13.86.131" port: 38475 } health_report { overall_health: UNKNOWN } } }
I20260630 12:39:35.774947 16961 raft_consensus.cc:1217] T b1f60845599e4e619101f33b348892ee P ac03405cf884469e9f2429aeef39d3b7 [term 4 LEARNER]: Deduplicated request from leader. Original: 4.4->[4.5-4.5]   Dedup: 4.5->[]
I20260630 12:39:35.834944 16961 raft_consensus.cc:1217] T 3e804179f9a54d458929e94bd345da6f P ac03405cf884469e9f2429aeef39d3b7 [term 1 LEARNER]: Deduplicated request from leader. Original: 1.1->[1.2-1.2]   Dedup: 1.2->[]
I20260630 12:39:35.951793 16724 raft_consensus.cc:1275] T d37f0c7161f6456796ddfa51110ae542 P 683a300cf835400d99acfb513bc760af [term 2 FOLLOWER]: Refusing update from remote peer ac03405cf884469e9f2429aeef39d3b7: Log matching property violated. Preceding OpId in replica: term: 1 index: 1. Preceding OpId from leader: term: 2 index: 2. (index mismatch)
I20260630 12:39:35.953336 17260 consensus_queue.cc:1048] T d37f0c7161f6456796ddfa51110ae542 P ac03405cf884469e9f2429aeef39d3b7 [LEADER]: Connected to new peer: Peer: permanent_uuid: "683a300cf835400d99acfb513bc760af" member_type: VOTER last_known_addr { host: "127.13.86.130" port: 42599 }, Status: LMP_MISMATCH, Last received: 0.0, Next index: 2, Last known committed idx: 1, Time since last communication: 0.000s
I20260630 12:39:35.962502 16800 raft_consensus.cc:1275] T d37f0c7161f6456796ddfa51110ae542 P 8b7c8a92734d4fbcb3408969e21e6bfd [term 2 FOLLOWER]: Refusing update from remote peer ac03405cf884469e9f2429aeef39d3b7: Log matching property violated. Preceding OpId in replica: term: 1 index: 1. Preceding OpId from leader: term: 2 index: 2. (index mismatch)
I20260630 12:39:35.963765 17260 consensus_queue.cc:1048] T d37f0c7161f6456796ddfa51110ae542 P ac03405cf884469e9f2429aeef39d3b7 [LEADER]: Connected to new peer: Peer: permanent_uuid: "8b7c8a92734d4fbcb3408969e21e6bfd" member_type: VOTER last_known_addr { host: "127.13.86.131" port: 38475 }, Status: LMP_MISMATCH, Last received: 0.0, Next index: 2, Last known committed idx: 1, Time since last communication: 0.000s
I20260630 12:39:36.304649 17284 raft_consensus.cc:1064] T b1f60845599e4e619101f33b348892ee P 683a300cf835400d99acfb513bc760af: attempting to promote NON_VOTER ac03405cf884469e9f2429aeef39d3b7 to VOTER
I20260630 12:39:36.307345 17284 consensus_queue.cc:237] T b1f60845599e4e619101f33b348892ee P 683a300cf835400d99acfb513bc760af [LEADER]: Queue going to LEADER mode. State: All replicated index: 0, Majority replicated index: 5, Committed index: 5, Last appended: 4.5, Last appended by leader: 3, Current term: 4, Majority size: 3, State: 0, Mode: LEADER, active raft config: opid_index: 6 OBSOLETE_local: false peers { permanent_uuid: "3cc973e9674f457898ca7d892951d7d9" member_type: VOTER last_known_addr { host: "127.13.86.129" port: 41445 } } peers { permanent_uuid: "683a300cf835400d99acfb513bc760af" member_type: VOTER last_known_addr { host: "127.13.86.130" port: 42599 } } peers { permanent_uuid: "8b7c8a92734d4fbcb3408969e21e6bfd" member_type: VOTER last_known_addr { host: "127.13.86.131" port: 38475 } attrs { replace: true } } peers { permanent_uuid: "ac03405cf884469e9f2429aeef39d3b7" member_type: VOTER last_known_addr { host: "127.13.86.132" port: 34385 } attrs { promote: false } }
I20260630 12:39:36.314390 16650 raft_consensus.cc:1275] T b1f60845599e4e619101f33b348892ee P 3cc973e9674f457898ca7d892951d7d9 [term 4 FOLLOWER]: Refusing update from remote peer 683a300cf835400d99acfb513bc760af: Log matching property violated. Preceding OpId in replica: term: 4 index: 5. Preceding OpId from leader: term: 4 index: 6. (index mismatch)
I20260630 12:39:36.315068 16800 raft_consensus.cc:1275] T b1f60845599e4e619101f33b348892ee P 8b7c8a92734d4fbcb3408969e21e6bfd [term 4 FOLLOWER]: Refusing update from remote peer 683a300cf835400d99acfb513bc760af: Log matching property violated. Preceding OpId in replica: term: 4 index: 5. Preceding OpId from leader: term: 4 index: 6. (index mismatch)
I20260630 12:39:36.315342 16961 raft_consensus.cc:1275] T b1f60845599e4e619101f33b348892ee P ac03405cf884469e9f2429aeef39d3b7 [term 4 LEARNER]: Refusing update from remote peer 683a300cf835400d99acfb513bc760af: Log matching property violated. Preceding OpId in replica: term: 4 index: 5. Preceding OpId from leader: term: 4 index: 6. (index mismatch)
I20260630 12:39:36.315848 17287 consensus_queue.cc:1048] T b1f60845599e4e619101f33b348892ee P 683a300cf835400d99acfb513bc760af [LEADER]: Connected to new peer: Peer: permanent_uuid: "3cc973e9674f457898ca7d892951d7d9" member_type: VOTER last_known_addr { host: "127.13.86.129" port: 41445 }, Status: LMP_MISMATCH, Last received: 0.0, Next index: 6, Last known committed idx: 5, Time since last communication: 0.000s
I20260630 12:39:36.316782 17285 consensus_queue.cc:1048] T b1f60845599e4e619101f33b348892ee P 683a300cf835400d99acfb513bc760af [LEADER]: Connected to new peer: Peer: permanent_uuid: "ac03405cf884469e9f2429aeef39d3b7" member_type: VOTER last_known_addr { host: "127.13.86.132" port: 34385 } attrs { promote: false }, Status: LMP_MISMATCH, Last received: 0.0, Next index: 6, Last known committed idx: 5, Time since last communication: 0.000s
I20260630 12:39:36.318244 17284 consensus_queue.cc:1048] T b1f60845599e4e619101f33b348892ee P 683a300cf835400d99acfb513bc760af [LEADER]: Connected to new peer: Peer: permanent_uuid: "8b7c8a92734d4fbcb3408969e21e6bfd" member_type: VOTER last_known_addr { host: "127.13.86.131" port: 38475 } attrs { replace: true }, Status: LMP_MISMATCH, Last received: 0.0, Next index: 6, Last known committed idx: 5, Time since last communication: 0.000s
I20260630 12:39:36.339681 17285 raft_consensus.cc:2955] T b1f60845599e4e619101f33b348892ee P 683a300cf835400d99acfb513bc760af [term 4 LEADER]: Committing config change with OpId 4.6: config changed from index 5 to 6, ac03405cf884469e9f2429aeef39d3b7 (127.13.86.132) changed from NON_VOTER to VOTER. New config: { opid_index: 6 OBSOLETE_local: false peers { permanent_uuid: "3cc973e9674f457898ca7d892951d7d9" member_type: VOTER last_known_addr { host: "127.13.86.129" port: 41445 } } peers { permanent_uuid: "683a300cf835400d99acfb513bc760af" member_type: VOTER last_known_addr { host: "127.13.86.130" port: 42599 } } peers { permanent_uuid: "8b7c8a92734d4fbcb3408969e21e6bfd" member_type: VOTER last_known_addr { host: "127.13.86.131" port: 38475 } attrs { replace: true } } peers { permanent_uuid: "ac03405cf884469e9f2429aeef39d3b7" member_type: VOTER last_known_addr { host: "127.13.86.132" port: 34385 } attrs { promote: false } } }
I20260630 12:39:36.343214 16650 raft_consensus.cc:2955] T b1f60845599e4e619101f33b348892ee P 3cc973e9674f457898ca7d892951d7d9 [term 4 FOLLOWER]: Committing config change with OpId 4.6: config changed from index 5 to 6, ac03405cf884469e9f2429aeef39d3b7 (127.13.86.132) changed from NON_VOTER to VOTER. New config: { opid_index: 6 OBSOLETE_local: false peers { permanent_uuid: "3cc973e9674f457898ca7d892951d7d9" member_type: VOTER last_known_addr { host: "127.13.86.129" port: 41445 } } peers { permanent_uuid: "683a300cf835400d99acfb513bc760af" member_type: VOTER last_known_addr { host: "127.13.86.130" port: 42599 } } peers { permanent_uuid: "8b7c8a92734d4fbcb3408969e21e6bfd" member_type: VOTER last_known_addr { host: "127.13.86.131" port: 38475 } attrs { replace: true } } peers { permanent_uuid: "ac03405cf884469e9f2429aeef39d3b7" member_type: VOTER last_known_addr { host: "127.13.86.132" port: 34385 } attrs { promote: false } } }
I20260630 12:39:36.343704 16800 raft_consensus.cc:2955] T b1f60845599e4e619101f33b348892ee P 8b7c8a92734d4fbcb3408969e21e6bfd [term 4 FOLLOWER]: Committing config change with OpId 4.6: config changed from index 5 to 6, ac03405cf884469e9f2429aeef39d3b7 (127.13.86.132) changed from NON_VOTER to VOTER. New config: { opid_index: 6 OBSOLETE_local: false peers { permanent_uuid: "3cc973e9674f457898ca7d892951d7d9" member_type: VOTER last_known_addr { host: "127.13.86.129" port: 41445 } } peers { permanent_uuid: "683a300cf835400d99acfb513bc760af" member_type: VOTER last_known_addr { host: "127.13.86.130" port: 42599 } } peers { permanent_uuid: "8b7c8a92734d4fbcb3408969e21e6bfd" member_type: VOTER last_known_addr { host: "127.13.86.131" port: 38475 } attrs { replace: true } } peers { permanent_uuid: "ac03405cf884469e9f2429aeef39d3b7" member_type: VOTER last_known_addr { host: "127.13.86.132" port: 34385 } attrs { promote: false } } }
I20260630 12:39:36.355701 16961 raft_consensus.cc:2955] T b1f60845599e4e619101f33b348892ee P ac03405cf884469e9f2429aeef39d3b7 [term 4 FOLLOWER]: Committing config change with OpId 4.6: config changed from index 5 to 6, ac03405cf884469e9f2429aeef39d3b7 (127.13.86.132) changed from NON_VOTER to VOTER. New config: { opid_index: 6 OBSOLETE_local: false peers { permanent_uuid: "3cc973e9674f457898ca7d892951d7d9" member_type: VOTER last_known_addr { host: "127.13.86.129" port: 41445 } } peers { permanent_uuid: "683a300cf835400d99acfb513bc760af" member_type: VOTER last_known_addr { host: "127.13.86.130" port: 42599 } } peers { permanent_uuid: "8b7c8a92734d4fbcb3408969e21e6bfd" member_type: VOTER last_known_addr { host: "127.13.86.131" port: 38475 } attrs { replace: true } } peers { permanent_uuid: "ac03405cf884469e9f2429aeef39d3b7" member_type: VOTER last_known_addr { host: "127.13.86.132" port: 34385 } attrs { promote: false } } }
I20260630 12:39:36.359889 16546 catalog_manager.cc:5697] T b1f60845599e4e619101f33b348892ee P 3cc973e9674f457898ca7d892951d7d9 reported cstate change: config changed from index 5 to 6, ac03405cf884469e9f2429aeef39d3b7 (127.13.86.132) changed from NON_VOTER to VOTER. New cstate: current_term: 4 leader_uuid: "683a300cf835400d99acfb513bc760af" committed_config { opid_index: 6 OBSOLETE_local: false peers { permanent_uuid: "3cc973e9674f457898ca7d892951d7d9" member_type: VOTER last_known_addr { host: "127.13.86.129" port: 41445 } } peers { permanent_uuid: "683a300cf835400d99acfb513bc760af" member_type: VOTER last_known_addr { host: "127.13.86.130" port: 42599 } } peers { permanent_uuid: "8b7c8a92734d4fbcb3408969e21e6bfd" member_type: VOTER last_known_addr { host: "127.13.86.131" port: 38475 } attrs { replace: true } } peers { permanent_uuid: "ac03405cf884469e9f2429aeef39d3b7" member_type: VOTER last_known_addr { host: "127.13.86.132" port: 34385 } attrs { promote: false } } }
I20260630 12:39:36.380669 16724 consensus_queue.cc:237] T b1f60845599e4e619101f33b348892ee P 683a300cf835400d99acfb513bc760af [LEADER]: Queue going to LEADER mode. State: All replicated index: 0, Majority replicated index: 6, Committed index: 6, Last appended: 4.6, Last appended by leader: 3, Current term: 4, Majority size: 2, State: 0, Mode: LEADER, active raft config: opid_index: 7 OBSOLETE_local: false peers { permanent_uuid: "3cc973e9674f457898ca7d892951d7d9" member_type: VOTER last_known_addr { host: "127.13.86.129" port: 41445 } } peers { permanent_uuid: "683a300cf835400d99acfb513bc760af" member_type: VOTER last_known_addr { host: "127.13.86.130" port: 42599 } } peers { permanent_uuid: "ac03405cf884469e9f2429aeef39d3b7" member_type: VOTER last_known_addr { host: "127.13.86.132" port: 34385 } attrs { promote: false } }
I20260630 12:39:36.385404 16961 raft_consensus.cc:1275] T b1f60845599e4e619101f33b348892ee P ac03405cf884469e9f2429aeef39d3b7 [term 4 FOLLOWER]: Refusing update from remote peer 683a300cf835400d99acfb513bc760af: Log matching property violated. Preceding OpId in replica: term: 4 index: 6. Preceding OpId from leader: term: 4 index: 7. (index mismatch)
I20260630 12:39:36.386022 16650 raft_consensus.cc:1275] T b1f60845599e4e619101f33b348892ee P 3cc973e9674f457898ca7d892951d7d9 [term 4 FOLLOWER]: Refusing update from remote peer 683a300cf835400d99acfb513bc760af: Log matching property violated. Preceding OpId in replica: term: 4 index: 6. Preceding OpId from leader: term: 4 index: 7. (index mismatch)
I20260630 12:39:36.386786 17285 consensus_queue.cc:1048] T b1f60845599e4e619101f33b348892ee P 683a300cf835400d99acfb513bc760af [LEADER]: Connected to new peer: Peer: permanent_uuid: "ac03405cf884469e9f2429aeef39d3b7" member_type: VOTER last_known_addr { host: "127.13.86.132" port: 34385 } attrs { promote: false }, Status: LMP_MISMATCH, Last received: 0.0, Next index: 7, Last known committed idx: 6, Time since last communication: 0.000s
I20260630 12:39:36.387611 17284 consensus_queue.cc:1048] T b1f60845599e4e619101f33b348892ee P 683a300cf835400d99acfb513bc760af [LEADER]: Connected to new peer: Peer: permanent_uuid: "3cc973e9674f457898ca7d892951d7d9" member_type: VOTER last_known_addr { host: "127.13.86.129" port: 41445 }, Status: LMP_MISMATCH, Last received: 0.0, Next index: 7, Last known committed idx: 6, Time since last communication: 0.000s
I20260630 12:39:36.393587 17284 raft_consensus.cc:2955] T b1f60845599e4e619101f33b348892ee P 683a300cf835400d99acfb513bc760af [term 4 LEADER]: Committing config change with OpId 4.7: config changed from index 6 to 7, VOTER 8b7c8a92734d4fbcb3408969e21e6bfd (127.13.86.131) evicted. New config: { opid_index: 7 OBSOLETE_local: false peers { permanent_uuid: "3cc973e9674f457898ca7d892951d7d9" member_type: VOTER last_known_addr { host: "127.13.86.129" port: 41445 } } peers { permanent_uuid: "683a300cf835400d99acfb513bc760af" member_type: VOTER last_known_addr { host: "127.13.86.130" port: 42599 } } peers { permanent_uuid: "ac03405cf884469e9f2429aeef39d3b7" member_type: VOTER last_known_addr { host: "127.13.86.132" port: 34385 } attrs { promote: false } } }
I20260630 12:39:36.395226 16961 raft_consensus.cc:2955] T b1f60845599e4e619101f33b348892ee P ac03405cf884469e9f2429aeef39d3b7 [term 4 FOLLOWER]: Committing config change with OpId 4.7: config changed from index 6 to 7, VOTER 8b7c8a92734d4fbcb3408969e21e6bfd (127.13.86.131) evicted. New config: { opid_index: 7 OBSOLETE_local: false peers { permanent_uuid: "3cc973e9674f457898ca7d892951d7d9" member_type: VOTER last_known_addr { host: "127.13.86.129" port: 41445 } } peers { permanent_uuid: "683a300cf835400d99acfb513bc760af" member_type: VOTER last_known_addr { host: "127.13.86.130" port: 42599 } } peers { permanent_uuid: "ac03405cf884469e9f2429aeef39d3b7" member_type: VOTER last_known_addr { host: "127.13.86.132" port: 34385 } attrs { promote: false } } }
I20260630 12:39:36.395747 16650 raft_consensus.cc:2955] T b1f60845599e4e619101f33b348892ee P 3cc973e9674f457898ca7d892951d7d9 [term 4 FOLLOWER]: Committing config change with OpId 4.7: config changed from index 6 to 7, VOTER 8b7c8a92734d4fbcb3408969e21e6bfd (127.13.86.131) evicted. New config: { opid_index: 7 OBSOLETE_local: false peers { permanent_uuid: "3cc973e9674f457898ca7d892951d7d9" member_type: VOTER last_known_addr { host: "127.13.86.129" port: 41445 } } peers { permanent_uuid: "683a300cf835400d99acfb513bc760af" member_type: VOTER last_known_addr { host: "127.13.86.130" port: 42599 } } peers { permanent_uuid: "ac03405cf884469e9f2429aeef39d3b7" member_type: VOTER last_known_addr { host: "127.13.86.132" port: 34385 } attrs { promote: false } } }
I20260630 12:39:36.403714 16534 catalog_manager.cc:5210] ChangeConfig:REMOVE_PEER RPC for tablet b1f60845599e4e619101f33b348892ee with cas_config_opid_index 6: ChangeConfig:REMOVE_PEER succeeded (attempt 1)
I20260630 12:39:36.409454 16548 catalog_manager.cc:5697] T b1f60845599e4e619101f33b348892ee P 683a300cf835400d99acfb513bc760af reported cstate change: config changed from index 6 to 7, VOTER 8b7c8a92734d4fbcb3408969e21e6bfd (127.13.86.131) evicted. New cstate: current_term: 4 leader_uuid: "683a300cf835400d99acfb513bc760af" committed_config { opid_index: 7 OBSOLETE_local: false peers { permanent_uuid: "3cc973e9674f457898ca7d892951d7d9" member_type: VOTER last_known_addr { host: "127.13.86.129" port: 41445 } health_report { overall_health: HEALTHY } } peers { permanent_uuid: "683a300cf835400d99acfb513bc760af" member_type: VOTER last_known_addr { host: "127.13.86.130" port: 42599 } health_report { overall_health: HEALTHY } } peers { permanent_uuid: "ac03405cf884469e9f2429aeef39d3b7" member_type: VOTER last_known_addr { host: "127.13.86.132" port: 34385 } attrs { promote: false } health_report { overall_health: HEALTHY } } }
I20260630 12:39:36.420080 16787 tablet_service.cc:1558] Processing DeleteTablet for tablet b1f60845599e4e619101f33b348892ee with delete_type TABLET_DATA_TOMBSTONED (TS 8b7c8a92734d4fbcb3408969e21e6bfd not found in new config with opid_index 7) from {username='slave'} at 127.0.0.1:51798
I20260630 12:39:36.423393 17295 tablet_replica.cc:333] T b1f60845599e4e619101f33b348892ee P 8b7c8a92734d4fbcb3408969e21e6bfd: stopping tablet replica
I20260630 12:39:36.424582 17295 raft_consensus.cc:2243] T b1f60845599e4e619101f33b348892ee P 8b7c8a92734d4fbcb3408969e21e6bfd [term 4 FOLLOWER]: Raft consensus shutting down.
I20260630 12:39:36.425573 17295 raft_consensus.cc:2272] T b1f60845599e4e619101f33b348892ee P 8b7c8a92734d4fbcb3408969e21e6bfd [term 4 FOLLOWER]: Raft consensus is shut down!
I20260630 12:39:36.429318 17295 ts_tablet_manager.cc:1916] T b1f60845599e4e619101f33b348892ee P 8b7c8a92734d4fbcb3408969e21e6bfd: Deleting tablet data with delete state TABLET_DATA_TOMBSTONED
I20260630 12:39:36.444492 17295 ts_tablet_manager.cc:1929] T b1f60845599e4e619101f33b348892ee P 8b7c8a92734d4fbcb3408969e21e6bfd: tablet deleted with delete type TABLET_DATA_TOMBSTONED: last-logged OpId 4.6
I20260630 12:39:36.444782 17295 log.cc:1199] T b1f60845599e4e619101f33b348892ee P 8b7c8a92734d4fbcb3408969e21e6bfd: Deleting WAL directory at /tmp/dist-test-taskZVUR_P/test-tmp/auto_rebalancer-test.0.AutoRebalancerTest.RangeAwareRebalancesNewRangeReplicas.1782823082711262-13658-0/minicluster-data/ts-2-root/wals/b1f60845599e4e619101f33b348892ee
I20260630 12:39:36.446115 16532 catalog_manager.cc:5028] TS 8b7c8a92734d4fbcb3408969e21e6bfd (127.13.86.131:38475): tablet b1f60845599e4e619101f33b348892ee (table range_aware_rebalance_new_range [id=bd51da21ebad44ec928f50964222f479]) successfully deleted
I20260630 12:39:36.452142 17277 raft_consensus.cc:1064] T 3e804179f9a54d458929e94bd345da6f P 3cc973e9674f457898ca7d892951d7d9: attempting to promote NON_VOTER ac03405cf884469e9f2429aeef39d3b7 to VOTER
I20260630 12:39:36.454661 17277 consensus_queue.cc:237] T 3e804179f9a54d458929e94bd345da6f P 3cc973e9674f457898ca7d892951d7d9 [LEADER]: Queue going to LEADER mode. State: All replicated index: 0, Majority replicated index: 2, Committed index: 2, Last appended: 1.2, Last appended by leader: 0, Current term: 1, Majority size: 3, State: 0, Mode: LEADER, active raft config: opid_index: 3 OBSOLETE_local: false peers { permanent_uuid: "3cc973e9674f457898ca7d892951d7d9" member_type: VOTER last_known_addr { host: "127.13.86.129" port: 41445 } } peers { permanent_uuid: "8b7c8a92734d4fbcb3408969e21e6bfd" member_type: VOTER last_known_addr { host: "127.13.86.131" port: 38475 } } peers { permanent_uuid: "683a300cf835400d99acfb513bc760af" member_type: VOTER last_known_addr { host: "127.13.86.130" port: 42599 } attrs { replace: true } } peers { permanent_uuid: "ac03405cf884469e9f2429aeef39d3b7" member_type: VOTER last_known_addr { host: "127.13.86.132" port: 34385 } attrs { promote: false } }
I20260630 12:39:36.461947 16961 raft_consensus.cc:1275] T 3e804179f9a54d458929e94bd345da6f P ac03405cf884469e9f2429aeef39d3b7 [term 1 LEARNER]: Refusing update from remote peer 3cc973e9674f457898ca7d892951d7d9: Log matching property violated. Preceding OpId in replica: term: 1 index: 2. Preceding OpId from leader: term: 1 index: 3. (index mismatch)
I20260630 12:39:36.462349 16724 raft_consensus.cc:1275] T 3e804179f9a54d458929e94bd345da6f P 683a300cf835400d99acfb513bc760af [term 1 FOLLOWER]: Refusing update from remote peer 3cc973e9674f457898ca7d892951d7d9: Log matching property violated. Preceding OpId in replica: term: 1 index: 2. Preceding OpId from leader: term: 1 index: 3. (index mismatch)
I20260630 12:39:36.462757 16800 raft_consensus.cc:1275] T 3e804179f9a54d458929e94bd345da6f P 8b7c8a92734d4fbcb3408969e21e6bfd [term 1 FOLLOWER]: Refusing update from remote peer 3cc973e9674f457898ca7d892951d7d9: Log matching property violated. Preceding OpId in replica: term: 1 index: 2. Preceding OpId from leader: term: 1 index: 3. (index mismatch)
I20260630 12:39:36.463747 17298 consensus_queue.cc:1048] T 3e804179f9a54d458929e94bd345da6f P 3cc973e9674f457898ca7d892951d7d9 [LEADER]: Connected to new peer: Peer: permanent_uuid: "683a300cf835400d99acfb513bc760af" member_type: VOTER last_known_addr { host: "127.13.86.130" port: 42599 } attrs { replace: true }, Status: LMP_MISMATCH, Last received: 0.0, Next index: 3, Last known committed idx: 2, Time since last communication: 0.000s
I20260630 12:39:36.469062 17296 consensus_queue.cc:1048] T 3e804179f9a54d458929e94bd345da6f P 3cc973e9674f457898ca7d892951d7d9 [LEADER]: Connected to new peer: Peer: permanent_uuid: "ac03405cf884469e9f2429aeef39d3b7" member_type: VOTER last_known_addr { host: "127.13.86.132" port: 34385 } attrs { promote: false }, Status: LMP_MISMATCH, Last received: 0.0, Next index: 3, Last known committed idx: 2, Time since last communication: 0.000s
I20260630 12:39:36.470865 17277 consensus_queue.cc:1048] T 3e804179f9a54d458929e94bd345da6f P 3cc973e9674f457898ca7d892951d7d9 [LEADER]: Connected to new peer: Peer: permanent_uuid: "8b7c8a92734d4fbcb3408969e21e6bfd" member_type: VOTER last_known_addr { host: "127.13.86.131" port: 38475 }, Status: LMP_MISMATCH, Last received: 0.0, Next index: 3, Last known committed idx: 2, Time since last communication: 0.000s
I20260630 12:39:36.487866 17299 raft_consensus.cc:2955] T 3e804179f9a54d458929e94bd345da6f P 3cc973e9674f457898ca7d892951d7d9 [term 1 LEADER]: Committing config change with OpId 1.3: config changed from index 2 to 3, ac03405cf884469e9f2429aeef39d3b7 (127.13.86.132) changed from NON_VOTER to VOTER. New config: { opid_index: 3 OBSOLETE_local: false peers { permanent_uuid: "3cc973e9674f457898ca7d892951d7d9" member_type: VOTER last_known_addr { host: "127.13.86.129" port: 41445 } } peers { permanent_uuid: "8b7c8a92734d4fbcb3408969e21e6bfd" member_type: VOTER last_known_addr { host: "127.13.86.131" port: 38475 } } peers { permanent_uuid: "683a300cf835400d99acfb513bc760af" member_type: VOTER last_known_addr { host: "127.13.86.130" port: 42599 } attrs { replace: true } } peers { permanent_uuid: "ac03405cf884469e9f2429aeef39d3b7" member_type: VOTER last_known_addr { host: "127.13.86.132" port: 34385 } attrs { promote: false } } }
I20260630 12:39:36.489550 16724 raft_consensus.cc:2955] T 3e804179f9a54d458929e94bd345da6f P 683a300cf835400d99acfb513bc760af [term 1 FOLLOWER]: Committing config change with OpId 1.3: config changed from index 2 to 3, ac03405cf884469e9f2429aeef39d3b7 (127.13.86.132) changed from NON_VOTER to VOTER. New config: { opid_index: 3 OBSOLETE_local: false peers { permanent_uuid: "3cc973e9674f457898ca7d892951d7d9" member_type: VOTER last_known_addr { host: "127.13.86.129" port: 41445 } } peers { permanent_uuid: "8b7c8a92734d4fbcb3408969e21e6bfd" member_type: VOTER last_known_addr { host: "127.13.86.131" port: 38475 } } peers { permanent_uuid: "683a300cf835400d99acfb513bc760af" member_type: VOTER last_known_addr { host: "127.13.86.130" port: 42599 } attrs { replace: true } } peers { permanent_uuid: "ac03405cf884469e9f2429aeef39d3b7" member_type: VOTER last_known_addr { host: "127.13.86.132" port: 34385 } attrs { promote: false } } }
I20260630 12:39:36.493676 16799 raft_consensus.cc:2955] T 3e804179f9a54d458929e94bd345da6f P 8b7c8a92734d4fbcb3408969e21e6bfd [term 1 FOLLOWER]: Committing config change with OpId 1.3: config changed from index 2 to 3, ac03405cf884469e9f2429aeef39d3b7 (127.13.86.132) changed from NON_VOTER to VOTER. New config: { opid_index: 3 OBSOLETE_local: false peers { permanent_uuid: "3cc973e9674f457898ca7d892951d7d9" member_type: VOTER last_known_addr { host: "127.13.86.129" port: 41445 } } peers { permanent_uuid: "8b7c8a92734d4fbcb3408969e21e6bfd" member_type: VOTER last_known_addr { host: "127.13.86.131" port: 38475 } } peers { permanent_uuid: "683a300cf835400d99acfb513bc760af" member_type: VOTER last_known_addr { host: "127.13.86.130" port: 42599 } attrs { replace: true } } peers { permanent_uuid: "ac03405cf884469e9f2429aeef39d3b7" member_type: VOTER last_known_addr { host: "127.13.86.132" port: 34385 } attrs { promote: false } } }
I20260630 12:39:36.505010 16961 raft_consensus.cc:2955] T 3e804179f9a54d458929e94bd345da6f P ac03405cf884469e9f2429aeef39d3b7 [term 1 FOLLOWER]: Committing config change with OpId 1.3: config changed from index 2 to 3, ac03405cf884469e9f2429aeef39d3b7 (127.13.86.132) changed from NON_VOTER to VOTER. New config: { opid_index: 3 OBSOLETE_local: false peers { permanent_uuid: "3cc973e9674f457898ca7d892951d7d9" member_type: VOTER last_known_addr { host: "127.13.86.129" port: 41445 } } peers { permanent_uuid: "8b7c8a92734d4fbcb3408969e21e6bfd" member_type: VOTER last_known_addr { host: "127.13.86.131" port: 38475 } } peers { permanent_uuid: "683a300cf835400d99acfb513bc760af" member_type: VOTER last_known_addr { host: "127.13.86.130" port: 42599 } attrs { replace: true } } peers { permanent_uuid: "ac03405cf884469e9f2429aeef39d3b7" member_type: VOTER last_known_addr { host: "127.13.86.132" port: 34385 } attrs { promote: false } } }
I20260630 12:39:36.510259 16545 catalog_manager.cc:5697] T 3e804179f9a54d458929e94bd345da6f P 683a300cf835400d99acfb513bc760af reported cstate change: config changed from index 2 to 3, ac03405cf884469e9f2429aeef39d3b7 (127.13.86.132) changed from NON_VOTER to VOTER. New cstate: current_term: 1 leader_uuid: "3cc973e9674f457898ca7d892951d7d9" committed_config { opid_index: 3 OBSOLETE_local: false peers { permanent_uuid: "3cc973e9674f457898ca7d892951d7d9" member_type: VOTER last_known_addr { host: "127.13.86.129" port: 41445 } } peers { permanent_uuid: "8b7c8a92734d4fbcb3408969e21e6bfd" member_type: VOTER last_known_addr { host: "127.13.86.131" port: 38475 } } peers { permanent_uuid: "683a300cf835400d99acfb513bc760af" member_type: VOTER last_known_addr { host: "127.13.86.130" port: 42599 } attrs { replace: true } } peers { permanent_uuid: "ac03405cf884469e9f2429aeef39d3b7" member_type: VOTER last_known_addr { host: "127.13.86.132" port: 34385 } attrs { promote: false } } }
I20260630 12:39:36.526234 16650 consensus_queue.cc:237] T 3e804179f9a54d458929e94bd345da6f P 3cc973e9674f457898ca7d892951d7d9 [LEADER]: Queue going to LEADER mode. State: All replicated index: 0, Majority replicated index: 3, Committed index: 3, Last appended: 1.3, Last appended by leader: 0, Current term: 1, Majority size: 2, State: 0, Mode: LEADER, active raft config: opid_index: 4 OBSOLETE_local: false peers { permanent_uuid: "3cc973e9674f457898ca7d892951d7d9" member_type: VOTER last_known_addr { host: "127.13.86.129" port: 41445 } } peers { permanent_uuid: "8b7c8a92734d4fbcb3408969e21e6bfd" member_type: VOTER last_known_addr { host: "127.13.86.131" port: 38475 } } peers { permanent_uuid: "ac03405cf884469e9f2429aeef39d3b7" member_type: VOTER last_known_addr { host: "127.13.86.132" port: 34385 } attrs { promote: false } }
I20260630 12:39:36.531000 16961 raft_consensus.cc:1275] T 3e804179f9a54d458929e94bd345da6f P ac03405cf884469e9f2429aeef39d3b7 [term 1 FOLLOWER]: Refusing update from remote peer 3cc973e9674f457898ca7d892951d7d9: Log matching property violated. Preceding OpId in replica: term: 1 index: 3. Preceding OpId from leader: term: 1 index: 4. (index mismatch)
I20260630 12:39:36.531662 16800 raft_consensus.cc:1275] T 3e804179f9a54d458929e94bd345da6f P 8b7c8a92734d4fbcb3408969e21e6bfd [term 1 FOLLOWER]: Refusing update from remote peer 3cc973e9674f457898ca7d892951d7d9: Log matching property violated. Preceding OpId in replica: term: 1 index: 3. Preceding OpId from leader: term: 1 index: 4. (index mismatch)
