I20260630 12:39:09.272863 18068 log_block_manager.cc:4031] Time spent loading block containers with low live blocks: real 0.000s	user 0.000s	sys 0.000s
I20260630 12:39:09.273638 15614 fs_manager.cc:730] Time spent opening block manager: real 0.002s	user 0.002s	sys 0.000s
I20260630 12:39:09.273967 15614 fs_manager.cc:647] Opened local filesystem: /tmp/dist-test-taskacK8bj/test-tmp/auto_rebalancer-test.0.AutoRebalancerTest.NoReplicaMovesIfNoTablets.1782823077691866-15614-0/minicluster-data/ts-2-root
uuid: "5e13dc26f6944beba641daa31ab94628"
format_stamp: "Formatted at 2026-06-30 12:39:09 on dist-test-slave-2cvz"
I20260630 12:39:09.274349 15614 fs_report.cc:389] FS layout report
--------------------
wal directory: /tmp/dist-test-taskacK8bj/test-tmp/auto_rebalancer-test.0.AutoRebalancerTest.NoReplicaMovesIfNoTablets.1782823077691866-15614-0/minicluster-data/ts-2-root
metadata directory: /tmp/dist-test-taskacK8bj/test-tmp/auto_rebalancer-test.0.AutoRebalancerTest.NoReplicaMovesIfNoTablets.1782823077691866-15614-0/minicluster-data/ts-2-root
1 data directories: /tmp/dist-test-taskacK8bj/test-tmp/auto_rebalancer-test.0.AutoRebalancerTest.NoReplicaMovesIfNoTablets.1782823077691866-15614-0/minicluster-data/ts-2-root/data
Total live blocks: 0
Total live bytes: 0
Total live bytes (after alignment): 0
Total number of LBM containers: 0 (0 full)
Did not check for missing blocks
Did not check for orphaned blocks
Total full LBM containers with extra space: 0 (0 repaired)
Total full LBM container extra space in bytes: 0 (0 repaired)
Total incomplete LBM containers: 0 (0 repaired)
Total LBM partial records: 0 (0 repaired)
Total corrupted LBM metadata records in RocksDB: 0 (0 repaired)
I20260630 12:39:09.326788 15614 rpc_server.cc:225] running with OpenSSL 1.1.1  11 Sep 2018
I20260630 12:39:09.328018 15614 kserver.cc:163] Server-wide thread pool size limit: 3276
I20260630 12:39:09.329458 15614 txn_system_client.cc:432] TxnSystemClient initialization is disabled...
I20260630 12:39:09.331661 15614 ts_tablet_manager.cc:585] Loaded tablet metadata (0 total tablets, 0 live tablets)
I20260630 12:39:09.331893 15614 ts_tablet_manager.cc:531] Time spent load tablet metadata: real 0.000s	user 0.000s	sys 0.000s
I20260630 12:39:09.332134 15614 ts_tablet_manager.cc:616] Registered 0 tablets
I20260630 12:39:09.332314 15614 ts_tablet_manager.cc:595] Time spent register tablets: real 0.000s	user 0.000s	sys 0.000s
I20260630 12:39:09.371539 15614 rpc_server.cc:307] RPC server started. Bound to: 127.15.63.131:38075
I20260630 12:39:09.371644 18130 acceptor_pool.cc:272] collecting diagnostics on the listening RPC socket 127.15.63.131:38075 every 8 connection(s)
I20260630 12:39:09.386148 18131 heartbeater.cc:344] Connected to a master server at 127.15.63.190:43431
I20260630 12:39:09.386477 18131 heartbeater.cc:461] Registering TS with master...
I20260630 12:39:09.387135 18131 heartbeater.cc:507] Master 127.15.63.190:43431 requested a full tablet report, sending...
I20260630 12:39:09.388979 17855 ts_manager.cc:194] Registered new tserver with Master: 5e13dc26f6944beba641daa31ab94628 (127.15.63.131:38075)
I20260630 12:39:09.389729 15614 internal_mini_cluster.cc:371] 3 TS(s) registered with all masters after 0.014842232s
I20260630 12:39:09.390587 17855 master_service.cc:502] Signed X509 certificate for tserver {username='slave'} at 127.0.0.1:49014
I20260630 12:39:10.164213 17982 heartbeater.cc:499] Master 127.15.63.190:43431 was elected leader, sending a full tablet report...
I20260630 12:39:10.266665 18057 heartbeater.cc:499] Master 127.15.63.190:43431 was elected leader, sending a full tablet report...
I20260630 12:39:10.393493 18131 heartbeater.cc:499] Master 127.15.63.190:43431 was elected leader, sending a full tablet report...
I20260630 12:39:10.985410 17908 auto_leader_rebalancer.cc:515] All tables' leader rebalancing finished this round
I20260630 12:39:12.986377 17908 auto_leader_rebalancer.cc:515] All tables' leader rebalancing finished this round
I20260630 12:39:14.987506 17908 auto_leader_rebalancer.cc:515] All tables' leader rebalancing finished this round
I20260630 12:39:16.988583 17908 auto_leader_rebalancer.cc:515] All tables' leader rebalancing finished this round
I20260630 12:39:18.989915 17908 auto_leader_rebalancer.cc:515] All tables' leader rebalancing finished this round
I20260630 12:39:20.991209 17908 auto_leader_rebalancer.cc:515] All tables' leader rebalancing finished this round
I20260630 12:39:21.485437 15614 tablet_server.cc:179] TabletServer@127.15.63.129:0 shutting down...
I20260630 12:39:21.509357 15614 ts_tablet_manager.cc:1507] Shutting down tablet manager...
I20260630 12:39:21.526585 15614 tablet_server.cc:196] TabletServer@127.15.63.129:0 shutdown complete.
I20260630 12:39:21.536177 15614 tablet_server.cc:179] TabletServer@127.15.63.130:0 shutting down...
I20260630 12:39:21.554477 15614 ts_tablet_manager.cc:1507] Shutting down tablet manager...
I20260630 12:39:21.570472 15614 tablet_server.cc:196] TabletServer@127.15.63.130:0 shutdown complete.
I20260630 12:39:21.580297 15614 tablet_server.cc:179] TabletServer@127.15.63.131:0 shutting down...
I20260630 12:39:21.601488 15614 ts_tablet_manager.cc:1507] Shutting down tablet manager...
I20260630 12:39:21.617280 15614 tablet_server.cc:196] TabletServer@127.15.63.131:0 shutdown complete.
I20260630 12:39:21.625993 15614 master.cc:562] Master@127.15.63.190:43431 shutting down...
I20260630 12:39:21.645805 15614 raft_consensus.cc:2243] T 00000000000000000000000000000000 P 1cce815028d24a7994a8d6afbeb72003 [term 1 LEADER]: Raft consensus shutting down.
I20260630 12:39:21.646685 15614 raft_consensus.cc:2272] T 00000000000000000000000000000000 P 1cce815028d24a7994a8d6afbeb72003 [term 1 FOLLOWER]: Raft consensus is shut down!
I20260630 12:39:21.647083 15614 tablet_replica.cc:333] T 00000000000000000000000000000000 P 1cce815028d24a7994a8d6afbeb72003: stopping tablet replica
I20260630 12:39:21.665158 15614 master.cc:584] Master@127.15.63.190:43431 shutdown complete.
[       OK ] AutoRebalancerTest.NoReplicaMovesIfNoTablets (12847 ms)
[ RUN      ] AutoRebalancerTest.RangeAwareBuildClusterInfoGroupsByRange
I20260630 12:39:21.698132 15614 internal_mini_cluster.cc:156] Creating distributed mini masters. Addrs: 127.15.63.190:39557
I20260630 12:39:21.699251 15614 file_cache.cc:492] Constructed file cache file cache with capacity 419430
W20260630 12:39:21.705039 18137 instance_detector.cc:116] could not retrieve Azure instance metadata: Network error: curl error: HTTP response code said error: The requested URL returned error: 404
W20260630 12:39:21.705197 18136 instance_detector.cc:116] could not retrieve AWS instance metadata: Network error: curl error: HTTP response code said error: The requested URL returned error: 404
W20260630 12:39:21.705469 18139 instance_detector.cc:116] could not retrieve OpenStack instance metadata: Network error: curl error: HTTP response code said error: The requested URL returned error: 404
I20260630 12:39:21.706748 15614 server_base.cc:1061] running on GCE node
I20260630 12:39:21.707556 15614 hybrid_clock.cc:584] initializing the hybrid clock with 'system_unsync' time source
W20260630 12:39:21.707760 15614 system_unsync_time.cc:38] NTP support is disabled. Clock error bounds will not be accurate. This configuration is not suitable for distributed clusters.
I20260630 12:39:21.707916 15614 hybrid_clock.cc:648] HybridClock initialized: now 1782823161707896 us; error 0 us; skew 500 ppm
I20260630 12:39:21.708375 15614 server_base.cc:861] Flag tcmalloc_max_total_thread_cache_bytes is not working since tcmalloc is not enabled.
I20260630 12:39:21.710608 15614 webserver.cc:533] Webserver started at http://127.15.63.190:38555/ using document root <none> and password file <none>
I20260630 12:39:21.711082 15614 fs_manager.cc:362] Metadata directory not provided
I20260630 12:39:21.711282 15614 fs_manager.cc:368] Using write-ahead log directory (fs_wal_dir) as metadata directory
I20260630 12:39:21.711556 15614 server_base.cc:909] This appears to be a new deployment of Kudu; creating new FS layout
I20260630 12:39:21.712688 15614 fs_manager.cc:1068] Generated new instance metadata in path /tmp/dist-test-taskacK8bj/test-tmp/auto_rebalancer-test.0.AutoRebalancerTest.RangeAwareBuildClusterInfoGroupsByRange.1782823077691866-15614-0/minicluster-data/master-0-root/instance:
uuid: "4caf893fcf9c47bcb0b696813be539ad"
format_stamp: "Formatted at 2026-06-30 12:39:21 on dist-test-slave-2cvz"
I20260630 12:39:21.716980 15614 fs_manager.cc:696] Time spent creating directory manager: real 0.004s	user 0.003s	sys 0.003s
I20260630 12:39:21.720134 18144 log_block_manager.cc:4031] Time spent loading block containers with low live blocks: real 0.000s	user 0.000s	sys 0.000s
I20260630 12:39:21.720855 15614 fs_manager.cc:730] Time spent opening block manager: real 0.002s	user 0.000s	sys 0.002s
I20260630 12:39:21.721112 15614 fs_manager.cc:647] Opened local filesystem: /tmp/dist-test-taskacK8bj/test-tmp/auto_rebalancer-test.0.AutoRebalancerTest.RangeAwareBuildClusterInfoGroupsByRange.1782823077691866-15614-0/minicluster-data/master-0-root
uuid: "4caf893fcf9c47bcb0b696813be539ad"
format_stamp: "Formatted at 2026-06-30 12:39:21 on dist-test-slave-2cvz"
I20260630 12:39:21.721380 15614 fs_report.cc:389] FS layout report
--------------------
wal directory: /tmp/dist-test-taskacK8bj/test-tmp/auto_rebalancer-test.0.AutoRebalancerTest.RangeAwareBuildClusterInfoGroupsByRange.1782823077691866-15614-0/minicluster-data/master-0-root
metadata directory: /tmp/dist-test-taskacK8bj/test-tmp/auto_rebalancer-test.0.AutoRebalancerTest.RangeAwareBuildClusterInfoGroupsByRange.1782823077691866-15614-0/minicluster-data/master-0-root
1 data directories: /tmp/dist-test-taskacK8bj/test-tmp/auto_rebalancer-test.0.AutoRebalancerTest.RangeAwareBuildClusterInfoGroupsByRange.1782823077691866-15614-0/minicluster-data/master-0-root/data
Total live blocks: 0
Total live bytes: 0
Total live bytes (after alignment): 0
Total number of LBM containers: 0 (0 full)
Did not check for missing blocks
Did not check for orphaned blocks
Total full LBM containers with extra space: 0 (0 repaired)
Total full LBM container extra space in bytes: 0 (0 repaired)
Total incomplete LBM containers: 0 (0 repaired)
Total LBM partial records: 0 (0 repaired)
Total corrupted LBM metadata records in RocksDB: 0 (0 repaired)
I20260630 12:39:21.731961 15614 rpc_server.cc:225] running with OpenSSL 1.1.1  11 Sep 2018
I20260630 12:39:21.733073 15614 kserver.cc:163] Server-wide thread pool size limit: 3276
I20260630 12:39:21.773389 15614 rpc_server.cc:307] RPC server started. Bound to: 127.15.63.190:39557
I20260630 12:39:21.773483 18195 acceptor_pool.cc:272] collecting diagnostics on the listening RPC socket 127.15.63.190:39557 every 8 connection(s)
I20260630 12:39:21.777571 18196 data_dirs.cc:400] Could only allocate 1 dirs of requested 3 for tablet 00000000000000000000000000000000. 1 dirs total, 0 dirs full, 0 dirs failed
I20260630 12:39:21.788576 18196 tablet_bootstrap.cc:492] T 00000000000000000000000000000000 P 4caf893fcf9c47bcb0b696813be539ad: Bootstrap starting.
I20260630 12:39:21.793095 18196 tablet_bootstrap.cc:654] T 00000000000000000000000000000000 P 4caf893fcf9c47bcb0b696813be539ad: Neither blocks nor log segments found. Creating new log.
I20260630 12:39:21.797114 18196 tablet_bootstrap.cc:492] T 00000000000000000000000000000000 P 4caf893fcf9c47bcb0b696813be539ad: No bootstrap required, opened a new log
I20260630 12:39:21.799271 18196 raft_consensus.cc:359] T 00000000000000000000000000000000 P 4caf893fcf9c47bcb0b696813be539ad [term 0 FOLLOWER]: Replica starting. Triggering 0 pending ops. Active config: opid_index: -1 OBSOLETE_local: true peers { permanent_uuid: "4caf893fcf9c47bcb0b696813be539ad" member_type: VOTER }
I20260630 12:39:21.799722 18196 raft_consensus.cc:385] T 00000000000000000000000000000000 P 4caf893fcf9c47bcb0b696813be539ad [term 0 FOLLOWER]: Consensus starting up: Expiring failure detector timer to make a prompt election more likely
I20260630 12:39:21.799952 18196 raft_consensus.cc:740] T 00000000000000000000000000000000 P 4caf893fcf9c47bcb0b696813be539ad [term 0 FOLLOWER]: Becoming Follower/Learner. State: Replica: 4caf893fcf9c47bcb0b696813be539ad, State: Initialized, Role: FOLLOWER
I20260630 12:39:21.800562 18196 consensus_queue.cc:260] T 00000000000000000000000000000000 P 4caf893fcf9c47bcb0b696813be539ad [NON_LEADER]: Queue going to NON_LEADER mode. State: All replicated index: 0, Majority replicated index: 0, Committed index: 0, Last appended: 0.0, Last appended by leader: 0, Current term: 0, Majority size: -1, State: 0, Mode: NON_LEADER, active raft config: opid_index: -1 OBSOLETE_local: true peers { permanent_uuid: "4caf893fcf9c47bcb0b696813be539ad" member_type: VOTER }
I20260630 12:39:21.801045 18196 raft_consensus.cc:399] T 00000000000000000000000000000000 P 4caf893fcf9c47bcb0b696813be539ad [term 0 FOLLOWER]: Only one voter in the Raft config. Triggering election immediately
I20260630 12:39:21.801272 18196 raft_consensus.cc:493] T 00000000000000000000000000000000 P 4caf893fcf9c47bcb0b696813be539ad [term 0 FOLLOWER]: Starting leader election (initial election of a single-replica configuration)
I20260630 12:39:21.801550 18196 raft_consensus.cc:3060] T 00000000000000000000000000000000 P 4caf893fcf9c47bcb0b696813be539ad [term 0 FOLLOWER]: Advancing to term 1
I20260630 12:39:21.805835 18196 raft_consensus.cc:515] T 00000000000000000000000000000000 P 4caf893fcf9c47bcb0b696813be539ad [term 1 FOLLOWER]: Starting leader election with config: opid_index: -1 OBSOLETE_local: true peers { permanent_uuid: "4caf893fcf9c47bcb0b696813be539ad" member_type: VOTER }
I20260630 12:39:21.806422 18196 leader_election.cc:304] T 00000000000000000000000000000000 P 4caf893fcf9c47bcb0b696813be539ad [CANDIDATE]: Term 1 election: Election decided. Result: candidate won. Election summary: received 1 responses out of 1 voters: 1 yes votes; 0 no votes. yes voters: 4caf893fcf9c47bcb0b696813be539ad; no voters: 
I20260630 12:39:21.807488 18196 leader_election.cc:290] T 00000000000000000000000000000000 P 4caf893fcf9c47bcb0b696813be539ad [CANDIDATE]: Term 1 election: Requested vote from peers 
I20260630 12:39:21.807790 18199 raft_consensus.cc:2804] T 00000000000000000000000000000000 P 4caf893fcf9c47bcb0b696813be539ad [term 1 FOLLOWER]: Leader election won for term 1
I20260630 12:39:21.809067 18199 raft_consensus.cc:697] T 00000000000000000000000000000000 P 4caf893fcf9c47bcb0b696813be539ad [term 1 LEADER]: Becoming Leader. State: Replica: 4caf893fcf9c47bcb0b696813be539ad, State: Running, Role: LEADER
I20260630 12:39:21.809731 18199 consensus_queue.cc:237] T 00000000000000000000000000000000 P 4caf893fcf9c47bcb0b696813be539ad [LEADER]: Queue going to LEADER mode. State: All replicated index: 0, Majority replicated index: 0, Committed index: 0, Last appended: 0.0, Last appended by leader: 0, Current term: 1, Majority size: 1, State: 0, Mode: LEADER, active raft config: opid_index: -1 OBSOLETE_local: true peers { permanent_uuid: "4caf893fcf9c47bcb0b696813be539ad" member_type: VOTER }
I20260630 12:39:21.810472 18196 sys_catalog.cc:565] T 00000000000000000000000000000000 P 4caf893fcf9c47bcb0b696813be539ad [sys.catalog]: configured and running, proceeding with master startup.
I20260630 12:39:21.812686 18201 sys_catalog.cc:455] T 00000000000000000000000000000000 P 4caf893fcf9c47bcb0b696813be539ad [sys.catalog]: SysCatalogTable state changed. Reason: New leader 4caf893fcf9c47bcb0b696813be539ad. Latest consensus state: current_term: 1 leader_uuid: "4caf893fcf9c47bcb0b696813be539ad" committed_config { opid_index: -1 OBSOLETE_local: true peers { permanent_uuid: "4caf893fcf9c47bcb0b696813be539ad" member_type: VOTER } }
I20260630 12:39:21.812652 18200 sys_catalog.cc:455] T 00000000000000000000000000000000 P 4caf893fcf9c47bcb0b696813be539ad [sys.catalog]: SysCatalogTable state changed. Reason: RaftConsensus started. Latest consensus state: current_term: 1 leader_uuid: "4caf893fcf9c47bcb0b696813be539ad" committed_config { opid_index: -1 OBSOLETE_local: true peers { permanent_uuid: "4caf893fcf9c47bcb0b696813be539ad" member_type: VOTER } }
I20260630 12:39:21.813473 18200 sys_catalog.cc:458] T 00000000000000000000000000000000 P 4caf893fcf9c47bcb0b696813be539ad [sys.catalog]: This master's current role is: LEADER
I20260630 12:39:21.813407 18201 sys_catalog.cc:458] T 00000000000000000000000000000000 P 4caf893fcf9c47bcb0b696813be539ad [sys.catalog]: This master's current role is: LEADER
I20260630 12:39:21.816524 18206 catalog_manager.cc:1511] Loading table and tablet metadata into memory...
I20260630 12:39:21.821517 18206 catalog_manager.cc:1520] Initializing Kudu cluster ID...
I20260630 12:39:21.825838 15614 internal_mini_cluster.cc:184] Waiting to initialize catalog manager on master 0
I20260630 12:39:21.830972 18206 catalog_manager.cc:1383] Generated new cluster ID: 050715fc025e4101b9286c567fd3a9d8
I20260630 12:39:21.831228 18206 catalog_manager.cc:1531] Initializing Kudu internal certificate authority...
I20260630 12:39:21.856101 18206 catalog_manager.cc:1406] Generated new certificate authority record
I20260630 12:39:21.857347 18206 catalog_manager.cc:1540] Loading token signing keys...
I20260630 12:39:21.884569 18206 catalog_manager.cc:6070] T 00000000000000000000000000000000 P 4caf893fcf9c47bcb0b696813be539ad: Generated new TSK 0
I20260630 12:39:21.885166 18206 catalog_manager.cc:1550] Initializing in-progress tserver states...
I20260630 12:39:21.892083 15614 file_cache.cc:492] Constructed file cache file cache with capacity 419430
W20260630 12:39:21.898831 18217 instance_detector.cc:116] could not retrieve AWS instance metadata: Network error: curl error: HTTP response code said error: The requested URL returned error: 404
W20260630 12:39:21.899626 18218 instance_detector.cc:116] could not retrieve Azure instance metadata: Network error: curl error: HTTP response code said error: The requested URL returned error: 404
W20260630 12:39:21.902998 18220 instance_detector.cc:116] could not retrieve OpenStack instance metadata: Network error: curl error: HTTP response code said error: The requested URL returned error: 404
I20260630 12:39:21.903456 15614 server_base.cc:1061] running on GCE node
I20260630 12:39:21.904599 15614 hybrid_clock.cc:584] initializing the hybrid clock with 'system_unsync' time source
W20260630 12:39:21.904796 15614 system_unsync_time.cc:38] NTP support is disabled. Clock error bounds will not be accurate. This configuration is not suitable for distributed clusters.
I20260630 12:39:21.904989 15614 hybrid_clock.cc:648] HybridClock initialized: now 1782823161904952 us; error 0 us; skew 500 ppm
I20260630 12:39:21.905507 15614 server_base.cc:861] Flag tcmalloc_max_total_thread_cache_bytes is not working since tcmalloc is not enabled.
I20260630 12:39:21.907727 15614 webserver.cc:533] Webserver started at http://127.15.63.129:39891/ using document root <none> and password file <none>
I20260630 12:39:21.908201 15614 fs_manager.cc:362] Metadata directory not provided
I20260630 12:39:21.908392 15614 fs_manager.cc:368] Using write-ahead log directory (fs_wal_dir) as metadata directory
I20260630 12:39:21.908670 15614 server_base.cc:909] This appears to be a new deployment of Kudu; creating new FS layout
I20260630 12:39:21.909768 15614 fs_manager.cc:1068] Generated new instance metadata in path /tmp/dist-test-taskacK8bj/test-tmp/auto_rebalancer-test.0.AutoRebalancerTest.RangeAwareBuildClusterInfoGroupsByRange.1782823077691866-15614-0/minicluster-data/ts-0-root/instance:
uuid: "d45a564ce5ea4808b3f7e12628182412"
format_stamp: "Formatted at 2026-06-30 12:39:21 on dist-test-slave-2cvz"
I20260630 12:39:21.914270 15614 fs_manager.cc:696] Time spent creating directory manager: real 0.004s	user 0.003s	sys 0.001s
I20260630 12:39:21.917560 18225 log_block_manager.cc:4031] Time spent loading block containers with low live blocks: real 0.000s	user 0.000s	sys 0.000s
I20260630 12:39:21.918339 15614 fs_manager.cc:730] Time spent opening block manager: real 0.002s	user 0.000s	sys 0.003s
I20260630 12:39:21.918622 15614 fs_manager.cc:647] Opened local filesystem: /tmp/dist-test-taskacK8bj/test-tmp/auto_rebalancer-test.0.AutoRebalancerTest.RangeAwareBuildClusterInfoGroupsByRange.1782823077691866-15614-0/minicluster-data/ts-0-root
uuid: "d45a564ce5ea4808b3f7e12628182412"
format_stamp: "Formatted at 2026-06-30 12:39:21 on dist-test-slave-2cvz"
I20260630 12:39:21.918892 15614 fs_report.cc:389] FS layout report
--------------------
wal directory: /tmp/dist-test-taskacK8bj/test-tmp/auto_rebalancer-test.0.AutoRebalancerTest.RangeAwareBuildClusterInfoGroupsByRange.1782823077691866-15614-0/minicluster-data/ts-0-root
metadata directory: /tmp/dist-test-taskacK8bj/test-tmp/auto_rebalancer-test.0.AutoRebalancerTest.RangeAwareBuildClusterInfoGroupsByRange.1782823077691866-15614-0/minicluster-data/ts-0-root
1 data directories: /tmp/dist-test-taskacK8bj/test-tmp/auto_rebalancer-test.0.AutoRebalancerTest.RangeAwareBuildClusterInfoGroupsByRange.1782823077691866-15614-0/minicluster-data/ts-0-root/data
Total live blocks: 0
Total live bytes: 0
Total live bytes (after alignment): 0
Total number of LBM containers: 0 (0 full)
Did not check for missing blocks
Did not check for orphaned blocks
Total full LBM containers with extra space: 0 (0 repaired)
Total full LBM container extra space in bytes: 0 (0 repaired)
Total incomplete LBM containers: 0 (0 repaired)
Total LBM partial records: 0 (0 repaired)
Total corrupted LBM metadata records in RocksDB: 0 (0 repaired)
I20260630 12:39:21.935948 15614 rpc_server.cc:225] running with OpenSSL 1.1.1  11 Sep 2018
I20260630 12:39:21.937207 15614 kserver.cc:163] Server-wide thread pool size limit: 3276
I20260630 12:39:21.938742 15614 txn_system_client.cc:432] TxnSystemClient initialization is disabled...
I20260630 12:39:21.941093 15614 ts_tablet_manager.cc:585] Loaded tablet metadata (0 total tablets, 0 live tablets)
I20260630 12:39:21.941270 15614 ts_tablet_manager.cc:531] Time spent load tablet metadata: real 0.000s	user 0.000s	sys 0.000s
I20260630 12:39:21.941577 15614 ts_tablet_manager.cc:616] Registered 0 tablets
I20260630 12:39:21.941751 15614 ts_tablet_manager.cc:595] Time spent register tablets: real 0.000s	user 0.000s	sys 0.000s
I20260630 12:39:21.980437 15614 rpc_server.cc:307] RPC server started. Bound to: 127.15.63.129:45561
I20260630 12:39:21.980566 18287 acceptor_pool.cc:272] collecting diagnostics on the listening RPC socket 127.15.63.129:45561 every 8 connection(s)
I20260630 12:39:21.985256 15614 file_cache.cc:492] Constructed file cache file cache with capacity 419430
W20260630 12:39:21.992997 18292 instance_detector.cc:116] could not retrieve AWS instance metadata: Network error: curl error: HTTP response code said error: The requested URL returned error: 404
W20260630 12:39:21.993475 18293 instance_detector.cc:116] could not retrieve Azure instance metadata: Network error: curl error: HTTP response code said error: The requested URL returned error: 404
I20260630 12:39:21.998139 15614 server_base.cc:1061] running on GCE node
W20260630 12:39:21.998178 18295 instance_detector.cc:116] could not retrieve OpenStack instance metadata: Network error: curl error: HTTP response code said error: The requested URL returned error: 404
I20260630 12:39:21.999161 15614 hybrid_clock.cc:584] initializing the hybrid clock with 'system_unsync' time source
W20260630 12:39:21.999388 15614 system_unsync_time.cc:38] NTP support is disabled. Clock error bounds will not be accurate. This configuration is not suitable for distributed clusters.
I20260630 12:39:21.999552 15614 hybrid_clock.cc:648] HybridClock initialized: now 1782823161999538 us; error 0 us; skew 500 ppm
I20260630 12:39:22.000228 15614 server_base.cc:861] Flag tcmalloc_max_total_thread_cache_bytes is not working since tcmalloc is not enabled.
I20260630 12:39:22.002988 15614 webserver.cc:533] Webserver started at http://127.15.63.130:39383/ using document root <none> and password file <none>
I20260630 12:39:22.003552 15614 fs_manager.cc:362] Metadata directory not provided
I20260630 12:39:22.003674 18288 heartbeater.cc:344] Connected to a master server at 127.15.63.190:39557
I20260630 12:39:22.003794 15614 fs_manager.cc:368] Using write-ahead log directory (fs_wal_dir) as metadata directory
I20260630 12:39:22.004120 18288 heartbeater.cc:461] Registering TS with master...
I20260630 12:39:22.004181 15614 server_base.cc:909] This appears to be a new deployment of Kudu; creating new FS layout
I20260630 12:39:22.005149 18288 heartbeater.cc:507] Master 127.15.63.190:39557 requested a full tablet report, sending...
I20260630 12:39:22.005877 15614 fs_manager.cc:1068] Generated new instance metadata in path /tmp/dist-test-taskacK8bj/test-tmp/auto_rebalancer-test.0.AutoRebalancerTest.RangeAwareBuildClusterInfoGroupsByRange.1782823077691866-15614-0/minicluster-data/ts-1-root/instance:
uuid: "62ffb3f9b63a4478a05054aedf4a49b6"
format_stamp: "Formatted at 2026-06-30 12:39:22 on dist-test-slave-2cvz"
I20260630 12:39:22.007468 18161 ts_manager.cc:194] Registered new tserver with Master: d45a564ce5ea4808b3f7e12628182412 (127.15.63.129:45561)
I20260630 12:39:22.009263 18161 master_service.cc:502] Signed X509 certificate for tserver {username='slave'} at 127.0.0.1:49136
I20260630 12:39:22.010951 15614 fs_manager.cc:696] Time spent creating directory manager: real 0.004s	user 0.004s	sys 0.000s
I20260630 12:39:22.014427 18300 log_block_manager.cc:4031] Time spent loading block containers with low live blocks: real 0.000s	user 0.000s	sys 0.000s
I20260630 12:39:22.015142 15614 fs_manager.cc:730] Time spent opening block manager: real 0.002s	user 0.003s	sys 0.000s
I20260630 12:39:22.015429 15614 fs_manager.cc:647] Opened local filesystem: /tmp/dist-test-taskacK8bj/test-tmp/auto_rebalancer-test.0.AutoRebalancerTest.RangeAwareBuildClusterInfoGroupsByRange.1782823077691866-15614-0/minicluster-data/ts-1-root
uuid: "62ffb3f9b63a4478a05054aedf4a49b6"
format_stamp: "Formatted at 2026-06-30 12:39:22 on dist-test-slave-2cvz"
I20260630 12:39:22.015714 15614 fs_report.cc:389] FS layout report
--------------------
wal directory: /tmp/dist-test-taskacK8bj/test-tmp/auto_rebalancer-test.0.AutoRebalancerTest.RangeAwareBuildClusterInfoGroupsByRange.1782823077691866-15614-0/minicluster-data/ts-1-root
metadata directory: /tmp/dist-test-taskacK8bj/test-tmp/auto_rebalancer-test.0.AutoRebalancerTest.RangeAwareBuildClusterInfoGroupsByRange.1782823077691866-15614-0/minicluster-data/ts-1-root
1 data directories: /tmp/dist-test-taskacK8bj/test-tmp/auto_rebalancer-test.0.AutoRebalancerTest.RangeAwareBuildClusterInfoGroupsByRange.1782823077691866-15614-0/minicluster-data/ts-1-root/data
Total live blocks: 0
Total live bytes: 0
Total live bytes (after alignment): 0
Total number of LBM containers: 0 (0 full)
Did not check for missing blocks
Did not check for orphaned blocks
Total full LBM containers with extra space: 0 (0 repaired)
Total full LBM container extra space in bytes: 0 (0 repaired)
Total incomplete LBM containers: 0 (0 repaired)
Total LBM partial records: 0 (0 repaired)
Total corrupted LBM metadata records in RocksDB: 0 (0 repaired)
I20260630 12:39:22.034632 15614 rpc_server.cc:225] running with OpenSSL 1.1.1  11 Sep 2018
I20260630 12:39:22.035760 15614 kserver.cc:163] Server-wide thread pool size limit: 3276
I20260630 12:39:22.037202 15614 txn_system_client.cc:432] TxnSystemClient initialization is disabled...
I20260630 12:39:22.039368 15614 ts_tablet_manager.cc:585] Loaded tablet metadata (0 total tablets, 0 live tablets)
I20260630 12:39:22.039601 15614 ts_tablet_manager.cc:531] Time spent load tablet metadata: real 0.000s	user 0.000s	sys 0.000s
I20260630 12:39:22.039862 15614 ts_tablet_manager.cc:616] Registered 0 tablets
I20260630 12:39:22.040037 15614 ts_tablet_manager.cc:595] Time spent register tablets: real 0.000s	user 0.000s	sys 0.000s
I20260630 12:39:22.078979 15614 rpc_server.cc:307] RPC server started. Bound to: 127.15.63.130:36863
I20260630 12:39:22.079104 18362 acceptor_pool.cc:272] collecting diagnostics on the listening RPC socket 127.15.63.130:36863 every 8 connection(s)
I20260630 12:39:22.083683 15614 file_cache.cc:492] Constructed file cache file cache with capacity 419430
W20260630 12:39:22.090770 18366 instance_detector.cc:116] could not retrieve AWS instance metadata: Network error: curl error: HTTP response code said error: The requested URL returned error: 404
W20260630 12:39:22.091373 18367 instance_detector.cc:116] could not retrieve Azure instance metadata: Network error: curl error: HTTP response code said error: The requested URL returned error: 404
W20260630 12:39:22.094318 18369 instance_detector.cc:116] could not retrieve OpenStack instance metadata: Network error: curl error: HTTP response code said error: The requested URL returned error: 404
I20260630 12:39:22.095081 15614 server_base.cc:1061] running on GCE node
I20260630 12:39:22.096072 15614 hybrid_clock.cc:584] initializing the hybrid clock with 'system_unsync' time source
W20260630 12:39:22.096297 15614 system_unsync_time.cc:38] NTP support is disabled. Clock error bounds will not be accurate. This configuration is not suitable for distributed clusters.
I20260630 12:39:22.096504 15614 hybrid_clock.cc:648] HybridClock initialized: now 1782823162096486 us; error 0 us; skew 500 ppm
I20260630 12:39:22.096596 18363 heartbeater.cc:344] Connected to a master server at 127.15.63.190:39557
I20260630 12:39:22.097013 18363 heartbeater.cc:461] Registering TS with master...
I20260630 12:39:22.097134 15614 server_base.cc:861] Flag tcmalloc_max_total_thread_cache_bytes is not working since tcmalloc is not enabled.
I20260630 12:39:22.097755 18363 heartbeater.cc:507] Master 127.15.63.190:39557 requested a full tablet report, sending...
I20260630 12:39:22.099823 18161 ts_manager.cc:194] Registered new tserver with Master: 62ffb3f9b63a4478a05054aedf4a49b6 (127.15.63.130:36863)
I20260630 12:39:22.099967 15614 webserver.cc:533] Webserver started at http://127.15.63.131:45323/ using document root <none> and password file <none>
I20260630 12:39:22.100544 15614 fs_manager.cc:362] Metadata directory not provided
I20260630 12:39:22.100729 15614 fs_manager.cc:368] Using write-ahead log directory (fs_wal_dir) as metadata directory
I20260630 12:39:22.101027 15614 server_base.cc:909] This appears to be a new deployment of Kudu; creating new FS layout
I20260630 12:39:22.101383 18161 master_service.cc:502] Signed X509 certificate for tserver {username='slave'} at 127.0.0.1:49150
I20260630 12:39:22.102377 15614 fs_manager.cc:1068] Generated new instance metadata in path /tmp/dist-test-taskacK8bj/test-tmp/auto_rebalancer-test.0.AutoRebalancerTest.RangeAwareBuildClusterInfoGroupsByRange.1782823077691866-15614-0/minicluster-data/ts-2-root/instance:
uuid: "90330400edea42d096f3f96f64a76ad7"
format_stamp: "Formatted at 2026-06-30 12:39:22 on dist-test-slave-2cvz"
I20260630 12:39:22.106560 15614 fs_manager.cc:696] Time spent creating directory manager: real 0.004s	user 0.002s	sys 0.001s
I20260630 12:39:22.109499 18374 log_block_manager.cc:4031] Time spent loading block containers with low live blocks: real 0.000s	user 0.000s	sys 0.000s
I20260630 12:39:22.110212 15614 fs_manager.cc:730] Time spent opening block manager: real 0.002s	user 0.002s	sys 0.001s
I20260630 12:39:22.110520 15614 fs_manager.cc:647] Opened local filesystem: /tmp/dist-test-taskacK8bj/test-tmp/auto_rebalancer-test.0.AutoRebalancerTest.RangeAwareBuildClusterInfoGroupsByRange.1782823077691866-15614-0/minicluster-data/ts-2-root
uuid: "90330400edea42d096f3f96f64a76ad7"
format_stamp: "Formatted at 2026-06-30 12:39:22 on dist-test-slave-2cvz"
I20260630 12:39:22.110792 15614 fs_report.cc:389] FS layout report
--------------------
wal directory: /tmp/dist-test-taskacK8bj/test-tmp/auto_rebalancer-test.0.AutoRebalancerTest.RangeAwareBuildClusterInfoGroupsByRange.1782823077691866-15614-0/minicluster-data/ts-2-root
metadata directory: /tmp/dist-test-taskacK8bj/test-tmp/auto_rebalancer-test.0.AutoRebalancerTest.RangeAwareBuildClusterInfoGroupsByRange.1782823077691866-15614-0/minicluster-data/ts-2-root
1 data directories: /tmp/dist-test-taskacK8bj/test-tmp/auto_rebalancer-test.0.AutoRebalancerTest.RangeAwareBuildClusterInfoGroupsByRange.1782823077691866-15614-0/minicluster-data/ts-2-root/data
Total live blocks: 0
Total live bytes: 0
Total live bytes (after alignment): 0
Total number of LBM containers: 0 (0 full)
Did not check for missing blocks
Did not check for orphaned blocks
Total full LBM containers with extra space: 0 (0 repaired)
Total full LBM container extra space in bytes: 0 (0 repaired)
Total incomplete LBM containers: 0 (0 repaired)
Total LBM partial records: 0 (0 repaired)
Total corrupted LBM metadata records in RocksDB: 0 (0 repaired)
I20260630 12:39:22.130684 15614 rpc_server.cc:225] running with OpenSSL 1.1.1  11 Sep 2018
I20260630 12:39:22.131807 15614 kserver.cc:163] Server-wide thread pool size limit: 3276
I20260630 12:39:22.133183 15614 txn_system_client.cc:432] TxnSystemClient initialization is disabled...
I20260630 12:39:22.135398 15614 ts_tablet_manager.cc:585] Loaded tablet metadata (0 total tablets, 0 live tablets)
I20260630 12:39:22.135623 15614 ts_tablet_manager.cc:531] Time spent load tablet metadata: real 0.000s	user 0.000s	sys 0.000s
I20260630 12:39:22.135859 15614 ts_tablet_manager.cc:616] Registered 0 tablets
I20260630 12:39:22.136029 15614 ts_tablet_manager.cc:595] Time spent register tablets: real 0.000s	user 0.000s	sys 0.000s
I20260630 12:39:22.174500 15614 rpc_server.cc:307] RPC server started. Bound to: 127.15.63.131:33005
I20260630 12:39:22.174599 18436 acceptor_pool.cc:272] collecting diagnostics on the listening RPC socket 127.15.63.131:33005 every 8 connection(s)
I20260630 12:39:22.189702 18437 heartbeater.cc:344] Connected to a master server at 127.15.63.190:39557
I20260630 12:39:22.190340 18437 heartbeater.cc:461] Registering TS with master...
I20260630 12:39:22.191460 18437 heartbeater.cc:507] Master 127.15.63.190:39557 requested a full tablet report, sending...
I20260630 12:39:22.287012 18161 ts_manager.cc:194] Registered new tserver with Master: 90330400edea42d096f3f96f64a76ad7 (127.15.63.131:33005)
I20260630 12:39:22.287952 15614 internal_mini_cluster.cc:371] 3 TS(s) registered with all masters after 0.11017598s
I20260630 12:39:22.288944 18161 master_service.cc:502] Signed X509 certificate for tserver {username='slave'} at 127.0.0.1:49160
I20260630 12:39:23.012116 18288 heartbeater.cc:499] Master 127.15.63.190:39557 was elected leader, sending a full tablet report...
I20260630 12:39:23.103695 18363 heartbeater.cc:499] Master 127.15.63.190:39557 was elected leader, sending a full tablet report...
I20260630 12:39:23.292006 18437 heartbeater.cc:499] Master 127.15.63.190:39557 was elected leader, sending a full tablet report...
W20260630 12:39:23.337533 18284 debug-util.cc:398] Leaking SignalData structure 0x7b080022e700 after lost signal to thread 15617
W20260630 12:39:23.339821 18284 debug-util.cc:398] Leaking SignalData structure 0x7b080009a1a0 after lost signal to thread 18287
W20260630 12:39:23.340948 18284 debug-util.cc:398] Leaking SignalData structure 0x7b080009aa40 after lost signal to thread 18362
W20260630 12:39:23.341976 18284 debug-util.cc:398] Leaking SignalData structure 0x7b080016d2a0 after lost signal to thread 18436
I20260630 12:39:23.348801 18161 catalog_manager.cc:2283] Servicing CreateTable request from {username='slave'} at 127.0.0.1:49166:
name: "range_aware_auto_rebalancer_test"
schema {
  columns {
    name: "key"
    type: INT32
    is_key: true
    is_nullable: false
    encoding: AUTO_ENCODING
    compression: DEFAULT_COMPRESSION
    cfile_block_size: 0
    immutable: false
  }
}
num_replicas: 3
split_rows_range_bounds {
  rows: "\006\001\000\000\000\000\007\001\n\000\000\000\006\001\n\000\000\000\007\001\024\000\000\000""\006\001\000\000\000\000\007\001\n\000\000\000\006\001\n\000\000\000\007\001\024\000\000\000"
  indirect_data: """"
}
partition_schema {
  hash_schema {
    columns {
      name: "key"
    }
    num_buckets: 2
    seed: 0
  }
  range_schema {
    columns {
      name: "key"
    }
  }
}
W20260630 12:39:23.352522 18161 catalog_manager.cc:7077] The number of live tablet servers is not enough to re-replicate a tablet replica of the newly created table range_aware_auto_rebalancer_test in case of a server failure: 4 tablet servers would be needed, 3 are available. Consider bringing up more tablet servers.
I20260630 12:39:23.444674 18253 tablet_service.cc:1511] Processing CreateTablet for tablet 965647fecca34b1abe0aa1ac10968e02 (DEFAULT_TABLE table=range_aware_auto_rebalancer_test [id=ed64173b52584ff18f47305c48a8508c]), partition=HASH (key) PARTITION 0, RANGE (key) PARTITION 0 <= VALUES < 10
I20260630 12:39:23.446220 18253 data_dirs.cc:400] Could only allocate 1 dirs of requested 3 for tablet 965647fecca34b1abe0aa1ac10968e02. 1 dirs total, 0 dirs full, 0 dirs failed
I20260630 12:39:23.448989 18402 tablet_service.cc:1511] Processing CreateTablet for tablet 965647fecca34b1abe0aa1ac10968e02 (DEFAULT_TABLE table=range_aware_auto_rebalancer_test [id=ed64173b52584ff18f47305c48a8508c]), partition=HASH (key) PARTITION 0, RANGE (key) PARTITION 0 <= VALUES < 10
I20260630 12:39:23.449076 18328 tablet_service.cc:1511] Processing CreateTablet for tablet 965647fecca34b1abe0aa1ac10968e02 (DEFAULT_TABLE table=range_aware_auto_rebalancer_test [id=ed64173b52584ff18f47305c48a8508c]), partition=HASH (key) PARTITION 0, RANGE (key) PARTITION 0 <= VALUES < 10
I20260630 12:39:23.450531 18402 data_dirs.cc:400] Could only allocate 1 dirs of requested 3 for tablet 965647fecca34b1abe0aa1ac10968e02. 1 dirs total, 0 dirs full, 0 dirs failed
I20260630 12:39:23.450677 18328 data_dirs.cc:400] Could only allocate 1 dirs of requested 3 for tablet 965647fecca34b1abe0aa1ac10968e02. 1 dirs total, 0 dirs full, 0 dirs failed
I20260630 12:39:23.450883 18252 tablet_service.cc:1511] Processing CreateTablet for tablet 2f602cb56af64356919c0fdcfa85aba6 (DEFAULT_TABLE table=range_aware_auto_rebalancer_test [id=ed64173b52584ff18f47305c48a8508c]), partition=HASH (key) PARTITION 0, RANGE (key) PARTITION 10 <= VALUES < 20
I20260630 12:39:23.452231 18252 data_dirs.cc:400] Could only allocate 1 dirs of requested 3 for tablet 2f602cb56af64356919c0fdcfa85aba6. 1 dirs total, 0 dirs full, 0 dirs failed
I20260630 12:39:23.454965 18251 tablet_service.cc:1511] Processing CreateTablet for tablet 2f50f575fe92459f988d153f4e8a95e6 (DEFAULT_TABLE table=range_aware_auto_rebalancer_test [id=ed64173b52584ff18f47305c48a8508c]), partition=HASH (key) PARTITION 1, RANGE (key) PARTITION 0 <= VALUES < 10
I20260630 12:39:23.455101 18327 tablet_service.cc:1511] Processing CreateTablet for tablet 2f602cb56af64356919c0fdcfa85aba6 (DEFAULT_TABLE table=range_aware_auto_rebalancer_test [id=ed64173b52584ff18f47305c48a8508c]), partition=HASH (key) PARTITION 0, RANGE (key) PARTITION 10 <= VALUES < 20
I20260630 12:39:23.455915 18399 tablet_service.cc:1511] Processing CreateTablet for tablet 29421e3efe2c4edcb99f9b43d8a8e2c9 (DEFAULT_TABLE table=range_aware_auto_rebalancer_test [id=ed64173b52584ff18f47305c48a8508c]), partition=HASH (key) PARTITION 1, RANGE (key) PARTITION 10 <= VALUES < 20
I20260630 12:39:23.456408 18251 data_dirs.cc:400] Could only allocate 1 dirs of requested 3 for tablet 2f50f575fe92459f988d153f4e8a95e6. 1 dirs total, 0 dirs full, 0 dirs failed
I20260630 12:39:23.456508 18327 data_dirs.cc:400] Could only allocate 1 dirs of requested 3 for tablet 2f602cb56af64356919c0fdcfa85aba6. 1 dirs total, 0 dirs full, 0 dirs failed
I20260630 12:39:23.458258 18399 data_dirs.cc:400] Could only allocate 1 dirs of requested 3 for tablet 29421e3efe2c4edcb99f9b43d8a8e2c9. 1 dirs total, 0 dirs full, 0 dirs failed
I20260630 12:39:23.459017 18250 tablet_service.cc:1511] Processing CreateTablet for tablet 29421e3efe2c4edcb99f9b43d8a8e2c9 (DEFAULT_TABLE table=range_aware_auto_rebalancer_test [id=ed64173b52584ff18f47305c48a8508c]), partition=HASH (key) PARTITION 1, RANGE (key) PARTITION 10 <= VALUES < 20
I20260630 12:39:23.459105 18400 tablet_service.cc:1511] Processing CreateTablet for tablet 2f50f575fe92459f988d153f4e8a95e6 (DEFAULT_TABLE table=range_aware_auto_rebalancer_test [id=ed64173b52584ff18f47305c48a8508c]), partition=HASH (key) PARTITION 1, RANGE (key) PARTITION 0 <= VALUES < 10
I20260630 12:39:23.460379 18250 data_dirs.cc:400] Could only allocate 1 dirs of requested 3 for tablet 29421e3efe2c4edcb99f9b43d8a8e2c9. 1 dirs total, 0 dirs full, 0 dirs failed
I20260630 12:39:23.460530 18400 data_dirs.cc:400] Could only allocate 1 dirs of requested 3 for tablet 2f50f575fe92459f988d153f4e8a95e6. 1 dirs total, 0 dirs full, 0 dirs failed
I20260630 12:39:23.454965 18401 tablet_service.cc:1511] Processing CreateTablet for tablet 2f602cb56af64356919c0fdcfa85aba6 (DEFAULT_TABLE table=range_aware_auto_rebalancer_test [id=ed64173b52584ff18f47305c48a8508c]), partition=HASH (key) PARTITION 0, RANGE (key) PARTITION 10 <= VALUES < 20
I20260630 12:39:23.463080 18326 tablet_service.cc:1511] Processing CreateTablet for tablet 2f50f575fe92459f988d153f4e8a95e6 (DEFAULT_TABLE table=range_aware_auto_rebalancer_test [id=ed64173b52584ff18f47305c48a8508c]), partition=HASH (key) PARTITION 1, RANGE (key) PARTITION 0 <= VALUES < 10
I20260630 12:39:23.463593 18401 data_dirs.cc:400] Could only allocate 1 dirs of requested 3 for tablet 2f602cb56af64356919c0fdcfa85aba6. 1 dirs total, 0 dirs full, 0 dirs failed
I20260630 12:39:23.464459 18326 data_dirs.cc:400] Could only allocate 1 dirs of requested 3 for tablet 2f50f575fe92459f988d153f4e8a95e6. 1 dirs total, 0 dirs full, 0 dirs failed
I20260630 12:39:23.467075 18325 tablet_service.cc:1511] Processing CreateTablet for tablet 29421e3efe2c4edcb99f9b43d8a8e2c9 (DEFAULT_TABLE table=range_aware_auto_rebalancer_test [id=ed64173b52584ff18f47305c48a8508c]), partition=HASH (key) PARTITION 1, RANGE (key) PARTITION 10 <= VALUES < 20
I20260630 12:39:23.468427 18325 data_dirs.cc:400] Could only allocate 1 dirs of requested 3 for tablet 29421e3efe2c4edcb99f9b43d8a8e2c9. 1 dirs total, 0 dirs full, 0 dirs failed
I20260630 12:39:23.503322 18457 tablet_bootstrap.cc:492] T 29421e3efe2c4edcb99f9b43d8a8e2c9 P 90330400edea42d096f3f96f64a76ad7: Bootstrap starting.
I20260630 12:39:23.509968 18457 tablet_bootstrap.cc:654] T 29421e3efe2c4edcb99f9b43d8a8e2c9 P 90330400edea42d096f3f96f64a76ad7: Neither blocks nor log segments found. Creating new log.
I20260630 12:39:23.553104 18459 tablet_bootstrap.cc:492] T 2f50f575fe92459f988d153f4e8a95e6 P 62ffb3f9b63a4478a05054aedf4a49b6: Bootstrap starting.
I20260630 12:39:23.553320 18458 tablet_bootstrap.cc:492] T 29421e3efe2c4edcb99f9b43d8a8e2c9 P d45a564ce5ea4808b3f7e12628182412: Bootstrap starting.
I20260630 12:39:23.553839 18457 tablet_bootstrap.cc:492] T 29421e3efe2c4edcb99f9b43d8a8e2c9 P 90330400edea42d096f3f96f64a76ad7: No bootstrap required, opened a new log
I20260630 12:39:23.554432 18457 ts_tablet_manager.cc:1403] T 29421e3efe2c4edcb99f9b43d8a8e2c9 P 90330400edea42d096f3f96f64a76ad7: Time spent bootstrapping tablet: real 0.053s	user 0.009s	sys 0.006s
I20260630 12:39:23.557456 18457 raft_consensus.cc:359] T 29421e3efe2c4edcb99f9b43d8a8e2c9 P 90330400edea42d096f3f96f64a76ad7 [term 0 FOLLOWER]: Replica starting. Triggering 0 pending ops. Active config: opid_index: -1 OBSOLETE_local: false peers { permanent_uuid: "d45a564ce5ea4808b3f7e12628182412" member_type: VOTER last_known_addr { host: "127.15.63.129" port: 45561 } } peers { permanent_uuid: "62ffb3f9b63a4478a05054aedf4a49b6" member_type: VOTER last_known_addr { host: "127.15.63.130" port: 36863 } } peers { permanent_uuid: "90330400edea42d096f3f96f64a76ad7" member_type: VOTER last_known_addr { host: "127.15.63.131" port: 33005 } }
I20260630 12:39:23.558291 18457 raft_consensus.cc:385] T 29421e3efe2c4edcb99f9b43d8a8e2c9 P 90330400edea42d096f3f96f64a76ad7 [term 0 FOLLOWER]: Consensus starting up: Expiring failure detector timer to make a prompt election more likely
I20260630 12:39:23.558683 18457 raft_consensus.cc:740] T 29421e3efe2c4edcb99f9b43d8a8e2c9 P 90330400edea42d096f3f96f64a76ad7 [term 0 FOLLOWER]: Becoming Follower/Learner. State: Replica: 90330400edea42d096f3f96f64a76ad7, State: Initialized, Role: FOLLOWER
I20260630 12:39:23.559571 18457 consensus_queue.cc:260] T 29421e3efe2c4edcb99f9b43d8a8e2c9 P 90330400edea42d096f3f96f64a76ad7 [NON_LEADER]: Queue going to NON_LEADER mode. State: All replicated index: 0, Majority replicated index: 0, Committed index: 0, Last appended: 0.0, Last appended by leader: 0, Current term: 0, Majority size: -1, State: 0, Mode: NON_LEADER, active raft config: opid_index: -1 OBSOLETE_local: false peers { permanent_uuid: "d45a564ce5ea4808b3f7e12628182412" member_type: VOTER last_known_addr { host: "127.15.63.129" port: 45561 } } peers { permanent_uuid: "62ffb3f9b63a4478a05054aedf4a49b6" member_type: VOTER last_known_addr { host: "127.15.63.130" port: 36863 } } peers { permanent_uuid: "90330400edea42d096f3f96f64a76ad7" member_type: VOTER last_known_addr { host: "127.15.63.131" port: 33005 } }
I20260630 12:39:23.560710 18458 tablet_bootstrap.cc:654] T 29421e3efe2c4edcb99f9b43d8a8e2c9 P d45a564ce5ea4808b3f7e12628182412: Neither blocks nor log segments found. Creating new log.
I20260630 12:39:23.560727 18459 tablet_bootstrap.cc:654] T 2f50f575fe92459f988d153f4e8a95e6 P 62ffb3f9b63a4478a05054aedf4a49b6: Neither blocks nor log segments found. Creating new log.
I20260630 12:39:23.566500 18457 ts_tablet_manager.cc:1434] T 29421e3efe2c4edcb99f9b43d8a8e2c9 P 90330400edea42d096f3f96f64a76ad7: Time spent starting tablet: real 0.012s	user 0.006s	sys 0.004s
I20260630 12:39:23.570179 18458 tablet_bootstrap.cc:492] T 29421e3efe2c4edcb99f9b43d8a8e2c9 P d45a564ce5ea4808b3f7e12628182412: No bootstrap required, opened a new log
I20260630 12:39:23.570649 18458 ts_tablet_manager.cc:1403] T 29421e3efe2c4edcb99f9b43d8a8e2c9 P d45a564ce5ea4808b3f7e12628182412: Time spent bootstrapping tablet: real 0.018s	user 0.008s	sys 0.008s
I20260630 12:39:23.573601 18458 raft_consensus.cc:359] T 29421e3efe2c4edcb99f9b43d8a8e2c9 P d45a564ce5ea4808b3f7e12628182412 [term 0 FOLLOWER]: Replica starting. Triggering 0 pending ops. Active config: opid_index: -1 OBSOLETE_local: false peers { permanent_uuid: "d45a564ce5ea4808b3f7e12628182412" member_type: VOTER last_known_addr { host: "127.15.63.129" port: 45561 } } peers { permanent_uuid: "62ffb3f9b63a4478a05054aedf4a49b6" member_type: VOTER last_known_addr { host: "127.15.63.130" port: 36863 } } peers { permanent_uuid: "90330400edea42d096f3f96f64a76ad7" member_type: VOTER last_known_addr { host: "127.15.63.131" port: 33005 } }
I20260630 12:39:23.574522 18458 raft_consensus.cc:385] T 29421e3efe2c4edcb99f9b43d8a8e2c9 P d45a564ce5ea4808b3f7e12628182412 [term 0 FOLLOWER]: Consensus starting up: Expiring failure detector timer to make a prompt election more likely
I20260630 12:39:23.576786 18458 raft_consensus.cc:740] T 29421e3efe2c4edcb99f9b43d8a8e2c9 P d45a564ce5ea4808b3f7e12628182412 [term 0 FOLLOWER]: Becoming Follower/Learner. State: Replica: d45a564ce5ea4808b3f7e12628182412, State: Initialized, Role: FOLLOWER
I20260630 12:39:23.576129 18457 tablet_bootstrap.cc:492] T 965647fecca34b1abe0aa1ac10968e02 P 90330400edea42d096f3f96f64a76ad7: Bootstrap starting.
I20260630 12:39:23.578307 18458 consensus_queue.cc:260] T 29421e3efe2c4edcb99f9b43d8a8e2c9 P d45a564ce5ea4808b3f7e12628182412 [NON_LEADER]: Queue going to NON_LEADER mode. State: All replicated index: 0, Majority replicated index: 0, Committed index: 0, Last appended: 0.0, Last appended by leader: 0, Current term: 0, Majority size: -1, State: 0, Mode: NON_LEADER, active raft config: opid_index: -1 OBSOLETE_local: false peers { permanent_uuid: "d45a564ce5ea4808b3f7e12628182412" member_type: VOTER last_known_addr { host: "127.15.63.129" port: 45561 } } peers { permanent_uuid: "62ffb3f9b63a4478a05054aedf4a49b6" member_type: VOTER last_known_addr { host: "127.15.63.130" port: 36863 } } peers { permanent_uuid: "90330400edea42d096f3f96f64a76ad7" member_type: VOTER last_known_addr { host: "127.15.63.131" port: 33005 } }
I20260630 12:39:23.582616 18459 tablet_bootstrap.cc:492] T 2f50f575fe92459f988d153f4e8a95e6 P 62ffb3f9b63a4478a05054aedf4a49b6: No bootstrap required, opened a new log
I20260630 12:39:23.583204 18459 ts_tablet_manager.cc:1403] T 2f50f575fe92459f988d153f4e8a95e6 P 62ffb3f9b63a4478a05054aedf4a49b6: Time spent bootstrapping tablet: real 0.031s	user 0.010s	sys 0.014s
I20260630 12:39:23.586071 18457 tablet_bootstrap.cc:654] T 965647fecca34b1abe0aa1ac10968e02 P 90330400edea42d096f3f96f64a76ad7: Neither blocks nor log segments found. Creating new log.
I20260630 12:39:23.586488 18459 raft_consensus.cc:359] T 2f50f575fe92459f988d153f4e8a95e6 P 62ffb3f9b63a4478a05054aedf4a49b6 [term 0 FOLLOWER]: Replica starting. Triggering 0 pending ops. Active config: opid_index: -1 OBSOLETE_local: false peers { permanent_uuid: "d45a564ce5ea4808b3f7e12628182412" member_type: VOTER last_known_addr { host: "127.15.63.129" port: 45561 } } peers { permanent_uuid: "62ffb3f9b63a4478a05054aedf4a49b6" member_type: VOTER last_known_addr { host: "127.15.63.130" port: 36863 } } peers { permanent_uuid: "90330400edea42d096f3f96f64a76ad7" member_type: VOTER last_known_addr { host: "127.15.63.131" port: 33005 } }
I20260630 12:39:23.587349 18459 raft_consensus.cc:385] T 2f50f575fe92459f988d153f4e8a95e6 P 62ffb3f9b63a4478a05054aedf4a49b6 [term 0 FOLLOWER]: Consensus starting up: Expiring failure detector timer to make a prompt election more likely
I20260630 12:39:23.587466 18458 ts_tablet_manager.cc:1434] T 29421e3efe2c4edcb99f9b43d8a8e2c9 P d45a564ce5ea4808b3f7e12628182412: Time spent starting tablet: real 0.017s	user 0.008s	sys 0.005s
