I20260630 12:39:32.462841 18829 consensus_queue.cc:260] T a7e73e18ff1b4ef29415ef724180a3b1 P 11a36860970942f68d109eb9d4098ee4 [NON_LEADER]: Queue going to NON_LEADER mode. State: All replicated index: 0, Majority replicated index: 0, Committed index: 0, Last appended: 0.0, Last appended by leader: 0, Current term: 0, Majority size: -1, State: 0, Mode: NON_LEADER, active raft config: opid_index: -1 OBSOLETE_local: false peers { permanent_uuid: "b499b351c90a4bd7a1ef367e3e3b2b73" member_type: VOTER last_known_addr { host: "127.15.63.129" port: 40351 } } peers { permanent_uuid: "11a36860970942f68d109eb9d4098ee4" member_type: VOTER last_known_addr { host: "127.15.63.130" port: 34811 } } peers { permanent_uuid: "c2bfe6b4555f4e23a6328d91e88d1c80" member_type: VOTER last_known_addr { host: "127.15.63.131" port: 42415 } }
I20260630 12:39:32.464010 18828 tablet_bootstrap.cc:654] T 348bca8b021140e4a1b304a7d6f47d68 P c2bfe6b4555f4e23a6328d91e88d1c80: Neither blocks nor log segments found. Creating new log.
I20260630 12:39:32.466578 18825 ts_tablet_manager.cc:1434] T a7e73e18ff1b4ef29415ef724180a3b1 P b499b351c90a4bd7a1ef367e3e3b2b73: Time spent starting tablet: real 0.009s	user 0.006s	sys 0.001s
I20260630 12:39:32.466817 18829 ts_tablet_manager.cc:1434] T a7e73e18ff1b4ef29415ef724180a3b1 P 11a36860970942f68d109eb9d4098ee4: Time spent starting tablet: real 0.008s	user 0.006s	sys 0.000s
I20260630 12:39:32.467687 18829 tablet_bootstrap.cc:492] T 071e48ae11794c4a95a7d28068ce4152 P 11a36860970942f68d109eb9d4098ee4: Bootstrap starting.
I20260630 12:39:32.467692 18825 tablet_bootstrap.cc:492] T c34928dc9494434ea93527c91ee1c69d P b499b351c90a4bd7a1ef367e3e3b2b73: Bootstrap starting.
I20260630 12:39:32.474507 18829 tablet_bootstrap.cc:654] T 071e48ae11794c4a95a7d28068ce4152 P 11a36860970942f68d109eb9d4098ee4: Neither blocks nor log segments found. Creating new log.
I20260630 12:39:32.474507 18825 tablet_bootstrap.cc:654] T c34928dc9494434ea93527c91ee1c69d P b499b351c90a4bd7a1ef367e3e3b2b73: Neither blocks nor log segments found. Creating new log.
I20260630 12:39:32.475486 18828 tablet_bootstrap.cc:492] T 348bca8b021140e4a1b304a7d6f47d68 P c2bfe6b4555f4e23a6328d91e88d1c80: No bootstrap required, opened a new log
I20260630 12:39:32.475997 18828 ts_tablet_manager.cc:1403] T 348bca8b021140e4a1b304a7d6f47d68 P c2bfe6b4555f4e23a6328d91e88d1c80: Time spent bootstrapping tablet: real 0.018s	user 0.016s	sys 0.000s
I20260630 12:39:32.478807 18828 raft_consensus.cc:359] T 348bca8b021140e4a1b304a7d6f47d68 P c2bfe6b4555f4e23a6328d91e88d1c80 [term 0 FOLLOWER]: Replica starting. Triggering 0 pending ops. Active config: opid_index: -1 OBSOLETE_local: false peers { permanent_uuid: "b499b351c90a4bd7a1ef367e3e3b2b73" member_type: VOTER last_known_addr { host: "127.15.63.129" port: 40351 } } peers { permanent_uuid: "11a36860970942f68d109eb9d4098ee4" member_type: VOTER last_known_addr { host: "127.15.63.130" port: 34811 } } peers { permanent_uuid: "c2bfe6b4555f4e23a6328d91e88d1c80" member_type: VOTER last_known_addr { host: "127.15.63.131" port: 42415 } }
I20260630 12:39:32.479508 18828 raft_consensus.cc:385] T 348bca8b021140e4a1b304a7d6f47d68 P c2bfe6b4555f4e23a6328d91e88d1c80 [term 0 FOLLOWER]: Consensus starting up: Expiring failure detector timer to make a prompt election more likely
I20260630 12:39:32.479800 18828 raft_consensus.cc:740] T 348bca8b021140e4a1b304a7d6f47d68 P c2bfe6b4555f4e23a6328d91e88d1c80 [term 0 FOLLOWER]: Becoming Follower/Learner. State: Replica: c2bfe6b4555f4e23a6328d91e88d1c80, State: Initialized, Role: FOLLOWER
I20260630 12:39:32.480733 18828 consensus_queue.cc:260] T 348bca8b021140e4a1b304a7d6f47d68 P c2bfe6b4555f4e23a6328d91e88d1c80 [NON_LEADER]: Queue going to NON_LEADER mode. State: All replicated index: 0, Majority replicated index: 0, Committed index: 0, Last appended: 0.0, Last appended by leader: 0, Current term: 0, Majority size: -1, State: 0, Mode: NON_LEADER, active raft config: opid_index: -1 OBSOLETE_local: false peers { permanent_uuid: "b499b351c90a4bd7a1ef367e3e3b2b73" member_type: VOTER last_known_addr { host: "127.15.63.129" port: 40351 } } peers { permanent_uuid: "11a36860970942f68d109eb9d4098ee4" member_type: VOTER last_known_addr { host: "127.15.63.130" port: 34811 } } peers { permanent_uuid: "c2bfe6b4555f4e23a6328d91e88d1c80" member_type: VOTER last_known_addr { host: "127.15.63.131" port: 42415 } }
I20260630 12:39:32.483168 18828 ts_tablet_manager.cc:1434] T 348bca8b021140e4a1b304a7d6f47d68 P c2bfe6b4555f4e23a6328d91e88d1c80: Time spent starting tablet: real 0.007s	user 0.006s	sys 0.001s
I20260630 12:39:32.484143 18828 tablet_bootstrap.cc:492] T c34928dc9494434ea93527c91ee1c69d P c2bfe6b4555f4e23a6328d91e88d1c80: Bootstrap starting.
I20260630 12:39:32.492643 18828 tablet_bootstrap.cc:654] T c34928dc9494434ea93527c91ee1c69d P c2bfe6b4555f4e23a6328d91e88d1c80: Neither blocks nor log segments found. Creating new log.
I20260630 12:39:32.506505 18825 tablet_bootstrap.cc:492] T c34928dc9494434ea93527c91ee1c69d P b499b351c90a4bd7a1ef367e3e3b2b73: No bootstrap required, opened a new log
I20260630 12:39:32.506953 18825 ts_tablet_manager.cc:1403] T c34928dc9494434ea93527c91ee1c69d P b499b351c90a4bd7a1ef367e3e3b2b73: Time spent bootstrapping tablet: real 0.039s	user 0.024s	sys 0.013s
I20260630 12:39:32.508095 18828 tablet_bootstrap.cc:492] T c34928dc9494434ea93527c91ee1c69d P c2bfe6b4555f4e23a6328d91e88d1c80: No bootstrap required, opened a new log
I20260630 12:39:32.508538 18828 ts_tablet_manager.cc:1403] T c34928dc9494434ea93527c91ee1c69d P c2bfe6b4555f4e23a6328d91e88d1c80: Time spent bootstrapping tablet: real 0.025s	user 0.012s	sys 0.008s
I20260630 12:39:32.508595 18829 tablet_bootstrap.cc:492] T 071e48ae11794c4a95a7d28068ce4152 P 11a36860970942f68d109eb9d4098ee4: No bootstrap required, opened a new log
I20260630 12:39:32.509078 18829 ts_tablet_manager.cc:1403] T 071e48ae11794c4a95a7d28068ce4152 P 11a36860970942f68d109eb9d4098ee4: Time spent bootstrapping tablet: real 0.042s	user 0.014s	sys 0.024s
I20260630 12:39:32.509744 18825 raft_consensus.cc:359] T c34928dc9494434ea93527c91ee1c69d P b499b351c90a4bd7a1ef367e3e3b2b73 [term 0 FOLLOWER]: Replica starting. Triggering 0 pending ops. Active config: opid_index: -1 OBSOLETE_local: false peers { permanent_uuid: "b499b351c90a4bd7a1ef367e3e3b2b73" member_type: VOTER last_known_addr { host: "127.15.63.129" port: 40351 } } peers { permanent_uuid: "11a36860970942f68d109eb9d4098ee4" member_type: VOTER last_known_addr { host: "127.15.63.130" port: 34811 } } peers { permanent_uuid: "c2bfe6b4555f4e23a6328d91e88d1c80" member_type: VOTER last_known_addr { host: "127.15.63.131" port: 42415 } }
I20260630 12:39:32.510525 18825 raft_consensus.cc:385] T c34928dc9494434ea93527c91ee1c69d P b499b351c90a4bd7a1ef367e3e3b2b73 [term 0 FOLLOWER]: Consensus starting up: Expiring failure detector timer to make a prompt election more likely
I20260630 12:39:32.510828 18825 raft_consensus.cc:740] T c34928dc9494434ea93527c91ee1c69d P b499b351c90a4bd7a1ef367e3e3b2b73 [term 0 FOLLOWER]: Becoming Follower/Learner. State: Replica: b499b351c90a4bd7a1ef367e3e3b2b73, State: Initialized, Role: FOLLOWER
I20260630 12:39:32.510906 18828 raft_consensus.cc:359] T c34928dc9494434ea93527c91ee1c69d P c2bfe6b4555f4e23a6328d91e88d1c80 [term 0 FOLLOWER]: Replica starting. Triggering 0 pending ops. Active config: opid_index: -1 OBSOLETE_local: false peers { permanent_uuid: "b499b351c90a4bd7a1ef367e3e3b2b73" member_type: VOTER last_known_addr { host: "127.15.63.129" port: 40351 } } peers { permanent_uuid: "11a36860970942f68d109eb9d4098ee4" member_type: VOTER last_known_addr { host: "127.15.63.130" port: 34811 } } peers { permanent_uuid: "c2bfe6b4555f4e23a6328d91e88d1c80" member_type: VOTER last_known_addr { host: "127.15.63.131" port: 42415 } }
I20260630 12:39:32.511541 18828 raft_consensus.cc:385] T c34928dc9494434ea93527c91ee1c69d P c2bfe6b4555f4e23a6328d91e88d1c80 [term 0 FOLLOWER]: Consensus starting up: Expiring failure detector timer to make a prompt election more likely
I20260630 12:39:32.511713 18827 raft_consensus.cc:493] T 6436091f847a4662bb029bb440f734c3 P b499b351c90a4bd7a1ef367e3e3b2b73 [term 0 FOLLOWER]: Starting pre-election (no leader contacted us within the election timeout)
I20260630 12:39:32.511950 18828 raft_consensus.cc:740] T c34928dc9494434ea93527c91ee1c69d P c2bfe6b4555f4e23a6328d91e88d1c80 [term 0 FOLLOWER]: Becoming Follower/Learner. State: Replica: c2bfe6b4555f4e23a6328d91e88d1c80, State: Initialized, Role: FOLLOWER
I20260630 12:39:32.511595 18825 consensus_queue.cc:260] T c34928dc9494434ea93527c91ee1c69d P b499b351c90a4bd7a1ef367e3e3b2b73 [NON_LEADER]: Queue going to NON_LEADER mode. State: All replicated index: 0, Majority replicated index: 0, Committed index: 0, Last appended: 0.0, Last appended by leader: 0, Current term: 0, Majority size: -1, State: 0, Mode: NON_LEADER, active raft config: opid_index: -1 OBSOLETE_local: false peers { permanent_uuid: "b499b351c90a4bd7a1ef367e3e3b2b73" member_type: VOTER last_known_addr { host: "127.15.63.129" port: 40351 } } peers { permanent_uuid: "11a36860970942f68d109eb9d4098ee4" member_type: VOTER last_known_addr { host: "127.15.63.130" port: 34811 } } peers { permanent_uuid: "c2bfe6b4555f4e23a6328d91e88d1c80" member_type: VOTER last_known_addr { host: "127.15.63.131" port: 42415 } }
I20260630 12:39:32.512059 18829 raft_consensus.cc:359] T 071e48ae11794c4a95a7d28068ce4152 P 11a36860970942f68d109eb9d4098ee4 [term 0 FOLLOWER]: Replica starting. Triggering 0 pending ops. Active config: opid_index: -1 OBSOLETE_local: false peers { permanent_uuid: "b499b351c90a4bd7a1ef367e3e3b2b73" member_type: VOTER last_known_addr { host: "127.15.63.129" port: 40351 } } peers { permanent_uuid: "11a36860970942f68d109eb9d4098ee4" member_type: VOTER last_known_addr { host: "127.15.63.130" port: 34811 } } peers { permanent_uuid: "c2bfe6b4555f4e23a6328d91e88d1c80" member_type: VOTER last_known_addr { host: "127.15.63.131" port: 42415 } }
I20260630 12:39:32.512362 18827 raft_consensus.cc:515] T 6436091f847a4662bb029bb440f734c3 P b499b351c90a4bd7a1ef367e3e3b2b73 [term 0 FOLLOWER]: Starting pre-election with config: opid_index: -1 OBSOLETE_local: false peers { permanent_uuid: "b499b351c90a4bd7a1ef367e3e3b2b73" member_type: VOTER last_known_addr { host: "127.15.63.129" port: 40351 } } peers { permanent_uuid: "11a36860970942f68d109eb9d4098ee4" member_type: VOTER last_known_addr { host: "127.15.63.130" port: 34811 } } peers { permanent_uuid: "c2bfe6b4555f4e23a6328d91e88d1c80" member_type: VOTER last_known_addr { host: "127.15.63.131" port: 42415 } }
I20260630 12:39:32.512868 18829 raft_consensus.cc:385] T 071e48ae11794c4a95a7d28068ce4152 P 11a36860970942f68d109eb9d4098ee4 [term 0 FOLLOWER]: Consensus starting up: Expiring failure detector timer to make a prompt election more likely
I20260630 12:39:32.517411 18780 tablet_service.cc:1917] Received RequestConsensusVote() RPC: tablet_id: "6436091f847a4662bb029bb440f734c3" candidate_uuid: "b499b351c90a4bd7a1ef367e3e3b2b73" candidate_term: 1 candidate_status { last_received { term: 0 index: 0 } } ignore_live_leader: false dest_uuid: "c2bfe6b4555f4e23a6328d91e88d1c80" is_pre_election: true
I20260630 12:39:32.515717 18825 ts_tablet_manager.cc:1434] T c34928dc9494434ea93527c91ee1c69d P b499b351c90a4bd7a1ef367e3e3b2b73: Time spent starting tablet: real 0.008s	user 0.004s	sys 0.003s
I20260630 12:39:32.518257 18829 raft_consensus.cc:740] T 071e48ae11794c4a95a7d28068ce4152 P 11a36860970942f68d109eb9d4098ee4 [term 0 FOLLOWER]: Becoming Follower/Learner. State: Replica: 11a36860970942f68d109eb9d4098ee4, State: Initialized, Role: FOLLOWER
I20260630 12:39:32.517674 18706 tablet_service.cc:1917] Received RequestConsensusVote() RPC: tablet_id: "6436091f847a4662bb029bb440f734c3" candidate_uuid: "b499b351c90a4bd7a1ef367e3e3b2b73" candidate_term: 1 candidate_status { last_received { term: 0 index: 0 } } ignore_live_leader: false dest_uuid: "11a36860970942f68d109eb9d4098ee4" is_pre_election: true
I20260630 12:39:32.523226 18825 tablet_bootstrap.cc:492] T 5c1015b0eda54bd1b99aa01b5c78ca29 P b499b351c90a4bd7a1ef367e3e3b2b73: Bootstrap starting.
W20260630 12:39:32.523252 18594 leader_election.cc:343] T 6436091f847a4662bb029bb440f734c3 P b499b351c90a4bd7a1ef367e3e3b2b73 [CANDIDATE]: Term 1 pre-election: Tablet error from VoteRequest() call to peer c2bfe6b4555f4e23a6328d91e88d1c80 (127.15.63.131:42415): Illegal state: must be running to vote when last-logged opid is not known
I20260630 12:39:32.523088 18829 consensus_queue.cc:260] T 071e48ae11794c4a95a7d28068ce4152 P 11a36860970942f68d109eb9d4098ee4 [NON_LEADER]: Queue going to NON_LEADER mode. State: All replicated index: 0, Majority replicated index: 0, Committed index: 0, Last appended: 0.0, Last appended by leader: 0, Current term: 0, Majority size: -1, State: 0, Mode: NON_LEADER, active raft config: opid_index: -1 OBSOLETE_local: false peers { permanent_uuid: "b499b351c90a4bd7a1ef367e3e3b2b73" member_type: VOTER last_known_addr { host: "127.15.63.129" port: 40351 } } peers { permanent_uuid: "11a36860970942f68d109eb9d4098ee4" member_type: VOTER last_known_addr { host: "127.15.63.130" port: 34811 } } peers { permanent_uuid: "c2bfe6b4555f4e23a6328d91e88d1c80" member_type: VOTER last_known_addr { host: "127.15.63.131" port: 42415 } }
I20260630 12:39:32.525436 18829 ts_tablet_manager.cc:1434] T 071e48ae11794c4a95a7d28068ce4152 P 11a36860970942f68d109eb9d4098ee4: Time spent starting tablet: real 0.016s	user 0.006s	sys 0.001s
I20260630 12:39:32.526448 18829 tablet_bootstrap.cc:492] T 6436091f847a4662bb029bb440f734c3 P 11a36860970942f68d109eb9d4098ee4: Bootstrap starting.
W20260630 12:39:32.526582 18594 leader_election.cc:343] T 6436091f847a4662bb029bb440f734c3 P b499b351c90a4bd7a1ef367e3e3b2b73 [CANDIDATE]: Term 1 pre-election: Tablet error from VoteRequest() call to peer 11a36860970942f68d109eb9d4098ee4 (127.15.63.130:34811): Illegal state: must be running to vote when last-logged opid is not known
I20260630 12:39:32.527026 18594 leader_election.cc:304] T 6436091f847a4662bb029bb440f734c3 P b499b351c90a4bd7a1ef367e3e3b2b73 [CANDIDATE]: Term 1 pre-election: Election decided. Result: candidate lost. Election summary: received 3 responses out of 3 voters: 1 yes votes; 2 no votes. yes voters: b499b351c90a4bd7a1ef367e3e3b2b73; no voters: 11a36860970942f68d109eb9d4098ee4, c2bfe6b4555f4e23a6328d91e88d1c80
I20260630 12:39:32.527710 18830 raft_consensus.cc:2749] T 6436091f847a4662bb029bb440f734c3 P b499b351c90a4bd7a1ef367e3e3b2b73 [term 0 FOLLOWER]: Leader pre-election lost for term 1. Reason: could not achieve majority
I20260630 12:39:32.515005 18827 leader_election.cc:290] T 6436091f847a4662bb029bb440f734c3 P b499b351c90a4bd7a1ef367e3e3b2b73 [CANDIDATE]: Term 1 pre-election: Requested pre-vote from peers 11a36860970942f68d109eb9d4098ee4 (127.15.63.130:34811), c2bfe6b4555f4e23a6328d91e88d1c80 (127.15.63.131:42415)
I20260630 12:39:32.529187 18825 tablet_bootstrap.cc:654] T 5c1015b0eda54bd1b99aa01b5c78ca29 P b499b351c90a4bd7a1ef367e3e3b2b73: Neither blocks nor log segments found. Creating new log.
I20260630 12:39:32.529992 18827 raft_consensus.cc:493] T 348bca8b021140e4a1b304a7d6f47d68 P b499b351c90a4bd7a1ef367e3e3b2b73 [term 0 FOLLOWER]: Starting pre-election (no leader contacted us within the election timeout)
I20260630 12:39:32.530503 18827 raft_consensus.cc:515] T 348bca8b021140e4a1b304a7d6f47d68 P b499b351c90a4bd7a1ef367e3e3b2b73 [term 0 FOLLOWER]: Starting pre-election with config: opid_index: -1 OBSOLETE_local: false peers { permanent_uuid: "b499b351c90a4bd7a1ef367e3e3b2b73" member_type: VOTER last_known_addr { host: "127.15.63.129" port: 40351 } } peers { permanent_uuid: "11a36860970942f68d109eb9d4098ee4" member_type: VOTER last_known_addr { host: "127.15.63.130" port: 34811 } } peers { permanent_uuid: "c2bfe6b4555f4e23a6328d91e88d1c80" member_type: VOTER last_known_addr { host: "127.15.63.131" port: 42415 } }
I20260630 12:39:32.513013 18828 consensus_queue.cc:260] T c34928dc9494434ea93527c91ee1c69d P c2bfe6b4555f4e23a6328d91e88d1c80 [NON_LEADER]: Queue going to NON_LEADER mode. State: All replicated index: 0, Majority replicated index: 0, Committed index: 0, Last appended: 0.0, Last appended by leader: 0, Current term: 0, Majority size: -1, State: 0, Mode: NON_LEADER, active raft config: opid_index: -1 OBSOLETE_local: false peers { permanent_uuid: "b499b351c90a4bd7a1ef367e3e3b2b73" member_type: VOTER last_known_addr { host: "127.15.63.129" port: 40351 } } peers { permanent_uuid: "11a36860970942f68d109eb9d4098ee4" member_type: VOTER last_known_addr { host: "127.15.63.130" port: 34811 } } peers { permanent_uuid: "c2bfe6b4555f4e23a6328d91e88d1c80" member_type: VOTER last_known_addr { host: "127.15.63.131" port: 42415 } }
I20260630 12:39:32.532908 18829 tablet_bootstrap.cc:654] T 6436091f847a4662bb029bb440f734c3 P 11a36860970942f68d109eb9d4098ee4: Neither blocks nor log segments found. Creating new log.
I20260630 12:39:32.533181 18828 ts_tablet_manager.cc:1434] T c34928dc9494434ea93527c91ee1c69d P c2bfe6b4555f4e23a6328d91e88d1c80: Time spent starting tablet: real 0.024s	user 0.009s	sys 0.000s
I20260630 12:39:32.534204 18828 tablet_bootstrap.cc:492] T 3157ec534d764cfc9466d5db9742719d P c2bfe6b4555f4e23a6328d91e88d1c80: Bootstrap starting.
I20260630 12:39:32.535460 18827 leader_election.cc:290] T 348bca8b021140e4a1b304a7d6f47d68 P b499b351c90a4bd7a1ef367e3e3b2b73 [CANDIDATE]: Term 1 pre-election: Requested pre-vote from peers 11a36860970942f68d109eb9d4098ee4 (127.15.63.130:34811), c2bfe6b4555f4e23a6328d91e88d1c80 (127.15.63.131:42415)
I20260630 12:39:32.539152 18706 tablet_service.cc:1917] Received RequestConsensusVote() RPC: tablet_id: "348bca8b021140e4a1b304a7d6f47d68" candidate_uuid: "b499b351c90a4bd7a1ef367e3e3b2b73" candidate_term: 1 candidate_status { last_received { term: 0 index: 0 } } ignore_live_leader: false dest_uuid: "11a36860970942f68d109eb9d4098ee4" is_pre_election: true
I20260630 12:39:32.539888 18825 tablet_bootstrap.cc:492] T 5c1015b0eda54bd1b99aa01b5c78ca29 P b499b351c90a4bd7a1ef367e3e3b2b73: No bootstrap required, opened a new log
I20260630 12:39:32.540234 18828 tablet_bootstrap.cc:654] T 3157ec534d764cfc9466d5db9742719d P c2bfe6b4555f4e23a6328d91e88d1c80: Neither blocks nor log segments found. Creating new log.
I20260630 12:39:32.540512 18825 ts_tablet_manager.cc:1403] T 5c1015b0eda54bd1b99aa01b5c78ca29 P b499b351c90a4bd7a1ef367e3e3b2b73: Time spent bootstrapping tablet: real 0.017s	user 0.005s	sys 0.005s
W20260630 12:39:32.542142 18594 leader_election.cc:343] T 348bca8b021140e4a1b304a7d6f47d68 P b499b351c90a4bd7a1ef367e3e3b2b73 [CANDIDATE]: Term 1 pre-election: Tablet error from VoteRequest() call to peer 11a36860970942f68d109eb9d4098ee4 (127.15.63.130:34811): Illegal state: must be running to vote when last-logged opid is not known
I20260630 12:39:32.544389 18825 raft_consensus.cc:359] T 5c1015b0eda54bd1b99aa01b5c78ca29 P b499b351c90a4bd7a1ef367e3e3b2b73 [term 0 FOLLOWER]: Replica starting. Triggering 0 pending ops. Active config: opid_index: -1 OBSOLETE_local: false peers { permanent_uuid: "11a36860970942f68d109eb9d4098ee4" member_type: VOTER last_known_addr { host: "127.15.63.130" port: 34811 } } peers { permanent_uuid: "b499b351c90a4bd7a1ef367e3e3b2b73" member_type: VOTER last_known_addr { host: "127.15.63.129" port: 40351 } } peers { permanent_uuid: "c2bfe6b4555f4e23a6328d91e88d1c80" member_type: VOTER last_known_addr { host: "127.15.63.131" port: 42415 } }
I20260630 12:39:32.545383 18825 raft_consensus.cc:385] T 5c1015b0eda54bd1b99aa01b5c78ca29 P b499b351c90a4bd7a1ef367e3e3b2b73 [term 0 FOLLOWER]: Consensus starting up: Expiring failure detector timer to make a prompt election more likely
I20260630 12:39:32.545035 18780 tablet_service.cc:1917] Received RequestConsensusVote() RPC: tablet_id: "348bca8b021140e4a1b304a7d6f47d68" candidate_uuid: "b499b351c90a4bd7a1ef367e3e3b2b73" candidate_term: 1 candidate_status { last_received { term: 0 index: 0 } } ignore_live_leader: false dest_uuid: "c2bfe6b4555f4e23a6328d91e88d1c80" is_pre_election: true
I20260630 12:39:32.545843 18825 raft_consensus.cc:740] T 5c1015b0eda54bd1b99aa01b5c78ca29 P b499b351c90a4bd7a1ef367e3e3b2b73 [term 0 FOLLOWER]: Becoming Follower/Learner. State: Replica: b499b351c90a4bd7a1ef367e3e3b2b73, State: Initialized, Role: FOLLOWER
I20260630 12:39:32.548679 18829 tablet_bootstrap.cc:492] T 6436091f847a4662bb029bb440f734c3 P 11a36860970942f68d109eb9d4098ee4: No bootstrap required, opened a new log
I20260630 12:39:32.549190 18829 ts_tablet_manager.cc:1403] T 6436091f847a4662bb029bb440f734c3 P 11a36860970942f68d109eb9d4098ee4: Time spent bootstrapping tablet: real 0.023s	user 0.013s	sys 0.008s
I20260630 12:39:32.549075 18825 consensus_queue.cc:260] T 5c1015b0eda54bd1b99aa01b5c78ca29 P b499b351c90a4bd7a1ef367e3e3b2b73 [NON_LEADER]: Queue going to NON_LEADER mode. State: All replicated index: 0, Majority replicated index: 0, Committed index: 0, Last appended: 0.0, Last appended by leader: 0, Current term: 0, Majority size: -1, State: 0, Mode: NON_LEADER, active raft config: opid_index: -1 OBSOLETE_local: false peers { permanent_uuid: "11a36860970942f68d109eb9d4098ee4" member_type: VOTER last_known_addr { host: "127.15.63.130" port: 34811 } } peers { permanent_uuid: "b499b351c90a4bd7a1ef367e3e3b2b73" member_type: VOTER last_known_addr { host: "127.15.63.129" port: 40351 } } peers { permanent_uuid: "c2bfe6b4555f4e23a6328d91e88d1c80" member_type: VOTER last_known_addr { host: "127.15.63.131" port: 42415 } }
I20260630 12:39:32.549823 18828 tablet_bootstrap.cc:492] T 3157ec534d764cfc9466d5db9742719d P c2bfe6b4555f4e23a6328d91e88d1c80: No bootstrap required, opened a new log
I20260630 12:39:32.550315 18828 ts_tablet_manager.cc:1403] T 3157ec534d764cfc9466d5db9742719d P c2bfe6b4555f4e23a6328d91e88d1c80: Time spent bootstrapping tablet: real 0.016s	user 0.007s	sys 0.009s
I20260630 12:39:32.552328 18829 raft_consensus.cc:359] T 6436091f847a4662bb029bb440f734c3 P 11a36860970942f68d109eb9d4098ee4 [term 0 FOLLOWER]: Replica starting. Triggering 0 pending ops. Active config: opid_index: -1 OBSOLETE_local: false peers { permanent_uuid: "b499b351c90a4bd7a1ef367e3e3b2b73" member_type: VOTER last_known_addr { host: "127.15.63.129" port: 40351 } } peers { permanent_uuid: "11a36860970942f68d109eb9d4098ee4" member_type: VOTER last_known_addr { host: "127.15.63.130" port: 34811 } } peers { permanent_uuid: "c2bfe6b4555f4e23a6328d91e88d1c80" member_type: VOTER last_known_addr { host: "127.15.63.131" port: 42415 } }
I20260630 12:39:32.553038 18829 raft_consensus.cc:385] T 6436091f847a4662bb029bb440f734c3 P 11a36860970942f68d109eb9d4098ee4 [term 0 FOLLOWER]: Consensus starting up: Expiring failure detector timer to make a prompt election more likely
I20260630 12:39:32.553457 18825 ts_tablet_manager.cc:1434] T 5c1015b0eda54bd1b99aa01b5c78ca29 P b499b351c90a4bd7a1ef367e3e3b2b73: Time spent starting tablet: real 0.013s	user 0.010s	sys 0.000s
I20260630 12:39:32.553416 18829 raft_consensus.cc:740] T 6436091f847a4662bb029bb440f734c3 P 11a36860970942f68d109eb9d4098ee4 [term 0 FOLLOWER]: Becoming Follower/Learner. State: Replica: 11a36860970942f68d109eb9d4098ee4, State: Initialized, Role: FOLLOWER
I20260630 12:39:32.553104 18828 raft_consensus.cc:359] T 3157ec534d764cfc9466d5db9742719d P c2bfe6b4555f4e23a6328d91e88d1c80 [term 0 FOLLOWER]: Replica starting. Triggering 0 pending ops. Active config: opid_index: -1 OBSOLETE_local: false peers { permanent_uuid: "11a36860970942f68d109eb9d4098ee4" member_type: VOTER last_known_addr { host: "127.15.63.130" port: 34811 } } peers { permanent_uuid: "b499b351c90a4bd7a1ef367e3e3b2b73" member_type: VOTER last_known_addr { host: "127.15.63.129" port: 40351 } } peers { permanent_uuid: "c2bfe6b4555f4e23a6328d91e88d1c80" member_type: VOTER last_known_addr { host: "127.15.63.131" port: 42415 } }
I20260630 12:39:32.553975 18828 raft_consensus.cc:385] T 3157ec534d764cfc9466d5db9742719d P c2bfe6b4555f4e23a6328d91e88d1c80 [term 0 FOLLOWER]: Consensus starting up: Expiring failure detector timer to make a prompt election more likely
I20260630 12:39:32.554303 18828 raft_consensus.cc:740] T 3157ec534d764cfc9466d5db9742719d P c2bfe6b4555f4e23a6328d91e88d1c80 [term 0 FOLLOWER]: Becoming Follower/Learner. State: Replica: c2bfe6b4555f4e23a6328d91e88d1c80, State: Initialized, Role: FOLLOWER
I20260630 12:39:32.554597 18825 tablet_bootstrap.cc:492] T 071e48ae11794c4a95a7d28068ce4152 P b499b351c90a4bd7a1ef367e3e3b2b73: Bootstrap starting.
I20260630 12:39:32.554414 18829 consensus_queue.cc:260] T 6436091f847a4662bb029bb440f734c3 P 11a36860970942f68d109eb9d4098ee4 [NON_LEADER]: Queue going to NON_LEADER mode. State: All replicated index: 0, Majority replicated index: 0, Committed index: 0, Last appended: 0.0, Last appended by leader: 0, Current term: 0, Majority size: -1, State: 0, Mode: NON_LEADER, active raft config: opid_index: -1 OBSOLETE_local: false peers { permanent_uuid: "b499b351c90a4bd7a1ef367e3e3b2b73" member_type: VOTER last_known_addr { host: "127.15.63.129" port: 40351 } } peers { permanent_uuid: "11a36860970942f68d109eb9d4098ee4" member_type: VOTER last_known_addr { host: "127.15.63.130" port: 34811 } } peers { permanent_uuid: "c2bfe6b4555f4e23a6328d91e88d1c80" member_type: VOTER last_known_addr { host: "127.15.63.131" port: 42415 } }
I20260630 12:39:32.555052 18828 consensus_queue.cc:260] T 3157ec534d764cfc9466d5db9742719d P c2bfe6b4555f4e23a6328d91e88d1c80 [NON_LEADER]: Queue going to NON_LEADER mode. State: All replicated index: 0, Majority replicated index: 0, Committed index: 0, Last appended: 0.0, Last appended by leader: 0, Current term: 0, Majority size: -1, State: 0, Mode: NON_LEADER, active raft config: opid_index: -1 OBSOLETE_local: false peers { permanent_uuid: "11a36860970942f68d109eb9d4098ee4" member_type: VOTER last_known_addr { host: "127.15.63.130" port: 34811 } } peers { permanent_uuid: "b499b351c90a4bd7a1ef367e3e3b2b73" member_type: VOTER last_known_addr { host: "127.15.63.129" port: 40351 } } peers { permanent_uuid: "c2bfe6b4555f4e23a6328d91e88d1c80" member_type: VOTER last_known_addr { host: "127.15.63.131" port: 42415 } }
I20260630 12:39:32.556735 18829 ts_tablet_manager.cc:1434] T 6436091f847a4662bb029bb440f734c3 P 11a36860970942f68d109eb9d4098ee4: Time spent starting tablet: real 0.007s	user 0.003s	sys 0.004s
I20260630 12:39:32.557801 18829 tablet_bootstrap.cc:492] T 3157ec534d764cfc9466d5db9742719d P 11a36860970942f68d109eb9d4098ee4: Bootstrap starting.
I20260630 12:39:32.557345 18828 ts_tablet_manager.cc:1434] T 3157ec534d764cfc9466d5db9742719d P c2bfe6b4555f4e23a6328d91e88d1c80: Time spent starting tablet: real 0.007s	user 0.002s	sys 0.001s
I20260630 12:39:32.559106 18828 tablet_bootstrap.cc:492] T 6436091f847a4662bb029bb440f734c3 P c2bfe6b4555f4e23a6328d91e88d1c80: Bootstrap starting.
I20260630 12:39:32.561519 18825 tablet_bootstrap.cc:654] T 071e48ae11794c4a95a7d28068ce4152 P b499b351c90a4bd7a1ef367e3e3b2b73: Neither blocks nor log segments found. Creating new log.
I20260630 12:39:32.562281 18780 raft_consensus.cc:2468] T 348bca8b021140e4a1b304a7d6f47d68 P c2bfe6b4555f4e23a6328d91e88d1c80 [term 0 FOLLOWER]: Leader pre-election vote request: Granting yes vote for candidate b499b351c90a4bd7a1ef367e3e3b2b73 in term 0.
I20260630 12:39:32.564437 18834 raft_consensus.cc:493] T 5c1015b0eda54bd1b99aa01b5c78ca29 P 11a36860970942f68d109eb9d4098ee4 [term 0 FOLLOWER]: Starting pre-election (no leader contacted us within the election timeout)
I20260630 12:39:32.564910 18834 raft_consensus.cc:515] T 5c1015b0eda54bd1b99aa01b5c78ca29 P 11a36860970942f68d109eb9d4098ee4 [term 0 FOLLOWER]: Starting pre-election with config: opid_index: -1 OBSOLETE_local: false peers { permanent_uuid: "11a36860970942f68d109eb9d4098ee4" member_type: VOTER last_known_addr { host: "127.15.63.130" port: 34811 } } peers { permanent_uuid: "b499b351c90a4bd7a1ef367e3e3b2b73" member_type: VOTER last_known_addr { host: "127.15.63.129" port: 40351 } } peers { permanent_uuid: "c2bfe6b4555f4e23a6328d91e88d1c80" member_type: VOTER last_known_addr { host: "127.15.63.131" port: 42415 } }
I20260630 12:39:32.565297 18828 tablet_bootstrap.cc:654] T 6436091f847a4662bb029bb440f734c3 P c2bfe6b4555f4e23a6328d91e88d1c80: Neither blocks nor log segments found. Creating new log.
I20260630 12:39:32.565301 18829 tablet_bootstrap.cc:654] T 3157ec534d764cfc9466d5db9742719d P 11a36860970942f68d109eb9d4098ee4: Neither blocks nor log segments found. Creating new log.
I20260630 12:39:32.574357 18825 tablet_bootstrap.cc:492] T 071e48ae11794c4a95a7d28068ce4152 P b499b351c90a4bd7a1ef367e3e3b2b73: No bootstrap required, opened a new log
I20260630 12:39:32.574725 18829 tablet_bootstrap.cc:492] T 3157ec534d764cfc9466d5db9742719d P 11a36860970942f68d109eb9d4098ee4: No bootstrap required, opened a new log
I20260630 12:39:32.574819 18825 ts_tablet_manager.cc:1403] T 071e48ae11794c4a95a7d28068ce4152 P b499b351c90a4bd7a1ef367e3e3b2b73: Time spent bootstrapping tablet: real 0.020s	user 0.015s	sys 0.003s
I20260630 12:39:32.575130 18828 tablet_bootstrap.cc:492] T 6436091f847a4662bb029bb440f734c3 P c2bfe6b4555f4e23a6328d91e88d1c80: No bootstrap required, opened a new log
I20260630 12:39:32.575311 18829 ts_tablet_manager.cc:1403] T 3157ec534d764cfc9466d5db9742719d P 11a36860970942f68d109eb9d4098ee4: Time spent bootstrapping tablet: real 0.018s	user 0.012s	sys 0.004s
I20260630 12:39:32.575577 18837 raft_consensus.cc:493] T a7e73e18ff1b4ef29415ef724180a3b1 P c2bfe6b4555f4e23a6328d91e88d1c80 [term 0 FOLLOWER]: Starting pre-election (no leader contacted us within the election timeout)
I20260630 12:39:32.576138 18837 raft_consensus.cc:515] T a7e73e18ff1b4ef29415ef724180a3b1 P c2bfe6b4555f4e23a6328d91e88d1c80 [term 0 FOLLOWER]: Starting pre-election with config: opid_index: -1 OBSOLETE_local: false peers { permanent_uuid: "b499b351c90a4bd7a1ef367e3e3b2b73" member_type: VOTER last_known_addr { host: "127.15.63.129" port: 40351 } } peers { permanent_uuid: "11a36860970942f68d109eb9d4098ee4" member_type: VOTER last_known_addr { host: "127.15.63.130" port: 34811 } } peers { permanent_uuid: "c2bfe6b4555f4e23a6328d91e88d1c80" member_type: VOTER last_known_addr { host: "127.15.63.131" port: 42415 } }
I20260630 12:39:32.575642 18828 ts_tablet_manager.cc:1403] T 6436091f847a4662bb029bb440f734c3 P c2bfe6b4555f4e23a6328d91e88d1c80: Time spent bootstrapping tablet: real 0.017s	user 0.009s	sys 0.004s
I20260630 12:39:32.577577 18825 raft_consensus.cc:359] T 071e48ae11794c4a95a7d28068ce4152 P b499b351c90a4bd7a1ef367e3e3b2b73 [term 0 FOLLOWER]: Replica starting. Triggering 0 pending ops. Active config: opid_index: -1 OBSOLETE_local: false peers { permanent_uuid: "b499b351c90a4bd7a1ef367e3e3b2b73" member_type: VOTER last_known_addr { host: "127.15.63.129" port: 40351 } } peers { permanent_uuid: "11a36860970942f68d109eb9d4098ee4" member_type: VOTER last_known_addr { host: "127.15.63.130" port: 34811 } } peers { permanent_uuid: "c2bfe6b4555f4e23a6328d91e88d1c80" member_type: VOTER last_known_addr { host: "127.15.63.131" port: 42415 } }
I20260630 12:39:32.578292 18825 raft_consensus.cc:385] T 071e48ae11794c4a95a7d28068ce4152 P b499b351c90a4bd7a1ef367e3e3b2b73 [term 0 FOLLOWER]: Consensus starting up: Expiring failure detector timer to make a prompt election more likely
I20260630 12:39:32.578617 18825 raft_consensus.cc:740] T 071e48ae11794c4a95a7d28068ce4152 P b499b351c90a4bd7a1ef367e3e3b2b73 [term 0 FOLLOWER]: Becoming Follower/Learner. State: Replica: b499b351c90a4bd7a1ef367e3e3b2b73, State: Initialized, Role: FOLLOWER
I20260630 12:39:32.578199 18829 raft_consensus.cc:359] T 3157ec534d764cfc9466d5db9742719d P 11a36860970942f68d109eb9d4098ee4 [term 0 FOLLOWER]: Replica starting. Triggering 0 pending ops. Active config: opid_index: -1 OBSOLETE_local: false peers { permanent_uuid: "11a36860970942f68d109eb9d4098ee4" member_type: VOTER last_known_addr { host: "127.15.63.130" port: 34811 } } peers { permanent_uuid: "b499b351c90a4bd7a1ef367e3e3b2b73" member_type: VOTER last_known_addr { host: "127.15.63.129" port: 40351 } } peers { permanent_uuid: "c2bfe6b4555f4e23a6328d91e88d1c80" member_type: VOTER last_known_addr { host: "127.15.63.131" port: 42415 } }
I20260630 12:39:32.579197 18829 raft_consensus.cc:385] T 3157ec534d764cfc9466d5db9742719d P 11a36860970942f68d109eb9d4098ee4 [term 0 FOLLOWER]: Consensus starting up: Expiring failure detector timer to make a prompt election more likely
I20260630 12:39:32.579504 18829 raft_consensus.cc:740] T 3157ec534d764cfc9466d5db9742719d P 11a36860970942f68d109eb9d4098ee4 [term 0 FOLLOWER]: Becoming Follower/Learner. State: Replica: 11a36860970942f68d109eb9d4098ee4, State: Initialized, Role: FOLLOWER
I20260630 12:39:32.579375 18825 consensus_queue.cc:260] T 071e48ae11794c4a95a7d28068ce4152 P b499b351c90a4bd7a1ef367e3e3b2b73 [NON_LEADER]: Queue going to NON_LEADER mode. State: All replicated index: 0, Majority replicated index: 0, Committed index: 0, Last appended: 0.0, Last appended by leader: 0, Current term: 0, Majority size: -1, State: 0, Mode: NON_LEADER, active raft config: opid_index: -1 OBSOLETE_local: false peers { permanent_uuid: "b499b351c90a4bd7a1ef367e3e3b2b73" member_type: VOTER last_known_addr { host: "127.15.63.129" port: 40351 } } peers { permanent_uuid: "11a36860970942f68d109eb9d4098ee4" member_type: VOTER last_known_addr { host: "127.15.63.130" port: 34811 } } peers { permanent_uuid: "c2bfe6b4555f4e23a6328d91e88d1c80" member_type: VOTER last_known_addr { host: "127.15.63.131" port: 42415 } }
I20260630 12:39:32.580212 18828 raft_consensus.cc:359] T 6436091f847a4662bb029bb440f734c3 P c2bfe6b4555f4e23a6328d91e88d1c80 [term 0 FOLLOWER]: Replica starting. Triggering 0 pending ops. Active config: opid_index: -1 OBSOLETE_local: false peers { permanent_uuid: "b499b351c90a4bd7a1ef367e3e3b2b73" member_type: VOTER last_known_addr { host: "127.15.63.129" port: 40351 } } peers { permanent_uuid: "11a36860970942f68d109eb9d4098ee4" member_type: VOTER last_known_addr { host: "127.15.63.130" port: 34811 } } peers { permanent_uuid: "c2bfe6b4555f4e23a6328d91e88d1c80" member_type: VOTER last_known_addr { host: "127.15.63.131" port: 42415 } }
I20260630 12:39:32.581367 18828 raft_consensus.cc:385] T 6436091f847a4662bb029bb440f734c3 P c2bfe6b4555f4e23a6328d91e88d1c80 [term 0 FOLLOWER]: Consensus starting up: Expiring failure detector timer to make a prompt election more likely
I20260630 12:39:32.581492 18825 ts_tablet_manager.cc:1434] T 071e48ae11794c4a95a7d28068ce4152 P b499b351c90a4bd7a1ef367e3e3b2b73: Time spent starting tablet: real 0.006s	user 0.005s	sys 0.000s
I20260630 12:39:32.581688 18828 raft_consensus.cc:740] T 6436091f847a4662bb029bb440f734c3 P c2bfe6b4555f4e23a6328d91e88d1c80 [term 0 FOLLOWER]: Becoming Follower/Learner. State: Replica: c2bfe6b4555f4e23a6328d91e88d1c80, State: Initialized, Role: FOLLOWER
I20260630 12:39:32.582660 18828 consensus_queue.cc:260] T 6436091f847a4662bb029bb440f734c3 P c2bfe6b4555f4e23a6328d91e88d1c80 [NON_LEADER]: Queue going to NON_LEADER mode. State: All replicated index: 0, Majority replicated index: 0, Committed index: 0, Last appended: 0.0, Last appended by leader: 0, Current term: 0, Majority size: -1, State: 0, Mode: NON_LEADER, active raft config: opid_index: -1 OBSOLETE_local: false peers { permanent_uuid: "b499b351c90a4bd7a1ef367e3e3b2b73" member_type: VOTER last_known_addr { host: "127.15.63.129" port: 40351 } } peers { permanent_uuid: "11a36860970942f68d109eb9d4098ee4" member_type: VOTER last_known_addr { host: "127.15.63.130" port: 34811 } } peers { permanent_uuid: "c2bfe6b4555f4e23a6328d91e88d1c80" member_type: VOTER last_known_addr { host: "127.15.63.131" port: 42415 } }
I20260630 12:39:32.580494 18829 consensus_queue.cc:260] T 3157ec534d764cfc9466d5db9742719d P 11a36860970942f68d109eb9d4098ee4 [NON_LEADER]: Queue going to NON_LEADER mode. State: All replicated index: 0, Majority replicated index: 0, Committed index: 0, Last appended: 0.0, Last appended by leader: 0, Current term: 0, Majority size: -1, State: 0, Mode: NON_LEADER, active raft config: opid_index: -1 OBSOLETE_local: false peers { permanent_uuid: "11a36860970942f68d109eb9d4098ee4" member_type: VOTER last_known_addr { host: "127.15.63.130" port: 34811 } } peers { permanent_uuid: "b499b351c90a4bd7a1ef367e3e3b2b73" member_type: VOTER last_known_addr { host: "127.15.63.129" port: 40351 } } peers { permanent_uuid: "c2bfe6b4555f4e23a6328d91e88d1c80" member_type: VOTER last_known_addr { host: "127.15.63.131" port: 42415 } }
I20260630 12:39:32.586724 18828 ts_tablet_manager.cc:1434] T 6436091f847a4662bb029bb440f734c3 P c2bfe6b4555f4e23a6328d91e88d1c80: Time spent starting tablet: real 0.009s	user 0.008s	sys 0.000s
I20260630 12:39:32.588104 18828 tablet_bootstrap.cc:492] T a43d64617d6d43f481d826d6a196799c P c2bfe6b4555f4e23a6328d91e88d1c80: Bootstrap starting.
I20260630 12:39:32.588104 18834 leader_election.cc:290] T 5c1015b0eda54bd1b99aa01b5c78ca29 P 11a36860970942f68d109eb9d4098ee4 [CANDIDATE]: Term 1 pre-election: Requested pre-vote from peers b499b351c90a4bd7a1ef367e3e3b2b73 (127.15.63.129:40351), c2bfe6b4555f4e23a6328d91e88d1c80 (127.15.63.131:42415)
I20260630 12:39:32.588867 18829 ts_tablet_manager.cc:1434] T 3157ec534d764cfc9466d5db9742719d P 11a36860970942f68d109eb9d4098ee4: Time spent starting tablet: real 0.013s	user 0.008s	sys 0.000s
I20260630 12:39:32.581823 18837 leader_election.cc:290] T a7e73e18ff1b4ef29415ef724180a3b1 P c2bfe6b4555f4e23a6328d91e88d1c80 [CANDIDATE]: Term 1 pre-election: Requested pre-vote from peers b499b351c90a4bd7a1ef367e3e3b2b73 (127.15.63.129:40351), 11a36860970942f68d109eb9d4098ee4 (127.15.63.130:34811)
I20260630 12:39:32.589862 18829 tablet_bootstrap.cc:492] T 348bca8b021140e4a1b304a7d6f47d68 P 11a36860970942f68d109eb9d4098ee4: Bootstrap starting.
I20260630 12:39:32.595817 18828 tablet_bootstrap.cc:654] T a43d64617d6d43f481d826d6a196799c P c2bfe6b4555f4e23a6328d91e88d1c80: Neither blocks nor log segments found. Creating new log.
I20260630 12:39:32.596520 18829 tablet_bootstrap.cc:654] T 348bca8b021140e4a1b304a7d6f47d68 P 11a36860970942f68d109eb9d4098ee4: Neither blocks nor log segments found. Creating new log.
W20260630 12:39:32.607661 18576 auto_rebalancer.cc:298] Could not retrieve cluster info: Service unavailable: Tablet not running
I20260630 12:39:32.608107 18706 tablet_service.cc:1917] Received RequestConsensusVote() RPC: tablet_id: "a7e73e18ff1b4ef29415ef724180a3b1" candidate_uuid: "c2bfe6b4555f4e23a6328d91e88d1c80" candidate_term: 1 candidate_status { last_received { term: 0 index: 0 } } ignore_live_leader: false dest_uuid: "11a36860970942f68d109eb9d4098ee4" is_pre_election: true
I20260630 12:39:32.609045 18706 raft_consensus.cc:2468] T a7e73e18ff1b4ef29415ef724180a3b1 P 11a36860970942f68d109eb9d4098ee4 [term 0 FOLLOWER]: Leader pre-election vote request: Granting yes vote for candidate c2bfe6b4555f4e23a6328d91e88d1c80 in term 0.
I20260630 12:39:32.610760 18582 auto_leader_rebalancer.cc:141] leader rebalance for table range_aware_rebalance_new_range
I20260630 12:39:32.611019 18829 tablet_bootstrap.cc:492] T 348bca8b021140e4a1b304a7d6f47d68 P 11a36860970942f68d109eb9d4098ee4: No bootstrap required, opened a new log
I20260630 12:39:32.610855 18743 leader_election.cc:304] T a7e73e18ff1b4ef29415ef724180a3b1 P c2bfe6b4555f4e23a6328d91e88d1c80 [CANDIDATE]: Term 1 pre-election: Election decided. Result: candidate won. Election summary: received 2 responses out of 3 voters: 2 yes votes; 0 no votes. yes voters: 11a36860970942f68d109eb9d4098ee4, c2bfe6b4555f4e23a6328d91e88d1c80; no voters: 
I20260630 12:39:32.611856 18829 ts_tablet_manager.cc:1403] T 348bca8b021140e4a1b304a7d6f47d68 P 11a36860970942f68d109eb9d4098ee4: Time spent bootstrapping tablet: real 0.022s	user 0.015s	sys 0.004s
W20260630 12:39:32.611856 18582 auto_leader_rebalancer.cc:524] the master instance isn't leader: Service unavailable: Tablet not running
I20260630 12:39:32.612335 18837 raft_consensus.cc:2804] T a7e73e18ff1b4ef29415ef724180a3b1 P c2bfe6b4555f4e23a6328d91e88d1c80 [term 0 FOLLOWER]: Leader pre-election won for term 1
I20260630 12:39:32.612859 18837 raft_consensus.cc:493] T a7e73e18ff1b4ef29415ef724180a3b1 P c2bfe6b4555f4e23a6328d91e88d1c80 [term 0 FOLLOWER]: Starting leader election (no leader contacted us within the election timeout)
I20260630 12:39:32.613472 18837 raft_consensus.cc:3060] T a7e73e18ff1b4ef29415ef724180a3b1 P c2bfe6b4555f4e23a6328d91e88d1c80 [term 0 FOLLOWER]: Advancing to term 1
I20260630 12:39:32.615692 18834 raft_consensus.cc:493] T 6436091f847a4662bb029bb440f734c3 P 11a36860970942f68d109eb9d4098ee4 [term 0 FOLLOWER]: Starting pre-election (no leader contacted us within the election timeout)
I20260630 12:39:32.616309 18834 raft_consensus.cc:515] T 6436091f847a4662bb029bb440f734c3 P 11a36860970942f68d109eb9d4098ee4 [term 0 FOLLOWER]: Starting pre-election with config: opid_index: -1 OBSOLETE_local: false peers { permanent_uuid: "b499b351c90a4bd7a1ef367e3e3b2b73" member_type: VOTER last_known_addr { host: "127.15.63.129" port: 40351 } } peers { permanent_uuid: "11a36860970942f68d109eb9d4098ee4" member_type: VOTER last_known_addr { host: "127.15.63.130" port: 34811 } } peers { permanent_uuid: "c2bfe6b4555f4e23a6328d91e88d1c80" member_type: VOTER last_known_addr { host: "127.15.63.131" port: 42415 } }
I20260630 12:39:32.616648 18829 raft_consensus.cc:359] T 348bca8b021140e4a1b304a7d6f47d68 P 11a36860970942f68d109eb9d4098ee4 [term 0 FOLLOWER]: Replica starting. Triggering 0 pending ops. Active config: opid_index: -1 OBSOLETE_local: false peers { permanent_uuid: "b499b351c90a4bd7a1ef367e3e3b2b73" member_type: VOTER last_known_addr { host: "127.15.63.129" port: 40351 } } peers { permanent_uuid: "11a36860970942f68d109eb9d4098ee4" member_type: VOTER last_known_addr { host: "127.15.63.130" port: 34811 } } peers { permanent_uuid: "c2bfe6b4555f4e23a6328d91e88d1c80" member_type: VOTER last_known_addr { host: "127.15.63.131" port: 42415 } }
I20260630 12:39:32.617596 18829 raft_consensus.cc:385] T 348bca8b021140e4a1b304a7d6f47d68 P 11a36860970942f68d109eb9d4098ee4 [term 0 FOLLOWER]: Consensus starting up: Expiring failure detector timer to make a prompt election more likely
I20260630 12:39:32.617973 18829 raft_consensus.cc:740] T 348bca8b021140e4a1b304a7d6f47d68 P 11a36860970942f68d109eb9d4098ee4 [term 0 FOLLOWER]: Becoming Follower/Learner. State: Replica: 11a36860970942f68d109eb9d4098ee4, State: Initialized, Role: FOLLOWER
I20260630 12:39:32.618956 18834 leader_election.cc:290] T 6436091f847a4662bb029bb440f734c3 P 11a36860970942f68d109eb9d4098ee4 [CANDIDATE]: Term 1 pre-election: Requested pre-vote from peers b499b351c90a4bd7a1ef367e3e3b2b73 (127.15.63.129:40351), c2bfe6b4555f4e23a6328d91e88d1c80 (127.15.63.131:42415)
I20260630 12:39:32.618881 18829 consensus_queue.cc:260] T 348bca8b021140e4a1b304a7d6f47d68 P 11a36860970942f68d109eb9d4098ee4 [NON_LEADER]: Queue going to NON_LEADER mode. State: All replicated index: 0, Majority replicated index: 0, Committed index: 0, Last appended: 0.0, Last appended by leader: 0, Current term: 0, Majority size: -1, State: 0, Mode: NON_LEADER, active raft config: opid_index: -1 OBSOLETE_local: false peers { permanent_uuid: "b499b351c90a4bd7a1ef367e3e3b2b73" member_type: VOTER last_known_addr { host: "127.15.63.129" port: 40351 } } peers { permanent_uuid: "11a36860970942f68d109eb9d4098ee4" member_type: VOTER last_known_addr { host: "127.15.63.130" port: 34811 } } peers { permanent_uuid: "c2bfe6b4555f4e23a6328d91e88d1c80" member_type: VOTER last_known_addr { host: "127.15.63.131" port: 42415 } }
I20260630 12:39:32.632114 18594 leader_election.cc:304] T 348bca8b021140e4a1b304a7d6f47d68 P b499b351c90a4bd7a1ef367e3e3b2b73 [CANDIDATE]: Term 1 pre-election: Election decided. Result: candidate won. Election summary: received 3 responses out of 3 voters: 2 yes votes; 1 no votes. yes voters: b499b351c90a4bd7a1ef367e3e3b2b73, c2bfe6b4555f4e23a6328d91e88d1c80; no voters: 11a36860970942f68d109eb9d4098ee4
I20260630 12:39:32.632951 18829 ts_tablet_manager.cc:1434] T 348bca8b021140e4a1b304a7d6f47d68 P 11a36860970942f68d109eb9d4098ee4: Time spent starting tablet: real 0.020s	user 0.007s	sys 0.000s
I20260630 12:39:32.633080 18827 raft_consensus.cc:2804] T 348bca8b021140e4a1b304a7d6f47d68 P b499b351c90a4bd7a1ef367e3e3b2b73 [term 0 FOLLOWER]: Leader pre-election won for term 1
I20260630 12:39:32.633633 18827 raft_consensus.cc:493] T 348bca8b021140e4a1b304a7d6f47d68 P b499b351c90a4bd7a1ef367e3e3b2b73 [term 0 FOLLOWER]: Starting leader election (no leader contacted us within the election timeout)
I20260630 12:39:32.634037 18827 raft_consensus.cc:3060] T 348bca8b021140e4a1b304a7d6f47d68 P b499b351c90a4bd7a1ef367e3e3b2b73 [term 0 FOLLOWER]: Advancing to term 1
I20260630 12:39:32.634393 18829 tablet_bootstrap.cc:492] T c34928dc9494434ea93527c91ee1c69d P 11a36860970942f68d109eb9d4098ee4: Bootstrap starting.
I20260630 12:39:32.643391 18827 raft_consensus.cc:515] T 348bca8b021140e4a1b304a7d6f47d68 P b499b351c90a4bd7a1ef367e3e3b2b73 [term 1 FOLLOWER]: Starting leader election with config: opid_index: -1 OBSOLETE_local: false peers { permanent_uuid: "b499b351c90a4bd7a1ef367e3e3b2b73" member_type: VOTER last_known_addr { host: "127.15.63.129" port: 40351 } } peers { permanent_uuid: "11a36860970942f68d109eb9d4098ee4" member_type: VOTER last_known_addr { host: "127.15.63.130" port: 34811 } } peers { permanent_uuid: "c2bfe6b4555f4e23a6328d91e88d1c80" member_type: VOTER last_known_addr { host: "127.15.63.131" port: 42415 } }
I20260630 12:39:32.645635 18827 leader_election.cc:290] T 348bca8b021140e4a1b304a7d6f47d68 P b499b351c90a4bd7a1ef367e3e3b2b73 [CANDIDATE]: Term 1 election: Requested vote from peers 11a36860970942f68d109eb9d4098ee4 (127.15.63.130:34811), c2bfe6b4555f4e23a6328d91e88d1c80 (127.15.63.131:42415)
I20260630 12:39:32.649817 18828 tablet_bootstrap.cc:492] T a43d64617d6d43f481d826d6a196799c P c2bfe6b4555f4e23a6328d91e88d1c80: No bootstrap required, opened a new log
I20260630 12:39:32.650674 18631 tablet_service.cc:1917] Received RequestConsensusVote() RPC: tablet_id: "a7e73e18ff1b4ef29415ef724180a3b1" candidate_uuid: "c2bfe6b4555f4e23a6328d91e88d1c80" candidate_term: 1 candidate_status { last_received { term: 0 index: 0 } } ignore_live_leader: false dest_uuid: "b499b351c90a4bd7a1ef367e3e3b2b73" is_pre_election: true
I20260630 12:39:32.653101 18706 tablet_service.cc:1917] Received RequestConsensusVote() RPC: tablet_id: "348bca8b021140e4a1b304a7d6f47d68" candidate_uuid: "b499b351c90a4bd7a1ef367e3e3b2b73" candidate_term: 1 candidate_status { last_received { term: 0 index: 0 } } ignore_live_leader: false dest_uuid: "11a36860970942f68d109eb9d4098ee4"
I20260630 12:39:32.653647 18631 raft_consensus.cc:2468] T a7e73e18ff1b4ef29415ef724180a3b1 P b499b351c90a4bd7a1ef367e3e3b2b73 [term 0 FOLLOWER]: Leader pre-election vote request: Granting yes vote for candidate c2bfe6b4555f4e23a6328d91e88d1c80 in term 0.
I20260630 12:39:32.653147 18780 tablet_service.cc:1917] Received RequestConsensusVote() RPC: tablet_id: "348bca8b021140e4a1b304a7d6f47d68" candidate_uuid: "b499b351c90a4bd7a1ef367e3e3b2b73" candidate_term: 1 candidate_status { last_received { term: 0 index: 0 } } ignore_live_leader: false dest_uuid: "c2bfe6b4555f4e23a6328d91e88d1c80"
I20260630 12:39:32.654620 18780 raft_consensus.cc:3060] T 348bca8b021140e4a1b304a7d6f47d68 P c2bfe6b4555f4e23a6328d91e88d1c80 [term 0 FOLLOWER]: Advancing to term 1
I20260630 12:39:32.655925 18828 ts_tablet_manager.cc:1403] T a43d64617d6d43f481d826d6a196799c P c2bfe6b4555f4e23a6328d91e88d1c80: Time spent bootstrapping tablet: real 0.068s	user 0.038s	sys 0.023s
I20260630 12:39:32.656210 18837 raft_consensus.cc:515] T a7e73e18ff1b4ef29415ef724180a3b1 P c2bfe6b4555f4e23a6328d91e88d1c80 [term 1 FOLLOWER]: Starting leader election with config: opid_index: -1 OBSOLETE_local: false peers { permanent_uuid: "b499b351c90a4bd7a1ef367e3e3b2b73" member_type: VOTER last_known_addr { host: "127.15.63.129" port: 40351 } } peers { permanent_uuid: "11a36860970942f68d109eb9d4098ee4" member_type: VOTER last_known_addr { host: "127.15.63.130" port: 34811 } } peers { permanent_uuid: "c2bfe6b4555f4e23a6328d91e88d1c80" member_type: VOTER last_known_addr { host: "127.15.63.131" port: 42415 } }
I20260630 12:39:32.653764 18706 raft_consensus.cc:3060] T 348bca8b021140e4a1b304a7d6f47d68 P 11a36860970942f68d109eb9d4098ee4 [term 0 FOLLOWER]: Advancing to term 1
I20260630 12:39:32.656631 18829 tablet_bootstrap.cc:654] T c34928dc9494434ea93527c91ee1c69d P 11a36860970942f68d109eb9d4098ee4: Neither blocks nor log segments found. Creating new log.
I20260630 12:39:32.658751 18631 tablet_service.cc:1917] Received RequestConsensusVote() RPC: tablet_id: "a7e73e18ff1b4ef29415ef724180a3b1" candidate_uuid: "c2bfe6b4555f4e23a6328d91e88d1c80" candidate_term: 1 candidate_status { last_received { term: 0 index: 0 } } ignore_live_leader: false dest_uuid: "b499b351c90a4bd7a1ef367e3e3b2b73"
I20260630 12:39:32.659597 18631 raft_consensus.cc:3060] T a7e73e18ff1b4ef29415ef724180a3b1 P b499b351c90a4bd7a1ef367e3e3b2b73 [term 0 FOLLOWER]: Advancing to term 1
I20260630 12:39:32.660442 18705 tablet_service.cc:1917] Received RequestConsensusVote() RPC: tablet_id: "a7e73e18ff1b4ef29415ef724180a3b1" candidate_uuid: "c2bfe6b4555f4e23a6328d91e88d1c80" candidate_term: 1 candidate_status { last_received { term: 0 index: 0 } } ignore_live_leader: false dest_uuid: "11a36860970942f68d109eb9d4098ee4"
I20260630 12:39:32.661114 18705 raft_consensus.cc:3060] T a7e73e18ff1b4ef29415ef724180a3b1 P 11a36860970942f68d109eb9d4098ee4 [term 0 FOLLOWER]: Advancing to term 1
