I20260630 12:39:23.682435 20664 hybrid_clock.cc:648] HybridClock initialized: now 1782823163682423 us; error 0 us; skew 500 ppm
I20260630 12:39:23.682936 20664 server_base.cc:861] Flag tcmalloc_max_total_thread_cache_bytes is not working since tcmalloc is not enabled.
I20260630 12:39:23.685451 20664 webserver.cc:533] Webserver started at http://127.20.46.4:39635/ using document root <none> and password file <none>
I20260630 12:39:23.685900 20664 fs_manager.cc:362] Metadata directory not provided
I20260630 12:39:23.686055 20664 fs_manager.cc:368] Using write-ahead log directory (fs_wal_dir) as metadata directory
I20260630 12:39:23.686269 20664 server_base.cc:909] This appears to be a new deployment of Kudu; creating new FS layout
I20260630 12:39:23.687299 20664 fs_manager.cc:1068] Generated new instance metadata in path /tmp/dist-test-taskdLIVxr/test-tmp/auto_rebalancer-test.0.AutoRebalancerTest.RangeAwareRebalancesNewRangeReplicas.1782823077796649-20664-0/minicluster-data/ts-3-root/instance:
uuid: "bfcc630b15c4487ea9e699b8efdcf676"
format_stamp: "Formatted at 2026-06-30 12:39:23 on dist-test-slave-wjf0"
I20260630 12:39:23.691583 20664 fs_manager.cc:696] Time spent creating directory manager: real 0.004s	user 0.004s	sys 0.001s
I20260630 12:39:23.694691 23899 log_block_manager.cc:4031] Time spent loading block containers with low live blocks: real 0.000s	user 0.000s	sys 0.000s
I20260630 12:39:23.695564 20664 fs_manager.cc:730] Time spent opening block manager: real 0.002s	user 0.001s	sys 0.000s
I20260630 12:39:23.695871 20664 fs_manager.cc:647] Opened local filesystem: /tmp/dist-test-taskdLIVxr/test-tmp/auto_rebalancer-test.0.AutoRebalancerTest.RangeAwareRebalancesNewRangeReplicas.1782823077796649-20664-0/minicluster-data/ts-3-root
uuid: "bfcc630b15c4487ea9e699b8efdcf676"
format_stamp: "Formatted at 2026-06-30 12:39:23 on dist-test-slave-wjf0"
I20260630 12:39:23.696142 20664 fs_report.cc:389] FS layout report
--------------------
wal directory: /tmp/dist-test-taskdLIVxr/test-tmp/auto_rebalancer-test.0.AutoRebalancerTest.RangeAwareRebalancesNewRangeReplicas.1782823077796649-20664-0/minicluster-data/ts-3-root
metadata directory: /tmp/dist-test-taskdLIVxr/test-tmp/auto_rebalancer-test.0.AutoRebalancerTest.RangeAwareRebalancesNewRangeReplicas.1782823077796649-20664-0/minicluster-data/ts-3-root
1 data directories: /tmp/dist-test-taskdLIVxr/test-tmp/auto_rebalancer-test.0.AutoRebalancerTest.RangeAwareRebalancesNewRangeReplicas.1782823077796649-20664-0/minicluster-data/ts-3-root/data
Total live blocks: 0
Total live bytes: 0
Total live bytes (after alignment): 0
Total number of LBM containers: 0 (0 full)
Did not check for missing blocks
Did not check for orphaned blocks
Total full LBM containers with extra space: 0 (0 repaired)
Total full LBM container extra space in bytes: 0 (0 repaired)
Total incomplete LBM containers: 0 (0 repaired)
Total LBM partial records: 0 (0 repaired)
Total corrupted LBM metadata records in RocksDB: 0 (0 repaired)
I20260630 12:39:23.706993 20664 rpc_server.cc:225] running with OpenSSL 1.1.1  11 Sep 2018
I20260630 12:39:23.708153 20664 kserver.cc:163] Server-wide thread pool size limit: 3276
I20260630 12:39:23.709455 20664 txn_system_client.cc:432] TxnSystemClient initialization is disabled...
I20260630 12:39:23.711812 20664 ts_tablet_manager.cc:585] Loaded tablet metadata (0 total tablets, 0 live tablets)
I20260630 12:39:23.712040 20664 ts_tablet_manager.cc:531] Time spent load tablet metadata: real 0.000s	user 0.000s	sys 0.000s
I20260630 12:39:23.712266 20664 ts_tablet_manager.cc:616] Registered 0 tablets
I20260630 12:39:23.712443 20664 ts_tablet_manager.cc:595] Time spent register tablets: real 0.000s	user 0.000s	sys 0.000s
I20260630 12:39:23.755234 20664 rpc_server.cc:307] RPC server started. Bound to: 127.20.46.4:43061
I20260630 12:39:23.755383 23961 acceptor_pool.cc:272] collecting diagnostics on the listening RPC socket 127.20.46.4:43061 every 8 connection(s)
I20260630 12:39:23.762735 23530 catalog_manager.cc:3570] Servicing AlterTable request from {username='slave'} at 127.0.0.1:35574:
table { table_name: "range_aware_rebalance_new_range" } alter_schema_steps { type: ADD_RANGE_PARTITION add_range_partition { range_bounds { rows: "\006\001\n\000\000\000\007\001\024\000\000\000""\006\001\n\000\000\000\007\001\024\000\000\000" indirect_data: """" } } } schema { columns { name: "key" type: INT32 is_key: true is_nullable: false encoding: AUTO_ENCODING compression: DEFAULT_COMPRESSION cfile_block_size: 0 immutable: false } } modify_external_catalogs: true
I20260630 12:39:23.782516 23962 heartbeater.cc:344] Connected to a master server at 127.20.46.62:39895
I20260630 12:39:23.783236 23962 heartbeater.cc:461] Registering TS with master...
I20260630 12:39:23.784379 23962 heartbeater.cc:507] Master 127.20.46.62:39895 requested a full tablet report, sending...
I20260630 12:39:23.787555 23531 ts_manager.cc:194] Registered new tserver with Master: bfcc630b15c4487ea9e699b8efdcf676 (127.20.46.4:43061)
I20260630 12:39:23.789384 23531 master_service.cc:502] Signed X509 certificate for tserver {username='slave'} at 127.0.0.1:35590
W20260630 12:39:23.790272 23530 catalog_manager.cc:5957] Failed to send alter table request: Not found: failed to reset TS proxy: No leader found: Tablet 6555b0f685af40a19f114d1e4c1870bf has no consensus state
W20260630 12:39:23.791684 23530 catalog_manager.cc:5957] Failed to send alter table request: Not found: failed to reset TS proxy: No leader found: Tablet a7c87380219f434b944ef8793d1269b1 has no consensus state
W20260630 12:39:23.793449 23530 catalog_manager.cc:5957] Failed to send alter table request: Not found: failed to reset TS proxy: No leader found: Tablet d901e992ccfe45f3a4c3ab83f8cb575c has no consensus state
W20260630 12:39:23.795102 23530 catalog_manager.cc:5957] Failed to send alter table request: Not found: failed to reset TS proxy: No leader found: Tablet 4ad33bd66932404a9fb65f8b90c4e34f has no consensus state
W20260630 12:39:23.796742 23530 catalog_manager.cc:5957] Failed to send alter table request: Not found: failed to reset TS proxy: No leader found: Tablet 0a90a9960523440f836d3827a71f56cc has no consensus state
W20260630 12:39:23.798434 23530 catalog_manager.cc:5957] Failed to send alter table request: Not found: failed to reset TS proxy: No leader found: Tablet c7905850ecfd40a59331604c392dad21 has no consensus state
W20260630 12:39:23.800478 23530 catalog_manager.cc:5957] Failed to send alter table request: Not found: failed to reset TS proxy: No leader found: Tablet 6b225cc0d5bb47c089fb3a5e6206bd3b has no consensus state
W20260630 12:39:23.802225 23530 catalog_manager.cc:5957] Failed to send alter table request: Not found: failed to reset TS proxy: No leader found: Tablet 15132e18776842fe93db52c765f218bb has no consensus state
W20260630 12:39:23.816576 23517 catalog_manager.cc:4810] Async tablet task AlterTable RPC for tablet d901e992ccfe45f3a4c3ab83f8cb575c (table range_aware_rebalance_new_range [id=d51a8ad2352d4468aa4c3b6ab8cfcb36], current schema version=0) failed: Not found: failed to reset TS proxy: No leader found: Tablet d901e992ccfe45f3a4c3ab83f8cb575c has no consensus state
I20260630 12:39:23.826368 23624 tablet_service.cc:1511] Processing CreateTablet for tablet 6555b0f685af40a19f114d1e4c1870bf (DEFAULT_TABLE table=range_aware_rebalance_new_range [id=d51a8ad2352d4468aa4c3b6ab8cfcb36]), partition=HASH (key) PARTITION 0, RANGE (key) PARTITION 10 <= VALUES < 20
I20260630 12:39:23.827875 23624 data_dirs.cc:400] Could only allocate 1 dirs of requested 3 for tablet 6555b0f685af40a19f114d1e4c1870bf. 1 dirs total, 0 dirs full, 0 dirs failed
I20260630 12:39:23.831799 23696 tablet_service.cc:1511] Processing CreateTablet for tablet 6555b0f685af40a19f114d1e4c1870bf (DEFAULT_TABLE table=range_aware_rebalance_new_range [id=d51a8ad2352d4468aa4c3b6ab8cfcb36]), partition=HASH (key) PARTITION 0, RANGE (key) PARTITION 10 <= VALUES < 20
I20260630 12:39:23.833262 23696 data_dirs.cc:400] Could only allocate 1 dirs of requested 3 for tablet 6555b0f685af40a19f114d1e4c1870bf. 1 dirs total, 0 dirs full, 0 dirs failed
I20260630 12:39:23.837323 23767 tablet_service.cc:1511] Processing CreateTablet for tablet a7c87380219f434b944ef8793d1269b1 (DEFAULT_TABLE table=range_aware_rebalance_new_range [id=d51a8ad2352d4468aa4c3b6ab8cfcb36]), partition=HASH (key) PARTITION 1, RANGE (key) PARTITION 10 <= VALUES < 20
I20260630 12:39:23.838743 23767 data_dirs.cc:400] Could only allocate 1 dirs of requested 3 for tablet a7c87380219f434b944ef8793d1269b1. 1 dirs total, 0 dirs full, 0 dirs failed
I20260630 12:39:23.841084 23621 tablet_service.cc:1511] Processing CreateTablet for tablet a7c87380219f434b944ef8793d1269b1 (DEFAULT_TABLE table=range_aware_rebalance_new_range [id=d51a8ad2352d4468aa4c3b6ab8cfcb36]), partition=HASH (key) PARTITION 1, RANGE (key) PARTITION 10 <= VALUES < 20
I20260630 12:39:23.843164 23621 data_dirs.cc:400] Could only allocate 1 dirs of requested 3 for tablet a7c87380219f434b944ef8793d1269b1. 1 dirs total, 0 dirs full, 0 dirs failed
I20260630 12:39:23.845058 23774 tablet_service.cc:1511] Processing CreateTablet for tablet d901e992ccfe45f3a4c3ab83f8cb575c (DEFAULT_TABLE table=range_aware_rebalance_new_range [id=d51a8ad2352d4468aa4c3b6ab8cfcb36]), partition=HASH (key) PARTITION 2, RANGE (key) PARTITION 10 <= VALUES < 20
I20260630 12:39:23.846493 23774 data_dirs.cc:400] Could only allocate 1 dirs of requested 3 for tablet d901e992ccfe45f3a4c3ab83f8cb575c. 1 dirs total, 0 dirs full, 0 dirs failed
I20260630 12:39:23.846894 23698 tablet_service.cc:1511] Processing CreateTablet for tablet d901e992ccfe45f3a4c3ab83f8cb575c (DEFAULT_TABLE table=range_aware_rebalance_new_range [id=d51a8ad2352d4468aa4c3b6ab8cfcb36]), partition=HASH (key) PARTITION 2, RANGE (key) PARTITION 10 <= VALUES < 20
I20260630 12:39:23.848230 23698 data_dirs.cc:400] Could only allocate 1 dirs of requested 3 for tablet d901e992ccfe45f3a4c3ab83f8cb575c. 1 dirs total, 0 dirs full, 0 dirs failed
I20260630 12:39:23.855335 23829 tablet_bootstrap.cc:492] T a7c87380219f434b944ef8793d1269b1 P d6216041abf34e609cde53858c452959: Bootstrap starting.
I20260630 12:39:23.855075 23927 tablet_service.cc:1511] Processing CreateTablet for tablet 6555b0f685af40a19f114d1e4c1870bf (DEFAULT_TABLE table=range_aware_rebalance_new_range [id=d51a8ad2352d4468aa4c3b6ab8cfcb36]), partition=HASH (key) PARTITION 0, RANGE (key) PARTITION 10 <= VALUES < 20
I20260630 12:39:23.856576 23927 data_dirs.cc:400] Could only allocate 1 dirs of requested 3 for tablet 6555b0f685af40a19f114d1e4c1870bf. 1 dirs total, 0 dirs full, 0 dirs failed
I20260630 12:39:23.858284 23926 tablet_service.cc:1511] Processing CreateTablet for tablet a7c87380219f434b944ef8793d1269b1 (DEFAULT_TABLE table=range_aware_rebalance_new_range [id=d51a8ad2352d4468aa4c3b6ab8cfcb36]), partition=HASH (key) PARTITION 1, RANGE (key) PARTITION 10 <= VALUES < 20
I20260630 12:39:23.859673 23926 data_dirs.cc:400] Could only allocate 1 dirs of requested 3 for tablet a7c87380219f434b944ef8793d1269b1. 1 dirs total, 0 dirs full, 0 dirs failed
I20260630 12:39:23.860493 23830 tablet_bootstrap.cc:492] T 6555b0f685af40a19f114d1e4c1870bf P 34e0f773389b4af98cc815e485ae438d: Bootstrap starting.
I20260630 12:39:23.861094 23829 tablet_bootstrap.cc:654] T a7c87380219f434b944ef8793d1269b1 P d6216041abf34e609cde53858c452959: Neither blocks nor log segments found. Creating new log.
I20260630 12:39:23.867921 23925 tablet_service.cc:1511] Processing CreateTablet for tablet d901e992ccfe45f3a4c3ab83f8cb575c (DEFAULT_TABLE table=range_aware_rebalance_new_range [id=d51a8ad2352d4468aa4c3b6ab8cfcb36]), partition=HASH (key) PARTITION 2, RANGE (key) PARTITION 10 <= VALUES < 20
I20260630 12:39:23.869220 23830 tablet_bootstrap.cc:654] T 6555b0f685af40a19f114d1e4c1870bf P 34e0f773389b4af98cc815e485ae438d: Neither blocks nor log segments found. Creating new log.
I20260630 12:39:23.869480 23925 data_dirs.cc:400] Could only allocate 1 dirs of requested 3 for tablet d901e992ccfe45f3a4c3ab83f8cb575c. 1 dirs total, 0 dirs full, 0 dirs failed
I20260630 12:39:23.874980 23699 tablet_service.cc:1511] Processing CreateTablet for tablet 4ad33bd66932404a9fb65f8b90c4e34f (DEFAULT_TABLE table=range_aware_rebalance_new_range [id=d51a8ad2352d4468aa4c3b6ab8cfcb36]), partition=HASH (key) PARTITION 3, RANGE (key) PARTITION 10 <= VALUES < 20
I20260630 12:39:23.876340 23699 data_dirs.cc:400] Could only allocate 1 dirs of requested 3 for tablet 4ad33bd66932404a9fb65f8b90c4e34f. 1 dirs total, 0 dirs full, 0 dirs failed
I20260630 12:39:23.879133 23855 consensus_queue.cc:1048] T 67a8bcbe538b4649bb196f8dc9426d00 P d7d13756d6a94235b32f54a9a72b8bad [LEADER]: Connected to new peer: Peer: permanent_uuid: "d6216041abf34e609cde53858c452959" member_type: VOTER last_known_addr { host: "127.20.46.3" port: 34595 }, Status: LMP_MISMATCH, Last received: 0.0, Next index: 1, Last known committed idx: 0, Time since last communication: 0.000s
I20260630 12:39:23.879366 23872 consensus_queue.cc:1048] T 10500cfd6e1b4247815c08395d8b7696 P d6216041abf34e609cde53858c452959 [LEADER]: Connected to new peer: Peer: permanent_uuid: "d7d13756d6a94235b32f54a9a72b8bad" member_type: VOTER last_known_addr { host: "127.20.46.2" port: 40097 }, Status: LMP_MISMATCH, Last received: 0.0, Next index: 1, Last known committed idx: 0, Time since last communication: 0.000s
I20260630 12:39:23.876081 23883 consensus_queue.cc:1048] T 4a2bc9bdb0db4797bc72164d5520324b P 34e0f773389b4af98cc815e485ae438d [LEADER]: Connected to new peer: Peer: permanent_uuid: "d6216041abf34e609cde53858c452959" member_type: VOTER last_known_addr { host: "127.20.46.3" port: 34595 }, Status: LMP_MISMATCH, Last received: 0.0, Next index: 1, Last known committed idx: 0, Time since last communication: 0.000s
I20260630 12:39:23.880762 23872 consensus_queue.cc:1048] T 10500cfd6e1b4247815c08395d8b7696 P d6216041abf34e609cde53858c452959 [LEADER]: Connected to new peer: Peer: permanent_uuid: "34e0f773389b4af98cc815e485ae438d" member_type: VOTER last_known_addr { host: "127.20.46.1" port: 36257 }, Status: LMP_MISMATCH, Last received: 0.0, Next index: 1, Last known committed idx: 0, Time since last communication: 0.000s
I20260630 12:39:23.908543 23869 consensus_queue.cc:1048] T 4f6f721c49e541398e18198c8451cf53 P d6216041abf34e609cde53858c452959 [LEADER]: Connected to new peer: Peer: permanent_uuid: "d7d13756d6a94235b32f54a9a72b8bad" member_type: VOTER last_known_addr { host: "127.20.46.2" port: 40097 }, Status: LMP_MISMATCH, Last received: 0.0, Next index: 1, Last known committed idx: 0, Time since last communication: 0.000s
I20260630 12:39:23.919719 23830 tablet_bootstrap.cc:492] T 6555b0f685af40a19f114d1e4c1870bf P 34e0f773389b4af98cc815e485ae438d: No bootstrap required, opened a new log
I20260630 12:39:23.920221 23830 ts_tablet_manager.cc:1403] T 6555b0f685af40a19f114d1e4c1870bf P 34e0f773389b4af98cc815e485ae438d: Time spent bootstrapping tablet: real 0.060s	user 0.012s	sys 0.000s
I20260630 12:39:23.920644 23874 consensus_queue.cc:1048] T 4f6f721c49e541398e18198c8451cf53 P d6216041abf34e609cde53858c452959 [LEADER]: Connected to new peer: Peer: permanent_uuid: "34e0f773389b4af98cc815e485ae438d" member_type: VOTER last_known_addr { host: "127.20.46.1" port: 36257 }, Status: LMP_MISMATCH, Last received: 0.0, Next index: 1, Last known committed idx: 0, Time since last communication: 0.001s
I20260630 12:39:23.912210 23624 tablet_service.cc:1511] Processing CreateTablet for tablet 4ad33bd66932404a9fb65f8b90c4e34f (DEFAULT_TABLE table=range_aware_rebalance_new_range [id=d51a8ad2352d4468aa4c3b6ab8cfcb36]), partition=HASH (key) PARTITION 3, RANGE (key) PARTITION 10 <= VALUES < 20
I20260630 12:39:23.923585 23624 data_dirs.cc:400] Could only allocate 1 dirs of requested 3 for tablet 4ad33bd66932404a9fb65f8b90c4e34f. 1 dirs total, 0 dirs full, 0 dirs failed
I20260630 12:39:23.931300 23829 tablet_bootstrap.cc:492] T a7c87380219f434b944ef8793d1269b1 P d6216041abf34e609cde53858c452959: No bootstrap required, opened a new log
I20260630 12:39:23.931972 23829 ts_tablet_manager.cc:1403] T a7c87380219f434b944ef8793d1269b1 P d6216041abf34e609cde53858c452959: Time spent bootstrapping tablet: real 0.077s	user 0.013s	sys 0.005s
I20260630 12:39:23.933521 23924 tablet_service.cc:1511] Processing CreateTablet for tablet 4ad33bd66932404a9fb65f8b90c4e34f (DEFAULT_TABLE table=range_aware_rebalance_new_range [id=d51a8ad2352d4468aa4c3b6ab8cfcb36]), partition=HASH (key) PARTITION 3, RANGE (key) PARTITION 10 <= VALUES < 20
I20260630 12:39:23.935039 23924 data_dirs.cc:400] Could only allocate 1 dirs of requested 3 for tablet 4ad33bd66932404a9fb65f8b90c4e34f. 1 dirs total, 0 dirs full, 0 dirs failed
I20260630 12:39:23.935277 23618 tablet_service.cc:1511] Processing CreateTablet for tablet 0a90a9960523440f836d3827a71f56cc (DEFAULT_TABLE table=range_aware_rebalance_new_range [id=d51a8ad2352d4468aa4c3b6ab8cfcb36]), partition=HASH (key) PARTITION 4, RANGE (key) PARTITION 10 <= VALUES < 20
I20260630 12:39:23.936547 23618 data_dirs.cc:400] Could only allocate 1 dirs of requested 3 for tablet 0a90a9960523440f836d3827a71f56cc. 1 dirs total, 0 dirs full, 0 dirs failed
I20260630 12:39:23.943279 23830 raft_consensus.cc:359] T 6555b0f685af40a19f114d1e4c1870bf P 34e0f773389b4af98cc815e485ae438d [term 0 FOLLOWER]: Replica starting. Triggering 0 pending ops. Active config: opid_index: -1 OBSOLETE_local: false peers { permanent_uuid: "34e0f773389b4af98cc815e485ae438d" member_type: VOTER last_known_addr { host: "127.20.46.1" port: 36257 } } peers { permanent_uuid: "bfcc630b15c4487ea9e699b8efdcf676" member_type: VOTER last_known_addr { host: "127.20.46.4" port: 43061 } } peers { permanent_uuid: "d7d13756d6a94235b32f54a9a72b8bad" member_type: VOTER last_known_addr { host: "127.20.46.2" port: 40097 } }
I20260630 12:39:23.945585 23830 raft_consensus.cc:385] T 6555b0f685af40a19f114d1e4c1870bf P 34e0f773389b4af98cc815e485ae438d [term 0 FOLLOWER]: Consensus starting up: Expiring failure detector timer to make a prompt election more likely
I20260630 12:39:23.945894 23830 raft_consensus.cc:740] T 6555b0f685af40a19f114d1e4c1870bf P 34e0f773389b4af98cc815e485ae438d [term 0 FOLLOWER]: Becoming Follower/Learner. State: Replica: 34e0f773389b4af98cc815e485ae438d, State: Initialized, Role: FOLLOWER
I20260630 12:39:23.946563 23923 tablet_service.cc:1511] Processing CreateTablet for tablet 0a90a9960523440f836d3827a71f56cc (DEFAULT_TABLE table=range_aware_rebalance_new_range [id=d51a8ad2352d4468aa4c3b6ab8cfcb36]), partition=HASH (key) PARTITION 4, RANGE (key) PARTITION 10 <= VALUES < 20
I20260630 12:39:23.949919 23923 data_dirs.cc:400] Could only allocate 1 dirs of requested 3 for tablet 0a90a9960523440f836d3827a71f56cc. 1 dirs total, 0 dirs full, 0 dirs failed
I20260630 12:39:23.948601 23830 consensus_queue.cc:260] T 6555b0f685af40a19f114d1e4c1870bf P 34e0f773389b4af98cc815e485ae438d [NON_LEADER]: Queue going to NON_LEADER mode. State: All replicated index: 0, Majority replicated index: 0, Committed index: 0, Last appended: 0.0, Last appended by leader: 0, Current term: 0, Majority size: -1, State: 0, Mode: NON_LEADER, active raft config: opid_index: -1 OBSOLETE_local: false peers { permanent_uuid: "34e0f773389b4af98cc815e485ae438d" member_type: VOTER last_known_addr { host: "127.20.46.1" port: 36257 } } peers { permanent_uuid: "bfcc630b15c4487ea9e699b8efdcf676" member_type: VOTER last_known_addr { host: "127.20.46.4" port: 43061 } } peers { permanent_uuid: "d7d13756d6a94235b32f54a9a72b8bad" member_type: VOTER last_known_addr { host: "127.20.46.2" port: 40097 } }
I20260630 12:39:23.955082 23922 tablet_service.cc:1511] Processing CreateTablet for tablet c7905850ecfd40a59331604c392dad21 (DEFAULT_TABLE table=range_aware_rebalance_new_range [id=d51a8ad2352d4468aa4c3b6ab8cfcb36]), partition=HASH (key) PARTITION 5, RANGE (key) PARTITION 10 <= VALUES < 20
I20260630 12:39:23.956735 23771 tablet_service.cc:1511] Processing CreateTablet for tablet c7905850ecfd40a59331604c392dad21 (DEFAULT_TABLE table=range_aware_rebalance_new_range [id=d51a8ad2352d4468aa4c3b6ab8cfcb36]), partition=HASH (key) PARTITION 5, RANGE (key) PARTITION 10 <= VALUES < 20
I20260630 12:39:23.957546 23866 raft_consensus.cc:493] T 6555b0f685af40a19f114d1e4c1870bf P 34e0f773389b4af98cc815e485ae438d [term 0 FOLLOWER]: Starting pre-election (no leader contacted us within the election timeout)
I20260630 12:39:23.957744 23855 consensus_queue.cc:1048] T 67a8bcbe538b4649bb196f8dc9426d00 P d7d13756d6a94235b32f54a9a72b8bad [LEADER]: Connected to new peer: Peer: permanent_uuid: "34e0f773389b4af98cc815e485ae438d" member_type: VOTER last_known_addr { host: "127.20.46.1" port: 36257 }, Status: LMP_MISMATCH, Last received: 0.0, Next index: 1, Last known committed idx: 0, Time since last communication: 0.000s
I20260630 12:39:23.958427 23771 data_dirs.cc:400] Could only allocate 1 dirs of requested 3 for tablet c7905850ecfd40a59331604c392dad21. 1 dirs total, 0 dirs full, 0 dirs failed
I20260630 12:39:23.958118 23866 raft_consensus.cc:515] T 6555b0f685af40a19f114d1e4c1870bf P 34e0f773389b4af98cc815e485ae438d [term 0 FOLLOWER]: Starting pre-election with config: opid_index: -1 OBSOLETE_local: false peers { permanent_uuid: "34e0f773389b4af98cc815e485ae438d" member_type: VOTER last_known_addr { host: "127.20.46.1" port: 36257 } } peers { permanent_uuid: "bfcc630b15c4487ea9e699b8efdcf676" member_type: VOTER last_known_addr { host: "127.20.46.4" port: 43061 } } peers { permanent_uuid: "d7d13756d6a94235b32f54a9a72b8bad" member_type: VOTER last_known_addr { host: "127.20.46.2" port: 40097 } }
I20260630 12:39:23.960678 23866 leader_election.cc:290] T 6555b0f685af40a19f114d1e4c1870bf P 34e0f773389b4af98cc815e485ae438d [CANDIDATE]: Term 1 pre-election: Requested pre-vote from peers bfcc630b15c4487ea9e699b8efdcf676 (127.20.46.4:43061), d7d13756d6a94235b32f54a9a72b8bad (127.20.46.2:40097)
I20260630 12:39:23.961419 23922 data_dirs.cc:400] Could only allocate 1 dirs of requested 3 for tablet c7905850ecfd40a59331604c392dad21. 1 dirs total, 0 dirs full, 0 dirs failed
I20260630 12:39:23.965806 23767 tablet_service.cc:1511] Processing CreateTablet for tablet 0a90a9960523440f836d3827a71f56cc (DEFAULT_TABLE table=range_aware_rebalance_new_range [id=d51a8ad2352d4468aa4c3b6ab8cfcb36]), partition=HASH (key) PARTITION 4, RANGE (key) PARTITION 10 <= VALUES < 20
I20260630 12:39:23.966902 23830 ts_tablet_manager.cc:1434] T 6555b0f685af40a19f114d1e4c1870bf P 34e0f773389b4af98cc815e485ae438d: Time spent starting tablet: real 0.046s	user 0.008s	sys 0.000s
I20260630 12:39:23.967495 23767 data_dirs.cc:400] Could only allocate 1 dirs of requested 3 for tablet 0a90a9960523440f836d3827a71f56cc. 1 dirs total, 0 dirs full, 0 dirs failed
I20260630 12:39:23.969689 23830 tablet_bootstrap.cc:492] T a7c87380219f434b944ef8793d1269b1 P 34e0f773389b4af98cc815e485ae438d: Bootstrap starting.
I20260630 12:39:23.979269 23829 raft_consensus.cc:359] T a7c87380219f434b944ef8793d1269b1 P d6216041abf34e609cde53858c452959 [term 0 FOLLOWER]: Replica starting. Triggering 0 pending ops. Active config: opid_index: -1 OBSOLETE_local: false peers { permanent_uuid: "d6216041abf34e609cde53858c452959" member_type: VOTER last_known_addr { host: "127.20.46.3" port: 34595 } } peers { permanent_uuid: "bfcc630b15c4487ea9e699b8efdcf676" member_type: VOTER last_known_addr { host: "127.20.46.4" port: 43061 } } peers { permanent_uuid: "34e0f773389b4af98cc815e485ae438d" member_type: VOTER last_known_addr { host: "127.20.46.1" port: 36257 } }
I20260630 12:39:23.980523 23829 raft_consensus.cc:385] T a7c87380219f434b944ef8793d1269b1 P d6216041abf34e609cde53858c452959 [term 0 FOLLOWER]: Consensus starting up: Expiring failure detector timer to make a prompt election more likely
I20260630 12:39:23.987329 23829 raft_consensus.cc:740] T a7c87380219f434b944ef8793d1269b1 P d6216041abf34e609cde53858c452959 [term 0 FOLLOWER]: Becoming Follower/Learner. State: Replica: d6216041abf34e609cde53858c452959, State: Initialized, Role: FOLLOWER
W20260630 12:39:24.000823 23601 leader_election.cc:343] T 6555b0f685af40a19f114d1e4c1870bf P 34e0f773389b4af98cc815e485ae438d [CANDIDATE]: Term 1 pre-election: Tablet error from VoteRequest() call to peer d7d13756d6a94235b32f54a9a72b8bad (127.20.46.2:40097): Not found: Tablet not found: 6555b0f685af40a19f114d1e4c1870bf
I20260630 12:39:24.006521 23869 consensus_queue.cc:1048] T d60db89761274d5c9c882e4a8202316a P d6216041abf34e609cde53858c452959 [LEADER]: Connected to new peer: Peer: permanent_uuid: "d7d13756d6a94235b32f54a9a72b8bad" member_type: VOTER last_known_addr { host: "127.20.46.2" port: 40097 }, Status: LMP_MISMATCH, Last received: 0.0, Next index: 1, Last known committed idx: 0, Time since last communication: 0.001s
I20260630 12:39:23.988819 23829 consensus_queue.cc:260] T a7c87380219f434b944ef8793d1269b1 P d6216041abf34e609cde53858c452959 [NON_LEADER]: Queue going to NON_LEADER mode. State: All replicated index: 0, Majority replicated index: 0, Committed index: 0, Last appended: 0.0, Last appended by leader: 0, Current term: 0, Majority size: -1, State: 0, Mode: NON_LEADER, active raft config: opid_index: -1 OBSOLETE_local: false peers { permanent_uuid: "d6216041abf34e609cde53858c452959" member_type: VOTER last_known_addr { host: "127.20.46.3" port: 34595 } } peers { permanent_uuid: "bfcc630b15c4487ea9e699b8efdcf676" member_type: VOTER last_known_addr { host: "127.20.46.4" port: 43061 } } peers { permanent_uuid: "34e0f773389b4af98cc815e485ae438d" member_type: VOTER last_known_addr { host: "127.20.46.1" port: 36257 } }
I20260630 12:39:24.024765 23829 ts_tablet_manager.cc:1434] T a7c87380219f434b944ef8793d1269b1 P d6216041abf34e609cde53858c452959: Time spent starting tablet: real 0.092s	user 0.010s	sys 0.000s
I20260630 12:39:24.026399 23829 tablet_bootstrap.cc:492] T d901e992ccfe45f3a4c3ab83f8cb575c P d6216041abf34e609cde53858c452959: Bootstrap starting.
I20260630 12:39:24.046888 23978 tablet_bootstrap.cc:492] T a7c87380219f434b944ef8793d1269b1 P bfcc630b15c4487ea9e699b8efdcf676: Bootstrap starting.
I20260630 12:39:24.053580 23882 consensus_queue.cc:1048] T 4a2bc9bdb0db4797bc72164d5520324b P 34e0f773389b4af98cc815e485ae438d [LEADER]: Connected to new peer: Peer: permanent_uuid: "d7d13756d6a94235b32f54a9a72b8bad" member_type: VOTER last_known_addr { host: "127.20.46.2" port: 40097 }, Status: LMP_MISMATCH, Last received: 0.0, Next index: 1, Last known committed idx: 0, Time since last communication: 0.002s
I20260630 12:39:24.065218 23697 tablet_service.cc:1511] Processing CreateTablet for tablet c7905850ecfd40a59331604c392dad21 (DEFAULT_TABLE table=range_aware_rebalance_new_range [id=d51a8ad2352d4468aa4c3b6ab8cfcb36]), partition=HASH (key) PARTITION 5, RANGE (key) PARTITION 10 <= VALUES < 20
I20260630 12:39:24.067075 23697 data_dirs.cc:400] Could only allocate 1 dirs of requested 3 for tablet c7905850ecfd40a59331604c392dad21. 1 dirs total, 0 dirs full, 0 dirs failed
I20260630 12:39:24.075667 23866 consensus_queue.cc:1048] T 61b9bd15492e4b50b3cba79645e9ff68 P 34e0f773389b4af98cc815e485ae438d [LEADER]: Connected to new peer: Peer: permanent_uuid: "d7d13756d6a94235b32f54a9a72b8bad" member_type: VOTER last_known_addr { host: "127.20.46.2" port: 40097 }, Status: LMP_MISMATCH, Last received: 0.0, Next index: 1, Last known committed idx: 0, Time since last communication: 0.001s
I20260630 12:39:24.103284 23624 tablet_service.cc:1511] Processing CreateTablet for tablet 6b225cc0d5bb47c089fb3a5e6206bd3b (DEFAULT_TABLE table=range_aware_rebalance_new_range [id=d51a8ad2352d4468aa4c3b6ab8cfcb36]), partition=HASH (key) PARTITION 6, RANGE (key) PARTITION 10 <= VALUES < 20
I20260630 12:39:24.104911 23624 data_dirs.cc:400] Could only allocate 1 dirs of requested 3 for tablet 6b225cc0d5bb47c089fb3a5e6206bd3b. 1 dirs total, 0 dirs full, 0 dirs failed
I20260630 12:39:24.133698 23979 tablet_bootstrap.cc:492] T d901e992ccfe45f3a4c3ab83f8cb575c P d7d13756d6a94235b32f54a9a72b8bad: Bootstrap starting.
I20260630 12:39:24.147706 23874 consensus_queue.cc:1048] T d60db89761274d5c9c882e4a8202316a P d6216041abf34e609cde53858c452959 [LEADER]: Connected to new peer: Peer: permanent_uuid: "34e0f773389b4af98cc815e485ae438d" member_type: VOTER last_known_addr { host: "127.20.46.1" port: 36257 }, Status: LMP_MISMATCH, Last received: 0.0, Next index: 1, Last known committed idx: 0, Time since last communication: 0.007s
I20260630 12:39:24.132951 23866 consensus_queue.cc:1048] T 61b9bd15492e4b50b3cba79645e9ff68 P 34e0f773389b4af98cc815e485ae438d [LEADER]: Connected to new peer: Peer: permanent_uuid: "d6216041abf34e609cde53858c452959" member_type: VOTER last_known_addr { host: "127.20.46.3" port: 34595 }, Status: LMP_MISMATCH, Last received: 0.0, Next index: 1, Last known committed idx: 0, Time since last communication: 0.021s
I20260630 12:39:24.154841 23926 tablet_service.cc:1511] Processing CreateTablet for tablet 6b225cc0d5bb47c089fb3a5e6206bd3b (DEFAULT_TABLE table=range_aware_rebalance_new_range [id=d51a8ad2352d4468aa4c3b6ab8cfcb36]), partition=HASH (key) PARTITION 6, RANGE (key) PARTITION 10 <= VALUES < 20
I20260630 12:39:24.169883 23621 tablet_service.cc:1511] Processing CreateTablet for tablet 15132e18776842fe93db52c765f218bb (DEFAULT_TABLE table=range_aware_rebalance_new_range [id=d51a8ad2352d4468aa4c3b6ab8cfcb36]), partition=HASH (key) PARTITION 7, RANGE (key) PARTITION 10 <= VALUES < 20
I20260630 12:39:24.171886 23621 data_dirs.cc:400] Could only allocate 1 dirs of requested 3 for tablet 15132e18776842fe93db52c765f218bb. 1 dirs total, 0 dirs full, 0 dirs failed
I20260630 12:39:24.174696 23926 data_dirs.cc:400] Could only allocate 1 dirs of requested 3 for tablet 6b225cc0d5bb47c089fb3a5e6206bd3b. 1 dirs total, 0 dirs full, 0 dirs failed
I20260630 12:39:24.176903 23882 consensus_queue.cc:1048] T bd1e488bd30649c983053fea8ff053a8 P 34e0f773389b4af98cc815e485ae438d [LEADER]: Connected to new peer: Peer: permanent_uuid: "d6216041abf34e609cde53858c452959" member_type: VOTER last_known_addr { host: "127.20.46.3" port: 34595 }, Status: LMP_MISMATCH, Last received: 0.0, Next index: 1, Last known committed idx: 0, Time since last communication: 0.001s
I20260630 12:39:24.199110 23774 tablet_service.cc:1511] Processing CreateTablet for tablet 15132e18776842fe93db52c765f218bb (DEFAULT_TABLE table=range_aware_rebalance_new_range [id=d51a8ad2352d4468aa4c3b6ab8cfcb36]), partition=HASH (key) PARTITION 7, RANGE (key) PARTITION 10 <= VALUES < 20
I20260630 12:39:24.201519 23921 tablet_service.cc:1511] Processing CreateTablet for tablet 15132e18776842fe93db52c765f218bb (DEFAULT_TABLE table=range_aware_rebalance_new_range [id=d51a8ad2352d4468aa4c3b6ab8cfcb36]), partition=HASH (key) PARTITION 7, RANGE (key) PARTITION 10 <= VALUES < 20
I20260630 12:39:24.203857 23774 data_dirs.cc:400] Could only allocate 1 dirs of requested 3 for tablet 15132e18776842fe93db52c765f218bb. 1 dirs total, 0 dirs full, 0 dirs failed
I20260630 12:39:24.209151 23921 data_dirs.cc:400] Could only allocate 1 dirs of requested 3 for tablet 15132e18776842fe93db52c765f218bb. 1 dirs total, 0 dirs full, 0 dirs failed
I20260630 12:39:24.218910 23837 consensus_queue.cc:1048] T bd1e488bd30649c983053fea8ff053a8 P 34e0f773389b4af98cc815e485ae438d [LEADER]: Connected to new peer: Peer: permanent_uuid: "d7d13756d6a94235b32f54a9a72b8bad" member_type: VOTER last_known_addr { host: "127.20.46.2" port: 40097 }, Status: LMP_MISMATCH, Last received: 0.0, Next index: 1, Last known committed idx: 0, Time since last communication: 0.001s
I20260630 12:39:24.185714 23698 tablet_service.cc:1511] Processing CreateTablet for tablet 6b225cc0d5bb47c089fb3a5e6206bd3b (DEFAULT_TABLE table=range_aware_rebalance_new_range [id=d51a8ad2352d4468aa4c3b6ab8cfcb36]), partition=HASH (key) PARTITION 6, RANGE (key) PARTITION 10 <= VALUES < 20
I20260630 12:39:24.241070 23698 data_dirs.cc:400] Could only allocate 1 dirs of requested 3 for tablet 6b225cc0d5bb47c089fb3a5e6206bd3b. 1 dirs total, 0 dirs full, 0 dirs failed
W20260630 12:39:24.248711 23581 auto_rebalancer.cc:298] Could not retrieve cluster info: Service unavailable: Tablet not running
I20260630 12:39:24.250295 23979 tablet_bootstrap.cc:654] T d901e992ccfe45f3a4c3ab83f8cb575c P d7d13756d6a94235b32f54a9a72b8bad: Neither blocks nor log segments found. Creating new log.
I20260630 12:39:24.251384 23830 tablet_bootstrap.cc:654] T a7c87380219f434b944ef8793d1269b1 P 34e0f773389b4af98cc815e485ae438d: Neither blocks nor log segments found. Creating new log.
I20260630 12:39:24.273142 23984 raft_consensus.cc:493] T a7c87380219f434b944ef8793d1269b1 P d6216041abf34e609cde53858c452959 [term 0 FOLLOWER]: Starting pre-election (no leader contacted us within the election timeout)
I20260630 12:39:24.274802 23984 raft_consensus.cc:515] T a7c87380219f434b944ef8793d1269b1 P d6216041abf34e609cde53858c452959 [term 0 FOLLOWER]: Starting pre-election with config: opid_index: -1 OBSOLETE_local: false peers { permanent_uuid: "d6216041abf34e609cde53858c452959" member_type: VOTER last_known_addr { host: "127.20.46.3" port: 34595 } } peers { permanent_uuid: "bfcc630b15c4487ea9e699b8efdcf676" member_type: VOTER last_known_addr { host: "127.20.46.4" port: 43061 } } peers { permanent_uuid: "34e0f773389b4af98cc815e485ae438d" member_type: VOTER last_known_addr { host: "127.20.46.1" port: 36257 } }
W20260630 12:39:24.277076 23981 log.cc:927] Time spent T 4a2bc9bdb0db4797bc72164d5520324b P d7d13756d6a94235b32f54a9a72b8bad: Append to log took a long time: real 0.074s	user 0.001s	sys 0.000s
I20260630 12:39:24.287235 23829 tablet_bootstrap.cc:654] T d901e992ccfe45f3a4c3ab83f8cb575c P d6216041abf34e609cde53858c452959: Neither blocks nor log segments found. Creating new log.
I20260630 12:39:24.302983 23978 tablet_bootstrap.cc:654] T a7c87380219f434b944ef8793d1269b1 P bfcc630b15c4487ea9e699b8efdcf676: Neither blocks nor log segments found. Creating new log.
I20260630 12:39:24.336007 23979 tablet_bootstrap.cc:492] T d901e992ccfe45f3a4c3ab83f8cb575c P d7d13756d6a94235b32f54a9a72b8bad: No bootstrap required, opened a new log
I20260630 12:39:24.336557 23979 ts_tablet_manager.cc:1403] T d901e992ccfe45f3a4c3ab83f8cb575c P d7d13756d6a94235b32f54a9a72b8bad: Time spent bootstrapping tablet: real 0.240s	user 0.010s	sys 0.020s
I20260630 12:39:24.349921 23830 tablet_bootstrap.cc:492] T a7c87380219f434b944ef8793d1269b1 P 34e0f773389b4af98cc815e485ae438d: No bootstrap required, opened a new log
I20260630 12:39:24.350620 23830 ts_tablet_manager.cc:1403] T a7c87380219f434b944ef8793d1269b1 P 34e0f773389b4af98cc815e485ae438d: Time spent bootstrapping tablet: real 0.382s	user 0.015s	sys 0.028s
I20260630 12:39:24.376353 23984 leader_election.cc:290] T a7c87380219f434b944ef8793d1269b1 P d6216041abf34e609cde53858c452959 [CANDIDATE]: Term 1 pre-election: Requested pre-vote from peers bfcc630b15c4487ea9e699b8efdcf676 (127.20.46.4:43061), 34e0f773389b4af98cc815e485ae438d (127.20.46.1:36257)
I20260630 12:39:24.377574 23635 tablet_service.cc:1917] Received RequestConsensusVote() RPC: tablet_id: "a7c87380219f434b944ef8793d1269b1" candidate_uuid: "d6216041abf34e609cde53858c452959" candidate_term: 1 candidate_status { last_received { term: 0 index: 0 } } ignore_live_leader: false dest_uuid: "34e0f773389b4af98cc815e485ae438d" is_pre_election: true
W20260630 12:39:24.387028 23988 log.cc:927] Time spent T bd1e488bd30649c983053fea8ff053a8 P d7d13756d6a94235b32f54a9a72b8bad: Append to log took a long time: real 0.081s	user 0.001s	sys 0.000s
I20260630 12:39:24.390003 23937 tablet_service.cc:1917] Received RequestConsensusVote() RPC: tablet_id: "6555b0f685af40a19f114d1e4c1870bf" candidate_uuid: "34e0f773389b4af98cc815e485ae438d" candidate_term: 1 candidate_status { last_received { term: 0 index: 0 } } ignore_live_leader: false dest_uuid: "bfcc630b15c4487ea9e699b8efdcf676" is_pre_election: true
W20260630 12:39:24.391920 23600 leader_election.cc:343] T 6555b0f685af40a19f114d1e4c1870bf P 34e0f773389b4af98cc815e485ae438d [CANDIDATE]: Term 1 pre-election: Tablet error from VoteRequest() call to peer bfcc630b15c4487ea9e699b8efdcf676 (127.20.46.4:43061): Illegal state: must be running to vote when last-logged opid is not known
I20260630 12:39:24.392499 23600 leader_election.cc:304] T 6555b0f685af40a19f114d1e4c1870bf P 34e0f773389b4af98cc815e485ae438d [CANDIDATE]: Term 1 pre-election: Election decided. Result: candidate lost. Election summary: received 3 responses out of 3 voters: 1 yes votes; 2 no votes. yes voters: 34e0f773389b4af98cc815e485ae438d; no voters: bfcc630b15c4487ea9e699b8efdcf676, d7d13756d6a94235b32f54a9a72b8bad
I20260630 12:39:24.397444 23837 raft_consensus.cc:2749] T 6555b0f685af40a19f114d1e4c1870bf P 34e0f773389b4af98cc815e485ae438d [term 0 FOLLOWER]: Leader pre-election lost for term 1. Reason: could not achieve majority
I20260630 12:39:24.392807 23979 raft_consensus.cc:359] T d901e992ccfe45f3a4c3ab83f8cb575c P d7d13756d6a94235b32f54a9a72b8bad [term 0 FOLLOWER]: Replica starting. Triggering 0 pending ops. Active config: opid_index: -1 OBSOLETE_local: false peers { permanent_uuid: "bfcc630b15c4487ea9e699b8efdcf676" member_type: VOTER last_known_addr { host: "127.20.46.4" port: 43061 } } peers { permanent_uuid: "d6216041abf34e609cde53858c452959" member_type: VOTER last_known_addr { host: "127.20.46.3" port: 34595 } } peers { permanent_uuid: "d7d13756d6a94235b32f54a9a72b8bad" member_type: VOTER last_known_addr { host: "127.20.46.2" port: 40097 } }
W20260630 12:39:24.403834 23748 leader_election.cc:343] T a7c87380219f434b944ef8793d1269b1 P d6216041abf34e609cde53858c452959 [CANDIDATE]: Term 1 pre-election: Tablet error from VoteRequest() call to peer 34e0f773389b4af98cc815e485ae438d (127.20.46.1:36257): Illegal state: must be running to vote when last-logged opid is not known
I20260630 12:39:24.405761 23979 raft_consensus.cc:385] T d901e992ccfe45f3a4c3ab83f8cb575c P d7d13756d6a94235b32f54a9a72b8bad [term 0 FOLLOWER]: Consensus starting up: Expiring failure detector timer to make a prompt election more likely
I20260630 12:39:24.407886 23979 raft_consensus.cc:740] T d901e992ccfe45f3a4c3ab83f8cb575c P d7d13756d6a94235b32f54a9a72b8bad [term 0 FOLLOWER]: Becoming Follower/Learner. State: Replica: d7d13756d6a94235b32f54a9a72b8bad, State: Initialized, Role: FOLLOWER
I20260630 12:39:24.408954 23979 consensus_queue.cc:260] T d901e992ccfe45f3a4c3ab83f8cb575c P d7d13756d6a94235b32f54a9a72b8bad [NON_LEADER]: Queue going to NON_LEADER mode. State: All replicated index: 0, Majority replicated index: 0, Committed index: 0, Last appended: 0.0, Last appended by leader: 0, Current term: 0, Majority size: -1, State: 0, Mode: NON_LEADER, active raft config: opid_index: -1 OBSOLETE_local: false peers { permanent_uuid: "bfcc630b15c4487ea9e699b8efdcf676" member_type: VOTER last_known_addr { host: "127.20.46.4" port: 43061 } } peers { permanent_uuid: "d6216041abf34e609cde53858c452959" member_type: VOTER last_known_addr { host: "127.20.46.3" port: 34595 } } peers { permanent_uuid: "d7d13756d6a94235b32f54a9a72b8bad" member_type: VOTER last_known_addr { host: "127.20.46.2" port: 40097 } }
I20260630 12:39:24.406730 23830 raft_consensus.cc:359] T a7c87380219f434b944ef8793d1269b1 P 34e0f773389b4af98cc815e485ae438d [term 0 FOLLOWER]: Replica starting. Triggering 0 pending ops. Active config: opid_index: -1 OBSOLETE_local: false peers { permanent_uuid: "d6216041abf34e609cde53858c452959" member_type: VOTER last_known_addr { host: "127.20.46.3" port: 34595 } } peers { permanent_uuid: "bfcc630b15c4487ea9e699b8efdcf676" member_type: VOTER last_known_addr { host: "127.20.46.4" port: 43061 } } peers { permanent_uuid: "34e0f773389b4af98cc815e485ae438d" member_type: VOTER last_known_addr { host: "127.20.46.1" port: 36257 } }
I20260630 12:39:24.407558 23829 tablet_bootstrap.cc:492] T d901e992ccfe45f3a4c3ab83f8cb575c P d6216041abf34e609cde53858c452959: No bootstrap required, opened a new log
I20260630 12:39:24.415422 23830 raft_consensus.cc:385] T a7c87380219f434b944ef8793d1269b1 P 34e0f773389b4af98cc815e485ae438d [term 0 FOLLOWER]: Consensus starting up: Expiring failure detector timer to make a prompt election more likely
I20260630 12:39:24.415786 23829 ts_tablet_manager.cc:1403] T d901e992ccfe45f3a4c3ab83f8cb575c P d6216041abf34e609cde53858c452959: Time spent bootstrapping tablet: real 0.390s	user 0.018s	sys 0.007s
I20260630 12:39:24.419571 23829 raft_consensus.cc:359] T d901e992ccfe45f3a4c3ab83f8cb575c P d6216041abf34e609cde53858c452959 [term 0 FOLLOWER]: Replica starting. Triggering 0 pending ops. Active config: opid_index: -1 OBSOLETE_local: false peers { permanent_uuid: "bfcc630b15c4487ea9e699b8efdcf676" member_type: VOTER last_known_addr { host: "127.20.46.4" port: 43061 } } peers { permanent_uuid: "d6216041abf34e609cde53858c452959" member_type: VOTER last_known_addr { host: "127.20.46.3" port: 34595 } } peers { permanent_uuid: "d7d13756d6a94235b32f54a9a72b8bad" member_type: VOTER last_known_addr { host: "127.20.46.2" port: 40097 } }
I20260630 12:39:24.430445 23829 raft_consensus.cc:385] T d901e992ccfe45f3a4c3ab83f8cb575c P d6216041abf34e609cde53858c452959 [term 0 FOLLOWER]: Consensus starting up: Expiring failure detector timer to make a prompt election more likely
I20260630 12:39:24.431336 23829 raft_consensus.cc:740] T d901e992ccfe45f3a4c3ab83f8cb575c P d6216041abf34e609cde53858c452959 [term 0 FOLLOWER]: Becoming Follower/Learner. State: Replica: d6216041abf34e609cde53858c452959, State: Initialized, Role: FOLLOWER
I20260630 12:39:24.431972 23829 consensus_queue.cc:260] T d901e992ccfe45f3a4c3ab83f8cb575c P d6216041abf34e609cde53858c452959 [NON_LEADER]: Queue going to NON_LEADER mode. State: All replicated index: 0, Majority replicated index: 0, Committed index: 0, Last appended: 0.0, Last appended by leader: 0, Current term: 0, Majority size: -1, State: 0, Mode: NON_LEADER, active raft config: opid_index: -1 OBSOLETE_local: false peers { permanent_uuid: "bfcc630b15c4487ea9e699b8efdcf676" member_type: VOTER last_known_addr { host: "127.20.46.4" port: 43061 } } peers { permanent_uuid: "d6216041abf34e609cde53858c452959" member_type: VOTER last_known_addr { host: "127.20.46.3" port: 34595 } } peers { permanent_uuid: "d7d13756d6a94235b32f54a9a72b8bad" member_type: VOTER last_known_addr { host: "127.20.46.2" port: 40097 } }
I20260630 12:39:24.426991 23979 ts_tablet_manager.cc:1434] T d901e992ccfe45f3a4c3ab83f8cb575c P d7d13756d6a94235b32f54a9a72b8bad: Time spent starting tablet: real 0.090s	user 0.008s	sys 0.003s
I20260630 12:39:24.433537 23937 tablet_service.cc:1917] Received RequestConsensusVote() RPC: tablet_id: "a7c87380219f434b944ef8793d1269b1" candidate_uuid: "d6216041abf34e609cde53858c452959" candidate_term: 1 candidate_status { last_received { term: 0 index: 0 } } ignore_live_leader: false dest_uuid: "bfcc630b15c4487ea9e699b8efdcf676" is_pre_election: true
I20260630 12:39:24.434260 23829 ts_tablet_manager.cc:1434] T d901e992ccfe45f3a4c3ab83f8cb575c P d6216041abf34e609cde53858c452959: Time spent starting tablet: real 0.018s	user 0.006s	sys 0.000s
I20260630 12:39:24.434371 23979 tablet_bootstrap.cc:492] T 6555b0f685af40a19f114d1e4c1870bf P d7d13756d6a94235b32f54a9a72b8bad: Bootstrap starting.
I20260630 12:39:24.435379 23829 tablet_bootstrap.cc:492] T 0a90a9960523440f836d3827a71f56cc P d6216041abf34e609cde53858c452959: Bootstrap starting.
I20260630 12:39:24.415827 23830 raft_consensus.cc:740] T a7c87380219f434b944ef8793d1269b1 P 34e0f773389b4af98cc815e485ae438d [term 0 FOLLOWER]: Becoming Follower/Learner. State: Replica: 34e0f773389b4af98cc815e485ae438d, State: Initialized, Role: FOLLOWER
I20260630 12:39:24.422566 23978 tablet_bootstrap.cc:492] T a7c87380219f434b944ef8793d1269b1 P bfcc630b15c4487ea9e699b8efdcf676: No bootstrap required, opened a new log
I20260630 12:39:24.436162 23978 ts_tablet_manager.cc:1403] T a7c87380219f434b944ef8793d1269b1 P bfcc630b15c4487ea9e699b8efdcf676: Time spent bootstrapping tablet: real 0.390s	user 0.016s	sys 0.011s
W20260630 12:39:24.438815 23749 leader_election.cc:343] T a7c87380219f434b944ef8793d1269b1 P d6216041abf34e609cde53858c452959 [CANDIDATE]: Term 1 pre-election: Tablet error from VoteRequest() call to peer bfcc630b15c4487ea9e699b8efdcf676 (127.20.46.4:43061): Illegal state: must be running to vote when last-logged opid is not known
I20260630 12:39:24.439533 23749 leader_election.cc:304] T a7c87380219f434b944ef8793d1269b1 P d6216041abf34e609cde53858c452959 [CANDIDATE]: Term 1 pre-election: Election decided. Result: candidate lost. Election summary: received 3 responses out of 3 voters: 1 yes votes; 2 no votes. yes voters: d6216041abf34e609cde53858c452959; no voters: 34e0f773389b4af98cc815e485ae438d, bfcc630b15c4487ea9e699b8efdcf676
I20260630 12:39:24.439384 23830 consensus_queue.cc:260] T a7c87380219f434b944ef8793d1269b1 P 34e0f773389b4af98cc815e485ae438d [NON_LEADER]: Queue going to NON_LEADER mode. State: All replicated index: 0, Majority replicated index: 0, Committed index: 0, Last appended: 0.0, Last appended by leader: 0, Current term: 0, Majority size: -1, State: 0, Mode: NON_LEADER, active raft config: opid_index: -1 OBSOLETE_local: false peers { permanent_uuid: "d6216041abf34e609cde53858c452959" member_type: VOTER last_known_addr { host: "127.20.46.3" port: 34595 } } peers { permanent_uuid: "bfcc630b15c4487ea9e699b8efdcf676" member_type: VOTER last_known_addr { host: "127.20.46.4" port: 43061 } } peers { permanent_uuid: "34e0f773389b4af98cc815e485ae438d" member_type: VOTER last_known_addr { host: "127.20.46.1" port: 36257 } }
I20260630 12:39:24.441301 23984 raft_consensus.cc:2749] T a7c87380219f434b944ef8793d1269b1 P d6216041abf34e609cde53858c452959 [term 0 FOLLOWER]: Leader pre-election lost for term 1. Reason: could not achieve majority
I20260630 12:39:24.439710 23978 raft_consensus.cc:359] T a7c87380219f434b944ef8793d1269b1 P bfcc630b15c4487ea9e699b8efdcf676 [term 0 FOLLOWER]: Replica starting. Triggering 0 pending ops. Active config: opid_index: -1 OBSOLETE_local: false peers { permanent_uuid: "d6216041abf34e609cde53858c452959" member_type: VOTER last_known_addr { host: "127.20.46.3" port: 34595 } } peers { permanent_uuid: "bfcc630b15c4487ea9e699b8efdcf676" member_type: VOTER last_known_addr { host: "127.20.46.4" port: 43061 } } peers { permanent_uuid: "34e0f773389b4af98cc815e485ae438d" member_type: VOTER last_known_addr { host: "127.20.46.1" port: 36257 } }
I20260630 12:39:24.442677 23978 raft_consensus.cc:385] T a7c87380219f434b944ef8793d1269b1 P bfcc630b15c4487ea9e699b8efdcf676 [term 0 FOLLOWER]: Consensus starting up: Expiring failure detector timer to make a prompt election more likely
I20260630 12:39:24.443037 23978 raft_consensus.cc:740] T a7c87380219f434b944ef8793d1269b1 P bfcc630b15c4487ea9e699b8efdcf676 [term 0 FOLLOWER]: Becoming Follower/Learner. State: Replica: bfcc630b15c4487ea9e699b8efdcf676, State: Initialized, Role: FOLLOWER
I20260630 12:39:24.443421 23830 ts_tablet_manager.cc:1434] T a7c87380219f434b944ef8793d1269b1 P 34e0f773389b4af98cc815e485ae438d: Time spent starting tablet: real 0.092s	user 0.009s	sys 0.000s
I20260630 12:39:24.443965 23978 consensus_queue.cc:260] T a7c87380219f434b944ef8793d1269b1 P bfcc630b15c4487ea9e699b8efdcf676 [NON_LEADER]: Queue going to NON_LEADER mode. State: All replicated index: 0, Majority replicated index: 0, Committed index: 0, Last appended: 0.0, Last appended by leader: 0, Current term: 0, Majority size: -1, State: 0, Mode: NON_LEADER, active raft config: opid_index: -1 OBSOLETE_local: false peers { permanent_uuid: "d6216041abf34e609cde53858c452959" member_type: VOTER last_known_addr { host: "127.20.46.3" port: 34595 } } peers { permanent_uuid: "bfcc630b15c4487ea9e699b8efdcf676" member_type: VOTER last_known_addr { host: "127.20.46.4" port: 43061 } } peers { permanent_uuid: "34e0f773389b4af98cc815e485ae438d" member_type: VOTER last_known_addr { host: "127.20.46.1" port: 36257 } }
I20260630 12:39:24.445143 23830 tablet_bootstrap.cc:492] T 4ad33bd66932404a9fb65f8b90c4e34f P 34e0f773389b4af98cc815e485ae438d: Bootstrap starting.
I20260630 12:39:24.449705 23829 tablet_bootstrap.cc:654] T 0a90a9960523440f836d3827a71f56cc P d6216041abf34e609cde53858c452959: Neither blocks nor log segments found. Creating new log.
I20260630 12:39:24.458577 23979 tablet_bootstrap.cc:654] T 6555b0f685af40a19f114d1e4c1870bf P d7d13756d6a94235b32f54a9a72b8bad: Neither blocks nor log segments found. Creating new log.
I20260630 12:39:24.461645 23830 tablet_bootstrap.cc:654] T 4ad33bd66932404a9fb65f8b90c4e34f P 34e0f773389b4af98cc815e485ae438d: Neither blocks nor log segments found. Creating new log.
I20260630 12:39:24.469064 23978 ts_tablet_manager.cc:1434] T a7c87380219f434b944ef8793d1269b1 P bfcc630b15c4487ea9e699b8efdcf676: Time spent starting tablet: real 0.032s	user 0.007s	sys 0.015s
I20260630 12:39:24.469959 23962 heartbeater.cc:499] Master 127.20.46.62:39895 was elected leader, sending a full tablet report...
I20260630 12:39:24.490109 23830 tablet_bootstrap.cc:492] T 4ad33bd66932404a9fb65f8b90c4e34f P 34e0f773389b4af98cc815e485ae438d: No bootstrap required, opened a new log
I20260630 12:39:24.490710 23830 ts_tablet_manager.cc:1403] T 4ad33bd66932404a9fb65f8b90c4e34f P 34e0f773389b4af98cc815e485ae438d: Time spent bootstrapping tablet: real 0.046s	user 0.009s	sys 0.017s
I20260630 12:39:24.494197 23830 raft_consensus.cc:359] T 4ad33bd66932404a9fb65f8b90c4e34f P 34e0f773389b4af98cc815e485ae438d [term 0 FOLLOWER]: Replica starting. Triggering 0 pending ops. Active config: opid_index: -1 OBSOLETE_local: false peers { permanent_uuid: "d7d13756d6a94235b32f54a9a72b8bad" member_type: VOTER last_known_addr { host: "127.20.46.2" port: 40097 } } peers { permanent_uuid: "34e0f773389b4af98cc815e485ae438d" member_type: VOTER last_known_addr { host: "127.20.46.1" port: 36257 } } peers { permanent_uuid: "bfcc630b15c4487ea9e699b8efdcf676" member_type: VOTER last_known_addr { host: "127.20.46.4" port: 43061 } }
I20260630 12:39:24.494912 23978 tablet_bootstrap.cc:492] T d901e992ccfe45f3a4c3ab83f8cb575c P bfcc630b15c4487ea9e699b8efdcf676: Bootstrap starting.
