I20260630 12:39:48.597350 28224 consensus_queue.cc:237] T abb7b0c484f84c23a2c49bc3ff32e688 P b112a5ca2de447c0b6d2e383e4e85cab [LEADER]: Queue going to LEADER mode. State: All replicated index: 0, Majority replicated index: 0, Committed index: 0, Last appended: 0.0, Last appended by leader: 0, Current term: 1, Majority size: 2, State: 0, Mode: LEADER, active raft config: opid_index: -1 OBSOLETE_local: false peers { permanent_uuid: "b112a5ca2de447c0b6d2e383e4e85cab" member_type: VOTER last_known_addr { host: "127.23.13.129" port: 37881 } } peers { permanent_uuid: "119797a78c4d4ae59055bb14626b4169" member_type: VOTER last_known_addr { host: "127.23.13.130" port: 37617 } } peers { permanent_uuid: "5e6c64dfa49141419c9fc9505db18280" member_type: VOTER last_known_addr { host: "127.23.13.131" port: 44959 } }
I20260630 12:39:48.600033 28258 consensus_queue.cc:1048] T 26d180235254476184217d7970cb750a P 119797a78c4d4ae59055bb14626b4169 [LEADER]: Connected to new peer: Peer: permanent_uuid: "b112a5ca2de447c0b6d2e383e4e85cab" member_type: VOTER last_known_addr { host: "127.23.13.129" port: 37881 }, Status: LMP_MISMATCH, Last received: 0.0, Next index: 1, Last known committed idx: 0, Time since last communication: 0.000s
I20260630 12:39:48.605866 27920 catalog_manager.cc:5697] T abb7b0c484f84c23a2c49bc3ff32e688 P b112a5ca2de447c0b6d2e383e4e85cab reported cstate change: term changed from 0 to 1, leader changed from <none> to b112a5ca2de447c0b6d2e383e4e85cab (127.23.13.129). New cstate: current_term: 1 leader_uuid: "b112a5ca2de447c0b6d2e383e4e85cab" committed_config { opid_index: -1 OBSOLETE_local: false peers { permanent_uuid: "b112a5ca2de447c0b6d2e383e4e85cab" member_type: VOTER last_known_addr { host: "127.23.13.129" port: 37881 } health_report { overall_health: HEALTHY } } peers { permanent_uuid: "119797a78c4d4ae59055bb14626b4169" member_type: VOTER last_known_addr { host: "127.23.13.130" port: 37617 } health_report { overall_health: UNKNOWN } } peers { permanent_uuid: "5e6c64dfa49141419c9fc9505db18280" member_type: VOTER last_known_addr { host: "127.23.13.131" port: 44959 } health_report { overall_health: UNKNOWN } } }
I20260630 12:39:48.654743 28258 raft_consensus.cc:493] T a65f322c32014ee386fb9ef15bee5c37 P 119797a78c4d4ae59055bb14626b4169 [term 0 FOLLOWER]: Starting pre-election (no leader contacted us within the election timeout)
I20260630 12:39:48.655181 28258 raft_consensus.cc:515] T a65f322c32014ee386fb9ef15bee5c37 P 119797a78c4d4ae59055bb14626b4169 [term 0 FOLLOWER]: Starting pre-election with config: opid_index: -1 OBSOLETE_local: false peers { permanent_uuid: "b112a5ca2de447c0b6d2e383e4e85cab" member_type: VOTER last_known_addr { host: "127.23.13.129" port: 37881 } } peers { permanent_uuid: "119797a78c4d4ae59055bb14626b4169" member_type: VOTER last_known_addr { host: "127.23.13.130" port: 37617 } } peers { permanent_uuid: "5e6c64dfa49141419c9fc9505db18280" member_type: VOTER last_known_addr { host: "127.23.13.131" port: 44959 } }
I20260630 12:39:48.656628 28258 leader_election.cc:290] T a65f322c32014ee386fb9ef15bee5c37 P 119797a78c4d4ae59055bb14626b4169 [CANDIDATE]: Term 1 pre-election: Requested pre-vote from peers b112a5ca2de447c0b6d2e383e4e85cab (127.23.13.129:37881), 5e6c64dfa49141419c9fc9505db18280 (127.23.13.131:44959)
I20260630 12:39:48.657226 28022 tablet_service.cc:1917] Received RequestConsensusVote() RPC: tablet_id: "a65f322c32014ee386fb9ef15bee5c37" candidate_uuid: "119797a78c4d4ae59055bb14626b4169" candidate_term: 1 candidate_status { last_received { term: 0 index: 0 } } ignore_live_leader: false dest_uuid: "b112a5ca2de447c0b6d2e383e4e85cab" is_pre_election: true
I20260630 12:39:48.657572 28169 tablet_service.cc:1917] Received RequestConsensusVote() RPC: tablet_id: "a65f322c32014ee386fb9ef15bee5c37" candidate_uuid: "119797a78c4d4ae59055bb14626b4169" candidate_term: 1 candidate_status { last_received { term: 0 index: 0 } } ignore_live_leader: false dest_uuid: "5e6c64dfa49141419c9fc9505db18280" is_pre_election: true
I20260630 12:39:48.657752 28022 raft_consensus.cc:2468] T a65f322c32014ee386fb9ef15bee5c37 P b112a5ca2de447c0b6d2e383e4e85cab [term 0 FOLLOWER]: Leader pre-election vote request: Granting yes vote for candidate 119797a78c4d4ae59055bb14626b4169 in term 0.
I20260630 12:39:48.658058 28169 raft_consensus.cc:2468] T a65f322c32014ee386fb9ef15bee5c37 P 5e6c64dfa49141419c9fc9505db18280 [term 0 FOLLOWER]: Leader pre-election vote request: Granting yes vote for candidate 119797a78c4d4ae59055bb14626b4169 in term 0.
I20260630 12:39:48.658630 28060 leader_election.cc:304] T a65f322c32014ee386fb9ef15bee5c37 P 119797a78c4d4ae59055bb14626b4169 [CANDIDATE]: Term 1 pre-election: Election decided. Result: candidate won. Election summary: received 2 responses out of 3 voters: 2 yes votes; 0 no votes. yes voters: 119797a78c4d4ae59055bb14626b4169, b112a5ca2de447c0b6d2e383e4e85cab; no voters: 
I20260630 12:39:48.659381 28258 raft_consensus.cc:2804] T a65f322c32014ee386fb9ef15bee5c37 P 119797a78c4d4ae59055bb14626b4169 [term 0 FOLLOWER]: Leader pre-election won for term 1
I20260630 12:39:48.659720 28258 raft_consensus.cc:493] T a65f322c32014ee386fb9ef15bee5c37 P 119797a78c4d4ae59055bb14626b4169 [term 0 FOLLOWER]: Starting leader election (no leader contacted us within the election timeout)
I20260630 12:39:48.659941 28258 raft_consensus.cc:3060] T a65f322c32014ee386fb9ef15bee5c37 P 119797a78c4d4ae59055bb14626b4169 [term 0 FOLLOWER]: Advancing to term 1
I20260630 12:39:48.664203 28258 raft_consensus.cc:515] T a65f322c32014ee386fb9ef15bee5c37 P 119797a78c4d4ae59055bb14626b4169 [term 1 FOLLOWER]: Starting leader election with config: opid_index: -1 OBSOLETE_local: false peers { permanent_uuid: "b112a5ca2de447c0b6d2e383e4e85cab" member_type: VOTER last_known_addr { host: "127.23.13.129" port: 37881 } } peers { permanent_uuid: "119797a78c4d4ae59055bb14626b4169" member_type: VOTER last_known_addr { host: "127.23.13.130" port: 37617 } } peers { permanent_uuid: "5e6c64dfa49141419c9fc9505db18280" member_type: VOTER last_known_addr { host: "127.23.13.131" port: 44959 } }
I20260630 12:39:48.665550 28258 leader_election.cc:290] T a65f322c32014ee386fb9ef15bee5c37 P 119797a78c4d4ae59055bb14626b4169 [CANDIDATE]: Term 1 election: Requested vote from peers b112a5ca2de447c0b6d2e383e4e85cab (127.23.13.129:37881), 5e6c64dfa49141419c9fc9505db18280 (127.23.13.131:44959)
I20260630 12:39:48.666098 28022 tablet_service.cc:1917] Received RequestConsensusVote() RPC: tablet_id: "a65f322c32014ee386fb9ef15bee5c37" candidate_uuid: "119797a78c4d4ae59055bb14626b4169" candidate_term: 1 candidate_status { last_received { term: 0 index: 0 } } ignore_live_leader: false dest_uuid: "b112a5ca2de447c0b6d2e383e4e85cab"
I20260630 12:39:48.666555 28022 raft_consensus.cc:3060] T a65f322c32014ee386fb9ef15bee5c37 P b112a5ca2de447c0b6d2e383e4e85cab [term 0 FOLLOWER]: Advancing to term 1
I20260630 12:39:48.666482 28169 tablet_service.cc:1917] Received RequestConsensusVote() RPC: tablet_id: "a65f322c32014ee386fb9ef15bee5c37" candidate_uuid: "119797a78c4d4ae59055bb14626b4169" candidate_term: 1 candidate_status { last_received { term: 0 index: 0 } } ignore_live_leader: false dest_uuid: "5e6c64dfa49141419c9fc9505db18280"
I20260630 12:39:48.667057 28169 raft_consensus.cc:3060] T a65f322c32014ee386fb9ef15bee5c37 P 5e6c64dfa49141419c9fc9505db18280 [term 0 FOLLOWER]: Advancing to term 1
I20260630 12:39:48.670670 28022 raft_consensus.cc:2468] T a65f322c32014ee386fb9ef15bee5c37 P b112a5ca2de447c0b6d2e383e4e85cab [term 1 FOLLOWER]: Leader election vote request: Granting yes vote for candidate 119797a78c4d4ae59055bb14626b4169 in term 1.
I20260630 12:39:48.671186 28169 raft_consensus.cc:2468] T a65f322c32014ee386fb9ef15bee5c37 P 5e6c64dfa49141419c9fc9505db18280 [term 1 FOLLOWER]: Leader election vote request: Granting yes vote for candidate 119797a78c4d4ae59055bb14626b4169 in term 1.
I20260630 12:39:48.671517 28060 leader_election.cc:304] T a65f322c32014ee386fb9ef15bee5c37 P 119797a78c4d4ae59055bb14626b4169 [CANDIDATE]: Term 1 election: Election decided. Result: candidate won. Election summary: received 2 responses out of 3 voters: 2 yes votes; 0 no votes. yes voters: 119797a78c4d4ae59055bb14626b4169, b112a5ca2de447c0b6d2e383e4e85cab; no voters: 
I20260630 12:39:48.672165 28258 raft_consensus.cc:2804] T a65f322c32014ee386fb9ef15bee5c37 P 119797a78c4d4ae59055bb14626b4169 [term 1 FOLLOWER]: Leader election won for term 1
I20260630 12:39:48.672495 28258 raft_consensus.cc:697] T a65f322c32014ee386fb9ef15bee5c37 P 119797a78c4d4ae59055bb14626b4169 [term 1 LEADER]: Becoming Leader. State: Replica: 119797a78c4d4ae59055bb14626b4169, State: Running, Role: LEADER
I20260630 12:39:48.673141 28258 consensus_queue.cc:237] T a65f322c32014ee386fb9ef15bee5c37 P 119797a78c4d4ae59055bb14626b4169 [LEADER]: Queue going to LEADER mode. State: All replicated index: 0, Majority replicated index: 0, Committed index: 0, Last appended: 0.0, Last appended by leader: 0, Current term: 1, Majority size: 2, State: 0, Mode: LEADER, active raft config: opid_index: -1 OBSOLETE_local: false peers { permanent_uuid: "b112a5ca2de447c0b6d2e383e4e85cab" member_type: VOTER last_known_addr { host: "127.23.13.129" port: 37881 } } peers { permanent_uuid: "119797a78c4d4ae59055bb14626b4169" member_type: VOTER last_known_addr { host: "127.23.13.130" port: 37617 } } peers { permanent_uuid: "5e6c64dfa49141419c9fc9505db18280" member_type: VOTER last_known_addr { host: "127.23.13.131" port: 44959 } }
I20260630 12:39:48.675835 28223 consensus_queue.cc:1048] T 06a634be93564eea8831fbe214247913 P 119797a78c4d4ae59055bb14626b4169 [LEADER]: Connected to new peer: Peer: permanent_uuid: "5e6c64dfa49141419c9fc9505db18280" member_type: VOTER last_known_addr { host: "127.23.13.131" port: 44959 }, Status: LMP_MISMATCH, Last received: 0.0, Next index: 1, Last known committed idx: 0, Time since last communication: 0.000s
I20260630 12:39:48.679636 28224 consensus_queue.cc:1048] T 8e55ae2bb7294bf29f483ce6479a82e1 P b112a5ca2de447c0b6d2e383e4e85cab [LEADER]: Connected to new peer: Peer: permanent_uuid: "119797a78c4d4ae59055bb14626b4169" member_type: VOTER last_known_addr { host: "127.23.13.130" port: 37617 }, Status: LMP_MISMATCH, Last received: 0.0, Next index: 1, Last known committed idx: 0, Time since last communication: 0.000s
I20260630 12:39:48.685745 28258 consensus_queue.cc:1048] T 06a634be93564eea8831fbe214247913 P 119797a78c4d4ae59055bb14626b4169 [LEADER]: Connected to new peer: Peer: permanent_uuid: "b112a5ca2de447c0b6d2e383e4e85cab" member_type: VOTER last_known_addr { host: "127.23.13.129" port: 37881 }, Status: LMP_MISMATCH, Last received: 0.0, Next index: 1, Last known committed idx: 0, Time since last communication: 0.000s
I20260630 12:39:48.695134 27920 catalog_manager.cc:5697] T a65f322c32014ee386fb9ef15bee5c37 P 119797a78c4d4ae59055bb14626b4169 reported cstate change: term changed from 0 to 1, leader changed from <none> to 119797a78c4d4ae59055bb14626b4169 (127.23.13.130). New cstate: current_term: 1 leader_uuid: "119797a78c4d4ae59055bb14626b4169" committed_config { opid_index: -1 OBSOLETE_local: false peers { permanent_uuid: "b112a5ca2de447c0b6d2e383e4e85cab" member_type: VOTER last_known_addr { host: "127.23.13.129" port: 37881 } health_report { overall_health: UNKNOWN } } peers { permanent_uuid: "119797a78c4d4ae59055bb14626b4169" member_type: VOTER last_known_addr { host: "127.23.13.130" port: 37617 } health_report { overall_health: HEALTHY } } peers { permanent_uuid: "5e6c64dfa49141419c9fc9505db18280" member_type: VOTER last_known_addr { host: "127.23.13.131" port: 44959 } health_report { overall_health: UNKNOWN } } }
I20260630 12:39:48.696053 28169 raft_consensus.cc:3060] T 8e55ae2bb7294bf29f483ce6479a82e1 P 5e6c64dfa49141419c9fc9505db18280 [term 0 FOLLOWER]: Advancing to term 1
I20260630 12:39:48.700975 28267 consensus_queue.cc:1048] T b49c43a734844ce9b1ee62ac3be7be4a P b112a5ca2de447c0b6d2e383e4e85cab [LEADER]: Connected to new peer: Peer: permanent_uuid: "119797a78c4d4ae59055bb14626b4169" member_type: VOTER last_known_addr { host: "127.23.13.130" port: 37617 }, Status: LMP_MISMATCH, Last received: 0.0, Next index: 1, Last known committed idx: 0, Time since last communication: 0.000s
I20260630 12:39:48.705323 28267 consensus_queue.cc:1048] T 8e55ae2bb7294bf29f483ce6479a82e1 P b112a5ca2de447c0b6d2e383e4e85cab [LEADER]: Connected to new peer: Peer: permanent_uuid: "5e6c64dfa49141419c9fc9505db18280" member_type: VOTER last_known_addr { host: "127.23.13.131" port: 44959 }, Status: LMP_MISMATCH, Last received: 0.0, Next index: 1, Last known committed idx: 0, Time since last communication: 0.000s
I20260630 12:39:48.711184 28264 consensus_queue.cc:1048] T 1aecfc3bd63d412bab0e269f19317249 P 5e6c64dfa49141419c9fc9505db18280 [LEADER]: Connected to new peer: Peer: permanent_uuid: "119797a78c4d4ae59055bb14626b4169" member_type: VOTER last_known_addr { host: "127.23.13.130" port: 37617 }, Status: LMP_MISMATCH, Last received: 0.0, Next index: 1, Last known committed idx: 0, Time since last communication: 0.000s
I20260630 12:39:48.714668 28264 consensus_queue.cc:1048] T 1aecfc3bd63d412bab0e269f19317249 P 5e6c64dfa49141419c9fc9505db18280 [LEADER]: Connected to new peer: Peer: permanent_uuid: "b112a5ca2de447c0b6d2e383e4e85cab" member_type: VOTER last_known_addr { host: "127.23.13.129" port: 37881 }, Status: LMP_MISMATCH, Last received: 0.0, Next index: 1, Last known committed idx: 0, Time since last communication: 0.000s
I20260630 12:39:48.733476 28267 consensus_queue.cc:1048] T b49c43a734844ce9b1ee62ac3be7be4a P b112a5ca2de447c0b6d2e383e4e85cab [LEADER]: Connected to new peer: Peer: permanent_uuid: "5e6c64dfa49141419c9fc9505db18280" member_type: VOTER last_known_addr { host: "127.23.13.131" port: 44959 }, Status: LMP_MISMATCH, Last received: 0.0, Next index: 1, Last known committed idx: 0, Time since last communication: 0.000s
I20260630 12:39:48.777825 28267 consensus_queue.cc:1048] T f1ef748c99114ee893b0f0d05284021f P b112a5ca2de447c0b6d2e383e4e85cab [LEADER]: Connected to new peer: Peer: permanent_uuid: "5e6c64dfa49141419c9fc9505db18280" member_type: VOTER last_known_addr { host: "127.23.13.131" port: 44959 }, Status: LMP_MISMATCH, Last received: 0.0, Next index: 1, Last known committed idx: 0, Time since last communication: 0.000s
I20260630 12:39:48.786965 28224 consensus_queue.cc:1048] T f1ef748c99114ee893b0f0d05284021f P b112a5ca2de447c0b6d2e383e4e85cab [LEADER]: Connected to new peer: Peer: permanent_uuid: "119797a78c4d4ae59055bb14626b4169" member_type: VOTER last_known_addr { host: "127.23.13.130" port: 37617 }, Status: LMP_MISMATCH, Last received: 0.0, Next index: 1, Last known committed idx: 0, Time since last communication: 0.000s
I20260630 12:39:48.822225 28224 consensus_queue.cc:1048] T b57d22f2ca2d4784a415dae8d06009bd P b112a5ca2de447c0b6d2e383e4e85cab [LEADER]: Connected to new peer: Peer: permanent_uuid: "119797a78c4d4ae59055bb14626b4169" member_type: VOTER last_known_addr { host: "127.23.13.130" port: 37617 }, Status: LMP_MISMATCH, Last received: 0.0, Next index: 1, Last known committed idx: 0, Time since last communication: 0.000s
I20260630 12:39:48.832337 28257 consensus_queue.cc:1048] T 2a7373461aee49da82b520b716e12e83 P b112a5ca2de447c0b6d2e383e4e85cab [LEADER]: Connected to new peer: Peer: permanent_uuid: "5e6c64dfa49141419c9fc9505db18280" member_type: VOTER last_known_addr { host: "127.23.13.131" port: 44959 }, Status: LMP_MISMATCH, Last received: 0.0, Next index: 1, Last known committed idx: 0, Time since last communication: 0.000s
I20260630 12:39:48.832510 28267 consensus_queue.cc:1048] T b57d22f2ca2d4784a415dae8d06009bd P b112a5ca2de447c0b6d2e383e4e85cab [LEADER]: Connected to new peer: Peer: permanent_uuid: "5e6c64dfa49141419c9fc9505db18280" member_type: VOTER last_known_addr { host: "127.23.13.131" port: 44959 }, Status: LMP_MISMATCH, Last received: 0.0, Next index: 1, Last known committed idx: 0, Time since last communication: 0.000s
I20260630 12:39:48.844691 28270 consensus_queue.cc:1048] T 2a7373461aee49da82b520b716e12e83 P b112a5ca2de447c0b6d2e383e4e85cab [LEADER]: Connected to new peer: Peer: permanent_uuid: "119797a78c4d4ae59055bb14626b4169" member_type: VOTER last_known_addr { host: "127.23.13.130" port: 37617 }, Status: LMP_MISMATCH, Last received: 0.0, Next index: 1, Last known committed idx: 0, Time since last communication: 0.000s
I20260630 12:39:48.928474 28260 consensus_queue.cc:1048] T 0c008a728fdf47d3844b428a203b57bf P 119797a78c4d4ae59055bb14626b4169 [LEADER]: Connected to new peer: Peer: permanent_uuid: "b112a5ca2de447c0b6d2e383e4e85cab" member_type: VOTER last_known_addr { host: "127.23.13.129" port: 37881 }, Status: LMP_MISMATCH, Last received: 0.0, Next index: 1, Last known committed idx: 0, Time since last communication: 0.000s
I20260630 12:39:48.953166 28260 consensus_queue.cc:1048] T 0c008a728fdf47d3844b428a203b57bf P 119797a78c4d4ae59055bb14626b4169 [LEADER]: Connected to new peer: Peer: permanent_uuid: "5e6c64dfa49141419c9fc9505db18280" member_type: VOTER last_known_addr { host: "127.23.13.131" port: 44959 }, Status: LMP_MISMATCH, Last received: 0.0, Next index: 1, Last known committed idx: 0, Time since last communication: 0.000s
I20260630 12:39:48.989996 28270 consensus_queue.cc:1048] T abb7b0c484f84c23a2c49bc3ff32e688 P b112a5ca2de447c0b6d2e383e4e85cab [LEADER]: Connected to new peer: Peer: permanent_uuid: "5e6c64dfa49141419c9fc9505db18280" member_type: VOTER last_known_addr { host: "127.23.13.131" port: 44959 }, Status: LMP_MISMATCH, Last received: 0.0, Next index: 1, Last known committed idx: 0, Time since last communication: 0.000s
I20260630 12:39:49.018056 28255 consensus_queue.cc:1048] T abb7b0c484f84c23a2c49bc3ff32e688 P b112a5ca2de447c0b6d2e383e4e85cab [LEADER]: Connected to new peer: Peer: permanent_uuid: "119797a78c4d4ae59055bb14626b4169" member_type: VOTER last_known_addr { host: "127.23.13.130" port: 37617 }, Status: LMP_MISMATCH, Last received: 0.0, Next index: 1, Last known committed idx: 0, Time since last communication: 0.000s
I20260630 12:39:49.149036 28260 consensus_queue.cc:1048] T a65f322c32014ee386fb9ef15bee5c37 P 119797a78c4d4ae59055bb14626b4169 [LEADER]: Connected to new peer: Peer: permanent_uuid: "5e6c64dfa49141419c9fc9505db18280" member_type: VOTER last_known_addr { host: "127.23.13.131" port: 44959 }, Status: LMP_MISMATCH, Last received: 0.0, Next index: 1, Last known committed idx: 0, Time since last communication: 0.000s
W20260630 12:39:49.259176 28203 outbound_call.cc:321] RPC callback for RPC call kudu.master.MasterService.GetTableLocations -> {remote=127.23.13.190:39325, user_credentials={real_user=slave}} blocked reactor thread for 98118.4us
W20260630 12:39:49.358875 28063 outbound_call.cc:321] RPC callback for RPC call kudu.consensus.ConsensusService.UpdateConsensus -> {remote=127.23.13.131:44959, user_credentials={real_user=slave}} blocked reactor thread for 101536us
W20260630 12:39:49.379328 28203 outbound_call.cc:321] RPC callback for RPC call kudu.master.MasterService.GetTableLocations -> {remote=127.23.13.190:39325, user_credentials={real_user=slave}} blocked reactor thread for 117765us
I20260630 12:39:49.385764 28260 consensus_queue.cc:1048] T a65f322c32014ee386fb9ef15bee5c37 P 119797a78c4d4ae59055bb14626b4169 [LEADER]: Connected to new peer: Peer: permanent_uuid: "b112a5ca2de447c0b6d2e383e4e85cab" member_type: VOTER last_known_addr { host: "127.23.13.129" port: 37881 }, Status: LMP_MISMATCH, Last received: 0.0, Next index: 1, Last known committed idx: 0, Time since last communication: 0.005s
W20260630 12:39:49.602154 27986 outbound_call.cc:321] RPC callback for RPC call kudu.consensus.ConsensusService.UpdateConsensus -> {remote=127.23.13.130:37617, user_credentials={real_user=slave}} blocked reactor thread for 48122.6us
W20260630 12:39:49.703603 28359 log.cc:927] Time spent T a65f322c32014ee386fb9ef15bee5c37 P b112a5ca2de447c0b6d2e383e4e85cab: Append to log took a long time: real 0.064s	user 0.001s	sys 0.000s
W20260630 12:39:49.802452 27988 outbound_call.cc:321] RPC callback for RPC call kudu.consensus.ConsensusService.UpdateConsensus -> {remote=127.23.13.131:44959, user_credentials={real_user=slave}} blocked reactor thread for 56930.9us
W20260630 12:39:51.871332 28063 outbound_call.cc:321] RPC callback for RPC call kudu.consensus.ConsensusService.UpdateConsensus -> {remote=127.23.13.131:44959, user_credentials={real_user=slave}} blocked reactor thread for 46056.5us
W20260630 12:39:52.479215 27986 outbound_call.cc:321] RPC callback for RPC call kudu.consensus.ConsensusService.UpdateConsensus -> {remote=127.23.13.130:37617, user_credentials={real_user=slave}} blocked reactor thread for 162355us
W20260630 12:39:52.618588 27986 outbound_call.cc:321] RPC callback for RPC call kudu.consensus.ConsensusService.UpdateConsensus -> {remote=127.23.13.130:37617, user_credentials={real_user=slave}} blocked reactor thread for 71318.9us
I20260630 12:39:52.620698 23606 file_cache.cc:492] Constructed file cache file cache with capacity 419430
W20260630 12:39:52.652099 28398 instance_detector.cc:116] could not retrieve AWS instance metadata: Network error: curl error: HTTP response code said error: The requested URL returned error: 404
W20260630 12:39:52.655975 28399 instance_detector.cc:116] could not retrieve Azure instance metadata: Network error: curl error: HTTP response code said error: The requested URL returned error: 404
I20260630 12:39:52.659475 23606 server_base.cc:1061] running on GCE node
W20260630 12:39:52.660830 28401 instance_detector.cc:116] could not retrieve OpenStack instance metadata: Network error: curl error: HTTP response code said error: The requested URL returned error: 404
I20260630 12:39:52.662256 23606 hybrid_clock.cc:584] initializing the hybrid clock with 'system_unsync' time source
W20260630 12:39:52.662485 23606 system_unsync_time.cc:38] NTP support is disabled. Clock error bounds will not be accurate. This configuration is not suitable for distributed clusters.
I20260630 12:39:52.662624 23606 hybrid_clock.cc:648] HybridClock initialized: now 1782823192662614 us; error 0 us; skew 500 ppm
I20260630 12:39:52.663084 23606 server_base.cc:861] Flag tcmalloc_max_total_thread_cache_bytes is not working since tcmalloc is not enabled.
I20260630 12:39:52.665494 23606 webserver.cc:533] Webserver started at http://127.23.13.132:42673/ using document root <none> and password file <none>
I20260630 12:39:52.665905 23606 fs_manager.cc:362] Metadata directory not provided
I20260630 12:39:52.666054 23606 fs_manager.cc:368] Using write-ahead log directory (fs_wal_dir) as metadata directory
I20260630 12:39:52.666253 23606 server_base.cc:909] This appears to be a new deployment of Kudu; creating new FS layout
I20260630 12:39:52.667250 23606 fs_manager.cc:1068] Generated new instance metadata in path /tmp/dist-test-taskzF7T0b/test-tmp/auto_rebalancer-test.0.AutoRebalancerTest.TestMaxMovesPerServer.1782823072138116-23606-0/minicluster-data/ts-3-root/instance:
uuid: "580522f1dce0485cb285a8a67af7a3f9"
format_stamp: "Formatted at 2026-06-30 12:39:52 on dist-test-slave-1x9w"
I20260630 12:39:52.671078 23606 fs_manager.cc:696] Time spent creating directory manager: real 0.003s	user 0.003s	sys 0.001s
I20260630 12:39:52.673964 28406 log_block_manager.cc:4031] Time spent loading block containers with low live blocks: real 0.000s	user 0.000s	sys 0.000s
I20260630 12:39:52.674707 23606 fs_manager.cc:730] Time spent opening block manager: real 0.002s	user 0.003s	sys 0.000s
I20260630 12:39:52.674978 23606 fs_manager.cc:647] Opened local filesystem: /tmp/dist-test-taskzF7T0b/test-tmp/auto_rebalancer-test.0.AutoRebalancerTest.TestMaxMovesPerServer.1782823072138116-23606-0/minicluster-data/ts-3-root
uuid: "580522f1dce0485cb285a8a67af7a3f9"
format_stamp: "Formatted at 2026-06-30 12:39:52 on dist-test-slave-1x9w"
I20260630 12:39:52.675268 23606 fs_report.cc:389] FS layout report
--------------------
wal directory: /tmp/dist-test-taskzF7T0b/test-tmp/auto_rebalancer-test.0.AutoRebalancerTest.TestMaxMovesPerServer.1782823072138116-23606-0/minicluster-data/ts-3-root
metadata directory: /tmp/dist-test-taskzF7T0b/test-tmp/auto_rebalancer-test.0.AutoRebalancerTest.TestMaxMovesPerServer.1782823072138116-23606-0/minicluster-data/ts-3-root
1 data directories: /tmp/dist-test-taskzF7T0b/test-tmp/auto_rebalancer-test.0.AutoRebalancerTest.TestMaxMovesPerServer.1782823072138116-23606-0/minicluster-data/ts-3-root/data
Total live blocks: 0
Total live bytes: 0
Total live bytes (after alignment): 0
Total number of LBM containers: 0 (0 full)
Did not check for missing blocks
Did not check for orphaned blocks
Total full LBM containers with extra space: 0 (0 repaired)
Total full LBM container extra space in bytes: 0 (0 repaired)
Total incomplete LBM containers: 0 (0 repaired)
Total LBM partial records: 0 (0 repaired)
Total corrupted LBM metadata records in RocksDB: 0 (0 repaired)
I20260630 12:39:52.688781 23606 rpc_server.cc:225] running with OpenSSL 1.1.1  11 Sep 2018
I20260630 12:39:52.689795 23606 kserver.cc:163] Server-wide thread pool size limit: 3276
I20260630 12:39:52.691113 23606 txn_system_client.cc:432] TxnSystemClient initialization is disabled...
I20260630 12:39:52.693049 23606 ts_tablet_manager.cc:585] Loaded tablet metadata (0 total tablets, 0 live tablets)
I20260630 12:39:52.693240 23606 ts_tablet_manager.cc:531] Time spent load tablet metadata: real 0.000s	user 0.000s	sys 0.000s
I20260630 12:39:52.693435 23606 ts_tablet_manager.cc:616] Registered 0 tablets
I20260630 12:39:52.693583 23606 ts_tablet_manager.cc:595] Time spent register tablets: real 0.000s	user 0.000s	sys 0.000s
I20260630 12:39:52.782023 23606 rpc_server.cc:307] RPC server started. Bound to: 127.23.13.132:44823
I20260630 12:39:52.782126 28469 acceptor_pool.cc:272] collecting diagnostics on the listening RPC socket 127.23.13.132:44823 every 8 connection(s)
I20260630 12:39:52.788795 23606 file_cache.cc:492] Constructed file cache file cache with capacity 419430
W20260630 12:39:52.797945 28474 instance_detector.cc:116] could not retrieve AWS instance metadata: Network error: curl error: HTTP response code said error: The requested URL returned error: 404
W20260630 12:39:52.799854 28475 instance_detector.cc:116] could not retrieve Azure instance metadata: Network error: curl error: HTTP response code said error: The requested URL returned error: 404
W20260630 12:39:52.802671 28477 instance_detector.cc:116] could not retrieve OpenStack instance metadata: Network error: curl error: HTTP response code said error: The requested URL returned error: 404
I20260630 12:39:52.804242 23606 server_base.cc:1061] running on GCE node
I20260630 12:39:52.806898 28470 heartbeater.cc:344] Connected to a master server at 127.23.13.190:39325
I20260630 12:39:52.807283 28470 heartbeater.cc:461] Registering TS with master...
I20260630 12:39:52.807696 23606 hybrid_clock.cc:584] initializing the hybrid clock with 'system_unsync' time source
W20260630 12:39:52.807943 23606 system_unsync_time.cc:38] NTP support is disabled. Clock error bounds will not be accurate. This configuration is not suitable for distributed clusters.
I20260630 12:39:52.808048 28470 heartbeater.cc:507] Master 127.23.13.190:39325 requested a full tablet report, sending...
I20260630 12:39:52.808123 23606 hybrid_clock.cc:648] HybridClock initialized: now 1782823192808106 us; error 0 us; skew 500 ppm
I20260630 12:39:52.808832 23606 server_base.cc:861] Flag tcmalloc_max_total_thread_cache_bytes is not working since tcmalloc is not enabled.
I20260630 12:39:52.810513 27917 ts_manager.cc:194] Registered new tserver with Master: 580522f1dce0485cb285a8a67af7a3f9 (127.23.13.132:44823)
I20260630 12:39:52.811726 23606 webserver.cc:533] Webserver started at http://127.23.13.133:37345/ using document root <none> and password file <none>
I20260630 12:39:52.812422 23606 fs_manager.cc:362] Metadata directory not provided
I20260630 12:39:52.812668 23606 fs_manager.cc:368] Using write-ahead log directory (fs_wal_dir) as metadata directory
I20260630 12:39:52.812852 27917 master_service.cc:502] Signed X509 certificate for tserver {username='slave'} at 127.0.0.1:41288
I20260630 12:39:52.813062 23606 server_base.cc:909] This appears to be a new deployment of Kudu; creating new FS layout
I20260630 12:39:52.814769 23606 fs_manager.cc:1068] Generated new instance metadata in path /tmp/dist-test-taskzF7T0b/test-tmp/auto_rebalancer-test.0.AutoRebalancerTest.TestMaxMovesPerServer.1782823072138116-23606-0/minicluster-data/ts-4-root/instance:
uuid: "d0c04d15e7f546f39cf54960dbf3bc2a"
format_stamp: "Formatted at 2026-06-30 12:39:52 on dist-test-slave-1x9w"
I20260630 12:39:52.819300 23606 fs_manager.cc:696] Time spent creating directory manager: real 0.004s	user 0.002s	sys 0.001s
I20260630 12:39:52.822607 28482 log_block_manager.cc:4031] Time spent loading block containers with low live blocks: real 0.000s	user 0.000s	sys 0.000s
I20260630 12:39:52.823288 23606 fs_manager.cc:730] Time spent opening block manager: real 0.002s	user 0.002s	sys 0.001s
I20260630 12:39:52.823547 23606 fs_manager.cc:647] Opened local filesystem: /tmp/dist-test-taskzF7T0b/test-tmp/auto_rebalancer-test.0.AutoRebalancerTest.TestMaxMovesPerServer.1782823072138116-23606-0/minicluster-data/ts-4-root
uuid: "d0c04d15e7f546f39cf54960dbf3bc2a"
format_stamp: "Formatted at 2026-06-30 12:39:52 on dist-test-slave-1x9w"
I20260630 12:39:52.823776 23606 fs_report.cc:389] FS layout report
--------------------
wal directory: /tmp/dist-test-taskzF7T0b/test-tmp/auto_rebalancer-test.0.AutoRebalancerTest.TestMaxMovesPerServer.1782823072138116-23606-0/minicluster-data/ts-4-root
metadata directory: /tmp/dist-test-taskzF7T0b/test-tmp/auto_rebalancer-test.0.AutoRebalancerTest.TestMaxMovesPerServer.1782823072138116-23606-0/minicluster-data/ts-4-root
1 data directories: /tmp/dist-test-taskzF7T0b/test-tmp/auto_rebalancer-test.0.AutoRebalancerTest.TestMaxMovesPerServer.1782823072138116-23606-0/minicluster-data/ts-4-root/data
Total live blocks: 0
Total live bytes: 0
Total live bytes (after alignment): 0
Total number of LBM containers: 0 (0 full)
Did not check for missing blocks
Did not check for orphaned blocks
Total full LBM containers with extra space: 0 (0 repaired)
Total full LBM container extra space in bytes: 0 (0 repaired)
Total incomplete LBM containers: 0 (0 repaired)
Total LBM partial records: 0 (0 repaired)
Total corrupted LBM metadata records in RocksDB: 0 (0 repaired)
I20260630 12:39:52.842033 23606 rpc_server.cc:225] running with OpenSSL 1.1.1  11 Sep 2018
I20260630 12:39:52.843166 23606 kserver.cc:163] Server-wide thread pool size limit: 3276
I20260630 12:39:52.844566 23606 txn_system_client.cc:432] TxnSystemClient initialization is disabled...
I20260630 12:39:52.848201 23606 ts_tablet_manager.cc:585] Loaded tablet metadata (0 total tablets, 0 live tablets)
I20260630 12:39:52.848519 23606 ts_tablet_manager.cc:531] Time spent load tablet metadata: real 0.000s	user 0.000s	sys 0.000s
I20260630 12:39:52.848884 23606 ts_tablet_manager.cc:616] Registered 0 tablets
I20260630 12:39:52.849133 23606 ts_tablet_manager.cc:595] Time spent register tablets: real 0.000s	user 0.000s	sys 0.000s
I20260630 12:39:52.912513 23606 rpc_server.cc:307] RPC server started. Bound to: 127.23.13.133:40937
I20260630 12:39:52.912618 28544 acceptor_pool.cc:272] collecting diagnostics on the listening RPC socket 127.23.13.133:40937 every 8 connection(s)
I20260630 12:39:53.815775 28470 heartbeater.cc:499] Master 127.23.13.190:39325 was elected leader, sending a full tablet report...
I20260630 12:39:54.186076 28549 raft_consensus.cc:493] T da1525d86e484dc3b22e0f14ce9684b3 P 119797a78c4d4ae59055bb14626b4169 [term 1 FOLLOWER]: Starting pre-election (detected failure of leader b112a5ca2de447c0b6d2e383e4e85cab)
I20260630 12:39:54.187192 28549 raft_consensus.cc:515] T da1525d86e484dc3b22e0f14ce9684b3 P 119797a78c4d4ae59055bb14626b4169 [term 1 FOLLOWER]: Starting pre-election with config: opid_index: -1 OBSOLETE_local: false peers { permanent_uuid: "119797a78c4d4ae59055bb14626b4169" member_type: VOTER last_known_addr { host: "127.23.13.130" port: 37617 } } peers { permanent_uuid: "b112a5ca2de447c0b6d2e383e4e85cab" member_type: VOTER last_known_addr { host: "127.23.13.129" port: 37881 } } peers { permanent_uuid: "5e6c64dfa49141419c9fc9505db18280" member_type: VOTER last_known_addr { host: "127.23.13.131" port: 44959 } }
I20260630 12:39:54.190570 28549 leader_election.cc:290] T da1525d86e484dc3b22e0f14ce9684b3 P 119797a78c4d4ae59055bb14626b4169 [CANDIDATE]: Term 2 pre-election: Requested pre-vote from peers b112a5ca2de447c0b6d2e383e4e85cab (127.23.13.129:37881), 5e6c64dfa49141419c9fc9505db18280 (127.23.13.131:44959)
I20260630 12:39:54.382701 28549 raft_consensus.cc:493] T 1aecfc3bd63d412bab0e269f19317249 P 119797a78c4d4ae59055bb14626b4169 [term 1 FOLLOWER]: Starting pre-election (detected failure of leader 5e6c64dfa49141419c9fc9505db18280)
I20260630 12:39:54.383395 28549 raft_consensus.cc:515] T 1aecfc3bd63d412bab0e269f19317249 P 119797a78c4d4ae59055bb14626b4169 [term 1 FOLLOWER]: Starting pre-election with config: opid_index: -1 OBSOLETE_local: false peers { permanent_uuid: "b112a5ca2de447c0b6d2e383e4e85cab" member_type: VOTER last_known_addr { host: "127.23.13.129" port: 37881 } } peers { permanent_uuid: "119797a78c4d4ae59055bb14626b4169" member_type: VOTER last_known_addr { host: "127.23.13.130" port: 37617 } } peers { permanent_uuid: "5e6c64dfa49141419c9fc9505db18280" member_type: VOTER last_known_addr { host: "127.23.13.131" port: 44959 } }
I20260630 12:39:54.385665 28549 leader_election.cc:290] T 1aecfc3bd63d412bab0e269f19317249 P 119797a78c4d4ae59055bb14626b4169 [CANDIDATE]: Term 2 pre-election: Requested pre-vote from peers b112a5ca2de447c0b6d2e383e4e85cab (127.23.13.129:37881), 5e6c64dfa49141419c9fc9505db18280 (127.23.13.131:44959)
W20260630 12:39:55.957376 28547 negotiation.cc:336] Failed RPC negotiation. Trace:
0630 12:39:52.919991 (+     0us) reactor.cc:730] Submitting negotiation task for client connection to 127.23.13.190:39325 (local address 127.0.0.1:41294)
0630 12:39:52.939573 (+ 19582us) negotiation.cc:107] Waiting for socket to connect
0630 12:39:52.939636 (+    63us) client_negotiation.cc:175] Beginning negotiation
0630 12:39:52.942003 (+  2367us) client_negotiation.cc:253] Sending NEGOTIATE NegotiatePB request
0630 12:39:55.955739 (+3013736us) negotiation.cc:326] Negotiation complete: Timed out: Client connection negotiation failed: client connection to 127.23.13.190:39325: received 0 of 4 requested bytes
Metrics: {"client-negotiator.queue_time_us":18818,"thread_start_us":12164,"threads_started":1}
W20260630 12:39:55.961572 23611 debug-util.cc:398] Leaking SignalData structure 0x7b080000f540 after lost signal to thread 23606
W20260630 12:39:55.962146 23611 kernel_stack_watchdog.cc:198] Thread 23606 stuck at /apache/dev/git/kudu/src/kudu/util/thread.cc:642 for 2043ms:
Kernel stack:
(could not read kernel stack)
User stack:
<Timed out: thread did not respond: maybe it is blocking signals>
W20260630 12:39:56.040707 28060 proxy.cc:239] Call had error, refreshing address and retrying: Timed out: RequestConsensusVote RPC to 127.23.13.129:37881 timed out after 1.849s (SENT) [suppressed 11 similar messages]
I20260630 12:39:56.086328 28552 raft_consensus.cc:493] T 0c008a728fdf47d3844b428a203b57bf P 5e6c64dfa49141419c9fc9505db18280 [term 1 FOLLOWER]: Starting pre-election (detected failure of leader 119797a78c4d4ae59055bb14626b4169)
I20260630 12:39:56.089668 28552 raft_consensus.cc:515] T 0c008a728fdf47d3844b428a203b57bf P 5e6c64dfa49141419c9fc9505db18280 [term 1 FOLLOWER]: Starting pre-election with config: opid_index: -1 OBSOLETE_local: false peers { permanent_uuid: "b112a5ca2de447c0b6d2e383e4e85cab" member_type: VOTER last_known_addr { host: "127.23.13.129" port: 37881 } } peers { permanent_uuid: "119797a78c4d4ae59055bb14626b4169" member_type: VOTER last_known_addr { host: "127.23.13.130" port: 37617 } } peers { permanent_uuid: "5e6c64dfa49141419c9fc9505db18280" member_type: VOTER last_known_addr { host: "127.23.13.131" port: 44959 } }
W20260630 12:39:56.088704 28060 outbound_call.cc:321] RPC callback for RPC call kudu.consensus.ConsensusService.RequestConsensusVote -> {remote=127.23.13.129:37881, user_credentials={real_user=slave}} blocked reactor thread for 48140.1us
I20260630 12:39:56.087615 28553 raft_consensus.cc:493] T abb7b0c484f84c23a2c49bc3ff32e688 P 5e6c64dfa49141419c9fc9505db18280 [term 1 FOLLOWER]: Starting pre-election (detected failure of leader b112a5ca2de447c0b6d2e383e4e85cab)
I20260630 12:39:56.093505 28553 raft_consensus.cc:515] T abb7b0c484f84c23a2c49bc3ff32e688 P 5e6c64dfa49141419c9fc9505db18280 [term 1 FOLLOWER]: Starting pre-election with config: opid_index: -1 OBSOLETE_local: false peers { permanent_uuid: "b112a5ca2de447c0b6d2e383e4e85cab" member_type: VOTER last_known_addr { host: "127.23.13.129" port: 37881 } } peers { permanent_uuid: "119797a78c4d4ae59055bb14626b4169" member_type: VOTER last_known_addr { host: "127.23.13.130" port: 37617 } } peers { permanent_uuid: "5e6c64dfa49141419c9fc9505db18280" member_type: VOTER last_known_addr { host: "127.23.13.131" port: 44959 } }
I20260630 12:39:56.139508 28553 leader_election.cc:290] T abb7b0c484f84c23a2c49bc3ff32e688 P 5e6c64dfa49141419c9fc9505db18280 [CANDIDATE]: Term 2 pre-election: Requested pre-vote from peers b112a5ca2de447c0b6d2e383e4e85cab (127.23.13.129:37881), 119797a78c4d4ae59055bb14626b4169 (127.23.13.130:37617)
I20260630 12:39:56.140604 28552 leader_election.cc:290] T 0c008a728fdf47d3844b428a203b57bf P 5e6c64dfa49141419c9fc9505db18280 [CANDIDATE]: Term 2 pre-election: Requested pre-vote from peers b112a5ca2de447c0b6d2e383e4e85cab (127.23.13.129:37881), 119797a78c4d4ae59055bb14626b4169 (127.23.13.130:37617)
I20260630 12:39:56.196655 28553 raft_consensus.cc:493] T 2a7373461aee49da82b520b716e12e83 P 5e6c64dfa49141419c9fc9505db18280 [term 1 FOLLOWER]: Starting pre-election (detected failure of leader b112a5ca2de447c0b6d2e383e4e85cab)
I20260630 12:39:56.197365 28553 raft_consensus.cc:515] T 2a7373461aee49da82b520b716e12e83 P 5e6c64dfa49141419c9fc9505db18280 [term 1 FOLLOWER]: Starting pre-election with config: opid_index: -1 OBSOLETE_local: false peers { permanent_uuid: "b112a5ca2de447c0b6d2e383e4e85cab" member_type: VOTER last_known_addr { host: "127.23.13.129" port: 37881 } } peers { permanent_uuid: "119797a78c4d4ae59055bb14626b4169" member_type: VOTER last_known_addr { host: "127.23.13.130" port: 37617 } } peers { permanent_uuid: "5e6c64dfa49141419c9fc9505db18280" member_type: VOTER last_known_addr { host: "127.23.13.131" port: 44959 } }
I20260630 12:39:56.199506 28553 leader_election.cc:290] T 2a7373461aee49da82b520b716e12e83 P 5e6c64dfa49141419c9fc9505db18280 [CANDIDATE]: Term 2 pre-election: Requested pre-vote from peers b112a5ca2de447c0b6d2e383e4e85cab (127.23.13.129:37881), 119797a78c4d4ae59055bb14626b4169 (127.23.13.130:37617)
I20260630 12:39:56.227949 28555 raft_consensus.cc:493] T 06a634be93564eea8831fbe214247913 P b112a5ca2de447c0b6d2e383e4e85cab [term 1 FOLLOWER]: Starting pre-election (detected failure of leader 119797a78c4d4ae59055bb14626b4169)
I20260630 12:39:56.228747 28555 raft_consensus.cc:515] T 06a634be93564eea8831fbe214247913 P b112a5ca2de447c0b6d2e383e4e85cab [term 1 FOLLOWER]: Starting pre-election with config: opid_index: -1 OBSOLETE_local: false peers { permanent_uuid: "b112a5ca2de447c0b6d2e383e4e85cab" member_type: VOTER last_known_addr { host: "127.23.13.129" port: 37881 } } peers { permanent_uuid: "119797a78c4d4ae59055bb14626b4169" member_type: VOTER last_known_addr { host: "127.23.13.130" port: 37617 } } peers { permanent_uuid: "5e6c64dfa49141419c9fc9505db18280" member_type: VOTER last_known_addr { host: "127.23.13.131" port: 44959 } }
I20260630 12:39:56.230898 28552 raft_consensus.cc:493] T a65f322c32014ee386fb9ef15bee5c37 P 5e6c64dfa49141419c9fc9505db18280 [term 1 FOLLOWER]: Starting pre-election (detected failure of leader 119797a78c4d4ae59055bb14626b4169)
I20260630 12:39:56.231235 28555 leader_election.cc:290] T 06a634be93564eea8831fbe214247913 P b112a5ca2de447c0b6d2e383e4e85cab [CANDIDATE]: Term 2 pre-election: Requested pre-vote from peers 119797a78c4d4ae59055bb14626b4169 (127.23.13.130:37617), 5e6c64dfa49141419c9fc9505db18280 (127.23.13.131:44959)
I20260630 12:39:56.231647 28552 raft_consensus.cc:515] T a65f322c32014ee386fb9ef15bee5c37 P 5e6c64dfa49141419c9fc9505db18280 [term 1 FOLLOWER]: Starting pre-election with config: opid_index: -1 OBSOLETE_local: false peers { permanent_uuid: "b112a5ca2de447c0b6d2e383e4e85cab" member_type: VOTER last_known_addr { host: "127.23.13.129" port: 37881 } } peers { permanent_uuid: "119797a78c4d4ae59055bb14626b4169" member_type: VOTER last_known_addr { host: "127.23.13.130" port: 37617 } } peers { permanent_uuid: "5e6c64dfa49141419c9fc9505db18280" member_type: VOTER last_known_addr { host: "127.23.13.131" port: 44959 } }
I20260630 12:39:56.234319 28552 leader_election.cc:290] T a65f322c32014ee386fb9ef15bee5c37 P 5e6c64dfa49141419c9fc9505db18280 [CANDIDATE]: Term 2 pre-election: Requested pre-vote from peers b112a5ca2de447c0b6d2e383e4e85cab (127.23.13.129:37881), 119797a78c4d4ae59055bb14626b4169 (127.23.13.130:37617)
I20260630 12:39:56.234844 28552 raft_consensus.cc:493] T f1ef748c99114ee893b0f0d05284021f P 5e6c64dfa49141419c9fc9505db18280 [term 1 FOLLOWER]: Starting pre-election (detected failure of leader b112a5ca2de447c0b6d2e383e4e85cab)
I20260630 12:39:56.235507 28552 raft_consensus.cc:515] T f1ef748c99114ee893b0f0d05284021f P 5e6c64dfa49141419c9fc9505db18280 [term 1 FOLLOWER]: Starting pre-election with config: opid_index: -1 OBSOLETE_local: false peers { permanent_uuid: "b112a5ca2de447c0b6d2e383e4e85cab" member_type: VOTER last_known_addr { host: "127.23.13.129" port: 37881 } } peers { permanent_uuid: "119797a78c4d4ae59055bb14626b4169" member_type: VOTER last_known_addr { host: "127.23.13.130" port: 37617 } } peers { permanent_uuid: "5e6c64dfa49141419c9fc9505db18280" member_type: VOTER last_known_addr { host: "127.23.13.131" port: 44959 } }
I20260630 12:39:56.238159 28552 leader_election.cc:290] T f1ef748c99114ee893b0f0d05284021f P 5e6c64dfa49141419c9fc9505db18280 [CANDIDATE]: Term 2 pre-election: Requested pre-vote from peers b112a5ca2de447c0b6d2e383e4e85cab (127.23.13.129:37881), 119797a78c4d4ae59055bb14626b4169 (127.23.13.130:37617)
I20260630 12:39:56.239086 28097 tablet_service.cc:1917] Received RequestConsensusVote() RPC: tablet_id: "06a634be93564eea8831fbe214247913" candidate_uuid: "b112a5ca2de447c0b6d2e383e4e85cab" candidate_term: 2 candidate_status { last_received { term: 1 index: 26 } } ignore_live_leader: false dest_uuid: "119797a78c4d4ae59055bb14626b4169" is_pre_election: true
I20260630 12:39:56.240948 28555 raft_consensus.cc:493] T 0c008a728fdf47d3844b428a203b57bf P b112a5ca2de447c0b6d2e383e4e85cab [term 1 FOLLOWER]: Starting pre-election (detected failure of leader 119797a78c4d4ae59055bb14626b4169)
I20260630 12:39:56.241686 28555 raft_consensus.cc:515] T 0c008a728fdf47d3844b428a203b57bf P b112a5ca2de447c0b6d2e383e4e85cab [term 1 FOLLOWER]: Starting pre-election with config: opid_index: -1 OBSOLETE_local: false peers { permanent_uuid: "b112a5ca2de447c0b6d2e383e4e85cab" member_type: VOTER last_known_addr { host: "127.23.13.129" port: 37881 } } peers { permanent_uuid: "119797a78c4d4ae59055bb14626b4169" member_type: VOTER last_known_addr { host: "127.23.13.130" port: 37617 } } peers { permanent_uuid: "5e6c64dfa49141419c9fc9505db18280" member_type: VOTER last_known_addr { host: "127.23.13.131" port: 44959 } }
I20260630 12:39:56.243934 28555 leader_election.cc:290] T 0c008a728fdf47d3844b428a203b57bf P b112a5ca2de447c0b6d2e383e4e85cab [CANDIDATE]: Term 2 pre-election: Requested pre-vote from peers 119797a78c4d4ae59055bb14626b4169 (127.23.13.130:37617), 5e6c64dfa49141419c9fc9505db18280 (127.23.13.131:44959)
I20260630 12:39:56.244446 28555 raft_consensus.cc:493] T a65f322c32014ee386fb9ef15bee5c37 P b112a5ca2de447c0b6d2e383e4e85cab [term 1 FOLLOWER]: Starting pre-election (detected failure of leader 119797a78c4d4ae59055bb14626b4169)
I20260630 12:39:56.272128 28555 raft_consensus.cc:515] T a65f322c32014ee386fb9ef15bee5c37 P b112a5ca2de447c0b6d2e383e4e85cab [term 1 FOLLOWER]: Starting pre-election with config: opid_index: -1 OBSOLETE_local: false peers { permanent_uuid: "b112a5ca2de447c0b6d2e383e4e85cab" member_type: VOTER last_known_addr { host: "127.23.13.129" port: 37881 } } peers { permanent_uuid: "119797a78c4d4ae59055bb14626b4169" member_type: VOTER last_known_addr { host: "127.23.13.130" port: 37617 } } peers { permanent_uuid: "5e6c64dfa49141419c9fc9505db18280" member_type: VOTER last_known_addr { host: "127.23.13.131" port: 44959 } }
I20260630 12:39:56.277832 28096 tablet_service.cc:1917] Received RequestConsensusVote() RPC: tablet_id: "a65f322c32014ee386fb9ef15bee5c37" candidate_uuid: "b112a5ca2de447c0b6d2e383e4e85cab" candidate_term: 2 candidate_status { last_received { term: 1 index: 25 } } ignore_live_leader: false dest_uuid: "119797a78c4d4ae59055bb14626b4169" is_pre_election: true
I20260630 12:39:56.269141 28097 tablet_service.cc:1917] Received RequestConsensusVote() RPC: tablet_id: "0c008a728fdf47d3844b428a203b57bf" candidate_uuid: "b112a5ca2de447c0b6d2e383e4e85cab" candidate_term: 2 candidate_status { last_received { term: 1 index: 26 } } ignore_live_leader: false dest_uuid: "119797a78c4d4ae59055bb14626b4169" is_pre_election: true
I20260630 12:39:56.254839 28553 raft_consensus.cc:493] T 06a634be93564eea8831fbe214247913 P 5e6c64dfa49141419c9fc9505db18280 [term 1 FOLLOWER]: Starting pre-election (detected failure of leader 119797a78c4d4ae59055bb14626b4169)
I20260630 12:39:56.281183 28553 raft_consensus.cc:515] T 06a634be93564eea8831fbe214247913 P 5e6c64dfa49141419c9fc9505db18280 [term 1 FOLLOWER]: Starting pre-election with config: opid_index: -1 OBSOLETE_local: false peers { permanent_uuid: "b112a5ca2de447c0b6d2e383e4e85cab" member_type: VOTER last_known_addr { host: "127.23.13.129" port: 37881 } } peers { permanent_uuid: "119797a78c4d4ae59055bb14626b4169" member_type: VOTER last_known_addr { host: "127.23.13.130" port: 37617 } } peers { permanent_uuid: "5e6c64dfa49141419c9fc9505db18280" member_type: VOTER last_known_addr { host: "127.23.13.131" port: 44959 } }
I20260630 12:39:56.282071 28556 raft_consensus.cc:493] T b57d22f2ca2d4784a415dae8d06009bd P 119797a78c4d4ae59055bb14626b4169 [term 1 FOLLOWER]: Starting pre-election (detected failure of leader b112a5ca2de447c0b6d2e383e4e85cab)
I20260630 12:39:56.283658 28553 leader_election.cc:290] T 06a634be93564eea8831fbe214247913 P 5e6c64dfa49141419c9fc9505db18280 [CANDIDATE]: Term 2 pre-election: Requested pre-vote from peers b112a5ca2de447c0b6d2e383e4e85cab (127.23.13.129:37881), 119797a78c4d4ae59055bb14626b4169 (127.23.13.130:37617)
I20260630 12:39:56.284057 28556 raft_consensus.cc:515] T b57d22f2ca2d4784a415dae8d06009bd P 119797a78c4d4ae59055bb14626b4169 [term 1 FOLLOWER]: Starting pre-election with config: opid_index: -1 OBSOLETE_local: false peers { permanent_uuid: "b112a5ca2de447c0b6d2e383e4e85cab" member_type: VOTER last_known_addr { host: "127.23.13.129" port: 37881 } } peers { permanent_uuid: "119797a78c4d4ae59055bb14626b4169" member_type: VOTER last_known_addr { host: "127.23.13.130" port: 37617 } } peers { permanent_uuid: "5e6c64dfa49141419c9fc9505db18280" member_type: VOTER last_known_addr { host: "127.23.13.131" port: 44959 } }
I20260630 12:39:56.291430 28552 raft_consensus.cc:493] T b49c43a734844ce9b1ee62ac3be7be4a P 5e6c64dfa49141419c9fc9505db18280 [term 1 FOLLOWER]: Starting pre-election (detected failure of leader b112a5ca2de447c0b6d2e383e4e85cab)
I20260630 12:39:56.303066 28553 raft_consensus.cc:493] T da1525d86e484dc3b22e0f14ce9684b3 P 5e6c64dfa49141419c9fc9505db18280 [term 1 FOLLOWER]: Starting pre-election (detected failure of leader b112a5ca2de447c0b6d2e383e4e85cab)
I20260630 12:39:56.374353 28553 raft_consensus.cc:515] T da1525d86e484dc3b22e0f14ce9684b3 P 5e6c64dfa49141419c9fc9505db18280 [term 1 FOLLOWER]: Starting pre-election with config: opid_index: -1 OBSOLETE_local: false peers { permanent_uuid: "119797a78c4d4ae59055bb14626b4169" member_type: VOTER last_known_addr { host: "127.23.13.130" port: 37617 } } peers { permanent_uuid: "b112a5ca2de447c0b6d2e383e4e85cab" member_type: VOTER last_known_addr { host: "127.23.13.129" port: 37881 } } peers { permanent_uuid: "5e6c64dfa49141419c9fc9505db18280" member_type: VOTER last_known_addr { host: "127.23.13.131" port: 44959 } }
I20260630 12:39:56.307623 28555 leader_election.cc:290] T a65f322c32014ee386fb9ef15bee5c37 P b112a5ca2de447c0b6d2e383e4e85cab [CANDIDATE]: Term 2 pre-election: Requested pre-vote from peers 119797a78c4d4ae59055bb14626b4169 (127.23.13.130:37617), 5e6c64dfa49141419c9fc9505db18280 (127.23.13.131:44959)
I20260630 12:39:56.333514 28554 raft_consensus.cc:493] T b57d22f2ca2d4784a415dae8d06009bd P 5e6c64dfa49141419c9fc9505db18280 [term 1 FOLLOWER]: Starting pre-election (detected failure of leader b112a5ca2de447c0b6d2e383e4e85cab)
W20260630 12:39:56.343250 28545 heartbeater.cc:646] Failed to heartbeat to 127.23.13.190:39325 (0 consecutive failures): Timed out: Failed to ping master at 127.23.13.190:39325: Client connection negotiation failed: client connection to 127.23.13.190:39325: received 0 of 4 requested bytes
I20260630 12:39:56.375566 28554 raft_consensus.cc:515] T b57d22f2ca2d4784a415dae8d06009bd P 5e6c64dfa49141419c9fc9505db18280 [term 1 FOLLOWER]: Starting pre-election with config: opid_index: -1 OBSOLETE_local: false peers { permanent_uuid: "b112a5ca2de447c0b6d2e383e4e85cab" member_type: VOTER last_known_addr { host: "127.23.13.129" port: 37881 } } peers { permanent_uuid: "119797a78c4d4ae59055bb14626b4169" member_type: VOTER last_known_addr { host: "127.23.13.130" port: 37617 } } peers { permanent_uuid: "5e6c64dfa49141419c9fc9505db18280" member_type: VOTER last_known_addr { host: "127.23.13.131" port: 44959 } }
