I20260630 12:38:14.911382 15198 catalog_manager.cc:1520] Initializing Kudu cluster ID...
I20260630 12:38:14.912298 13499 internal_mini_cluster.cc:184] Waiting to initialize catalog manager on master 0
I20260630 12:38:14.919741 15198 catalog_manager.cc:1383] Generated new cluster ID: 89f6341cecbd4229b0df720d9b0c2d53
I20260630 12:38:14.920008 15198 catalog_manager.cc:1531] Initializing Kudu internal certificate authority...
I20260630 12:38:14.949783 15198 catalog_manager.cc:1406] Generated new certificate authority record
I20260630 12:38:14.950981 15198 catalog_manager.cc:1540] Loading token signing keys...
I20260630 12:38:14.964975 15198 catalog_manager.cc:6070] T 00000000000000000000000000000000 P e4e0e61923194f4da0f3c31b9194a199: Generated new TSK 0
I20260630 12:38:14.965524 15198 catalog_manager.cc:1550] Initializing in-progress tserver states...
I20260630 12:38:14.978533 13499 file_cache.cc:492] Constructed file cache file cache with capacity 419430
W20260630 12:38:14.984063 15210 instance_detector.cc:116] could not retrieve AWS instance metadata: Network error: curl error: HTTP response code said error: The requested URL returned error: 404
W20260630 12:38:14.985484 15211 instance_detector.cc:116] could not retrieve Azure instance metadata: Network error: curl error: HTTP response code said error: The requested URL returned error: 404
I20260630 12:38:14.987013 13499 server_base.cc:1061] running on GCE node
W20260630 12:38:14.987358 15213 instance_detector.cc:116] could not retrieve OpenStack instance metadata: Network error: curl error: HTTP response code said error: The requested URL returned error: 404
I20260630 12:38:14.988399 13499 hybrid_clock.cc:584] initializing the hybrid clock with 'system_unsync' time source
W20260630 12:38:14.988659 13499 system_unsync_time.cc:38] NTP support is disabled. Clock error bounds will not be accurate. This configuration is not suitable for distributed clusters.
I20260630 12:38:14.988852 13499 hybrid_clock.cc:648] HybridClock initialized: now 1782823094988833 us; error 0 us; skew 500 ppm
I20260630 12:38:14.989393 13499 server_base.cc:861] Flag tcmalloc_max_total_thread_cache_bytes is not working since tcmalloc is not enabled.
I20260630 12:38:14.991794 13499 webserver.cc:533] Webserver started at http://127.13.46.193:42349/ using document root <none> and password file <none>
I20260630 12:38:14.992318 13499 fs_manager.cc:362] Metadata directory not provided
I20260630 12:38:14.992540 13499 fs_manager.cc:368] Using write-ahead log directory (fs_wal_dir) as metadata directory
I20260630 12:38:14.992847 13499 server_base.cc:909] This appears to be a new deployment of Kudu; creating new FS layout
I20260630 12:38:14.994107 13499 fs_manager.cc:1068] Generated new instance metadata in path /tmp/dist-test-taskxQStUB/test-tmp/auto_rebalancer-test.0.AutoRebalancerTest.MovesScheduledIfAddTserver.1782823071999704-13499-0/minicluster-data/ts-0-root/instance:
uuid: "6f1aa583532b4c208766915dd49731fd"
format_stamp: "Formatted at 2026-06-30 12:38:14 on dist-test-slave-t06f"
I20260630 12:38:14.998806 13499 fs_manager.cc:696] Time spent creating directory manager: real 0.004s	user 0.004s	sys 0.000s
I20260630 12:38:15.002317 15218 log_block_manager.cc:4031] Time spent loading block containers with low live blocks: real 0.000s	user 0.000s	sys 0.000s
I20260630 12:38:15.003141 13499 fs_manager.cc:730] Time spent opening block manager: real 0.002s	user 0.001s	sys 0.002s
I20260630 12:38:15.003373 13499 fs_manager.cc:647] Opened local filesystem: /tmp/dist-test-taskxQStUB/test-tmp/auto_rebalancer-test.0.AutoRebalancerTest.MovesScheduledIfAddTserver.1782823071999704-13499-0/minicluster-data/ts-0-root
uuid: "6f1aa583532b4c208766915dd49731fd"
format_stamp: "Formatted at 2026-06-30 12:38:14 on dist-test-slave-t06f"
I20260630 12:38:15.003603 13499 fs_report.cc:389] FS layout report
--------------------
wal directory: /tmp/dist-test-taskxQStUB/test-tmp/auto_rebalancer-test.0.AutoRebalancerTest.MovesScheduledIfAddTserver.1782823071999704-13499-0/minicluster-data/ts-0-root
metadata directory: /tmp/dist-test-taskxQStUB/test-tmp/auto_rebalancer-test.0.AutoRebalancerTest.MovesScheduledIfAddTserver.1782823071999704-13499-0/minicluster-data/ts-0-root
1 data directories: /tmp/dist-test-taskxQStUB/test-tmp/auto_rebalancer-test.0.AutoRebalancerTest.MovesScheduledIfAddTserver.1782823071999704-13499-0/minicluster-data/ts-0-root/data
Total live blocks: 0
Total live bytes: 0
Total live bytes (after alignment): 0
Total number of LBM containers: 0 (0 full)
Did not check for missing blocks
Did not check for orphaned blocks
Total full LBM containers with extra space: 0 (0 repaired)
Total full LBM container extra space in bytes: 0 (0 repaired)
Total incomplete LBM containers: 0 (0 repaired)
Total LBM partial records: 0 (0 repaired)
Total corrupted LBM metadata records in RocksDB: 0 (0 repaired)
I20260630 12:38:15.030958 13499 rpc_server.cc:225] running with OpenSSL 1.1.1  11 Sep 2018
I20260630 12:38:15.032015 13499 kserver.cc:163] Server-wide thread pool size limit: 3276
I20260630 12:38:15.033366 13499 txn_system_client.cc:432] TxnSystemClient initialization is disabled...
I20260630 12:38:15.035627 13499 ts_tablet_manager.cc:585] Loaded tablet metadata (0 total tablets, 0 live tablets)
I20260630 12:38:15.035792 13499 ts_tablet_manager.cc:531] Time spent load tablet metadata: real 0.000s	user 0.000s	sys 0.000s
I20260630 12:38:15.036077 13499 ts_tablet_manager.cc:616] Registered 0 tablets
I20260630 12:38:15.036247 13499 ts_tablet_manager.cc:595] Time spent register tablets: real 0.000s	user 0.000s	sys 0.000s
I20260630 12:38:15.073983 13499 rpc_server.cc:307] RPC server started. Bound to: 127.13.46.193:41661
I20260630 12:38:15.074060 15280 acceptor_pool.cc:272] collecting diagnostics on the listening RPC socket 127.13.46.193:41661 every 8 connection(s)
I20260630 12:38:15.078701 13499 file_cache.cc:492] Constructed file cache file cache with capacity 419430
W20260630 12:38:15.084978 15285 instance_detector.cc:116] could not retrieve AWS instance metadata: Network error: curl error: HTTP response code said error: The requested URL returned error: 404
W20260630 12:38:15.086798 15286 instance_detector.cc:116] could not retrieve Azure instance metadata: Network error: curl error: HTTP response code said error: The requested URL returned error: 404
I20260630 12:38:15.088195 13499 server_base.cc:1061] running on GCE node
W20260630 12:38:15.088176 15288 instance_detector.cc:116] could not retrieve OpenStack instance metadata: Network error: curl error: HTTP response code said error: The requested URL returned error: 404
I20260630 12:38:15.089565 13499 hybrid_clock.cc:584] initializing the hybrid clock with 'system_unsync' time source
W20260630 12:38:15.089879 13499 system_unsync_time.cc:38] NTP support is disabled. Clock error bounds will not be accurate. This configuration is not suitable for distributed clusters.
I20260630 12:38:15.090063 13499 hybrid_clock.cc:648] HybridClock initialized: now 1782823095090046 us; error 0 us; skew 500 ppm
I20260630 12:38:15.090535 13499 server_base.cc:861] Flag tcmalloc_max_total_thread_cache_bytes is not working since tcmalloc is not enabled.
I20260630 12:38:15.092568 13499 webserver.cc:533] Webserver started at http://127.13.46.194:42253/ using document root <none> and password file <none>
I20260630 12:38:15.093016 13499 fs_manager.cc:362] Metadata directory not provided
I20260630 12:38:15.093230 13499 fs_manager.cc:368] Using write-ahead log directory (fs_wal_dir) as metadata directory
I20260630 12:38:15.093487 13499 server_base.cc:909] This appears to be a new deployment of Kudu; creating new FS layout
I20260630 12:38:15.094532 13499 fs_manager.cc:1068] Generated new instance metadata in path /tmp/dist-test-taskxQStUB/test-tmp/auto_rebalancer-test.0.AutoRebalancerTest.MovesScheduledIfAddTserver.1782823071999704-13499-0/minicluster-data/ts-1-root/instance:
uuid: "2c616a262c774371ad88d5b1011f48fb"
format_stamp: "Formatted at 2026-06-30 12:38:15 on dist-test-slave-t06f"
I20260630 12:38:15.098395 15281 heartbeater.cc:344] Connected to a master server at 127.13.46.254:45845
I20260630 12:38:15.098842 15281 heartbeater.cc:461] Registering TS with master...
I20260630 12:38:15.099625 15281 heartbeater.cc:507] Master 127.13.46.254:45845 requested a full tablet report, sending...
I20260630 12:38:15.099726 13499 fs_manager.cc:696] Time spent creating directory manager: real 0.005s	user 0.002s	sys 0.003s
I20260630 12:38:15.101850 15154 ts_manager.cc:194] Registered new tserver with Master: 6f1aa583532b4c208766915dd49731fd (127.13.46.193:41661)
I20260630 12:38:15.103389 15293 log_block_manager.cc:4031] Time spent loading block containers with low live blocks: real 0.000s	user 0.000s	sys 0.000s
I20260630 12:38:15.104097 15154 master_service.cc:502] Signed X509 certificate for tserver {username='slave'} at 127.0.0.1:58160
I20260630 12:38:15.104157 13499 fs_manager.cc:730] Time spent opening block manager: real 0.002s	user 0.001s	sys 0.000s
I20260630 12:38:15.104657 13499 fs_manager.cc:647] Opened local filesystem: /tmp/dist-test-taskxQStUB/test-tmp/auto_rebalancer-test.0.AutoRebalancerTest.MovesScheduledIfAddTserver.1782823071999704-13499-0/minicluster-data/ts-1-root
uuid: "2c616a262c774371ad88d5b1011f48fb"
format_stamp: "Formatted at 2026-06-30 12:38:15 on dist-test-slave-t06f"
I20260630 12:38:15.104972 13499 fs_report.cc:389] FS layout report
--------------------
wal directory: /tmp/dist-test-taskxQStUB/test-tmp/auto_rebalancer-test.0.AutoRebalancerTest.MovesScheduledIfAddTserver.1782823071999704-13499-0/minicluster-data/ts-1-root
metadata directory: /tmp/dist-test-taskxQStUB/test-tmp/auto_rebalancer-test.0.AutoRebalancerTest.MovesScheduledIfAddTserver.1782823071999704-13499-0/minicluster-data/ts-1-root
1 data directories: /tmp/dist-test-taskxQStUB/test-tmp/auto_rebalancer-test.0.AutoRebalancerTest.MovesScheduledIfAddTserver.1782823071999704-13499-0/minicluster-data/ts-1-root/data
Total live blocks: 0
Total live bytes: 0
Total live bytes (after alignment): 0
Total number of LBM containers: 0 (0 full)
Did not check for missing blocks
Did not check for orphaned blocks
Total full LBM containers with extra space: 0 (0 repaired)
Total full LBM container extra space in bytes: 0 (0 repaired)
Total incomplete LBM containers: 0 (0 repaired)
Total LBM partial records: 0 (0 repaired)
Total corrupted LBM metadata records in RocksDB: 0 (0 repaired)
I20260630 12:38:15.155212 13499 rpc_server.cc:225] running with OpenSSL 1.1.1  11 Sep 2018
I20260630 12:38:15.156352 13499 kserver.cc:163] Server-wide thread pool size limit: 3276
I20260630 12:38:15.157804 13499 txn_system_client.cc:432] TxnSystemClient initialization is disabled...
I20260630 12:38:15.159955 13499 ts_tablet_manager.cc:585] Loaded tablet metadata (0 total tablets, 0 live tablets)
I20260630 12:38:15.160177 13499 ts_tablet_manager.cc:531] Time spent load tablet metadata: real 0.000s	user 0.000s	sys 0.000s
I20260630 12:38:15.160408 13499 ts_tablet_manager.cc:616] Registered 0 tablets
I20260630 12:38:15.160573 13499 ts_tablet_manager.cc:595] Time spent register tablets: real 0.000s	user 0.000s	sys 0.000s
I20260630 12:38:15.199625 13499 rpc_server.cc:307] RPC server started. Bound to: 127.13.46.194:33373
I20260630 12:38:15.199736 15355 acceptor_pool.cc:272] collecting diagnostics on the listening RPC socket 127.13.46.194:33373 every 8 connection(s)
I20260630 12:38:15.204205 13499 file_cache.cc:492] Constructed file cache file cache with capacity 419430
W20260630 12:38:15.210937 15359 instance_detector.cc:116] could not retrieve AWS instance metadata: Network error: curl error: HTTP response code said error: The requested URL returned error: 404
W20260630 12:38:15.212383 15360 instance_detector.cc:116] could not retrieve Azure instance metadata: Network error: curl error: HTTP response code said error: The requested URL returned error: 404
W20260630 12:38:15.214912 15362 instance_detector.cc:116] could not retrieve OpenStack instance metadata: Network error: curl error: HTTP response code said error: The requested URL returned error: 404
I20260630 12:38:15.215619 13499 server_base.cc:1061] running on GCE node
I20260630 12:38:15.216651 13499 hybrid_clock.cc:584] initializing the hybrid clock with 'system_unsync' time source
W20260630 12:38:15.216924 13499 system_unsync_time.cc:38] NTP support is disabled. Clock error bounds will not be accurate. This configuration is not suitable for distributed clusters.
I20260630 12:38:15.217145 13499 hybrid_clock.cc:648] HybridClock initialized: now 1782823095217127 us; error 0 us; skew 500 ppm
I20260630 12:38:15.217832 13499 server_base.cc:861] Flag tcmalloc_max_total_thread_cache_bytes is not working since tcmalloc is not enabled.
I20260630 12:38:15.217919 15356 heartbeater.cc:344] Connected to a master server at 127.13.46.254:45845
I20260630 12:38:15.218317 15356 heartbeater.cc:461] Registering TS with master...
I20260630 12:38:15.219094 15356 heartbeater.cc:507] Master 127.13.46.254:45845 requested a full tablet report, sending...
I20260630 12:38:15.220528 13499 webserver.cc:533] Webserver started at http://127.13.46.195:32779/ using document root <none> and password file <none>
I20260630 12:38:15.221086 13499 fs_manager.cc:362] Metadata directory not provided
I20260630 12:38:15.221273 13499 fs_manager.cc:368] Using write-ahead log directory (fs_wal_dir) as metadata directory
I20260630 12:38:15.221215 15154 ts_manager.cc:194] Registered new tserver with Master: 2c616a262c774371ad88d5b1011f48fb (127.13.46.194:33373)
I20260630 12:38:15.221740 13499 server_base.cc:909] This appears to be a new deployment of Kudu; creating new FS layout
I20260630 12:38:15.222719 15154 master_service.cc:502] Signed X509 certificate for tserver {username='slave'} at 127.0.0.1:58172
I20260630 12:38:15.222847 13499 fs_manager.cc:1068] Generated new instance metadata in path /tmp/dist-test-taskxQStUB/test-tmp/auto_rebalancer-test.0.AutoRebalancerTest.MovesScheduledIfAddTserver.1782823071999704-13499-0/minicluster-data/ts-2-root/instance:
uuid: "e1ce127be9784c888f3225e999154f85"
format_stamp: "Formatted at 2026-06-30 12:38:15 on dist-test-slave-t06f"
I20260630 12:38:15.227236 13499 fs_manager.cc:696] Time spent creating directory manager: real 0.004s	user 0.005s	sys 0.000s
I20260630 12:38:15.230202 15367 log_block_manager.cc:4031] Time spent loading block containers with low live blocks: real 0.000s	user 0.000s	sys 0.000s
I20260630 12:38:15.230986 13499 fs_manager.cc:730] Time spent opening block manager: real 0.002s	user 0.002s	sys 0.001s
I20260630 12:38:15.231307 13499 fs_manager.cc:647] Opened local filesystem: /tmp/dist-test-taskxQStUB/test-tmp/auto_rebalancer-test.0.AutoRebalancerTest.MovesScheduledIfAddTserver.1782823071999704-13499-0/minicluster-data/ts-2-root
uuid: "e1ce127be9784c888f3225e999154f85"
format_stamp: "Formatted at 2026-06-30 12:38:15 on dist-test-slave-t06f"
I20260630 12:38:15.231565 13499 fs_report.cc:389] FS layout report
--------------------
wal directory: /tmp/dist-test-taskxQStUB/test-tmp/auto_rebalancer-test.0.AutoRebalancerTest.MovesScheduledIfAddTserver.1782823071999704-13499-0/minicluster-data/ts-2-root
metadata directory: /tmp/dist-test-taskxQStUB/test-tmp/auto_rebalancer-test.0.AutoRebalancerTest.MovesScheduledIfAddTserver.1782823071999704-13499-0/minicluster-data/ts-2-root
1 data directories: /tmp/dist-test-taskxQStUB/test-tmp/auto_rebalancer-test.0.AutoRebalancerTest.MovesScheduledIfAddTserver.1782823071999704-13499-0/minicluster-data/ts-2-root/data
Total live blocks: 0
Total live bytes: 0
Total live bytes (after alignment): 0
Total number of LBM containers: 0 (0 full)
Did not check for missing blocks
Did not check for orphaned blocks
Total full LBM containers with extra space: 0 (0 repaired)
Total full LBM container extra space in bytes: 0 (0 repaired)
Total incomplete LBM containers: 0 (0 repaired)
Total LBM partial records: 0 (0 repaired)
Total corrupted LBM metadata records in RocksDB: 0 (0 repaired)
I20260630 12:38:15.244982 13499 rpc_server.cc:225] running with OpenSSL 1.1.1  11 Sep 2018
I20260630 12:38:15.246186 13499 kserver.cc:163] Server-wide thread pool size limit: 3276
I20260630 12:38:15.247512 13499 txn_system_client.cc:432] TxnSystemClient initialization is disabled...
I20260630 12:38:15.249567 13499 ts_tablet_manager.cc:585] Loaded tablet metadata (0 total tablets, 0 live tablets)
I20260630 12:38:15.249866 13499 ts_tablet_manager.cc:531] Time spent load tablet metadata: real 0.000s	user 0.000s	sys 0.000s
I20260630 12:38:15.250109 13499 ts_tablet_manager.cc:616] Registered 0 tablets
I20260630 12:38:15.250281 13499 ts_tablet_manager.cc:595] Time spent register tablets: real 0.000s	user 0.000s	sys 0.000s
I20260630 12:38:15.288062 13499 rpc_server.cc:307] RPC server started. Bound to: 127.13.46.195:40751
I20260630 12:38:15.288174 15429 acceptor_pool.cc:272] collecting diagnostics on the listening RPC socket 127.13.46.195:40751 every 8 connection(s)
I20260630 12:38:15.301168 15430 heartbeater.cc:344] Connected to a master server at 127.13.46.254:45845
I20260630 12:38:15.301553 15430 heartbeater.cc:461] Registering TS with master...
I20260630 12:38:15.302268 15430 heartbeater.cc:507] Master 127.13.46.254:45845 requested a full tablet report, sending...
I20260630 12:38:15.304064 15154 ts_manager.cc:194] Registered new tserver with Master: e1ce127be9784c888f3225e999154f85 (127.13.46.195:40751)
I20260630 12:38:15.304265 13499 internal_mini_cluster.cc:371] 3 TS(s) registered with all masters after 0.013186819s
I20260630 12:38:15.305361 15154 master_service.cc:502] Signed X509 certificate for tserver {username='slave'} at 127.0.0.1:58176
I20260630 12:38:16.106853 15281 heartbeater.cc:499] Master 127.13.46.254:45845 was elected leader, sending a full tablet report...
I20260630 12:38:16.224938 15356 heartbeater.cc:499] Master 127.13.46.254:45845 was elected leader, sending a full tablet report...
I20260630 12:38:16.307847 15430 heartbeater.cc:499] Master 127.13.46.254:45845 was elected leader, sending a full tablet report...
I20260630 12:38:16.359817 15154 catalog_manager.cc:2283] Servicing CreateTable request from {username='slave'} at 127.0.0.1:58192:
name: "test-workload"
schema {
  columns {
    name: "key"
    type: INT32
    is_key: true
    is_nullable: false
    encoding: AUTO_ENCODING
    compression: DEFAULT_COMPRESSION
    cfile_block_size: 0
    immutable: false
  }
  columns {
    name: "int_val"
    type: INT32
    is_key: false
    is_nullable: false
    encoding: AUTO_ENCODING
    compression: DEFAULT_COMPRESSION
    cfile_block_size: 0
    immutable: false
  }
  columns {
    name: "string_val"
    type: STRING
    is_key: false
    is_nullable: true
    encoding: AUTO_ENCODING
    compression: DEFAULT_COMPRESSION
    cfile_block_size: 0
    immutable: false
  }
}
num_replicas: 3
split_rows_range_bounds {
  rows: "\004\001\000\377\377\377?""\004\001\000\377\377\377?"
  indirect_data: """"
}
partition_schema {
  range_schema {
    columns {
      name: "key"
    }
  }
}
W20260630 12:38:16.361977 15154 catalog_manager.cc:7077] The number of live tablet servers is not enough to re-replicate a tablet replica of the newly created table test-workload in case of a server failure: 4 tablet servers would be needed, 3 are available. Consider bringing up more tablet servers.
I20260630 12:38:16.414355 15246 tablet_service.cc:1511] Processing CreateTablet for tablet 538a41e43c0046558dacc437d160b249 (DEFAULT_TABLE table=test-workload [id=101007325547455f8a28a711b7367ce5]), partition=RANGE (key) PARTITION VALUES < 1073741823
I20260630 12:38:16.414630 15245 tablet_service.cc:1511] Processing CreateTablet for tablet 6113257c9f87464c8663fab01f08c257 (DEFAULT_TABLE table=test-workload [id=101007325547455f8a28a711b7367ce5]), partition=RANGE (key) PARTITION 1073741823 <= VALUES
I20260630 12:38:16.415942 15246 data_dirs.cc:400] Could only allocate 1 dirs of requested 3 for tablet 538a41e43c0046558dacc437d160b249. 1 dirs total, 0 dirs full, 0 dirs failed
I20260630 12:38:16.418227 15245 data_dirs.cc:400] Could only allocate 1 dirs of requested 3 for tablet 6113257c9f87464c8663fab01f08c257. 1 dirs total, 0 dirs full, 0 dirs failed
I20260630 12:38:16.421628 15395 tablet_service.cc:1511] Processing CreateTablet for tablet 538a41e43c0046558dacc437d160b249 (DEFAULT_TABLE table=test-workload [id=101007325547455f8a28a711b7367ce5]), partition=RANGE (key) PARTITION VALUES < 1073741823
I20260630 12:38:16.422480 15394 tablet_service.cc:1511] Processing CreateTablet for tablet 6113257c9f87464c8663fab01f08c257 (DEFAULT_TABLE table=test-workload [id=101007325547455f8a28a711b7367ce5]), partition=RANGE (key) PARTITION 1073741823 <= VALUES
I20260630 12:38:16.422948 15395 data_dirs.cc:400] Could only allocate 1 dirs of requested 3 for tablet 538a41e43c0046558dacc437d160b249. 1 dirs total, 0 dirs full, 0 dirs failed
I20260630 12:38:16.422780 15321 tablet_service.cc:1511] Processing CreateTablet for tablet 538a41e43c0046558dacc437d160b249 (DEFAULT_TABLE table=test-workload [id=101007325547455f8a28a711b7367ce5]), partition=RANGE (key) PARTITION VALUES < 1073741823
I20260630 12:38:16.423749 15394 data_dirs.cc:400] Could only allocate 1 dirs of requested 3 for tablet 6113257c9f87464c8663fab01f08c257. 1 dirs total, 0 dirs full, 0 dirs failed
I20260630 12:38:16.423933 15321 data_dirs.cc:400] Could only allocate 1 dirs of requested 3 for tablet 538a41e43c0046558dacc437d160b249. 1 dirs total, 0 dirs full, 0 dirs failed
I20260630 12:38:16.431218 15320 tablet_service.cc:1511] Processing CreateTablet for tablet 6113257c9f87464c8663fab01f08c257 (DEFAULT_TABLE table=test-workload [id=101007325547455f8a28a711b7367ce5]), partition=RANGE (key) PARTITION 1073741823 <= VALUES
I20260630 12:38:16.432457 15320 data_dirs.cc:400] Could only allocate 1 dirs of requested 3 for tablet 6113257c9f87464c8663fab01f08c257. 1 dirs total, 0 dirs full, 0 dirs failed
I20260630 12:38:16.448757 15452 tablet_bootstrap.cc:492] T 538a41e43c0046558dacc437d160b249 P 2c616a262c774371ad88d5b1011f48fb: Bootstrap starting.
I20260630 12:38:16.452823 15451 tablet_bootstrap.cc:492] T 538a41e43c0046558dacc437d160b249 P 6f1aa583532b4c208766915dd49731fd: Bootstrap starting.
I20260630 12:38:16.454614 15450 tablet_bootstrap.cc:492] T 538a41e43c0046558dacc437d160b249 P e1ce127be9784c888f3225e999154f85: Bootstrap starting.
I20260630 12:38:16.455942 15452 tablet_bootstrap.cc:654] T 538a41e43c0046558dacc437d160b249 P 2c616a262c774371ad88d5b1011f48fb: Neither blocks nor log segments found. Creating new log.
I20260630 12:38:16.459683 15451 tablet_bootstrap.cc:654] T 538a41e43c0046558dacc437d160b249 P 6f1aa583532b4c208766915dd49731fd: Neither blocks nor log segments found. Creating new log.
I20260630 12:38:16.460302 15452 tablet_bootstrap.cc:492] T 538a41e43c0046558dacc437d160b249 P 2c616a262c774371ad88d5b1011f48fb: No bootstrap required, opened a new log
I20260630 12:38:16.460712 15452 ts_tablet_manager.cc:1403] T 538a41e43c0046558dacc437d160b249 P 2c616a262c774371ad88d5b1011f48fb: Time spent bootstrapping tablet: real 0.012s	user 0.006s	sys 0.004s
I20260630 12:38:16.461323 15450 tablet_bootstrap.cc:654] T 538a41e43c0046558dacc437d160b249 P e1ce127be9784c888f3225e999154f85: Neither blocks nor log segments found. Creating new log.
I20260630 12:38:16.463424 15452 raft_consensus.cc:359] T 538a41e43c0046558dacc437d160b249 P 2c616a262c774371ad88d5b1011f48fb [term 0 FOLLOWER]: Replica starting. Triggering 0 pending ops. Active config: opid_index: -1 OBSOLETE_local: false peers { permanent_uuid: "6f1aa583532b4c208766915dd49731fd" member_type: VOTER last_known_addr { host: "127.13.46.193" port: 41661 } } peers { permanent_uuid: "e1ce127be9784c888f3225e999154f85" member_type: VOTER last_known_addr { host: "127.13.46.195" port: 40751 } } peers { permanent_uuid: "2c616a262c774371ad88d5b1011f48fb" member_type: VOTER last_known_addr { host: "127.13.46.194" port: 33373 } }
I20260630 12:38:16.464339 15452 raft_consensus.cc:385] T 538a41e43c0046558dacc437d160b249 P 2c616a262c774371ad88d5b1011f48fb [term 0 FOLLOWER]: Consensus starting up: Expiring failure detector timer to make a prompt election more likely
I20260630 12:38:16.464598 15452 raft_consensus.cc:740] T 538a41e43c0046558dacc437d160b249 P 2c616a262c774371ad88d5b1011f48fb [term 0 FOLLOWER]: Becoming Follower/Learner. State: Replica: 2c616a262c774371ad88d5b1011f48fb, State: Initialized, Role: FOLLOWER
I20260630 12:38:16.465260 15452 consensus_queue.cc:260] T 538a41e43c0046558dacc437d160b249 P 2c616a262c774371ad88d5b1011f48fb [NON_LEADER]: Queue going to NON_LEADER mode. State: All replicated index: 0, Majority replicated index: 0, Committed index: 0, Last appended: 0.0, Last appended by leader: 0, Current term: 0, Majority size: -1, State: 0, Mode: NON_LEADER, active raft config: opid_index: -1 OBSOLETE_local: false peers { permanent_uuid: "6f1aa583532b4c208766915dd49731fd" member_type: VOTER last_known_addr { host: "127.13.46.193" port: 41661 } } peers { permanent_uuid: "e1ce127be9784c888f3225e999154f85" member_type: VOTER last_known_addr { host: "127.13.46.195" port: 40751 } } peers { permanent_uuid: "2c616a262c774371ad88d5b1011f48fb" member_type: VOTER last_known_addr { host: "127.13.46.194" port: 33373 } }
I20260630 12:38:16.468335 15450 tablet_bootstrap.cc:492] T 538a41e43c0046558dacc437d160b249 P e1ce127be9784c888f3225e999154f85: No bootstrap required, opened a new log
I20260630 12:38:16.468792 15451 tablet_bootstrap.cc:492] T 538a41e43c0046558dacc437d160b249 P 6f1aa583532b4c208766915dd49731fd: No bootstrap required, opened a new log
I20260630 12:38:16.468827 15450 ts_tablet_manager.cc:1403] T 538a41e43c0046558dacc437d160b249 P e1ce127be9784c888f3225e999154f85: Time spent bootstrapping tablet: real 0.015s	user 0.007s	sys 0.007s
I20260630 12:38:16.468832 15452 ts_tablet_manager.cc:1434] T 538a41e43c0046558dacc437d160b249 P 2c616a262c774371ad88d5b1011f48fb: Time spent starting tablet: real 0.008s	user 0.004s	sys 0.004s
I20260630 12:38:16.469431 15451 ts_tablet_manager.cc:1403] T 538a41e43c0046558dacc437d160b249 P 6f1aa583532b4c208766915dd49731fd: Time spent bootstrapping tablet: real 0.017s	user 0.008s	sys 0.008s
I20260630 12:38:16.470191 15452 tablet_bootstrap.cc:492] T 6113257c9f87464c8663fab01f08c257 P 2c616a262c774371ad88d5b1011f48fb: Bootstrap starting.
I20260630 12:38:16.472281 15451 raft_consensus.cc:359] T 538a41e43c0046558dacc437d160b249 P 6f1aa583532b4c208766915dd49731fd [term 0 FOLLOWER]: Replica starting. Triggering 0 pending ops. Active config: opid_index: -1 OBSOLETE_local: false peers { permanent_uuid: "6f1aa583532b4c208766915dd49731fd" member_type: VOTER last_known_addr { host: "127.13.46.193" port: 41661 } } peers { permanent_uuid: "e1ce127be9784c888f3225e999154f85" member_type: VOTER last_known_addr { host: "127.13.46.195" port: 40751 } } peers { permanent_uuid: "2c616a262c774371ad88d5b1011f48fb" member_type: VOTER last_known_addr { host: "127.13.46.194" port: 33373 } }
I20260630 12:38:16.473068 15451 raft_consensus.cc:385] T 538a41e43c0046558dacc437d160b249 P 6f1aa583532b4c208766915dd49731fd [term 0 FOLLOWER]: Consensus starting up: Expiring failure detector timer to make a prompt election more likely
I20260630 12:38:16.472752 15450 raft_consensus.cc:359] T 538a41e43c0046558dacc437d160b249 P e1ce127be9784c888f3225e999154f85 [term 0 FOLLOWER]: Replica starting. Triggering 0 pending ops. Active config: opid_index: -1 OBSOLETE_local: false peers { permanent_uuid: "6f1aa583532b4c208766915dd49731fd" member_type: VOTER last_known_addr { host: "127.13.46.193" port: 41661 } } peers { permanent_uuid: "e1ce127be9784c888f3225e999154f85" member_type: VOTER last_known_addr { host: "127.13.46.195" port: 40751 } } peers { permanent_uuid: "2c616a262c774371ad88d5b1011f48fb" member_type: VOTER last_known_addr { host: "127.13.46.194" port: 33373 } }
I20260630 12:38:16.473416 15451 raft_consensus.cc:740] T 538a41e43c0046558dacc437d160b249 P 6f1aa583532b4c208766915dd49731fd [term 0 FOLLOWER]: Becoming Follower/Learner. State: Replica: 6f1aa583532b4c208766915dd49731fd, State: Initialized, Role: FOLLOWER
I20260630 12:38:16.473533 15450 raft_consensus.cc:385] T 538a41e43c0046558dacc437d160b249 P e1ce127be9784c888f3225e999154f85 [term 0 FOLLOWER]: Consensus starting up: Expiring failure detector timer to make a prompt election more likely
I20260630 12:38:16.473976 15450 raft_consensus.cc:740] T 538a41e43c0046558dacc437d160b249 P e1ce127be9784c888f3225e999154f85 [term 0 FOLLOWER]: Becoming Follower/Learner. State: Replica: e1ce127be9784c888f3225e999154f85, State: Initialized, Role: FOLLOWER
I20260630 12:38:16.474381 15451 consensus_queue.cc:260] T 538a41e43c0046558dacc437d160b249 P 6f1aa583532b4c208766915dd49731fd [NON_LEADER]: Queue going to NON_LEADER mode. State: All replicated index: 0, Majority replicated index: 0, Committed index: 0, Last appended: 0.0, Last appended by leader: 0, Current term: 0, Majority size: -1, State: 0, Mode: NON_LEADER, active raft config: opid_index: -1 OBSOLETE_local: false peers { permanent_uuid: "6f1aa583532b4c208766915dd49731fd" member_type: VOTER last_known_addr { host: "127.13.46.193" port: 41661 } } peers { permanent_uuid: "e1ce127be9784c888f3225e999154f85" member_type: VOTER last_known_addr { host: "127.13.46.195" port: 40751 } } peers { permanent_uuid: "2c616a262c774371ad88d5b1011f48fb" member_type: VOTER last_known_addr { host: "127.13.46.194" port: 33373 } }
I20260630 12:38:16.474901 15450 consensus_queue.cc:260] T 538a41e43c0046558dacc437d160b249 P e1ce127be9784c888f3225e999154f85 [NON_LEADER]: Queue going to NON_LEADER mode. State: All replicated index: 0, Majority replicated index: 0, Committed index: 0, Last appended: 0.0, Last appended by leader: 0, Current term: 0, Majority size: -1, State: 0, Mode: NON_LEADER, active raft config: opid_index: -1 OBSOLETE_local: false peers { permanent_uuid: "6f1aa583532b4c208766915dd49731fd" member_type: VOTER last_known_addr { host: "127.13.46.193" port: 41661 } } peers { permanent_uuid: "e1ce127be9784c888f3225e999154f85" member_type: VOTER last_known_addr { host: "127.13.46.195" port: 40751 } } peers { permanent_uuid: "2c616a262c774371ad88d5b1011f48fb" member_type: VOTER last_known_addr { host: "127.13.46.194" port: 33373 } }
I20260630 12:38:16.476859 15452 tablet_bootstrap.cc:654] T 6113257c9f87464c8663fab01f08c257 P 2c616a262c774371ad88d5b1011f48fb: Neither blocks nor log segments found. Creating new log.
I20260630 12:38:16.483877 15451 ts_tablet_manager.cc:1434] T 538a41e43c0046558dacc437d160b249 P 6f1aa583532b4c208766915dd49731fd: Time spent starting tablet: real 0.014s	user 0.005s	sys 0.006s
I20260630 12:38:16.484465 15452 tablet_bootstrap.cc:492] T 6113257c9f87464c8663fab01f08c257 P 2c616a262c774371ad88d5b1011f48fb: No bootstrap required, opened a new log
I20260630 12:38:16.485833 15451 tablet_bootstrap.cc:492] T 6113257c9f87464c8663fab01f08c257 P 6f1aa583532b4c208766915dd49731fd: Bootstrap starting.
I20260630 12:38:16.488636 15452 ts_tablet_manager.cc:1403] T 6113257c9f87464c8663fab01f08c257 P 2c616a262c774371ad88d5b1011f48fb: Time spent bootstrapping tablet: real 0.015s	user 0.012s	sys 0.001s
I20260630 12:38:16.486665 15450 ts_tablet_manager.cc:1434] T 538a41e43c0046558dacc437d160b249 P e1ce127be9784c888f3225e999154f85: Time spent starting tablet: real 0.016s	user 0.005s	sys 0.008s
I20260630 12:38:16.491803 15450 tablet_bootstrap.cc:492] T 6113257c9f87464c8663fab01f08c257 P e1ce127be9784c888f3225e999154f85: Bootstrap starting.
I20260630 12:38:16.491570 15452 raft_consensus.cc:359] T 6113257c9f87464c8663fab01f08c257 P 2c616a262c774371ad88d5b1011f48fb [term 0 FOLLOWER]: Replica starting. Triggering 0 pending ops. Active config: opid_index: -1 OBSOLETE_local: false peers { permanent_uuid: "6f1aa583532b4c208766915dd49731fd" member_type: VOTER last_known_addr { host: "127.13.46.193" port: 41661 } } peers { permanent_uuid: "2c616a262c774371ad88d5b1011f48fb" member_type: VOTER last_known_addr { host: "127.13.46.194" port: 33373 } } peers { permanent_uuid: "e1ce127be9784c888f3225e999154f85" member_type: VOTER last_known_addr { host: "127.13.46.195" port: 40751 } }
I20260630 12:38:16.492261 15451 tablet_bootstrap.cc:654] T 6113257c9f87464c8663fab01f08c257 P 6f1aa583532b4c208766915dd49731fd: Neither blocks nor log segments found. Creating new log.
I20260630 12:38:16.492390 15452 raft_consensus.cc:385] T 6113257c9f87464c8663fab01f08c257 P 2c616a262c774371ad88d5b1011f48fb [term 0 FOLLOWER]: Consensus starting up: Expiring failure detector timer to make a prompt election more likely
I20260630 12:38:16.492796 15452 raft_consensus.cc:740] T 6113257c9f87464c8663fab01f08c257 P 2c616a262c774371ad88d5b1011f48fb [term 0 FOLLOWER]: Becoming Follower/Learner. State: Replica: 2c616a262c774371ad88d5b1011f48fb, State: Initialized, Role: FOLLOWER
I20260630 12:38:16.493713 15452 consensus_queue.cc:260] T 6113257c9f87464c8663fab01f08c257 P 2c616a262c774371ad88d5b1011f48fb [NON_LEADER]: Queue going to NON_LEADER mode. State: All replicated index: 0, Majority replicated index: 0, Committed index: 0, Last appended: 0.0, Last appended by leader: 0, Current term: 0, Majority size: -1, State: 0, Mode: NON_LEADER, active raft config: opid_index: -1 OBSOLETE_local: false peers { permanent_uuid: "6f1aa583532b4c208766915dd49731fd" member_type: VOTER last_known_addr { host: "127.13.46.193" port: 41661 } } peers { permanent_uuid: "2c616a262c774371ad88d5b1011f48fb" member_type: VOTER last_known_addr { host: "127.13.46.194" port: 33373 } } peers { permanent_uuid: "e1ce127be9784c888f3225e999154f85" member_type: VOTER last_known_addr { host: "127.13.46.195" port: 40751 } }
I20260630 12:38:16.496214 15452 ts_tablet_manager.cc:1434] T 6113257c9f87464c8663fab01f08c257 P 2c616a262c774371ad88d5b1011f48fb: Time spent starting tablet: real 0.007s	user 0.002s	sys 0.003s
I20260630 12:38:16.501987 15450 tablet_bootstrap.cc:654] T 6113257c9f87464c8663fab01f08c257 P e1ce127be9784c888f3225e999154f85: Neither blocks nor log segments found. Creating new log.
I20260630 12:38:16.503450 15451 tablet_bootstrap.cc:492] T 6113257c9f87464c8663fab01f08c257 P 6f1aa583532b4c208766915dd49731fd: No bootstrap required, opened a new log
I20260630 12:38:16.504755 15451 ts_tablet_manager.cc:1403] T 6113257c9f87464c8663fab01f08c257 P 6f1aa583532b4c208766915dd49731fd: Time spent bootstrapping tablet: real 0.019s	user 0.009s	sys 0.009s
I20260630 12:38:16.508356 15451 raft_consensus.cc:359] T 6113257c9f87464c8663fab01f08c257 P 6f1aa583532b4c208766915dd49731fd [term 0 FOLLOWER]: Replica starting. Triggering 0 pending ops. Active config: opid_index: -1 OBSOLETE_local: false peers { permanent_uuid: "6f1aa583532b4c208766915dd49731fd" member_type: VOTER last_known_addr { host: "127.13.46.193" port: 41661 } } peers { permanent_uuid: "2c616a262c774371ad88d5b1011f48fb" member_type: VOTER last_known_addr { host: "127.13.46.194" port: 33373 } } peers { permanent_uuid: "e1ce127be9784c888f3225e999154f85" member_type: VOTER last_known_addr { host: "127.13.46.195" port: 40751 } }
I20260630 12:38:16.508942 15451 raft_consensus.cc:385] T 6113257c9f87464c8663fab01f08c257 P 6f1aa583532b4c208766915dd49731fd [term 0 FOLLOWER]: Consensus starting up: Expiring failure detector timer to make a prompt election more likely
I20260630 12:38:16.509202 15451 raft_consensus.cc:740] T 6113257c9f87464c8663fab01f08c257 P 6f1aa583532b4c208766915dd49731fd [term 0 FOLLOWER]: Becoming Follower/Learner. State: Replica: 6f1aa583532b4c208766915dd49731fd, State: Initialized, Role: FOLLOWER
I20260630 12:38:16.509835 15451 consensus_queue.cc:260] T 6113257c9f87464c8663fab01f08c257 P 6f1aa583532b4c208766915dd49731fd [NON_LEADER]: Queue going to NON_LEADER mode. State: All replicated index: 0, Majority replicated index: 0, Committed index: 0, Last appended: 0.0, Last appended by leader: 0, Current term: 0, Majority size: -1, State: 0, Mode: NON_LEADER, active raft config: opid_index: -1 OBSOLETE_local: false peers { permanent_uuid: "6f1aa583532b4c208766915dd49731fd" member_type: VOTER last_known_addr { host: "127.13.46.193" port: 41661 } } peers { permanent_uuid: "2c616a262c774371ad88d5b1011f48fb" member_type: VOTER last_known_addr { host: "127.13.46.194" port: 33373 } } peers { permanent_uuid: "e1ce127be9784c888f3225e999154f85" member_type: VOTER last_known_addr { host: "127.13.46.195" port: 40751 } }
I20260630 12:38:16.511191 15450 tablet_bootstrap.cc:492] T 6113257c9f87464c8663fab01f08c257 P e1ce127be9784c888f3225e999154f85: No bootstrap required, opened a new log
I20260630 12:38:16.511628 15450 ts_tablet_manager.cc:1403] T 6113257c9f87464c8663fab01f08c257 P e1ce127be9784c888f3225e999154f85: Time spent bootstrapping tablet: real 0.020s	user 0.010s	sys 0.000s
I20260630 12:38:16.511713 15451 ts_tablet_manager.cc:1434] T 6113257c9f87464c8663fab01f08c257 P 6f1aa583532b4c208766915dd49731fd: Time spent starting tablet: real 0.006s	user 0.004s	sys 0.000s
I20260630 12:38:16.514034 15450 raft_consensus.cc:359] T 6113257c9f87464c8663fab01f08c257 P e1ce127be9784c888f3225e999154f85 [term 0 FOLLOWER]: Replica starting. Triggering 0 pending ops. Active config: opid_index: -1 OBSOLETE_local: false peers { permanent_uuid: "6f1aa583532b4c208766915dd49731fd" member_type: VOTER last_known_addr { host: "127.13.46.193" port: 41661 } } peers { permanent_uuid: "2c616a262c774371ad88d5b1011f48fb" member_type: VOTER last_known_addr { host: "127.13.46.194" port: 33373 } } peers { permanent_uuid: "e1ce127be9784c888f3225e999154f85" member_type: VOTER last_known_addr { host: "127.13.46.195" port: 40751 } }
I20260630 12:38:16.514547 15450 raft_consensus.cc:385] T 6113257c9f87464c8663fab01f08c257 P e1ce127be9784c888f3225e999154f85 [term 0 FOLLOWER]: Consensus starting up: Expiring failure detector timer to make a prompt election more likely
I20260630 12:38:16.514815 15450 raft_consensus.cc:740] T 6113257c9f87464c8663fab01f08c257 P e1ce127be9784c888f3225e999154f85 [term 0 FOLLOWER]: Becoming Follower/Learner. State: Replica: e1ce127be9784c888f3225e999154f85, State: Initialized, Role: FOLLOWER
I20260630 12:38:16.515506 15450 consensus_queue.cc:260] T 6113257c9f87464c8663fab01f08c257 P e1ce127be9784c888f3225e999154f85 [NON_LEADER]: Queue going to NON_LEADER mode. State: All replicated index: 0, Majority replicated index: 0, Committed index: 0, Last appended: 0.0, Last appended by leader: 0, Current term: 0, Majority size: -1, State: 0, Mode: NON_LEADER, active raft config: opid_index: -1 OBSOLETE_local: false peers { permanent_uuid: "6f1aa583532b4c208766915dd49731fd" member_type: VOTER last_known_addr { host: "127.13.46.193" port: 41661 } } peers { permanent_uuid: "2c616a262c774371ad88d5b1011f48fb" member_type: VOTER last_known_addr { host: "127.13.46.194" port: 33373 } } peers { permanent_uuid: "e1ce127be9784c888f3225e999154f85" member_type: VOTER last_known_addr { host: "127.13.46.195" port: 40751 } }
I20260630 12:38:16.517565 15450 ts_tablet_manager.cc:1434] T 6113257c9f87464c8663fab01f08c257 P e1ce127be9784c888f3225e999154f85: Time spent starting tablet: real 0.006s	user 0.004s	sys 0.000s
I20260630 12:38:16.594383 15457 raft_consensus.cc:493] T 6113257c9f87464c8663fab01f08c257 P 6f1aa583532b4c208766915dd49731fd [term 0 FOLLOWER]: Starting pre-election (no leader contacted us within the election timeout)
I20260630 12:38:16.594930 15457 raft_consensus.cc:515] T 6113257c9f87464c8663fab01f08c257 P 6f1aa583532b4c208766915dd49731fd [term 0 FOLLOWER]: Starting pre-election with config: opid_index: -1 OBSOLETE_local: false peers { permanent_uuid: "6f1aa583532b4c208766915dd49731fd" member_type: VOTER last_known_addr { host: "127.13.46.193" port: 41661 } } peers { permanent_uuid: "2c616a262c774371ad88d5b1011f48fb" member_type: VOTER last_known_addr { host: "127.13.46.194" port: 33373 } } peers { permanent_uuid: "e1ce127be9784c888f3225e999154f85" member_type: VOTER last_known_addr { host: "127.13.46.195" port: 40751 } }
I20260630 12:38:16.597280 15457 leader_election.cc:290] T 6113257c9f87464c8663fab01f08c257 P 6f1aa583532b4c208766915dd49731fd [CANDIDATE]: Term 1 pre-election: Requested pre-vote from peers 2c616a262c774371ad88d5b1011f48fb (127.13.46.194:33373), e1ce127be9784c888f3225e999154f85 (127.13.46.195:40751)
I20260630 12:38:16.605861 15456 raft_consensus.cc:493] T 538a41e43c0046558dacc437d160b249 P 2c616a262c774371ad88d5b1011f48fb [term 0 FOLLOWER]: Starting pre-election (no leader contacted us within the election timeout)
I20260630 12:38:16.606392 15456 raft_consensus.cc:515] T 538a41e43c0046558dacc437d160b249 P 2c616a262c774371ad88d5b1011f48fb [term 0 FOLLOWER]: Starting pre-election with config: opid_index: -1 OBSOLETE_local: false peers { permanent_uuid: "6f1aa583532b4c208766915dd49731fd" member_type: VOTER last_known_addr { host: "127.13.46.193" port: 41661 } } peers { permanent_uuid: "e1ce127be9784c888f3225e999154f85" member_type: VOTER last_known_addr { host: "127.13.46.195" port: 40751 } } peers { permanent_uuid: "2c616a262c774371ad88d5b1011f48fb" member_type: VOTER last_known_addr { host: "127.13.46.194" port: 33373 } }
I20260630 12:38:16.608841 15331 tablet_service.cc:1917] Received RequestConsensusVote() RPC: tablet_id: "6113257c9f87464c8663fab01f08c257" candidate_uuid: "6f1aa583532b4c208766915dd49731fd" candidate_term: 1 candidate_status { last_received { term: 0 index: 0 } } ignore_live_leader: false dest_uuid: "2c616a262c774371ad88d5b1011f48fb" is_pre_election: true
I20260630 12:38:16.609604 15331 raft_consensus.cc:2468] T 6113257c9f87464c8663fab01f08c257 P 2c616a262c774371ad88d5b1011f48fb [term 0 FOLLOWER]: Leader pre-election vote request: Granting yes vote for candidate 6f1aa583532b4c208766915dd49731fd in term 0.
I20260630 12:38:16.610070 15405 tablet_service.cc:1917] Received RequestConsensusVote() RPC: tablet_id: "6113257c9f87464c8663fab01f08c257" candidate_uuid: "6f1aa583532b4c208766915dd49731fd" candidate_term: 1 candidate_status { last_received { term: 0 index: 0 } } ignore_live_leader: false dest_uuid: "e1ce127be9784c888f3225e999154f85" is_pre_election: true
I20260630 12:38:16.610487 15456 leader_election.cc:290] T 538a41e43c0046558dacc437d160b249 P 2c616a262c774371ad88d5b1011f48fb [CANDIDATE]: Term 1 pre-election: Requested pre-vote from peers 6f1aa583532b4c208766915dd49731fd (127.13.46.193:41661), e1ce127be9784c888f3225e999154f85 (127.13.46.195:40751)
I20260630 12:38:16.610729 15405 raft_consensus.cc:2468] T 6113257c9f87464c8663fab01f08c257 P e1ce127be9784c888f3225e999154f85 [term 0 FOLLOWER]: Leader pre-election vote request: Granting yes vote for candidate 6f1aa583532b4c208766915dd49731fd in term 0.
I20260630 12:38:16.611269 15220 leader_election.cc:304] T 6113257c9f87464c8663fab01f08c257 P 6f1aa583532b4c208766915dd49731fd [CANDIDATE]: Term 1 pre-election: Election decided. Result: candidate won. Election summary: received 2 responses out of 3 voters: 2 yes votes; 0 no votes. yes voters: 2c616a262c774371ad88d5b1011f48fb, 6f1aa583532b4c208766915dd49731fd; no voters: 
I20260630 12:38:16.612322 15457 raft_consensus.cc:2804] T 6113257c9f87464c8663fab01f08c257 P 6f1aa583532b4c208766915dd49731fd [term 0 FOLLOWER]: Leader pre-election won for term 1
I20260630 12:38:16.612715 15457 raft_consensus.cc:493] T 6113257c9f87464c8663fab01f08c257 P 6f1aa583532b4c208766915dd49731fd [term 0 FOLLOWER]: Starting leader election (no leader contacted us within the election timeout)
I20260630 12:38:16.613114 15457 raft_consensus.cc:3060] T 6113257c9f87464c8663fab01f08c257 P 6f1aa583532b4c208766915dd49731fd [term 0 FOLLOWER]: Advancing to term 1
I20260630 12:38:16.620414 15457 raft_consensus.cc:515] T 6113257c9f87464c8663fab01f08c257 P 6f1aa583532b4c208766915dd49731fd [term 1 FOLLOWER]: Starting leader election with config: opid_index: -1 OBSOLETE_local: false peers { permanent_uuid: "6f1aa583532b4c208766915dd49731fd" member_type: VOTER last_known_addr { host: "127.13.46.193" port: 41661 } } peers { permanent_uuid: "2c616a262c774371ad88d5b1011f48fb" member_type: VOTER last_known_addr { host: "127.13.46.194" port: 33373 } } peers { permanent_uuid: "e1ce127be9784c888f3225e999154f85" member_type: VOTER last_known_addr { host: "127.13.46.195" port: 40751 } }
I20260630 12:38:16.623034 15256 tablet_service.cc:1917] Received RequestConsensusVote() RPC: tablet_id: "538a41e43c0046558dacc437d160b249" candidate_uuid: "2c616a262c774371ad88d5b1011f48fb" candidate_term: 1 candidate_status { last_received { term: 0 index: 0 } } ignore_live_leader: false dest_uuid: "6f1aa583532b4c208766915dd49731fd" is_pre_election: true
I20260630 12:38:16.623832 15405 tablet_service.cc:1917] Received RequestConsensusVote() RPC: tablet_id: "538a41e43c0046558dacc437d160b249" candidate_uuid: "2c616a262c774371ad88d5b1011f48fb" candidate_term: 1 candidate_status { last_received { term: 0 index: 0 } } ignore_live_leader: false dest_uuid: "e1ce127be9784c888f3225e999154f85" is_pre_election: true
I20260630 12:38:16.623847 15256 raft_consensus.cc:2468] T 538a41e43c0046558dacc437d160b249 P 6f1aa583532b4c208766915dd49731fd [term 0 FOLLOWER]: Leader pre-election vote request: Granting yes vote for candidate 2c616a262c774371ad88d5b1011f48fb in term 0.
I20260630 12:38:16.624012 15331 tablet_service.cc:1917] Received RequestConsensusVote() RPC: tablet_id: "6113257c9f87464c8663fab01f08c257" candidate_uuid: "6f1aa583532b4c208766915dd49731fd" candidate_term: 1 candidate_status { last_received { term: 0 index: 0 } } ignore_live_leader: false dest_uuid: "2c616a262c774371ad88d5b1011f48fb"
I20260630 12:38:16.624198 15404 tablet_service.cc:1917] Received RequestConsensusVote() RPC: tablet_id: "6113257c9f87464c8663fab01f08c257" candidate_uuid: "6f1aa583532b4c208766915dd49731fd" candidate_term: 1 candidate_status { last_received { term: 0 index: 0 } } ignore_live_leader: false dest_uuid: "e1ce127be9784c888f3225e999154f85"
I20260630 12:38:16.624655 15405 raft_consensus.cc:2468] T 538a41e43c0046558dacc437d160b249 P e1ce127be9784c888f3225e999154f85 [term 0 FOLLOWER]: Leader pre-election vote request: Granting yes vote for candidate 2c616a262c774371ad88d5b1011f48fb in term 0.
I20260630 12:38:16.624800 15331 raft_consensus.cc:3060] T 6113257c9f87464c8663fab01f08c257 P 2c616a262c774371ad88d5b1011f48fb [term 0 FOLLOWER]: Advancing to term 1
I20260630 12:38:16.624936 15404 raft_consensus.cc:3060] T 6113257c9f87464c8663fab01f08c257 P e1ce127be9784c888f3225e999154f85 [term 0 FOLLOWER]: Advancing to term 1
I20260630 12:38:16.625717 15297 leader_election.cc:304] T 538a41e43c0046558dacc437d160b249 P 2c616a262c774371ad88d5b1011f48fb [CANDIDATE]: Term 1 pre-election: Election decided. Result: candidate won. Election summary: received 2 responses out of 3 voters: 2 yes votes; 0 no votes. yes voters: 2c616a262c774371ad88d5b1011f48fb, 6f1aa583532b4c208766915dd49731fd; no voters: 
I20260630 12:38:16.626729 15456 raft_consensus.cc:2804] T 538a41e43c0046558dacc437d160b249 P 2c616a262c774371ad88d5b1011f48fb [term 0 FOLLOWER]: Leader pre-election won for term 1
I20260630 12:38:16.627107 15456 raft_consensus.cc:493] T 538a41e43c0046558dacc437d160b249 P 2c616a262c774371ad88d5b1011f48fb [term 0 FOLLOWER]: Starting leader election (no leader contacted us within the election timeout)
I20260630 12:38:16.627288 15457 leader_election.cc:290] T 6113257c9f87464c8663fab01f08c257 P 6f1aa583532b4c208766915dd49731fd [CANDIDATE]: Term 1 election: Requested vote from peers 2c616a262c774371ad88d5b1011f48fb (127.13.46.194:33373), e1ce127be9784c888f3225e999154f85 (127.13.46.195:40751)
I20260630 12:38:16.627435 15456 raft_consensus.cc:3060] T 538a41e43c0046558dacc437d160b249 P 2c616a262c774371ad88d5b1011f48fb [term 0 FOLLOWER]: Advancing to term 1
I20260630 12:38:16.630841 15331 raft_consensus.cc:2468] T 6113257c9f87464c8663fab01f08c257 P 2c616a262c774371ad88d5b1011f48fb [term 1 FOLLOWER]: Leader election vote request: Granting yes vote for candidate 6f1aa583532b4c208766915dd49731fd in term 1.
I20260630 12:38:16.631775 15404 raft_consensus.cc:2468] T 6113257c9f87464c8663fab01f08c257 P e1ce127be9784c888f3225e999154f85 [term 1 FOLLOWER]: Leader election vote request: Granting yes vote for candidate 6f1aa583532b4c208766915dd49731fd in term 1.
I20260630 12:38:16.632148 15220 leader_election.cc:304] T 6113257c9f87464c8663fab01f08c257 P 6f1aa583532b4c208766915dd49731fd [CANDIDATE]: Term 1 election: Election decided. Result: candidate won. Election summary: received 2 responses out of 3 voters: 2 yes votes; 0 no votes. yes voters: 2c616a262c774371ad88d5b1011f48fb, 6f1aa583532b4c208766915dd49731fd; no voters: 
I20260630 12:38:16.633107 15457 raft_consensus.cc:2804] T 6113257c9f87464c8663fab01f08c257 P 6f1aa583532b4c208766915dd49731fd [term 1 FOLLOWER]: Leader election won for term 1
I20260630 12:38:16.634193 15456 raft_consensus.cc:515] T 538a41e43c0046558dacc437d160b249 P 2c616a262c774371ad88d5b1011f48fb [term 1 FOLLOWER]: Starting leader election with config: opid_index: -1 OBSOLETE_local: false peers { permanent_uuid: "6f1aa583532b4c208766915dd49731fd" member_type: VOTER last_known_addr { host: "127.13.46.193" port: 41661 } } peers { permanent_uuid: "e1ce127be9784c888f3225e999154f85" member_type: VOTER last_known_addr { host: "127.13.46.195" port: 40751 } } peers { permanent_uuid: "2c616a262c774371ad88d5b1011f48fb" member_type: VOTER last_known_addr { host: "127.13.46.194" port: 33373 } }
I20260630 12:38:16.634608 15457 raft_consensus.cc:697] T 6113257c9f87464c8663fab01f08c257 P 6f1aa583532b4c208766915dd49731fd [term 1 LEADER]: Becoming Leader. State: Replica: 6f1aa583532b4c208766915dd49731fd, State: Running, Role: LEADER
I20260630 12:38:16.635882 15456 leader_election.cc:290] T 538a41e43c0046558dacc437d160b249 P 2c616a262c774371ad88d5b1011f48fb [CANDIDATE]: Term 1 election: Requested vote from peers 6f1aa583532b4c208766915dd49731fd (127.13.46.193:41661), e1ce127be9784c888f3225e999154f85 (127.13.46.195:40751)
