I20260630 12:39:06.683781 20619 raft_consensus.cc:359] T 539495d9656b4b8284dc2787ae862040 P fbdc0cf51a8a499d8a56d04f38b77bfc [term 0 FOLLOWER]: Replica starting. Triggering 0 pending ops. Active config: opid_index: -1 OBSOLETE_local: false peers { permanent_uuid: "50224d919a7249a6a8fda2fba8709155" member_type: VOTER last_known_addr { host: "127.17.107.66" port: 39071 } } peers { permanent_uuid: "fbdc0cf51a8a499d8a56d04f38b77bfc" member_type: VOTER last_known_addr { host: "127.17.107.65" port: 35699 } } peers { permanent_uuid: "b2f2c392ae974efca739aa56a2454f69" member_type: VOTER last_known_addr { host: "127.17.107.67" port: 36683 } }
I20260630 12:39:06.684521 20619 raft_consensus.cc:385] T 539495d9656b4b8284dc2787ae862040 P fbdc0cf51a8a499d8a56d04f38b77bfc [term 0 FOLLOWER]: Consensus starting up: Expiring failure detector timer to make a prompt election more likely
I20260630 12:39:06.684810 20618 tablet_bootstrap.cc:492] T 539495d9656b4b8284dc2787ae862040 P b2f2c392ae974efca739aa56a2454f69: No bootstrap required, opened a new log
I20260630 12:39:06.684851 20619 raft_consensus.cc:740] T 539495d9656b4b8284dc2787ae862040 P fbdc0cf51a8a499d8a56d04f38b77bfc [term 0 FOLLOWER]: Becoming Follower/Learner. State: Replica: fbdc0cf51a8a499d8a56d04f38b77bfc, State: Initialized, Role: FOLLOWER
I20260630 12:39:06.685411 20618 ts_tablet_manager.cc:1403] T 539495d9656b4b8284dc2787ae862040 P b2f2c392ae974efca739aa56a2454f69: Time spent bootstrapping tablet: real 0.013s	user 0.010s	sys 0.002s
I20260630 12:39:06.685907 20619 consensus_queue.cc:260] T 539495d9656b4b8284dc2787ae862040 P fbdc0cf51a8a499d8a56d04f38b77bfc [NON_LEADER]: Queue going to NON_LEADER mode. State: All replicated index: 0, Majority replicated index: 0, Committed index: 0, Last appended: 0.0, Last appended by leader: 0, Current term: 0, Majority size: -1, State: 0, Mode: NON_LEADER, active raft config: opid_index: -1 OBSOLETE_local: false peers { permanent_uuid: "50224d919a7249a6a8fda2fba8709155" member_type: VOTER last_known_addr { host: "127.17.107.66" port: 39071 } } peers { permanent_uuid: "fbdc0cf51a8a499d8a56d04f38b77bfc" member_type: VOTER last_known_addr { host: "127.17.107.65" port: 35699 } } peers { permanent_uuid: "b2f2c392ae974efca739aa56a2454f69" member_type: VOTER last_known_addr { host: "127.17.107.67" port: 36683 } }
I20260630 12:39:06.688989 20617 tablet_bootstrap.cc:654] T 3c9d96d03d9e468683d92de79be5d73d P 50224d919a7249a6a8fda2fba8709155: Neither blocks nor log segments found. Creating new log.
I20260630 12:39:06.688292 20618 raft_consensus.cc:359] T 539495d9656b4b8284dc2787ae862040 P b2f2c392ae974efca739aa56a2454f69 [term 0 FOLLOWER]: Replica starting. Triggering 0 pending ops. Active config: opid_index: -1 OBSOLETE_local: false peers { permanent_uuid: "50224d919a7249a6a8fda2fba8709155" member_type: VOTER last_known_addr { host: "127.17.107.66" port: 39071 } } peers { permanent_uuid: "fbdc0cf51a8a499d8a56d04f38b77bfc" member_type: VOTER last_known_addr { host: "127.17.107.65" port: 35699 } } peers { permanent_uuid: "b2f2c392ae974efca739aa56a2454f69" member_type: VOTER last_known_addr { host: "127.17.107.67" port: 36683 } }
I20260630 12:39:06.690032 20618 raft_consensus.cc:385] T 539495d9656b4b8284dc2787ae862040 P b2f2c392ae974efca739aa56a2454f69 [term 0 FOLLOWER]: Consensus starting up: Expiring failure detector timer to make a prompt election more likely
I20260630 12:39:06.690376 20618 raft_consensus.cc:740] T 539495d9656b4b8284dc2787ae862040 P b2f2c392ae974efca739aa56a2454f69 [term 0 FOLLOWER]: Becoming Follower/Learner. State: Replica: b2f2c392ae974efca739aa56a2454f69, State: Initialized, Role: FOLLOWER
I20260630 12:39:06.691836 20618 consensus_queue.cc:260] T 539495d9656b4b8284dc2787ae862040 P b2f2c392ae974efca739aa56a2454f69 [NON_LEADER]: Queue going to NON_LEADER mode. State: All replicated index: 0, Majority replicated index: 0, Committed index: 0, Last appended: 0.0, Last appended by leader: 0, Current term: 0, Majority size: -1, State: 0, Mode: NON_LEADER, active raft config: opid_index: -1 OBSOLETE_local: false peers { permanent_uuid: "50224d919a7249a6a8fda2fba8709155" member_type: VOTER last_known_addr { host: "127.17.107.66" port: 39071 } } peers { permanent_uuid: "fbdc0cf51a8a499d8a56d04f38b77bfc" member_type: VOTER last_known_addr { host: "127.17.107.65" port: 35699 } } peers { permanent_uuid: "b2f2c392ae974efca739aa56a2454f69" member_type: VOTER last_known_addr { host: "127.17.107.67" port: 36683 } }
I20260630 12:39:06.695276 20619 ts_tablet_manager.cc:1434] T 539495d9656b4b8284dc2787ae862040 P fbdc0cf51a8a499d8a56d04f38b77bfc: Time spent starting tablet: real 0.016s	user 0.005s	sys 0.008s
I20260630 12:39:06.699616 20618 ts_tablet_manager.cc:1434] T 539495d9656b4b8284dc2787ae862040 P b2f2c392ae974efca739aa56a2454f69: Time spent starting tablet: real 0.014s	user 0.009s	sys 0.002s
I20260630 12:39:06.699611 20619 tablet_bootstrap.cc:492] T 57e15623194744c18d72e2e5a1ddb90d P fbdc0cf51a8a499d8a56d04f38b77bfc: Bootstrap starting.
I20260630 12:39:06.700793 20618 tablet_bootstrap.cc:492] T 3c9d96d03d9e468683d92de79be5d73d P b2f2c392ae974efca739aa56a2454f69: Bootstrap starting.
I20260630 12:39:06.707509 20618 tablet_bootstrap.cc:654] T 3c9d96d03d9e468683d92de79be5d73d P b2f2c392ae974efca739aa56a2454f69: Neither blocks nor log segments found. Creating new log.
I20260630 12:39:06.708559 20622 raft_consensus.cc:493] T 84233433411c4ce88bda7fad4019ceeb P 50224d919a7249a6a8fda2fba8709155 [term 0 FOLLOWER]: Starting pre-election (no leader contacted us within the election timeout)
I20260630 12:39:06.709018 20622 raft_consensus.cc:515] T 84233433411c4ce88bda7fad4019ceeb P 50224d919a7249a6a8fda2fba8709155 [term 0 FOLLOWER]: Starting pre-election with config: opid_index: -1 OBSOLETE_local: false peers { permanent_uuid: "fbdc0cf51a8a499d8a56d04f38b77bfc" member_type: VOTER last_known_addr { host: "127.17.107.65" port: 35699 } } peers { permanent_uuid: "50224d919a7249a6a8fda2fba8709155" member_type: VOTER last_known_addr { host: "127.17.107.66" port: 39071 } } peers { permanent_uuid: "b2f2c392ae974efca739aa56a2454f69" member_type: VOTER last_known_addr { host: "127.17.107.67" port: 36683 } }
I20260630 12:39:06.709484 20617 tablet_bootstrap.cc:492] T 3c9d96d03d9e468683d92de79be5d73d P 50224d919a7249a6a8fda2fba8709155: No bootstrap required, opened a new log
I20260630 12:39:06.710024 20617 ts_tablet_manager.cc:1403] T 3c9d96d03d9e468683d92de79be5d73d P 50224d919a7249a6a8fda2fba8709155: Time spent bootstrapping tablet: real 0.027s	user 0.014s	sys 0.004s
W20260630 12:39:06.712934 20598 tablet.cc:2406] T 539495d9656b4b8284dc2787ae862040 P b2f2c392ae974efca739aa56a2454f69: Can't schedule compaction. Clean time has not been advanced past its initial value.
I20260630 12:39:06.714140 20617 raft_consensus.cc:359] T 3c9d96d03d9e468683d92de79be5d73d P 50224d919a7249a6a8fda2fba8709155 [term 0 FOLLOWER]: Replica starting. Triggering 0 pending ops. Active config: opid_index: -1 OBSOLETE_local: false peers { permanent_uuid: "fbdc0cf51a8a499d8a56d04f38b77bfc" member_type: VOTER last_known_addr { host: "127.17.107.65" port: 35699 } } peers { permanent_uuid: "50224d919a7249a6a8fda2fba8709155" member_type: VOTER last_known_addr { host: "127.17.107.66" port: 39071 } } peers { permanent_uuid: "b2f2c392ae974efca739aa56a2454f69" member_type: VOTER last_known_addr { host: "127.17.107.67" port: 36683 } }
I20260630 12:39:06.714740 20622 leader_election.cc:290] T 84233433411c4ce88bda7fad4019ceeb P 50224d919a7249a6a8fda2fba8709155 [CANDIDATE]: Term 1 pre-election: Requested pre-vote from peers fbdc0cf51a8a499d8a56d04f38b77bfc (127.17.107.65:35699), b2f2c392ae974efca739aa56a2454f69 (127.17.107.67:36683)
I20260630 12:39:06.714922 20617 raft_consensus.cc:385] T 3c9d96d03d9e468683d92de79be5d73d P 50224d919a7249a6a8fda2fba8709155 [term 0 FOLLOWER]: Consensus starting up: Expiring failure detector timer to make a prompt election more likely
I20260630 12:39:06.715356 20617 raft_consensus.cc:740] T 3c9d96d03d9e468683d92de79be5d73d P 50224d919a7249a6a8fda2fba8709155 [term 0 FOLLOWER]: Becoming Follower/Learner. State: Replica: 50224d919a7249a6a8fda2fba8709155, State: Initialized, Role: FOLLOWER
I20260630 12:39:06.716187 20617 consensus_queue.cc:260] T 3c9d96d03d9e468683d92de79be5d73d P 50224d919a7249a6a8fda2fba8709155 [NON_LEADER]: Queue going to NON_LEADER mode. State: All replicated index: 0, Majority replicated index: 0, Committed index: 0, Last appended: 0.0, Last appended by leader: 0, Current term: 0, Majority size: -1, State: 0, Mode: NON_LEADER, active raft config: opid_index: -1 OBSOLETE_local: false peers { permanent_uuid: "fbdc0cf51a8a499d8a56d04f38b77bfc" member_type: VOTER last_known_addr { host: "127.17.107.65" port: 35699 } } peers { permanent_uuid: "50224d919a7249a6a8fda2fba8709155" member_type: VOTER last_known_addr { host: "127.17.107.66" port: 39071 } } peers { permanent_uuid: "b2f2c392ae974efca739aa56a2454f69" member_type: VOTER last_known_addr { host: "127.17.107.67" port: 36683 } }
I20260630 12:39:06.720713 20619 tablet_bootstrap.cc:654] T 57e15623194744c18d72e2e5a1ddb90d P fbdc0cf51a8a499d8a56d04f38b77bfc: Neither blocks nor log segments found. Creating new log.
I20260630 12:39:06.726902 20618 tablet_bootstrap.cc:492] T 3c9d96d03d9e468683d92de79be5d73d P b2f2c392ae974efca739aa56a2454f69: No bootstrap required, opened a new log
I20260630 12:39:06.727449 20618 ts_tablet_manager.cc:1403] T 3c9d96d03d9e468683d92de79be5d73d P b2f2c392ae974efca739aa56a2454f69: Time spent bootstrapping tablet: real 0.027s	user 0.005s	sys 0.013s
I20260630 12:39:06.728619 20617 ts_tablet_manager.cc:1434] T 3c9d96d03d9e468683d92de79be5d73d P 50224d919a7249a6a8fda2fba8709155: Time spent starting tablet: real 0.018s	user 0.000s	sys 0.005s
I20260630 12:39:06.730226 20618 raft_consensus.cc:359] T 3c9d96d03d9e468683d92de79be5d73d P b2f2c392ae974efca739aa56a2454f69 [term 0 FOLLOWER]: Replica starting. Triggering 0 pending ops. Active config: opid_index: -1 OBSOLETE_local: false peers { permanent_uuid: "fbdc0cf51a8a499d8a56d04f38b77bfc" member_type: VOTER last_known_addr { host: "127.17.107.65" port: 35699 } } peers { permanent_uuid: "50224d919a7249a6a8fda2fba8709155" member_type: VOTER last_known_addr { host: "127.17.107.66" port: 39071 } } peers { permanent_uuid: "b2f2c392ae974efca739aa56a2454f69" member_type: VOTER last_known_addr { host: "127.17.107.67" port: 36683 } }
I20260630 12:39:06.732941 20618 raft_consensus.cc:385] T 3c9d96d03d9e468683d92de79be5d73d P b2f2c392ae974efca739aa56a2454f69 [term 0 FOLLOWER]: Consensus starting up: Expiring failure detector timer to make a prompt election more likely
I20260630 12:39:06.733275 20618 raft_consensus.cc:740] T 3c9d96d03d9e468683d92de79be5d73d P b2f2c392ae974efca739aa56a2454f69 [term 0 FOLLOWER]: Becoming Follower/Learner. State: Replica: b2f2c392ae974efca739aa56a2454f69, State: Initialized, Role: FOLLOWER
I20260630 12:39:06.735543 20617 tablet_bootstrap.cc:492] T 539495d9656b4b8284dc2787ae862040 P 50224d919a7249a6a8fda2fba8709155: Bootstrap starting.
I20260630 12:39:06.736125 20572 tablet_service.cc:1917] Received RequestConsensusVote() RPC: tablet_id: "84233433411c4ce88bda7fad4019ceeb" candidate_uuid: "50224d919a7249a6a8fda2fba8709155" candidate_term: 1 candidate_status { last_received { term: 0 index: 0 } } ignore_live_leader: false dest_uuid: "b2f2c392ae974efca739aa56a2454f69" is_pre_election: true
I20260630 12:39:06.737071 20423 tablet_service.cc:1917] Received RequestConsensusVote() RPC: tablet_id: "84233433411c4ce88bda7fad4019ceeb" candidate_uuid: "50224d919a7249a6a8fda2fba8709155" candidate_term: 1 candidate_status { last_received { term: 0 index: 0 } } ignore_live_leader: false dest_uuid: "fbdc0cf51a8a499d8a56d04f38b77bfc" is_pre_election: true
W20260630 12:39:06.737972 20464 leader_election.cc:343] T 84233433411c4ce88bda7fad4019ceeb P 50224d919a7249a6a8fda2fba8709155 [CANDIDATE]: Term 1 pre-election: Tablet error from VoteRequest() call to peer b2f2c392ae974efca739aa56a2454f69 (127.17.107.67:36683): Illegal state: must be running to vote when last-logged opid is not known
W20260630 12:39:06.738667 20461 leader_election.cc:343] T 84233433411c4ce88bda7fad4019ceeb P 50224d919a7249a6a8fda2fba8709155 [CANDIDATE]: Term 1 pre-election: Tablet error from VoteRequest() call to peer fbdc0cf51a8a499d8a56d04f38b77bfc (127.17.107.65:35699): Illegal state: must be running to vote when last-logged opid is not known
I20260630 12:39:06.737463 20618 consensus_queue.cc:260] T 3c9d96d03d9e468683d92de79be5d73d P b2f2c392ae974efca739aa56a2454f69 [NON_LEADER]: Queue going to NON_LEADER mode. State: All replicated index: 0, Majority replicated index: 0, Committed index: 0, Last appended: 0.0, Last appended by leader: 0, Current term: 0, Majority size: -1, State: 0, Mode: NON_LEADER, active raft config: opid_index: -1 OBSOLETE_local: false peers { permanent_uuid: "fbdc0cf51a8a499d8a56d04f38b77bfc" member_type: VOTER last_known_addr { host: "127.17.107.65" port: 35699 } } peers { permanent_uuid: "50224d919a7249a6a8fda2fba8709155" member_type: VOTER last_known_addr { host: "127.17.107.66" port: 39071 } } peers { permanent_uuid: "b2f2c392ae974efca739aa56a2454f69" member_type: VOTER last_known_addr { host: "127.17.107.67" port: 36683 } }
I20260630 12:39:06.739077 20461 leader_election.cc:304] T 84233433411c4ce88bda7fad4019ceeb P 50224d919a7249a6a8fda2fba8709155 [CANDIDATE]: Term 1 pre-election: Election decided. Result: candidate lost. Election summary: received 3 responses out of 3 voters: 1 yes votes; 2 no votes. yes voters: 50224d919a7249a6a8fda2fba8709155; no voters: b2f2c392ae974efca739aa56a2454f69, fbdc0cf51a8a499d8a56d04f38b77bfc
I20260630 12:39:06.740190 20622 raft_consensus.cc:2749] T 84233433411c4ce88bda7fad4019ceeb P 50224d919a7249a6a8fda2fba8709155 [term 0 FOLLOWER]: Leader pre-election lost for term 1. Reason: could not achieve majority
I20260630 12:39:06.744432 20617 tablet_bootstrap.cc:654] T 539495d9656b4b8284dc2787ae862040 P 50224d919a7249a6a8fda2fba8709155: Neither blocks nor log segments found. Creating new log.
I20260630 12:39:06.745069 20618 ts_tablet_manager.cc:1434] T 3c9d96d03d9e468683d92de79be5d73d P b2f2c392ae974efca739aa56a2454f69: Time spent starting tablet: real 0.017s	user 0.000s	sys 0.005s
I20260630 12:39:06.745795 20619 tablet_bootstrap.cc:492] T 57e15623194744c18d72e2e5a1ddb90d P fbdc0cf51a8a499d8a56d04f38b77bfc: No bootstrap required, opened a new log
I20260630 12:39:06.746006 20618 tablet_bootstrap.cc:492] T 57e15623194744c18d72e2e5a1ddb90d P b2f2c392ae974efca739aa56a2454f69: Bootstrap starting.
I20260630 12:39:06.746299 20619 ts_tablet_manager.cc:1403] T 57e15623194744c18d72e2e5a1ddb90d P fbdc0cf51a8a499d8a56d04f38b77bfc: Time spent bootstrapping tablet: real 0.047s	user 0.017s	sys 0.015s
I20260630 12:39:06.749121 20619 raft_consensus.cc:359] T 57e15623194744c18d72e2e5a1ddb90d P fbdc0cf51a8a499d8a56d04f38b77bfc [term 0 FOLLOWER]: Replica starting. Triggering 0 pending ops. Active config: opid_index: -1 OBSOLETE_local: false peers { permanent_uuid: "fbdc0cf51a8a499d8a56d04f38b77bfc" member_type: VOTER last_known_addr { host: "127.17.107.65" port: 35699 } } peers { permanent_uuid: "50224d919a7249a6a8fda2fba8709155" member_type: VOTER last_known_addr { host: "127.17.107.66" port: 39071 } } peers { permanent_uuid: "b2f2c392ae974efca739aa56a2454f69" member_type: VOTER last_known_addr { host: "127.17.107.67" port: 36683 } }
I20260630 12:39:06.749816 20619 raft_consensus.cc:385] T 57e15623194744c18d72e2e5a1ddb90d P fbdc0cf51a8a499d8a56d04f38b77bfc [term 0 FOLLOWER]: Consensus starting up: Expiring failure detector timer to make a prompt election more likely
I20260630 12:39:06.750116 20619 raft_consensus.cc:740] T 57e15623194744c18d72e2e5a1ddb90d P fbdc0cf51a8a499d8a56d04f38b77bfc [term 0 FOLLOWER]: Becoming Follower/Learner. State: Replica: fbdc0cf51a8a499d8a56d04f38b77bfc, State: Initialized, Role: FOLLOWER
I20260630 12:39:06.750938 20619 consensus_queue.cc:260] T 57e15623194744c18d72e2e5a1ddb90d P fbdc0cf51a8a499d8a56d04f38b77bfc [NON_LEADER]: Queue going to NON_LEADER mode. State: All replicated index: 0, Majority replicated index: 0, Committed index: 0, Last appended: 0.0, Last appended by leader: 0, Current term: 0, Majority size: -1, State: 0, Mode: NON_LEADER, active raft config: opid_index: -1 OBSOLETE_local: false peers { permanent_uuid: "fbdc0cf51a8a499d8a56d04f38b77bfc" member_type: VOTER last_known_addr { host: "127.17.107.65" port: 35699 } } peers { permanent_uuid: "50224d919a7249a6a8fda2fba8709155" member_type: VOTER last_known_addr { host: "127.17.107.66" port: 39071 } } peers { permanent_uuid: "b2f2c392ae974efca739aa56a2454f69" member_type: VOTER last_known_addr { host: "127.17.107.67" port: 36683 } }
I20260630 12:39:06.752390 20618 tablet_bootstrap.cc:654] T 57e15623194744c18d72e2e5a1ddb90d P b2f2c392ae974efca739aa56a2454f69: Neither blocks nor log segments found. Creating new log.
I20260630 12:39:06.752754 20619 ts_tablet_manager.cc:1434] T 57e15623194744c18d72e2e5a1ddb90d P fbdc0cf51a8a499d8a56d04f38b77bfc: Time spent starting tablet: real 0.006s	user 0.004s	sys 0.000s
I20260630 12:39:06.753711 20619 tablet_bootstrap.cc:492] T 84233433411c4ce88bda7fad4019ceeb P fbdc0cf51a8a499d8a56d04f38b77bfc: Bootstrap starting.
I20260630 12:39:06.755718 20617 tablet_bootstrap.cc:492] T 539495d9656b4b8284dc2787ae862040 P 50224d919a7249a6a8fda2fba8709155: No bootstrap required, opened a new log
I20260630 12:39:06.756268 20617 ts_tablet_manager.cc:1403] T 539495d9656b4b8284dc2787ae862040 P 50224d919a7249a6a8fda2fba8709155: Time spent bootstrapping tablet: real 0.021s	user 0.014s	sys 0.004s
I20260630 12:39:06.759264 20617 raft_consensus.cc:359] T 539495d9656b4b8284dc2787ae862040 P 50224d919a7249a6a8fda2fba8709155 [term 0 FOLLOWER]: Replica starting. Triggering 0 pending ops. Active config: opid_index: -1 OBSOLETE_local: false peers { permanent_uuid: "50224d919a7249a6a8fda2fba8709155" member_type: VOTER last_known_addr { host: "127.17.107.66" port: 39071 } } peers { permanent_uuid: "fbdc0cf51a8a499d8a56d04f38b77bfc" member_type: VOTER last_known_addr { host: "127.17.107.65" port: 35699 } } peers { permanent_uuid: "b2f2c392ae974efca739aa56a2454f69" member_type: VOTER last_known_addr { host: "127.17.107.67" port: 36683 } }
I20260630 12:39:06.759735 20619 tablet_bootstrap.cc:654] T 84233433411c4ce88bda7fad4019ceeb P fbdc0cf51a8a499d8a56d04f38b77bfc: Neither blocks nor log segments found. Creating new log.
I20260630 12:39:06.760087 20617 raft_consensus.cc:385] T 539495d9656b4b8284dc2787ae862040 P 50224d919a7249a6a8fda2fba8709155 [term 0 FOLLOWER]: Consensus starting up: Expiring failure detector timer to make a prompt election more likely
I20260630 12:39:06.760471 20617 raft_consensus.cc:740] T 539495d9656b4b8284dc2787ae862040 P 50224d919a7249a6a8fda2fba8709155 [term 0 FOLLOWER]: Becoming Follower/Learner. State: Replica: 50224d919a7249a6a8fda2fba8709155, State: Initialized, Role: FOLLOWER
I20260630 12:39:06.761276 20617 consensus_queue.cc:260] T 539495d9656b4b8284dc2787ae862040 P 50224d919a7249a6a8fda2fba8709155 [NON_LEADER]: Queue going to NON_LEADER mode. State: All replicated index: 0, Majority replicated index: 0, Committed index: 0, Last appended: 0.0, Last appended by leader: 0, Current term: 0, Majority size: -1, State: 0, Mode: NON_LEADER, active raft config: opid_index: -1 OBSOLETE_local: false peers { permanent_uuid: "50224d919a7249a6a8fda2fba8709155" member_type: VOTER last_known_addr { host: "127.17.107.66" port: 39071 } } peers { permanent_uuid: "fbdc0cf51a8a499d8a56d04f38b77bfc" member_type: VOTER last_known_addr { host: "127.17.107.65" port: 35699 } } peers { permanent_uuid: "b2f2c392ae974efca739aa56a2454f69" member_type: VOTER last_known_addr { host: "127.17.107.67" port: 36683 } }
I20260630 12:39:06.763769 20618 tablet_bootstrap.cc:492] T 57e15623194744c18d72e2e5a1ddb90d P b2f2c392ae974efca739aa56a2454f69: No bootstrap required, opened a new log
I20260630 12:39:06.764297 20618 ts_tablet_manager.cc:1403] T 57e15623194744c18d72e2e5a1ddb90d P b2f2c392ae974efca739aa56a2454f69: Time spent bootstrapping tablet: real 0.018s	user 0.009s	sys 0.008s
I20260630 12:39:06.765012 20617 ts_tablet_manager.cc:1434] T 539495d9656b4b8284dc2787ae862040 P 50224d919a7249a6a8fda2fba8709155: Time spent starting tablet: real 0.008s	user 0.005s	sys 0.000s
I20260630 12:39:06.766024 20617 tablet_bootstrap.cc:492] T 57e15623194744c18d72e2e5a1ddb90d P 50224d919a7249a6a8fda2fba8709155: Bootstrap starting.
I20260630 12:39:06.767086 20618 raft_consensus.cc:359] T 57e15623194744c18d72e2e5a1ddb90d P b2f2c392ae974efca739aa56a2454f69 [term 0 FOLLOWER]: Replica starting. Triggering 0 pending ops. Active config: opid_index: -1 OBSOLETE_local: false peers { permanent_uuid: "fbdc0cf51a8a499d8a56d04f38b77bfc" member_type: VOTER last_known_addr { host: "127.17.107.65" port: 35699 } } peers { permanent_uuid: "50224d919a7249a6a8fda2fba8709155" member_type: VOTER last_known_addr { host: "127.17.107.66" port: 39071 } } peers { permanent_uuid: "b2f2c392ae974efca739aa56a2454f69" member_type: VOTER last_known_addr { host: "127.17.107.67" port: 36683 } }
I20260630 12:39:06.767904 20618 raft_consensus.cc:385] T 57e15623194744c18d72e2e5a1ddb90d P b2f2c392ae974efca739aa56a2454f69 [term 0 FOLLOWER]: Consensus starting up: Expiring failure detector timer to make a prompt election more likely
I20260630 12:39:06.768245 20618 raft_consensus.cc:740] T 57e15623194744c18d72e2e5a1ddb90d P b2f2c392ae974efca739aa56a2454f69 [term 0 FOLLOWER]: Becoming Follower/Learner. State: Replica: b2f2c392ae974efca739aa56a2454f69, State: Initialized, Role: FOLLOWER
I20260630 12:39:06.769143 20618 consensus_queue.cc:260] T 57e15623194744c18d72e2e5a1ddb90d P b2f2c392ae974efca739aa56a2454f69 [NON_LEADER]: Queue going to NON_LEADER mode. State: All replicated index: 0, Majority replicated index: 0, Committed index: 0, Last appended: 0.0, Last appended by leader: 0, Current term: 0, Majority size: -1, State: 0, Mode: NON_LEADER, active raft config: opid_index: -1 OBSOLETE_local: false peers { permanent_uuid: "fbdc0cf51a8a499d8a56d04f38b77bfc" member_type: VOTER last_known_addr { host: "127.17.107.65" port: 35699 } } peers { permanent_uuid: "50224d919a7249a6a8fda2fba8709155" member_type: VOTER last_known_addr { host: "127.17.107.66" port: 39071 } } peers { permanent_uuid: "b2f2c392ae974efca739aa56a2454f69" member_type: VOTER last_known_addr { host: "127.17.107.67" port: 36683 } }
I20260630 12:39:06.772357 20617 tablet_bootstrap.cc:654] T 57e15623194744c18d72e2e5a1ddb90d P 50224d919a7249a6a8fda2fba8709155: Neither blocks nor log segments found. Creating new log.
I20260630 12:39:06.774091 20626 raft_consensus.cc:493] T 3c9d96d03d9e468683d92de79be5d73d P b2f2c392ae974efca739aa56a2454f69 [term 0 FOLLOWER]: Starting pre-election (no leader contacted us within the election timeout)
I20260630 12:39:06.774621 20626 raft_consensus.cc:515] T 3c9d96d03d9e468683d92de79be5d73d P b2f2c392ae974efca739aa56a2454f69 [term 0 FOLLOWER]: Starting pre-election with config: opid_index: -1 OBSOLETE_local: false peers { permanent_uuid: "fbdc0cf51a8a499d8a56d04f38b77bfc" member_type: VOTER last_known_addr { host: "127.17.107.65" port: 35699 } } peers { permanent_uuid: "50224d919a7249a6a8fda2fba8709155" member_type: VOTER last_known_addr { host: "127.17.107.66" port: 39071 } } peers { permanent_uuid: "b2f2c392ae974efca739aa56a2454f69" member_type: VOTER last_known_addr { host: "127.17.107.67" port: 36683 } }
I20260630 12:39:06.777568 20618 ts_tablet_manager.cc:1434] T 57e15623194744c18d72e2e5a1ddb90d P b2f2c392ae974efca739aa56a2454f69: Time spent starting tablet: real 0.013s	user 0.002s	sys 0.004s
I20260630 12:39:06.784415 20618 tablet_bootstrap.cc:492] T 84233433411c4ce88bda7fad4019ceeb P b2f2c392ae974efca739aa56a2454f69: Bootstrap starting.
I20260630 12:39:06.784564 20617 tablet_bootstrap.cc:492] T 57e15623194744c18d72e2e5a1ddb90d P 50224d919a7249a6a8fda2fba8709155: No bootstrap required, opened a new log
I20260630 12:39:06.785053 20617 ts_tablet_manager.cc:1403] T 57e15623194744c18d72e2e5a1ddb90d P 50224d919a7249a6a8fda2fba8709155: Time spent bootstrapping tablet: real 0.019s	user 0.013s	sys 0.004s
I20260630 12:39:06.787863 20617 raft_consensus.cc:359] T 57e15623194744c18d72e2e5a1ddb90d P 50224d919a7249a6a8fda2fba8709155 [term 0 FOLLOWER]: Replica starting. Triggering 0 pending ops. Active config: opid_index: -1 OBSOLETE_local: false peers { permanent_uuid: "fbdc0cf51a8a499d8a56d04f38b77bfc" member_type: VOTER last_known_addr { host: "127.17.107.65" port: 35699 } } peers { permanent_uuid: "50224d919a7249a6a8fda2fba8709155" member_type: VOTER last_known_addr { host: "127.17.107.66" port: 39071 } } peers { permanent_uuid: "b2f2c392ae974efca739aa56a2454f69" member_type: VOTER last_known_addr { host: "127.17.107.67" port: 36683 } }
I20260630 12:39:06.788672 20617 raft_consensus.cc:385] T 57e15623194744c18d72e2e5a1ddb90d P 50224d919a7249a6a8fda2fba8709155 [term 0 FOLLOWER]: Consensus starting up: Expiring failure detector timer to make a prompt election more likely
I20260630 12:39:06.789004 20617 raft_consensus.cc:740] T 57e15623194744c18d72e2e5a1ddb90d P 50224d919a7249a6a8fda2fba8709155 [term 0 FOLLOWER]: Becoming Follower/Learner. State: Replica: 50224d919a7249a6a8fda2fba8709155, State: Initialized, Role: FOLLOWER
I20260630 12:39:06.789863 20617 consensus_queue.cc:260] T 57e15623194744c18d72e2e5a1ddb90d P 50224d919a7249a6a8fda2fba8709155 [NON_LEADER]: Queue going to NON_LEADER mode. State: All replicated index: 0, Majority replicated index: 0, Committed index: 0, Last appended: 0.0, Last appended by leader: 0, Current term: 0, Majority size: -1, State: 0, Mode: NON_LEADER, active raft config: opid_index: -1 OBSOLETE_local: false peers { permanent_uuid: "fbdc0cf51a8a499d8a56d04f38b77bfc" member_type: VOTER last_known_addr { host: "127.17.107.65" port: 35699 } } peers { permanent_uuid: "50224d919a7249a6a8fda2fba8709155" member_type: VOTER last_known_addr { host: "127.17.107.66" port: 39071 } } peers { permanent_uuid: "b2f2c392ae974efca739aa56a2454f69" member_type: VOTER last_known_addr { host: "127.17.107.67" port: 36683 } }
I20260630 12:39:06.791756 20618 tablet_bootstrap.cc:654] T 84233433411c4ce88bda7fad4019ceeb P b2f2c392ae974efca739aa56a2454f69: Neither blocks nor log segments found. Creating new log.
I20260630 12:39:06.792382 20617 ts_tablet_manager.cc:1434] T 57e15623194744c18d72e2e5a1ddb90d P 50224d919a7249a6a8fda2fba8709155: Time spent starting tablet: real 0.007s	user 0.006s	sys 0.000s
I20260630 12:39:06.792555 20626 leader_election.cc:290] T 3c9d96d03d9e468683d92de79be5d73d P b2f2c392ae974efca739aa56a2454f69 [CANDIDATE]: Term 1 pre-election: Requested pre-vote from peers fbdc0cf51a8a499d8a56d04f38b77bfc (127.17.107.65:35699), 50224d919a7249a6a8fda2fba8709155 (127.17.107.66:39071)
I20260630 12:39:06.796550 20618 tablet_bootstrap.cc:492] T 84233433411c4ce88bda7fad4019ceeb P b2f2c392ae974efca739aa56a2454f69: No bootstrap required, opened a new log
I20260630 12:39:06.792397 20619 tablet_bootstrap.cc:492] T 84233433411c4ce88bda7fad4019ceeb P fbdc0cf51a8a499d8a56d04f38b77bfc: No bootstrap required, opened a new log
I20260630 12:39:06.797093 20618 ts_tablet_manager.cc:1403] T 84233433411c4ce88bda7fad4019ceeb P b2f2c392ae974efca739aa56a2454f69: Time spent bootstrapping tablet: real 0.013s	user 0.010s	sys 0.001s
I20260630 12:39:06.797549 20619 ts_tablet_manager.cc:1403] T 84233433411c4ce88bda7fad4019ceeb P fbdc0cf51a8a499d8a56d04f38b77bfc: Time spent bootstrapping tablet: real 0.044s	user 0.009s	sys 0.028s
I20260630 12:39:06.799980 20618 raft_consensus.cc:359] T 84233433411c4ce88bda7fad4019ceeb P b2f2c392ae974efca739aa56a2454f69 [term 0 FOLLOWER]: Replica starting. Triggering 0 pending ops. Active config: opid_index: -1 OBSOLETE_local: false peers { permanent_uuid: "fbdc0cf51a8a499d8a56d04f38b77bfc" member_type: VOTER last_known_addr { host: "127.17.107.65" port: 35699 } } peers { permanent_uuid: "50224d919a7249a6a8fda2fba8709155" member_type: VOTER last_known_addr { host: "127.17.107.66" port: 39071 } } peers { permanent_uuid: "b2f2c392ae974efca739aa56a2454f69" member_type: VOTER last_known_addr { host: "127.17.107.67" port: 36683 } }
I20260630 12:39:06.800722 20618 raft_consensus.cc:385] T 84233433411c4ce88bda7fad4019ceeb P b2f2c392ae974efca739aa56a2454f69 [term 0 FOLLOWER]: Consensus starting up: Expiring failure detector timer to make a prompt election more likely
I20260630 12:39:06.800421 20619 raft_consensus.cc:359] T 84233433411c4ce88bda7fad4019ceeb P fbdc0cf51a8a499d8a56d04f38b77bfc [term 0 FOLLOWER]: Replica starting. Triggering 0 pending ops. Active config: opid_index: -1 OBSOLETE_local: false peers { permanent_uuid: "fbdc0cf51a8a499d8a56d04f38b77bfc" member_type: VOTER last_known_addr { host: "127.17.107.65" port: 35699 } } peers { permanent_uuid: "50224d919a7249a6a8fda2fba8709155" member_type: VOTER last_known_addr { host: "127.17.107.66" port: 39071 } } peers { permanent_uuid: "b2f2c392ae974efca739aa56a2454f69" member_type: VOTER last_known_addr { host: "127.17.107.67" port: 36683 } }
I20260630 12:39:06.801069 20618 raft_consensus.cc:740] T 84233433411c4ce88bda7fad4019ceeb P b2f2c392ae974efca739aa56a2454f69 [term 0 FOLLOWER]: Becoming Follower/Learner. State: Replica: b2f2c392ae974efca739aa56a2454f69, State: Initialized, Role: FOLLOWER
I20260630 12:39:06.801288 20619 raft_consensus.cc:385] T 84233433411c4ce88bda7fad4019ceeb P fbdc0cf51a8a499d8a56d04f38b77bfc [term 0 FOLLOWER]: Consensus starting up: Expiring failure detector timer to make a prompt election more likely
I20260630 12:39:06.801831 20619 raft_consensus.cc:740] T 84233433411c4ce88bda7fad4019ceeb P fbdc0cf51a8a499d8a56d04f38b77bfc [term 0 FOLLOWER]: Becoming Follower/Learner. State: Replica: fbdc0cf51a8a499d8a56d04f38b77bfc, State: Initialized, Role: FOLLOWER
I20260630 12:39:06.801900 20618 consensus_queue.cc:260] T 84233433411c4ce88bda7fad4019ceeb P b2f2c392ae974efca739aa56a2454f69 [NON_LEADER]: Queue going to NON_LEADER mode. State: All replicated index: 0, Majority replicated index: 0, Committed index: 0, Last appended: 0.0, Last appended by leader: 0, Current term: 0, Majority size: -1, State: 0, Mode: NON_LEADER, active raft config: opid_index: -1 OBSOLETE_local: false peers { permanent_uuid: "fbdc0cf51a8a499d8a56d04f38b77bfc" member_type: VOTER last_known_addr { host: "127.17.107.65" port: 35699 } } peers { permanent_uuid: "50224d919a7249a6a8fda2fba8709155" member_type: VOTER last_known_addr { host: "127.17.107.66" port: 39071 } } peers { permanent_uuid: "b2f2c392ae974efca739aa56a2454f69" member_type: VOTER last_known_addr { host: "127.17.107.67" port: 36683 } }
I20260630 12:39:06.802615 20619 consensus_queue.cc:260] T 84233433411c4ce88bda7fad4019ceeb P fbdc0cf51a8a499d8a56d04f38b77bfc [NON_LEADER]: Queue going to NON_LEADER mode. State: All replicated index: 0, Majority replicated index: 0, Committed index: 0, Last appended: 0.0, Last appended by leader: 0, Current term: 0, Majority size: -1, State: 0, Mode: NON_LEADER, active raft config: opid_index: -1 OBSOLETE_local: false peers { permanent_uuid: "fbdc0cf51a8a499d8a56d04f38b77bfc" member_type: VOTER last_known_addr { host: "127.17.107.65" port: 35699 } } peers { permanent_uuid: "50224d919a7249a6a8fda2fba8709155" member_type: VOTER last_known_addr { host: "127.17.107.66" port: 39071 } } peers { permanent_uuid: "b2f2c392ae974efca739aa56a2454f69" member_type: VOTER last_known_addr { host: "127.17.107.67" port: 36683 } }
I20260630 12:39:06.804159 20618 ts_tablet_manager.cc:1434] T 84233433411c4ce88bda7fad4019ceeb P b2f2c392ae974efca739aa56a2454f69: Time spent starting tablet: real 0.007s	user 0.005s	sys 0.000s
I20260630 12:39:06.805814 20619 ts_tablet_manager.cc:1434] T 84233433411c4ce88bda7fad4019ceeb P fbdc0cf51a8a499d8a56d04f38b77bfc: Time spent starting tablet: real 0.008s	user 0.003s	sys 0.003s
I20260630 12:39:06.806816 20619 tablet_bootstrap.cc:492] T 3c9d96d03d9e468683d92de79be5d73d P fbdc0cf51a8a499d8a56d04f38b77bfc: Bootstrap starting.
I20260630 12:39:06.809028 20624 raft_consensus.cc:493] T 539495d9656b4b8284dc2787ae862040 P fbdc0cf51a8a499d8a56d04f38b77bfc [term 0 FOLLOWER]: Starting pre-election (no leader contacted us within the election timeout)
I20260630 12:39:06.809542 20624 raft_consensus.cc:515] T 539495d9656b4b8284dc2787ae862040 P fbdc0cf51a8a499d8a56d04f38b77bfc [term 0 FOLLOWER]: Starting pre-election with config: opid_index: -1 OBSOLETE_local: false peers { permanent_uuid: "50224d919a7249a6a8fda2fba8709155" member_type: VOTER last_known_addr { host: "127.17.107.66" port: 39071 } } peers { permanent_uuid: "fbdc0cf51a8a499d8a56d04f38b77bfc" member_type: VOTER last_known_addr { host: "127.17.107.65" port: 35699 } } peers { permanent_uuid: "b2f2c392ae974efca739aa56a2454f69" member_type: VOTER last_known_addr { host: "127.17.107.67" port: 36683 } }
I20260630 12:39:06.813030 20619 tablet_bootstrap.cc:654] T 3c9d96d03d9e468683d92de79be5d73d P fbdc0cf51a8a499d8a56d04f38b77bfc: Neither blocks nor log segments found. Creating new log.
I20260630 12:39:06.813927 20498 tablet_service.cc:1917] Received RequestConsensusVote() RPC: tablet_id: "3c9d96d03d9e468683d92de79be5d73d" candidate_uuid: "b2f2c392ae974efca739aa56a2454f69" candidate_term: 1 candidate_status { last_received { term: 0 index: 0 } } ignore_live_leader: false dest_uuid: "50224d919a7249a6a8fda2fba8709155" is_pre_election: true
I20260630 12:39:06.814649 20498 raft_consensus.cc:2468] T 3c9d96d03d9e468683d92de79be5d73d P 50224d919a7249a6a8fda2fba8709155 [term 0 FOLLOWER]: Leader pre-election vote request: Granting yes vote for candidate b2f2c392ae974efca739aa56a2454f69 in term 0.
I20260630 12:39:06.813850 20624 leader_election.cc:290] T 539495d9656b4b8284dc2787ae862040 P fbdc0cf51a8a499d8a56d04f38b77bfc [CANDIDATE]: Term 1 pre-election: Requested pre-vote from peers 50224d919a7249a6a8fda2fba8709155 (127.17.107.66:39071), b2f2c392ae974efca739aa56a2454f69 (127.17.107.67:36683)
I20260630 12:39:06.818696 20538 leader_election.cc:304] T 3c9d96d03d9e468683d92de79be5d73d P b2f2c392ae974efca739aa56a2454f69 [CANDIDATE]: Term 1 pre-election: Election decided. Result: candidate won. Election summary: received 2 responses out of 3 voters: 2 yes votes; 0 no votes. yes voters: 50224d919a7249a6a8fda2fba8709155, b2f2c392ae974efca739aa56a2454f69; no voters: 
I20260630 12:39:06.819641 20626 raft_consensus.cc:2804] T 3c9d96d03d9e468683d92de79be5d73d P b2f2c392ae974efca739aa56a2454f69 [term 0 FOLLOWER]: Leader pre-election won for term 1
I20260630 12:39:06.819998 20626 raft_consensus.cc:493] T 3c9d96d03d9e468683d92de79be5d73d P b2f2c392ae974efca739aa56a2454f69 [term 0 FOLLOWER]: Starting leader election (no leader contacted us within the election timeout)
I20260630 12:39:06.820364 20626 raft_consensus.cc:3060] T 3c9d96d03d9e468683d92de79be5d73d P b2f2c392ae974efca739aa56a2454f69 [term 0 FOLLOWER]: Advancing to term 1
I20260630 12:39:06.826054 20619 tablet_bootstrap.cc:492] T 3c9d96d03d9e468683d92de79be5d73d P fbdc0cf51a8a499d8a56d04f38b77bfc: No bootstrap required, opened a new log
I20260630 12:39:06.826622 20619 ts_tablet_manager.cc:1403] T 3c9d96d03d9e468683d92de79be5d73d P fbdc0cf51a8a499d8a56d04f38b77bfc: Time spent bootstrapping tablet: real 0.020s	user 0.007s	sys 0.010s
I20260630 12:39:06.829453 20619 raft_consensus.cc:359] T 3c9d96d03d9e468683d92de79be5d73d P fbdc0cf51a8a499d8a56d04f38b77bfc [term 0 FOLLOWER]: Replica starting. Triggering 0 pending ops. Active config: opid_index: -1 OBSOLETE_local: false peers { permanent_uuid: "fbdc0cf51a8a499d8a56d04f38b77bfc" member_type: VOTER last_known_addr { host: "127.17.107.65" port: 35699 } } peers { permanent_uuid: "50224d919a7249a6a8fda2fba8709155" member_type: VOTER last_known_addr { host: "127.17.107.66" port: 39071 } } peers { permanent_uuid: "b2f2c392ae974efca739aa56a2454f69" member_type: VOTER last_known_addr { host: "127.17.107.67" port: 36683 } }
I20260630 12:39:06.831787 20619 raft_consensus.cc:385] T 3c9d96d03d9e468683d92de79be5d73d P fbdc0cf51a8a499d8a56d04f38b77bfc [term 0 FOLLOWER]: Consensus starting up: Expiring failure detector timer to make a prompt election more likely
I20260630 12:39:06.831818 20423 tablet_service.cc:1917] Received RequestConsensusVote() RPC: tablet_id: "3c9d96d03d9e468683d92de79be5d73d" candidate_uuid: "b2f2c392ae974efca739aa56a2454f69" candidate_term: 1 candidate_status { last_received { term: 0 index: 0 } } ignore_live_leader: false dest_uuid: "fbdc0cf51a8a499d8a56d04f38b77bfc" is_pre_election: true
I20260630 12:39:06.832875 20619 raft_consensus.cc:740] T 3c9d96d03d9e468683d92de79be5d73d P fbdc0cf51a8a499d8a56d04f38b77bfc [term 0 FOLLOWER]: Becoming Follower/Learner. State: Replica: fbdc0cf51a8a499d8a56d04f38b77bfc, State: Initialized, Role: FOLLOWER
I20260630 12:39:06.833449 20498 tablet_service.cc:1917] Received RequestConsensusVote() RPC: tablet_id: "539495d9656b4b8284dc2787ae862040" candidate_uuid: "fbdc0cf51a8a499d8a56d04f38b77bfc" candidate_term: 1 candidate_status { last_received { term: 0 index: 0 } } ignore_live_leader: false dest_uuid: "50224d919a7249a6a8fda2fba8709155" is_pre_election: true
I20260630 12:39:06.832496 20626 raft_consensus.cc:515] T 3c9d96d03d9e468683d92de79be5d73d P b2f2c392ae974efca739aa56a2454f69 [term 1 FOLLOWER]: Starting leader election with config: opid_index: -1 OBSOLETE_local: false peers { permanent_uuid: "fbdc0cf51a8a499d8a56d04f38b77bfc" member_type: VOTER last_known_addr { host: "127.17.107.65" port: 35699 } } peers { permanent_uuid: "50224d919a7249a6a8fda2fba8709155" member_type: VOTER last_known_addr { host: "127.17.107.66" port: 39071 } } peers { permanent_uuid: "b2f2c392ae974efca739aa56a2454f69" member_type: VOTER last_known_addr { host: "127.17.107.67" port: 36683 } }
I20260630 12:39:06.833572 20619 consensus_queue.cc:260] T 3c9d96d03d9e468683d92de79be5d73d P fbdc0cf51a8a499d8a56d04f38b77bfc [NON_LEADER]: Queue going to NON_LEADER mode. State: All replicated index: 0, Majority replicated index: 0, Committed index: 0, Last appended: 0.0, Last appended by leader: 0, Current term: 0, Majority size: -1, State: 0, Mode: NON_LEADER, active raft config: opid_index: -1 OBSOLETE_local: false peers { permanent_uuid: "fbdc0cf51a8a499d8a56d04f38b77bfc" member_type: VOTER last_known_addr { host: "127.17.107.65" port: 35699 } } peers { permanent_uuid: "50224d919a7249a6a8fda2fba8709155" member_type: VOTER last_known_addr { host: "127.17.107.66" port: 39071 } } peers { permanent_uuid: "b2f2c392ae974efca739aa56a2454f69" member_type: VOTER last_known_addr { host: "127.17.107.67" port: 36683 } }
I20260630 12:39:06.834049 20498 raft_consensus.cc:2468] T 539495d9656b4b8284dc2787ae862040 P 50224d919a7249a6a8fda2fba8709155 [term 0 FOLLOWER]: Leader pre-election vote request: Granting yes vote for candidate fbdc0cf51a8a499d8a56d04f38b77bfc in term 0.
I20260630 12:39:06.834473 20423 raft_consensus.cc:2468] T 3c9d96d03d9e468683d92de79be5d73d P fbdc0cf51a8a499d8a56d04f38b77bfc [term 0 FOLLOWER]: Leader pre-election vote request: Granting yes vote for candidate b2f2c392ae974efca739aa56a2454f69 in term 0.
I20260630 12:39:06.835228 20389 leader_election.cc:304] T 539495d9656b4b8284dc2787ae862040 P fbdc0cf51a8a499d8a56d04f38b77bfc [CANDIDATE]: Term 1 pre-election: Election decided. Result: candidate won. Election summary: received 2 responses out of 3 voters: 2 yes votes; 0 no votes. yes voters: 50224d919a7249a6a8fda2fba8709155, fbdc0cf51a8a499d8a56d04f38b77bfc; no voters: 
I20260630 12:39:06.836068 20624 raft_consensus.cc:2804] T 539495d9656b4b8284dc2787ae862040 P fbdc0cf51a8a499d8a56d04f38b77bfc [term 0 FOLLOWER]: Leader pre-election won for term 1
I20260630 12:39:06.836422 20624 raft_consensus.cc:493] T 539495d9656b4b8284dc2787ae862040 P fbdc0cf51a8a499d8a56d04f38b77bfc [term 0 FOLLOWER]: Starting leader election (no leader contacted us within the election timeout)
I20260630 12:39:06.836743 20624 raft_consensus.cc:3060] T 539495d9656b4b8284dc2787ae862040 P fbdc0cf51a8a499d8a56d04f38b77bfc [term 0 FOLLOWER]: Advancing to term 1
I20260630 12:39:06.838141 20498 tablet_service.cc:1917] Received RequestConsensusVote() RPC: tablet_id: "3c9d96d03d9e468683d92de79be5d73d" candidate_uuid: "b2f2c392ae974efca739aa56a2454f69" candidate_term: 1 candidate_status { last_received { term: 0 index: 0 } } ignore_live_leader: false dest_uuid: "50224d919a7249a6a8fda2fba8709155"
I20260630 12:39:06.838661 20626 leader_election.cc:290] T 3c9d96d03d9e468683d92de79be5d73d P b2f2c392ae974efca739aa56a2454f69 [CANDIDATE]: Term 1 election: Requested vote from peers fbdc0cf51a8a499d8a56d04f38b77bfc (127.17.107.65:35699), 50224d919a7249a6a8fda2fba8709155 (127.17.107.66:39071)
I20260630 12:39:06.838699 20498 raft_consensus.cc:3060] T 3c9d96d03d9e468683d92de79be5d73d P 50224d919a7249a6a8fda2fba8709155 [term 0 FOLLOWER]: Advancing to term 1
I20260630 12:39:06.843637 20498 raft_consensus.cc:2468] T 3c9d96d03d9e468683d92de79be5d73d P 50224d919a7249a6a8fda2fba8709155 [term 1 FOLLOWER]: Leader election vote request: Granting yes vote for candidate b2f2c392ae974efca739aa56a2454f69 in term 1.
I20260630 12:39:06.844043 20624 raft_consensus.cc:515] T 539495d9656b4b8284dc2787ae862040 P fbdc0cf51a8a499d8a56d04f38b77bfc [term 1 FOLLOWER]: Starting leader election with config: opid_index: -1 OBSOLETE_local: false peers { permanent_uuid: "50224d919a7249a6a8fda2fba8709155" member_type: VOTER last_known_addr { host: "127.17.107.66" port: 39071 } } peers { permanent_uuid: "fbdc0cf51a8a499d8a56d04f38b77bfc" member_type: VOTER last_known_addr { host: "127.17.107.65" port: 35699 } } peers { permanent_uuid: "b2f2c392ae974efca739aa56a2454f69" member_type: VOTER last_known_addr { host: "127.17.107.67" port: 36683 } }
I20260630 12:39:06.844769 20538 leader_election.cc:304] T 3c9d96d03d9e468683d92de79be5d73d P b2f2c392ae974efca739aa56a2454f69 [CANDIDATE]: Term 1 election: Election decided. Result: candidate won. Election summary: received 2 responses out of 3 voters: 2 yes votes; 0 no votes. yes voters: 50224d919a7249a6a8fda2fba8709155, b2f2c392ae974efca739aa56a2454f69; no voters: 
I20260630 12:39:06.845294 20423 tablet_service.cc:1917] Received RequestConsensusVote() RPC: tablet_id: "3c9d96d03d9e468683d92de79be5d73d" candidate_uuid: "b2f2c392ae974efca739aa56a2454f69" candidate_term: 1 candidate_status { last_received { term: 0 index: 0 } } ignore_live_leader: false dest_uuid: "fbdc0cf51a8a499d8a56d04f38b77bfc"
I20260630 12:39:06.845847 20423 raft_consensus.cc:3060] T 3c9d96d03d9e468683d92de79be5d73d P fbdc0cf51a8a499d8a56d04f38b77bfc [term 0 FOLLOWER]: Advancing to term 1
I20260630 12:39:06.845983 20624 leader_election.cc:290] T 539495d9656b4b8284dc2787ae862040 P fbdc0cf51a8a499d8a56d04f38b77bfc [CANDIDATE]: Term 1 election: Requested vote from peers 50224d919a7249a6a8fda2fba8709155 (127.17.107.66:39071), b2f2c392ae974efca739aa56a2454f69 (127.17.107.67:36683)
I20260630 12:39:06.847417 20626 raft_consensus.cc:2804] T 3c9d96d03d9e468683d92de79be5d73d P b2f2c392ae974efca739aa56a2454f69 [term 1 FOLLOWER]: Leader election won for term 1
I20260630 12:39:06.847493 20498 tablet_service.cc:1917] Received RequestConsensusVote() RPC: tablet_id: "539495d9656b4b8284dc2787ae862040" candidate_uuid: "fbdc0cf51a8a499d8a56d04f38b77bfc" candidate_term: 1 candidate_status { last_received { term: 0 index: 0 } } ignore_live_leader: false dest_uuid: "50224d919a7249a6a8fda2fba8709155"
I20260630 12:39:06.847956 20626 raft_consensus.cc:697] T 3c9d96d03d9e468683d92de79be5d73d P b2f2c392ae974efca739aa56a2454f69 [term 1 LEADER]: Becoming Leader. State: Replica: b2f2c392ae974efca739aa56a2454f69, State: Running, Role: LEADER
I20260630 12:39:06.848395 20498 raft_consensus.cc:3060] T 539495d9656b4b8284dc2787ae862040 P 50224d919a7249a6a8fda2fba8709155 [term 0 FOLLOWER]: Advancing to term 1
I20260630 12:39:06.848920 20626 consensus_queue.cc:237] T 3c9d96d03d9e468683d92de79be5d73d P b2f2c392ae974efca739aa56a2454f69 [LEADER]: Queue going to LEADER mode. State: All replicated index: 0, Majority replicated index: 0, Committed index: 0, Last appended: 0.0, Last appended by leader: 0, Current term: 1, Majority size: 2, State: 0, Mode: LEADER, active raft config: opid_index: -1 OBSOLETE_local: false peers { permanent_uuid: "fbdc0cf51a8a499d8a56d04f38b77bfc" member_type: VOTER last_known_addr { host: "127.17.107.65" port: 35699 } } peers { permanent_uuid: "50224d919a7249a6a8fda2fba8709155" member_type: VOTER last_known_addr { host: "127.17.107.66" port: 39071 } } peers { permanent_uuid: "b2f2c392ae974efca739aa56a2454f69" member_type: VOTER last_known_addr { host: "127.17.107.67" port: 36683 } }
I20260630 12:39:06.852494 20423 raft_consensus.cc:2468] T 3c9d96d03d9e468683d92de79be5d73d P fbdc0cf51a8a499d8a56d04f38b77bfc [term 1 FOLLOWER]: Leader election vote request: Granting yes vote for candidate b2f2c392ae974efca739aa56a2454f69 in term 1.
I20260630 12:39:06.854511 20498 raft_consensus.cc:2468] T 539495d9656b4b8284dc2787ae862040 P 50224d919a7249a6a8fda2fba8709155 [term 1 FOLLOWER]: Leader election vote request: Granting yes vote for candidate fbdc0cf51a8a499d8a56d04f38b77bfc in term 1.
I20260630 12:39:06.854988 20619 ts_tablet_manager.cc:1434] T 3c9d96d03d9e468683d92de79be5d73d P fbdc0cf51a8a499d8a56d04f38b77bfc: Time spent starting tablet: real 0.028s	user 0.011s	sys 0.002s
I20260630 12:39:06.855883 20389 leader_election.cc:304] T 539495d9656b4b8284dc2787ae862040 P fbdc0cf51a8a499d8a56d04f38b77bfc [CANDIDATE]: Term 1 election: Election decided. Result: candidate won. Election summary: received 2 responses out of 3 voters: 2 yes votes; 0 no votes. yes voters: 50224d919a7249a6a8fda2fba8709155, fbdc0cf51a8a499d8a56d04f38b77bfc; no voters: 
I20260630 12:39:06.856709 20624 raft_consensus.cc:2804] T 539495d9656b4b8284dc2787ae862040 P fbdc0cf51a8a499d8a56d04f38b77bfc [term 1 FOLLOWER]: Leader election won for term 1
I20260630 12:39:06.857064 20624 raft_consensus.cc:697] T 539495d9656b4b8284dc2787ae862040 P fbdc0cf51a8a499d8a56d04f38b77bfc [term 1 LEADER]: Becoming Leader. State: Replica: fbdc0cf51a8a499d8a56d04f38b77bfc, State: Running, Role: LEADER
I20260630 12:39:06.857774 20624 consensus_queue.cc:237] T 539495d9656b4b8284dc2787ae862040 P fbdc0cf51a8a499d8a56d04f38b77bfc [LEADER]: Queue going to LEADER mode. State: All replicated index: 0, Majority replicated index: 0, Committed index: 0, Last appended: 0.0, Last appended by leader: 0, Current term: 1, Majority size: 2, State: 0, Mode: LEADER, active raft config: opid_index: -1 OBSOLETE_local: false peers { permanent_uuid: "50224d919a7249a6a8fda2fba8709155" member_type: VOTER last_known_addr { host: "127.17.107.66" port: 39071 } } peers { permanent_uuid: "fbdc0cf51a8a499d8a56d04f38b77bfc" member_type: VOTER last_known_addr { host: "127.17.107.65" port: 35699 } } peers { permanent_uuid: "b2f2c392ae974efca739aa56a2454f69" member_type: VOTER last_known_addr { host: "127.17.107.67" port: 36683 } }
I20260630 12:39:06.866536 20572 tablet_service.cc:1917] Received RequestConsensusVote() RPC: tablet_id: "539495d9656b4b8284dc2787ae862040" candidate_uuid: "fbdc0cf51a8a499d8a56d04f38b77bfc" candidate_term: 1 candidate_status { last_received { term: 0 index: 0 } } ignore_live_leader: false dest_uuid: "b2f2c392ae974efca739aa56a2454f69" is_pre_election: true
I20260630 12:39:06.867018 20572 raft_consensus.cc:2468] T 539495d9656b4b8284dc2787ae862040 P b2f2c392ae974efca739aa56a2454f69 [term 0 FOLLOWER]: Leader pre-election vote request: Granting yes vote for candidate fbdc0cf51a8a499d8a56d04f38b77bfc in term 0.
I20260630 12:39:06.868001 20571 tablet_service.cc:1917] Received RequestConsensusVote() RPC: tablet_id: "539495d9656b4b8284dc2787ae862040" candidate_uuid: "fbdc0cf51a8a499d8a56d04f38b77bfc" candidate_term: 1 candidate_status { last_received { term: 0 index: 0 } } ignore_live_leader: false dest_uuid: "b2f2c392ae974efca739aa56a2454f69"
I20260630 12:39:06.868873 20571 raft_consensus.cc:3060] T 539495d9656b4b8284dc2787ae862040 P b2f2c392ae974efca739aa56a2454f69 [term 0 FOLLOWER]: Advancing to term 1
I20260630 12:39:06.867705 20317 catalog_manager.cc:5697] T 539495d9656b4b8284dc2787ae862040 P fbdc0cf51a8a499d8a56d04f38b77bfc reported cstate change: term changed from 0 to 1, leader changed from <none> to fbdc0cf51a8a499d8a56d04f38b77bfc (127.17.107.65). New cstate: current_term: 1 leader_uuid: "fbdc0cf51a8a499d8a56d04f38b77bfc" committed_config { opid_index: -1 OBSOLETE_local: false peers { permanent_uuid: "50224d919a7249a6a8fda2fba8709155" member_type: VOTER last_known_addr { host: "127.17.107.66" port: 39071 } health_report { overall_health: UNKNOWN } } peers { permanent_uuid: "fbdc0cf51a8a499d8a56d04f38b77bfc" member_type: VOTER last_known_addr { host: "127.17.107.65" port: 35699 } health_report { overall_health: HEALTHY } } peers { permanent_uuid: "b2f2c392ae974efca739aa56a2454f69" member_type: VOTER last_known_addr { host: "127.17.107.67" port: 36683 } health_report { overall_health: UNKNOWN } } }
I20260630 12:39:06.875699 20571 raft_consensus.cc:2468] T 539495d9656b4b8284dc2787ae862040 P b2f2c392ae974efca739aa56a2454f69 [term 1 FOLLOWER]: Leader election vote request: Granting yes vote for candidate fbdc0cf51a8a499d8a56d04f38b77bfc in term 1.
