I20260630 12:38:09.157963 14488 ts_tablet_manager.cc:933] T 9745e7f2e1224632b2d687db435f05fa P fd8026d3466b4d31aa28a758f7bef207: Initiating tablet copy from peer 2540787fdb7941dc9fad1cc7da1684cf (127.13.28.193:35397)
I20260630 12:38:09.160014 14488 tablet_copy_client.cc:323] T 9745e7f2e1224632b2d687db435f05fa P fd8026d3466b4d31aa28a758f7bef207: tablet copy: Beginning tablet copy session from remote peer at address 127.13.28.193:35397
I20260630 12:38:09.170557 14122 tablet_copy_service.cc:140] P 2540787fdb7941dc9fad1cc7da1684cf: Received BeginTabletCopySession request for tablet 9745e7f2e1224632b2d687db435f05fa from peer fd8026d3466b4d31aa28a758f7bef207 ({username='slave'} at 127.0.0.1:54920)
I20260630 12:38:09.171108 14122 tablet_copy_service.cc:161] P 2540787fdb7941dc9fad1cc7da1684cf: Beginning new tablet copy session on tablet 9745e7f2e1224632b2d687db435f05fa from peer fd8026d3466b4d31aa28a758f7bef207 at {username='slave'} at 127.0.0.1:54920: session id = fd8026d3466b4d31aa28a758f7bef207-9745e7f2e1224632b2d687db435f05fa
I20260630 12:38:09.178767 14122 tablet_copy_source_session.cc:215] T 9745e7f2e1224632b2d687db435f05fa P 2540787fdb7941dc9fad1cc7da1684cf: Tablet Copy: opened 0 blocks and 1 log segments
I20260630 12:38:09.182134 14488 data_dirs.cc:400] Could only allocate 1 dirs of requested 3 for tablet 9745e7f2e1224632b2d687db435f05fa. 1 dirs total, 0 dirs full, 0 dirs failed
I20260630 12:38:09.191613 14488 tablet_copy_client.cc:806] T 9745e7f2e1224632b2d687db435f05fa P fd8026d3466b4d31aa28a758f7bef207: tablet copy: Starting download of 0 data blocks...
I20260630 12:38:09.192178 14488 tablet_copy_client.cc:670] T 9745e7f2e1224632b2d687db435f05fa P fd8026d3466b4d31aa28a758f7bef207: tablet copy: Starting download of 1 WAL segments...
I20260630 12:38:09.196658 14488 tablet_copy_client.cc:538] T 9745e7f2e1224632b2d687db435f05fa P fd8026d3466b4d31aa28a758f7bef207: tablet copy: Tablet Copy complete. Replacing tablet superblock.
I20260630 12:38:09.202138 14488 tablet_bootstrap.cc:492] T 9745e7f2e1224632b2d687db435f05fa P fd8026d3466b4d31aa28a758f7bef207: Bootstrap starting.
I20260630 12:38:09.217926 14488 tablet_bootstrap.cc:492] T 9745e7f2e1224632b2d687db435f05fa P fd8026d3466b4d31aa28a758f7bef207: Bootstrap replayed 1/1 log segments. Stats: ops{read=2 overwritten=0 applied=2 ignored=0} inserts{seen=0 ignored=0} mutations{seen=0 ignored=0} orphaned_commits=0. Pending: 0 replicates
I20260630 12:38:09.218626 14488 tablet_bootstrap.cc:492] T 9745e7f2e1224632b2d687db435f05fa P fd8026d3466b4d31aa28a758f7bef207: Bootstrap complete.
I20260630 12:38:09.219095 14488 ts_tablet_manager.cc:1403] T 9745e7f2e1224632b2d687db435f05fa P fd8026d3466b4d31aa28a758f7bef207: Time spent bootstrapping tablet: real 0.017s	user 0.009s	sys 0.007s
I20260630 12:38:09.221122 14488 raft_consensus.cc:359] T 9745e7f2e1224632b2d687db435f05fa P fd8026d3466b4d31aa28a758f7bef207 [term 1 LEARNER]: Replica starting. Triggering 0 pending ops. Active config: opid_index: 2 OBSOLETE_local: false peers { permanent_uuid: "2540787fdb7941dc9fad1cc7da1684cf" member_type: VOTER last_known_addr { host: "127.13.28.193" port: 35397 } } peers { permanent_uuid: "ec0d74e26052400e98c75cfa37d8851c" member_type: VOTER last_known_addr { host: "127.13.28.194" port: 40025 } } peers { permanent_uuid: "58bdf2d686324a848437a34ab3baf6f7" member_type: VOTER last_known_addr { host: "127.13.28.195" port: 40393 } attrs { replace: true } } peers { permanent_uuid: "fd8026d3466b4d31aa28a758f7bef207" member_type: NON_VOTER last_known_addr { host: "127.13.28.196" port: 40705 } attrs { promote: true } }
I20260630 12:38:09.221704 14488 raft_consensus.cc:740] T 9745e7f2e1224632b2d687db435f05fa P fd8026d3466b4d31aa28a758f7bef207 [term 1 LEARNER]: Becoming Follower/Learner. State: Replica: fd8026d3466b4d31aa28a758f7bef207, State: Initialized, Role: LEARNER
I20260630 12:38:09.222184 14488 consensus_queue.cc:260] T 9745e7f2e1224632b2d687db435f05fa P fd8026d3466b4d31aa28a758f7bef207 [NON_LEADER]: Queue going to NON_LEADER mode. State: All replicated index: 0, Majority replicated index: 0, Committed index: 2, Last appended: 1.2, Last appended by leader: 2, Current term: 0, Majority size: -1, State: 0, Mode: NON_LEADER, active raft config: opid_index: 2 OBSOLETE_local: false peers { permanent_uuid: "2540787fdb7941dc9fad1cc7da1684cf" member_type: VOTER last_known_addr { host: "127.13.28.193" port: 35397 } } peers { permanent_uuid: "ec0d74e26052400e98c75cfa37d8851c" member_type: VOTER last_known_addr { host: "127.13.28.194" port: 40025 } } peers { permanent_uuid: "58bdf2d686324a848437a34ab3baf6f7" member_type: VOTER last_known_addr { host: "127.13.28.195" port: 40393 } attrs { replace: true } } peers { permanent_uuid: "fd8026d3466b4d31aa28a758f7bef207" member_type: NON_VOTER last_known_addr { host: "127.13.28.196" port: 40705 } attrs { promote: true } }
I20260630 12:38:09.224566 14488 ts_tablet_manager.cc:1434] T 9745e7f2e1224632b2d687db435f05fa P fd8026d3466b4d31aa28a758f7bef207: Time spent starting tablet: real 0.005s	user 0.006s	sys 0.002s
I20260630 12:38:09.226227 14122 tablet_copy_service.cc:342] P 2540787fdb7941dc9fad1cc7da1684cf: Request end of tablet copy session fd8026d3466b4d31aa28a758f7bef207-9745e7f2e1224632b2d687db435f05fa received from {username='slave'} at 127.0.0.1:54920
I20260630 12:38:09.226580 14122 tablet_copy_service.cc:434] P 2540787fdb7941dc9fad1cc7da1684cf: ending tablet copy session fd8026d3466b4d31aa28a758f7bef207-9745e7f2e1224632b2d687db435f05fa on tablet 9745e7f2e1224632b2d687db435f05fa with peer fd8026d3466b4d31aa28a758f7bef207
I20260630 12:38:09.360420 14488 ts_tablet_manager.cc:933] T fe311c294ea74a1d89f539222b68e062 P fd8026d3466b4d31aa28a758f7bef207: Initiating tablet copy from peer ec0d74e26052400e98c75cfa37d8851c (127.13.28.194:40025)
I20260630 12:38:09.362502 14488 tablet_copy_client.cc:323] T fe311c294ea74a1d89f539222b68e062 P fd8026d3466b4d31aa28a758f7bef207: tablet copy: Beginning tablet copy session from remote peer at address 127.13.28.194:40025
I20260630 12:38:09.371238 14197 tablet_copy_service.cc:140] P ec0d74e26052400e98c75cfa37d8851c: Received BeginTabletCopySession request for tablet fe311c294ea74a1d89f539222b68e062 from peer fd8026d3466b4d31aa28a758f7bef207 ({username='slave'} at 127.0.0.1:53064)
I20260630 12:38:09.371783 14197 tablet_copy_service.cc:161] P ec0d74e26052400e98c75cfa37d8851c: Beginning new tablet copy session on tablet fe311c294ea74a1d89f539222b68e062 from peer fd8026d3466b4d31aa28a758f7bef207 at {username='slave'} at 127.0.0.1:53064: session id = fd8026d3466b4d31aa28a758f7bef207-fe311c294ea74a1d89f539222b68e062
I20260630 12:38:09.378980 14197 tablet_copy_source_session.cc:215] T fe311c294ea74a1d89f539222b68e062 P ec0d74e26052400e98c75cfa37d8851c: Tablet Copy: opened 0 blocks and 1 log segments
I20260630 12:38:09.381577 14488 data_dirs.cc:400] Could only allocate 1 dirs of requested 3 for tablet fe311c294ea74a1d89f539222b68e062. 1 dirs total, 0 dirs full, 0 dirs failed
I20260630 12:38:09.392277 14488 tablet_copy_client.cc:806] T fe311c294ea74a1d89f539222b68e062 P fd8026d3466b4d31aa28a758f7bef207: tablet copy: Starting download of 0 data blocks...
I20260630 12:38:09.392763 14488 tablet_copy_client.cc:670] T fe311c294ea74a1d89f539222b68e062 P fd8026d3466b4d31aa28a758f7bef207: tablet copy: Starting download of 1 WAL segments...
I20260630 12:38:09.396132 14488 tablet_copy_client.cc:538] T fe311c294ea74a1d89f539222b68e062 P fd8026d3466b4d31aa28a758f7bef207: tablet copy: Tablet Copy complete. Replacing tablet superblock.
I20260630 12:38:09.402766 14488 tablet_bootstrap.cc:492] T fe311c294ea74a1d89f539222b68e062 P fd8026d3466b4d31aa28a758f7bef207: Bootstrap starting.
I20260630 12:38:09.411470 13427 tablet_server.cc:179] TabletServer@127.13.28.193:0 shutting down...
I20260630 12:38:09.418814 14488 tablet_bootstrap.cc:492] T fe311c294ea74a1d89f539222b68e062 P fd8026d3466b4d31aa28a758f7bef207: Bootstrap replayed 1/1 log segments. Stats: ops{read=2 overwritten=0 applied=2 ignored=0} inserts{seen=0 ignored=0} mutations{seen=0 ignored=0} orphaned_commits=0. Pending: 0 replicates
I20260630 12:38:09.421712 14488 tablet_bootstrap.cc:492] T fe311c294ea74a1d89f539222b68e062 P fd8026d3466b4d31aa28a758f7bef207: Bootstrap complete.
I20260630 12:38:09.422353 14488 ts_tablet_manager.cc:1403] T fe311c294ea74a1d89f539222b68e062 P fd8026d3466b4d31aa28a758f7bef207: Time spent bootstrapping tablet: real 0.020s	user 0.013s	sys 0.004s
I20260630 12:38:09.423944 14495 ts_tablet_manager.cc:933] T 5ca89c1b06124d2694a5743f639f4394 P fd8026d3466b4d31aa28a758f7bef207: Initiating tablet copy from peer 58bdf2d686324a848437a34ab3baf6f7 (127.13.28.195:40393)
I20260630 12:38:09.425071 14488 raft_consensus.cc:359] T fe311c294ea74a1d89f539222b68e062 P fd8026d3466b4d31aa28a758f7bef207 [term 1 LEARNER]: Replica starting. Triggering 0 pending ops. Active config: opid_index: 2 OBSOLETE_local: false peers { permanent_uuid: "2540787fdb7941dc9fad1cc7da1684cf" member_type: VOTER last_known_addr { host: "127.13.28.193" port: 35397 } attrs { replace: true } } peers { permanent_uuid: "ec0d74e26052400e98c75cfa37d8851c" member_type: VOTER last_known_addr { host: "127.13.28.194" port: 40025 } } peers { permanent_uuid: "58bdf2d686324a848437a34ab3baf6f7" member_type: VOTER last_known_addr { host: "127.13.28.195" port: 40393 } } peers { permanent_uuid: "fd8026d3466b4d31aa28a758f7bef207" member_type: NON_VOTER last_known_addr { host: "127.13.28.196" port: 40705 } attrs { promote: true } }
I20260630 12:38:09.426023 14488 raft_consensus.cc:740] T fe311c294ea74a1d89f539222b68e062 P fd8026d3466b4d31aa28a758f7bef207 [term 1 LEARNER]: Becoming Follower/Learner. State: Replica: fd8026d3466b4d31aa28a758f7bef207, State: Initialized, Role: LEARNER
I20260630 12:38:09.427939 14488 consensus_queue.cc:260] T fe311c294ea74a1d89f539222b68e062 P fd8026d3466b4d31aa28a758f7bef207 [NON_LEADER]: Queue going to NON_LEADER mode. State: All replicated index: 0, Majority replicated index: 0, Committed index: 2, Last appended: 1.2, Last appended by leader: 2, Current term: 0, Majority size: -1, State: 0, Mode: NON_LEADER, active raft config: opid_index: 2 OBSOLETE_local: false peers { permanent_uuid: "2540787fdb7941dc9fad1cc7da1684cf" member_type: VOTER last_known_addr { host: "127.13.28.193" port: 35397 } attrs { replace: true } } peers { permanent_uuid: "ec0d74e26052400e98c75cfa37d8851c" member_type: VOTER last_known_addr { host: "127.13.28.194" port: 40025 } } peers { permanent_uuid: "58bdf2d686324a848437a34ab3baf6f7" member_type: VOTER last_known_addr { host: "127.13.28.195" port: 40393 } } peers { permanent_uuid: "fd8026d3466b4d31aa28a758f7bef207" member_type: NON_VOTER last_known_addr { host: "127.13.28.196" port: 40705 } attrs { promote: true } }
I20260630 12:38:09.431519 14495 tablet_copy_client.cc:323] T 5ca89c1b06124d2694a5743f639f4394 P fd8026d3466b4d31aa28a758f7bef207: tablet copy: Beginning tablet copy session from remote peer at address 127.13.28.195:40393
I20260630 12:38:09.432266 14488 ts_tablet_manager.cc:1434] T fe311c294ea74a1d89f539222b68e062 P fd8026d3466b4d31aa28a758f7bef207: Time spent starting tablet: real 0.010s	user 0.006s	sys 0.000s
I20260630 12:38:09.434412 14197 tablet_copy_service.cc:342] P ec0d74e26052400e98c75cfa37d8851c: Request end of tablet copy session fd8026d3466b4d31aa28a758f7bef207-fe311c294ea74a1d89f539222b68e062 received from {username='slave'} at 127.0.0.1:53064
I20260630 12:38:09.434793 14197 tablet_copy_service.cc:434] P ec0d74e26052400e98c75cfa37d8851c: ending tablet copy session fd8026d3466b4d31aa28a758f7bef207-fe311c294ea74a1d89f539222b68e062 on tablet fe311c294ea74a1d89f539222b68e062 with peer fd8026d3466b4d31aa28a758f7bef207
W20260630 12:38:09.445654 14151 proxy.cc:239] Call had error, refreshing address and retrying: Remote error: Service unavailable: service kudu.consensus.ConsensusService not registered on TabletServer [suppressed 5 similar messages]
I20260630 12:38:09.448498 13427 ts_tablet_manager.cc:1507] Shutting down tablet manager...
W20260630 12:38:09.449772 14151 consensus_peers.cc:597] T 7b5b5e208b664c8e99599c0587c3924c P ec0d74e26052400e98c75cfa37d8851c -> Peer 2540787fdb7941dc9fad1cc7da1684cf (127.13.28.193:35397): Couldn't send request to peer 2540787fdb7941dc9fad1cc7da1684cf. Status: Remote error: Service unavailable: service kudu.consensus.ConsensusService not registered on TabletServer. This is attempt 1: this message will repeat every 5th retry.
I20260630 12:38:09.452227 13427 tablet_replica.cc:333] T eb18e32060fd4a668abdb2e3bd21e6bd P 2540787fdb7941dc9fad1cc7da1684cf: stopping tablet replica
I20260630 12:38:09.453029 13427 raft_consensus.cc:2243] T eb18e32060fd4a668abdb2e3bd21e6bd P 2540787fdb7941dc9fad1cc7da1684cf [term 1 FOLLOWER]: Raft consensus shutting down.
I20260630 12:38:09.453557 13427 raft_consensus.cc:2272] T eb18e32060fd4a668abdb2e3bd21e6bd P 2540787fdb7941dc9fad1cc7da1684cf [term 1 FOLLOWER]: Raft consensus is shut down!
I20260630 12:38:09.454459 14271 tablet_copy_service.cc:140] P 58bdf2d686324a848437a34ab3baf6f7: Received BeginTabletCopySession request for tablet 5ca89c1b06124d2694a5743f639f4394 from peer fd8026d3466b4d31aa28a758f7bef207 ({username='slave'} at 127.0.0.1:41338)
I20260630 12:38:09.454988 14271 tablet_copy_service.cc:161] P 58bdf2d686324a848437a34ab3baf6f7: Beginning new tablet copy session on tablet 5ca89c1b06124d2694a5743f639f4394 from peer fd8026d3466b4d31aa28a758f7bef207 at {username='slave'} at 127.0.0.1:41338: session id = fd8026d3466b4d31aa28a758f7bef207-5ca89c1b06124d2694a5743f639f4394
I20260630 12:38:09.455799 13427 tablet_replica.cc:333] T fe311c294ea74a1d89f539222b68e062 P 2540787fdb7941dc9fad1cc7da1684cf: stopping tablet replica
I20260630 12:38:09.456589 13427 raft_consensus.cc:2243] T fe311c294ea74a1d89f539222b68e062 P 2540787fdb7941dc9fad1cc7da1684cf [term 1 FOLLOWER]: Raft consensus shutting down.
I20260630 12:38:09.457082 13427 raft_consensus.cc:2272] T fe311c294ea74a1d89f539222b68e062 P 2540787fdb7941dc9fad1cc7da1684cf [term 1 FOLLOWER]: Raft consensus is shut down!
I20260630 12:38:09.459694 13427 tablet_replica.cc:333] T 7b5b5e208b664c8e99599c0587c3924c P 2540787fdb7941dc9fad1cc7da1684cf: stopping tablet replica
I20260630 12:38:09.460134 14271 tablet_copy_source_session.cc:215] T 5ca89c1b06124d2694a5743f639f4394 P 58bdf2d686324a848437a34ab3baf6f7: Tablet Copy: opened 0 blocks and 1 log segments
I20260630 12:38:09.460510 13427 raft_consensus.cc:2243] T 7b5b5e208b664c8e99599c0587c3924c P 2540787fdb7941dc9fad1cc7da1684cf [term 1 FOLLOWER]: Raft consensus shutting down.
I20260630 12:38:09.461055 13427 raft_consensus.cc:2272] T 7b5b5e208b664c8e99599c0587c3924c P 2540787fdb7941dc9fad1cc7da1684cf [term 1 FOLLOWER]: Raft consensus is shut down!
I20260630 12:38:09.462644 14495 data_dirs.cc:400] Could only allocate 1 dirs of requested 3 for tablet 5ca89c1b06124d2694a5743f639f4394. 1 dirs total, 0 dirs full, 0 dirs failed
I20260630 12:38:09.463312 13427 tablet_replica.cc:333] T 5ca89c1b06124d2694a5743f639f4394 P 2540787fdb7941dc9fad1cc7da1684cf: stopping tablet replica
I20260630 12:38:09.464004 13427 raft_consensus.cc:2243] T 5ca89c1b06124d2694a5743f639f4394 P 2540787fdb7941dc9fad1cc7da1684cf [term 1 FOLLOWER]: Raft consensus shutting down.
I20260630 12:38:09.464538 13427 raft_consensus.cc:2272] T 5ca89c1b06124d2694a5743f639f4394 P 2540787fdb7941dc9fad1cc7da1684cf [term 1 FOLLOWER]: Raft consensus is shut down!
I20260630 12:38:09.467126 13427 tablet_replica.cc:333] T 9745e7f2e1224632b2d687db435f05fa P 2540787fdb7941dc9fad1cc7da1684cf: stopping tablet replica
I20260630 12:38:09.467783 13427 raft_consensus.cc:2243] T 9745e7f2e1224632b2d687db435f05fa P 2540787fdb7941dc9fad1cc7da1684cf [term 1 LEADER]: Raft consensus shutting down.
I20260630 12:38:09.468917 13427 raft_consensus.cc:2272] T 9745e7f2e1224632b2d687db435f05fa P 2540787fdb7941dc9fad1cc7da1684cf [term 1 FOLLOWER]: Raft consensus is shut down!
I20260630 12:38:09.471112 13427 tablet_replica.cc:333] T 62fb6473d35c4b1594631f197b252d08 P 2540787fdb7941dc9fad1cc7da1684cf: stopping tablet replica
I20260630 12:38:09.471743 13427 raft_consensus.cc:2243] T 62fb6473d35c4b1594631f197b252d08 P 2540787fdb7941dc9fad1cc7da1684cf [term 1 LEADER]: Raft consensus shutting down.
I20260630 12:38:09.472339 14495 tablet_copy_client.cc:806] T 5ca89c1b06124d2694a5743f639f4394 P fd8026d3466b4d31aa28a758f7bef207: tablet copy: Starting download of 0 data blocks...
I20260630 12:38:09.472570 13427 raft_consensus.cc:2272] T 62fb6473d35c4b1594631f197b252d08 P 2540787fdb7941dc9fad1cc7da1684cf [term 1 FOLLOWER]: Raft consensus is shut down!
I20260630 12:38:09.472837 14495 tablet_copy_client.cc:670] T 5ca89c1b06124d2694a5743f639f4394 P fd8026d3466b4d31aa28a758f7bef207: tablet copy: Starting download of 1 WAL segments...
I20260630 12:38:09.474673 13427 tablet_replica.cc:333] T f73dda3c99ff4e3ea74d9bf6e017641b P 2540787fdb7941dc9fad1cc7da1684cf: stopping tablet replica
I20260630 12:38:09.475318 13427 raft_consensus.cc:2243] T f73dda3c99ff4e3ea74d9bf6e017641b P 2540787fdb7941dc9fad1cc7da1684cf [term 1 FOLLOWER]: Raft consensus shutting down.
I20260630 12:38:09.475731 14495 tablet_copy_client.cc:538] T 5ca89c1b06124d2694a5743f639f4394 P fd8026d3466b4d31aa28a758f7bef207: tablet copy: Tablet Copy complete. Replacing tablet superblock.
I20260630 12:38:09.475757 13427 raft_consensus.cc:2272] T f73dda3c99ff4e3ea74d9bf6e017641b P 2540787fdb7941dc9fad1cc7da1684cf [term 1 FOLLOWER]: Raft consensus is shut down!
I20260630 12:38:09.478535 13427 tablet_replica.cc:333] T 49db34af115c4d7ab8c82a575cb0f675 P 2540787fdb7941dc9fad1cc7da1684cf: stopping tablet replica
I20260630 12:38:09.479192 13427 raft_consensus.cc:2243] T 49db34af115c4d7ab8c82a575cb0f675 P 2540787fdb7941dc9fad1cc7da1684cf [term 1 LEADER]: Raft consensus shutting down.
I20260630 12:38:09.480036 13427 raft_consensus.cc:2272] T 49db34af115c4d7ab8c82a575cb0f675 P 2540787fdb7941dc9fad1cc7da1684cf [term 1 FOLLOWER]: Raft consensus is shut down!
I20260630 12:38:09.481770 14488 ts_tablet_manager.cc:933] T 7b5b5e208b664c8e99599c0587c3924c P fd8026d3466b4d31aa28a758f7bef207: Initiating tablet copy from peer ec0d74e26052400e98c75cfa37d8851c (127.13.28.194:40025)
I20260630 12:38:09.483736 14495 tablet_bootstrap.cc:492] T 5ca89c1b06124d2694a5743f639f4394 P fd8026d3466b4d31aa28a758f7bef207: Bootstrap starting.
I20260630 12:38:09.488059 14488 tablet_copy_client.cc:323] T 7b5b5e208b664c8e99599c0587c3924c P fd8026d3466b4d31aa28a758f7bef207: tablet copy: Beginning tablet copy session from remote peer at address 127.13.28.194:40025
I20260630 12:38:09.489634 14197 tablet_copy_service.cc:140] P ec0d74e26052400e98c75cfa37d8851c: Received BeginTabletCopySession request for tablet 7b5b5e208b664c8e99599c0587c3924c from peer fd8026d3466b4d31aa28a758f7bef207 ({username='slave'} at 127.0.0.1:53064)
I20260630 12:38:09.490114 14197 tablet_copy_service.cc:161] P ec0d74e26052400e98c75cfa37d8851c: Beginning new tablet copy session on tablet 7b5b5e208b664c8e99599c0587c3924c from peer fd8026d3466b4d31aa28a758f7bef207 at {username='slave'} at 127.0.0.1:53064: session id = fd8026d3466b4d31aa28a758f7bef207-7b5b5e208b664c8e99599c0587c3924c
I20260630 12:38:09.496920 14197 tablet_copy_source_session.cc:215] T 7b5b5e208b664c8e99599c0587c3924c P ec0d74e26052400e98c75cfa37d8851c: Tablet Copy: opened 0 blocks and 1 log segments
I20260630 12:38:09.500144 14488 data_dirs.cc:400] Could only allocate 1 dirs of requested 3 for tablet 7b5b5e208b664c8e99599c0587c3924c. 1 dirs total, 0 dirs full, 0 dirs failed
W20260630 12:38:09.505420 14225 consensus_peers.cc:597] T eb18e32060fd4a668abdb2e3bd21e6bd P 58bdf2d686324a848437a34ab3baf6f7 -> Peer 2540787fdb7941dc9fad1cc7da1684cf (127.13.28.193:35397): Couldn't send request to peer 2540787fdb7941dc9fad1cc7da1684cf. Status: Network error: recv got EOF from unknown peer (error 108). This is attempt 1: this message will repeat every 5th retry.
I20260630 12:38:09.512765 13427 tablet_server.cc:196] TabletServer@127.13.28.193:0 shutdown complete.
I20260630 12:38:09.529096 14495 tablet_bootstrap.cc:492] T 5ca89c1b06124d2694a5743f639f4394 P fd8026d3466b4d31aa28a758f7bef207: Bootstrap replayed 1/1 log segments. Stats: ops{read=2 overwritten=0 applied=2 ignored=0} inserts{seen=0 ignored=0} mutations{seen=0 ignored=0} orphaned_commits=0. Pending: 0 replicates
I20260630 12:38:09.530009 14495 tablet_bootstrap.cc:492] T 5ca89c1b06124d2694a5743f639f4394 P fd8026d3466b4d31aa28a758f7bef207: Bootstrap complete.
I20260630 12:38:09.531085 13427 tablet_server.cc:179] TabletServer@127.13.28.194:0 shutting down...
I20260630 12:38:09.531018 14495 ts_tablet_manager.cc:1403] T 5ca89c1b06124d2694a5743f639f4394 P fd8026d3466b4d31aa28a758f7bef207: Time spent bootstrapping tablet: real 0.047s	user 0.019s	sys 0.023s
I20260630 12:38:09.533388 14488 tablet_copy_client.cc:806] T 7b5b5e208b664c8e99599c0587c3924c P fd8026d3466b4d31aa28a758f7bef207: tablet copy: Starting download of 0 data blocks...
I20260630 12:38:09.533896 14488 tablet_copy_client.cc:670] T 7b5b5e208b664c8e99599c0587c3924c P fd8026d3466b4d31aa28a758f7bef207: tablet copy: Starting download of 1 WAL segments...
I20260630 12:38:09.535440 14495 raft_consensus.cc:359] T 5ca89c1b06124d2694a5743f639f4394 P fd8026d3466b4d31aa28a758f7bef207 [term 1 LEARNER]: Replica starting. Triggering 0 pending ops. Active config: opid_index: 2 OBSOLETE_local: false peers { permanent_uuid: "2540787fdb7941dc9fad1cc7da1684cf" member_type: VOTER last_known_addr { host: "127.13.28.193" port: 35397 } } peers { permanent_uuid: "ec0d74e26052400e98c75cfa37d8851c" member_type: VOTER last_known_addr { host: "127.13.28.194" port: 40025 } attrs { replace: true } } peers { permanent_uuid: "58bdf2d686324a848437a34ab3baf6f7" member_type: VOTER last_known_addr { host: "127.13.28.195" port: 40393 } } peers { permanent_uuid: "fd8026d3466b4d31aa28a758f7bef207" member_type: NON_VOTER last_known_addr { host: "127.13.28.196" port: 40705 } attrs { promote: true } }
I20260630 12:38:09.536396 14495 raft_consensus.cc:740] T 5ca89c1b06124d2694a5743f639f4394 P fd8026d3466b4d31aa28a758f7bef207 [term 1 LEARNER]: Becoming Follower/Learner. State: Replica: fd8026d3466b4d31aa28a758f7bef207, State: Initialized, Role: LEARNER
I20260630 12:38:09.537089 14495 consensus_queue.cc:260] T 5ca89c1b06124d2694a5743f639f4394 P fd8026d3466b4d31aa28a758f7bef207 [NON_LEADER]: Queue going to NON_LEADER mode. State: All replicated index: 0, Majority replicated index: 0, Committed index: 2, Last appended: 1.2, Last appended by leader: 2, Current term: 0, Majority size: -1, State: 0, Mode: NON_LEADER, active raft config: opid_index: 2 OBSOLETE_local: false peers { permanent_uuid: "2540787fdb7941dc9fad1cc7da1684cf" member_type: VOTER last_known_addr { host: "127.13.28.193" port: 35397 } } peers { permanent_uuid: "ec0d74e26052400e98c75cfa37d8851c" member_type: VOTER last_known_addr { host: "127.13.28.194" port: 40025 } attrs { replace: true } } peers { permanent_uuid: "58bdf2d686324a848437a34ab3baf6f7" member_type: VOTER last_known_addr { host: "127.13.28.195" port: 40393 } } peers { permanent_uuid: "fd8026d3466b4d31aa28a758f7bef207" member_type: NON_VOTER last_known_addr { host: "127.13.28.196" port: 40705 } attrs { promote: true } }
I20260630 12:38:09.540452 14495 ts_tablet_manager.cc:1434] T 5ca89c1b06124d2694a5743f639f4394 P fd8026d3466b4d31aa28a758f7bef207: Time spent starting tablet: real 0.007s	user 0.005s	sys 0.001s
W20260630 12:38:09.540719 14151 consensus_peers.cc:597] T f73dda3c99ff4e3ea74d9bf6e017641b P ec0d74e26052400e98c75cfa37d8851c -> Peer 2540787fdb7941dc9fad1cc7da1684cf (127.13.28.193:35397): Couldn't send request to peer 2540787fdb7941dc9fad1cc7da1684cf. Status: Network error: Client connection negotiation failed: client connection to 127.13.28.193:35397: connect: Connection refused (error 111). This is attempt 1: this message will repeat every 5th retry.
I20260630 12:38:09.542429 14271 tablet_copy_service.cc:342] P 58bdf2d686324a848437a34ab3baf6f7: Request end of tablet copy session fd8026d3466b4d31aa28a758f7bef207-5ca89c1b06124d2694a5743f639f4394 received from {username='slave'} at 127.0.0.1:41338
I20260630 12:38:09.542798 14271 tablet_copy_service.cc:434] P 58bdf2d686324a848437a34ab3baf6f7: ending tablet copy session fd8026d3466b4d31aa28a758f7bef207-5ca89c1b06124d2694a5743f639f4394 on tablet 5ca89c1b06124d2694a5743f639f4394 with peer fd8026d3466b4d31aa28a758f7bef207
I20260630 12:38:09.549953 13427 tablet_copy_service.cc:362] P ec0d74e26052400e98c75cfa37d8851c: Destroying tablet copy session fd8026d3466b4d31aa28a758f7bef207-7b5b5e208b664c8e99599c0587c3924c due to service shutdown
I20260630 12:38:09.552435 13427 tablet_copy_service.cc:434] P ec0d74e26052400e98c75cfa37d8851c: ending tablet copy session fd8026d3466b4d31aa28a758f7bef207-7b5b5e208b664c8e99599c0587c3924c on tablet 7b5b5e208b664c8e99599c0587c3924c with peer fd8026d3466b4d31aa28a758f7bef207
I20260630 12:38:09.565035 13427 ts_tablet_manager.cc:1507] Shutting down tablet manager...
I20260630 12:38:09.565661 13427 tablet_replica.cc:333] T 5ca89c1b06124d2694a5743f639f4394 P ec0d74e26052400e98c75cfa37d8851c: stopping tablet replica
I20260630 12:38:09.566363 13427 raft_consensus.cc:2243] T 5ca89c1b06124d2694a5743f639f4394 P ec0d74e26052400e98c75cfa37d8851c [term 1 FOLLOWER]: Raft consensus shutting down.
I20260630 12:38:09.566896 13427 raft_consensus.cc:2272] T 5ca89c1b06124d2694a5743f639f4394 P ec0d74e26052400e98c75cfa37d8851c [term 1 FOLLOWER]: Raft consensus is shut down!
I20260630 12:38:09.569228 13427 tablet_replica.cc:333] T 9745e7f2e1224632b2d687db435f05fa P ec0d74e26052400e98c75cfa37d8851c: stopping tablet replica
I20260630 12:38:09.569906 13427 raft_consensus.cc:2243] T 9745e7f2e1224632b2d687db435f05fa P ec0d74e26052400e98c75cfa37d8851c [term 1 FOLLOWER]: Raft consensus shutting down.
I20260630 12:38:09.570410 13427 raft_consensus.cc:2272] T 9745e7f2e1224632b2d687db435f05fa P ec0d74e26052400e98c75cfa37d8851c [term 1 FOLLOWER]: Raft consensus is shut down!
I20260630 12:38:09.572741 13427 tablet_replica.cc:333] T 62fb6473d35c4b1594631f197b252d08 P ec0d74e26052400e98c75cfa37d8851c: stopping tablet replica
I20260630 12:38:09.573401 13427 raft_consensus.cc:2243] T 62fb6473d35c4b1594631f197b252d08 P ec0d74e26052400e98c75cfa37d8851c [term 1 FOLLOWER]: Raft consensus shutting down.
I20260630 12:38:09.573838 13427 raft_consensus.cc:2272] T 62fb6473d35c4b1594631f197b252d08 P ec0d74e26052400e98c75cfa37d8851c [term 1 FOLLOWER]: Raft consensus is shut down!
I20260630 12:38:09.575764 13427 tablet_replica.cc:333] T f73dda3c99ff4e3ea74d9bf6e017641b P ec0d74e26052400e98c75cfa37d8851c: stopping tablet replica
I20260630 12:38:09.576453 13427 raft_consensus.cc:2243] T f73dda3c99ff4e3ea74d9bf6e017641b P ec0d74e26052400e98c75cfa37d8851c [term 1 LEADER]: Raft consensus shutting down.
I20260630 12:38:09.577286 13427 raft_consensus.cc:2272] T f73dda3c99ff4e3ea74d9bf6e017641b P ec0d74e26052400e98c75cfa37d8851c [term 1 FOLLOWER]: Raft consensus is shut down!
I20260630 12:38:09.579329 13427 tablet_replica.cc:333] T fe311c294ea74a1d89f539222b68e062 P ec0d74e26052400e98c75cfa37d8851c: stopping tablet replica
I20260630 12:38:09.580049 13427 raft_consensus.cc:2243] T fe311c294ea74a1d89f539222b68e062 P ec0d74e26052400e98c75cfa37d8851c [term 1 LEADER]: Raft consensus shutting down.
I20260630 12:38:09.581146 13427 raft_consensus.cc:2272] T fe311c294ea74a1d89f539222b68e062 P ec0d74e26052400e98c75cfa37d8851c [term 1 FOLLOWER]: Raft consensus is shut down!
I20260630 12:38:09.583386 13427 tablet_replica.cc:333] T 7b5b5e208b664c8e99599c0587c3924c P ec0d74e26052400e98c75cfa37d8851c: stopping tablet replica
I20260630 12:38:09.583990 13427 raft_consensus.cc:2243] T 7b5b5e208b664c8e99599c0587c3924c P ec0d74e26052400e98c75cfa37d8851c [term 1 LEADER]: Raft consensus shutting down.
I20260630 12:38:09.584905 13427 raft_consensus.cc:2272] T 7b5b5e208b664c8e99599c0587c3924c P ec0d74e26052400e98c75cfa37d8851c [term 1 FOLLOWER]: Raft consensus is shut down!
I20260630 12:38:09.586742 13427 tablet_replica.cc:333] T eb18e32060fd4a668abdb2e3bd21e6bd P ec0d74e26052400e98c75cfa37d8851c: stopping tablet replica
I20260630 12:38:09.587172 13427 raft_consensus.cc:2243] T eb18e32060fd4a668abdb2e3bd21e6bd P ec0d74e26052400e98c75cfa37d8851c [term 1 FOLLOWER]: Raft consensus shutting down.
I20260630 12:38:09.587561 13427 raft_consensus.cc:2272] T eb18e32060fd4a668abdb2e3bd21e6bd P ec0d74e26052400e98c75cfa37d8851c [term 1 FOLLOWER]: Raft consensus is shut down!
I20260630 12:38:09.589057 13427 tablet_replica.cc:333] T 49db34af115c4d7ab8c82a575cb0f675 P ec0d74e26052400e98c75cfa37d8851c: stopping tablet replica
I20260630 12:38:09.589460 13427 raft_consensus.cc:2243] T 49db34af115c4d7ab8c82a575cb0f675 P ec0d74e26052400e98c75cfa37d8851c [term 1 FOLLOWER]: Raft consensus shutting down.
I20260630 12:38:09.589797 13427 raft_consensus.cc:2272] T 49db34af115c4d7ab8c82a575cb0f675 P ec0d74e26052400e98c75cfa37d8851c [term 1 FOLLOWER]: Raft consensus is shut down!
I20260630 12:38:09.606938 13427 tablet_server.cc:196] TabletServer@127.13.28.194:0 shutdown complete.
I20260630 12:38:09.624189 13427 tablet_server.cc:179] TabletServer@127.13.28.195:0 shutting down...
I20260630 12:38:09.649447 13427 ts_tablet_manager.cc:1507] Shutting down tablet manager...
I20260630 12:38:09.650040 13427 tablet_replica.cc:333] T eb18e32060fd4a668abdb2e3bd21e6bd P 58bdf2d686324a848437a34ab3baf6f7: stopping tablet replica
I20260630 12:38:09.650581 13427 raft_consensus.cc:2243] T eb18e32060fd4a668abdb2e3bd21e6bd P 58bdf2d686324a848437a34ab3baf6f7 [term 1 LEADER]: Raft consensus shutting down.
I20260630 12:38:09.651274 13427 raft_consensus.cc:2272] T eb18e32060fd4a668abdb2e3bd21e6bd P 58bdf2d686324a848437a34ab3baf6f7 [term 1 FOLLOWER]: Raft consensus is shut down!
I20260630 12:38:09.653013 13427 tablet_replica.cc:333] T 7b5b5e208b664c8e99599c0587c3924c P 58bdf2d686324a848437a34ab3baf6f7: stopping tablet replica
I20260630 12:38:09.653540 13427 raft_consensus.cc:2243] T 7b5b5e208b664c8e99599c0587c3924c P 58bdf2d686324a848437a34ab3baf6f7 [term 1 FOLLOWER]: Raft consensus shutting down.
I20260630 12:38:09.653963 13427 raft_consensus.cc:2272] T 7b5b5e208b664c8e99599c0587c3924c P 58bdf2d686324a848437a34ab3baf6f7 [term 1 FOLLOWER]: Raft consensus is shut down!
W20260630 12:38:09.654462 14488 ts_tablet_manager.cc:1011] T 7b5b5e208b664c8e99599c0587c3924c P fd8026d3466b4d31aa28a758f7bef207: Tablet Copy: Unable to fetch data from remote peer ec0d74e26052400e98c75cfa37d8851c (127.13.28.194:40025): Network error: Unable to download WAL segment with seq. number 1: unable to fetch data from remote: Client connection negotiation failed: client connection to 127.13.28.194:40025: connect: Connection refused (error 111)
I20260630 12:38:09.654855 14488 tablet_replica.cc:333] T 7b5b5e208b664c8e99599c0587c3924c P fd8026d3466b4d31aa28a758f7bef207: stopping tablet replica
I20260630 12:38:09.655117 14488 raft_consensus.cc:2243] T 7b5b5e208b664c8e99599c0587c3924c P fd8026d3466b4d31aa28a758f7bef207 [term 1 LEARNER]: Raft consensus shutting down.
I20260630 12:38:09.655435 14488 raft_consensus.cc:2272] T 7b5b5e208b664c8e99599c0587c3924c P fd8026d3466b4d31aa28a758f7bef207 [term 1 LEARNER]: Raft consensus is shut down!
I20260630 12:38:09.656404 13427 tablet_replica.cc:333] T fe311c294ea74a1d89f539222b68e062 P 58bdf2d686324a848437a34ab3baf6f7: stopping tablet replica
I20260630 12:38:09.656926 13427 raft_consensus.cc:2243] T fe311c294ea74a1d89f539222b68e062 P 58bdf2d686324a848437a34ab3baf6f7 [term 1 FOLLOWER]: Raft consensus shutting down.
I20260630 12:38:09.657496 13427 raft_consensus.cc:2272] T fe311c294ea74a1d89f539222b68e062 P 58bdf2d686324a848437a34ab3baf6f7 [term 1 FOLLOWER]: Raft consensus is shut down!
W20260630 12:38:09.659543 14488 tablet_copy_client.cc:1131] T 7b5b5e208b664c8e99599c0587c3924c P fd8026d3466b4d31aa28a758f7bef207: tablet copy: Unable to close tablet copy session: Network error: failure ending tablet copy session: Client connection negotiation failed: client connection to 127.13.28.194:40025: connect: Connection refused (error 111)
I20260630 12:38:09.660254 13427 tablet_replica.cc:333] T 62fb6473d35c4b1594631f197b252d08 P 58bdf2d686324a848437a34ab3baf6f7: stopping tablet replica
W20260630 12:38:09.660753 14488 tablet_metadata.cc:476] failed to load DataDirGroup from superblock: Already present: tried to load directory group for tablet 7b5b5e208b664c8e99599c0587c3924c but one is already registered
I20260630 12:38:09.660761 13427 raft_consensus.cc:2243] T 62fb6473d35c4b1594631f197b252d08 P 58bdf2d686324a848437a34ab3baf6f7 [term 1 FOLLOWER]: Raft consensus shutting down.
I20260630 12:38:09.661234 14488 ts_tablet_manager.cc:1916] T 7b5b5e208b664c8e99599c0587c3924c P fd8026d3466b4d31aa28a758f7bef207: Deleting tablet data with delete state TABLET_DATA_TOMBSTONED
I20260630 12:38:09.661424 13427 raft_consensus.cc:2272] T 62fb6473d35c4b1594631f197b252d08 P 58bdf2d686324a848437a34ab3baf6f7 [term 1 FOLLOWER]: Raft consensus is shut down!
I20260630 12:38:09.663070 13427 tablet_replica.cc:333] T 9745e7f2e1224632b2d687db435f05fa P 58bdf2d686324a848437a34ab3baf6f7: stopping tablet replica
I20260630 12:38:09.663560 13427 raft_consensus.cc:2243] T 9745e7f2e1224632b2d687db435f05fa P 58bdf2d686324a848437a34ab3baf6f7 [term 1 FOLLOWER]: Raft consensus shutting down.
I20260630 12:38:09.663964 13427 raft_consensus.cc:2272] T 9745e7f2e1224632b2d687db435f05fa P 58bdf2d686324a848437a34ab3baf6f7 [term 1 FOLLOWER]: Raft consensus is shut down!
I20260630 12:38:09.665798 13427 tablet_replica.cc:333] T f73dda3c99ff4e3ea74d9bf6e017641b P 58bdf2d686324a848437a34ab3baf6f7: stopping tablet replica
I20260630 12:38:09.666267 13427 raft_consensus.cc:2243] T f73dda3c99ff4e3ea74d9bf6e017641b P 58bdf2d686324a848437a34ab3baf6f7 [term 1 FOLLOWER]: Raft consensus shutting down.
I20260630 12:38:09.666625 13427 raft_consensus.cc:2272] T f73dda3c99ff4e3ea74d9bf6e017641b P 58bdf2d686324a848437a34ab3baf6f7 [term 1 FOLLOWER]: Raft consensus is shut down!
I20260630 12:38:09.668059 13427 tablet_replica.cc:333] T 5ca89c1b06124d2694a5743f639f4394 P 58bdf2d686324a848437a34ab3baf6f7: stopping tablet replica
I20260630 12:38:09.668545 13427 raft_consensus.cc:2243] T 5ca89c1b06124d2694a5743f639f4394 P 58bdf2d686324a848437a34ab3baf6f7 [term 1 LEADER]: Raft consensus shutting down.
I20260630 12:38:09.669370 13427 raft_consensus.cc:2272] T 5ca89c1b06124d2694a5743f639f4394 P 58bdf2d686324a848437a34ab3baf6f7 [term 1 FOLLOWER]: Raft consensus is shut down!
I20260630 12:38:09.671204 13427 tablet_replica.cc:333] T 49db34af115c4d7ab8c82a575cb0f675 P 58bdf2d686324a848437a34ab3baf6f7: stopping tablet replica
I20260630 12:38:09.671638 13427 raft_consensus.cc:2243] T 49db34af115c4d7ab8c82a575cb0f675 P 58bdf2d686324a848437a34ab3baf6f7 [term 1 FOLLOWER]: Raft consensus shutting down.
I20260630 12:38:09.671993 13427 raft_consensus.cc:2272] T 49db34af115c4d7ab8c82a575cb0f675 P 58bdf2d686324a848437a34ab3baf6f7 [term 1 FOLLOWER]: Raft consensus is shut down!
I20260630 12:38:09.674690 14488 ts_tablet_manager.cc:1929] T 7b5b5e208b664c8e99599c0587c3924c P fd8026d3466b4d31aa28a758f7bef207: tablet deleted with delete type TABLET_DATA_TOMBSTONED: last-logged OpId 1.0
I20260630 12:38:09.675091 14488 log.cc:1199] T 7b5b5e208b664c8e99599c0587c3924c P fd8026d3466b4d31aa28a758f7bef207: Deleting WAL directory at /tmp/dist-test-taskklc7Td/test-tmp/auto_rebalancer-test.0.AutoRebalancerTest.AutoRebalancingTurnOffAndOn.1782823069689566-13427-0/minicluster-data/ts-3-root/wals/7b5b5e208b664c8e99599c0587c3924c
I20260630 12:38:09.687752 13427 tablet_server.cc:196] TabletServer@127.13.28.195:0 shutdown complete.
I20260630 12:38:09.700313 13427 tablet_server.cc:179] TabletServer@127.13.28.196:0 shutting down...
I20260630 12:38:09.718981 13427 ts_tablet_manager.cc:1507] Shutting down tablet manager...
I20260630 12:38:09.719875 13427 tablet_replica.cc:333] T 5ca89c1b06124d2694a5743f639f4394 P fd8026d3466b4d31aa28a758f7bef207: stopping tablet replica
I20260630 12:38:09.720692 13427 raft_consensus.cc:2243] T 5ca89c1b06124d2694a5743f639f4394 P fd8026d3466b4d31aa28a758f7bef207 [term 1 LEARNER]: Raft consensus shutting down.
I20260630 12:38:09.721232 13427 raft_consensus.cc:2272] T 5ca89c1b06124d2694a5743f639f4394 P fd8026d3466b4d31aa28a758f7bef207 [term 1 LEARNER]: Raft consensus is shut down!
I20260630 12:38:09.727041 13427 tablet_replica.cc:333] T fe311c294ea74a1d89f539222b68e062 P fd8026d3466b4d31aa28a758f7bef207: stopping tablet replica
I20260630 12:38:09.727509 13427 raft_consensus.cc:2243] T fe311c294ea74a1d89f539222b68e062 P fd8026d3466b4d31aa28a758f7bef207 [term 1 LEARNER]: Raft consensus shutting down.
I20260630 12:38:09.727849 13427 raft_consensus.cc:2272] T fe311c294ea74a1d89f539222b68e062 P fd8026d3466b4d31aa28a758f7bef207 [term 1 LEARNER]: Raft consensus is shut down!
I20260630 12:38:09.729570 13427 tablet_replica.cc:333] T 9745e7f2e1224632b2d687db435f05fa P fd8026d3466b4d31aa28a758f7bef207: stopping tablet replica
I20260630 12:38:09.730011 13427 raft_consensus.cc:2243] T 9745e7f2e1224632b2d687db435f05fa P fd8026d3466b4d31aa28a758f7bef207 [term 1 LEARNER]: Raft consensus shutting down.
I20260630 12:38:09.730333 13427 raft_consensus.cc:2272] T 9745e7f2e1224632b2d687db435f05fa P fd8026d3466b4d31aa28a758f7bef207 [term 1 LEARNER]: Raft consensus is shut down!
I20260630 12:38:09.739755 13427 tablet_server.cc:196] TabletServer@127.13.28.196:0 shutdown complete.
I20260630 12:38:09.749892 13427 master.cc:562] Master@127.13.28.254:41425 shutting down...
W20260630 12:38:09.879743 14058 auto_rebalancer.cc:340] scheduled replica move failed to complete: Service unavailable: Catalog manager is not initialized. State: Closing
I20260630 12:38:09.881057 13427 raft_consensus.cc:2243] T 00000000000000000000000000000000 P 5f7b175f810541179cbb2304eaa0f2a3 [term 1 LEADER]: Raft consensus shutting down.
I20260630 12:38:09.881552 13427 raft_consensus.cc:2272] T 00000000000000000000000000000000 P 5f7b175f810541179cbb2304eaa0f2a3 [term 1 FOLLOWER]: Raft consensus is shut down!
I20260630 12:38:09.881856 13427 tablet_replica.cc:333] T 00000000000000000000000000000000 P 5f7b175f810541179cbb2304eaa0f2a3: stopping tablet replica
I20260630 12:38:09.914641 13427 master.cc:584] Master@127.13.28.254:41425 shutdown complete.
[       OK ] AutoRebalancerTest.AutoRebalancingTurnOffAndOn (9383 ms)
[ RUN      ] AutoRebalancerTest.NextLeaderResumesAutoRebalancing
I20260630 12:38:09.955648 13427 internal_mini_cluster.cc:156] Creating distributed mini masters. Addrs: 127.13.28.254:34491,127.13.28.253:45399,127.13.28.252:33699
I20260630 12:38:09.956926 13427 file_cache.cc:492] Constructed file cache file cache with capacity 419430
W20260630 12:38:09.962128 14504 instance_detector.cc:116] could not retrieve AWS instance metadata: Network error: curl error: HTTP response code said error: The requested URL returned error: 404
W20260630 12:38:09.962208 14505 instance_detector.cc:116] could not retrieve Azure instance metadata: Network error: curl error: HTTP response code said error: The requested URL returned error: 404
W20260630 12:38:09.963163 14507 instance_detector.cc:116] could not retrieve OpenStack instance metadata: Network error: curl error: HTTP response code said error: The requested URL returned error: 404
I20260630 12:38:09.964474 13427 server_base.cc:1061] running on GCE node
I20260630 12:38:09.965098 13427 hybrid_clock.cc:584] initializing the hybrid clock with 'system_unsync' time source
W20260630 12:38:09.965261 13427 system_unsync_time.cc:38] NTP support is disabled. Clock error bounds will not be accurate. This configuration is not suitable for distributed clusters.
I20260630 12:38:09.965384 13427 hybrid_clock.cc:648] HybridClock initialized: now 1782823089965373 us; error 0 us; skew 500 ppm
I20260630 12:38:09.965767 13427 server_base.cc:861] Flag tcmalloc_max_total_thread_cache_bytes is not working since tcmalloc is not enabled.
I20260630 12:38:09.967844 13427 webserver.cc:533] Webserver started at http://127.13.28.254:32867/ using document root <none> and password file <none>
I20260630 12:38:09.968310 13427 fs_manager.cc:362] Metadata directory not provided
I20260630 12:38:09.968469 13427 fs_manager.cc:368] Using write-ahead log directory (fs_wal_dir) as metadata directory
I20260630 12:38:09.968684 13427 server_base.cc:909] This appears to be a new deployment of Kudu; creating new FS layout
I20260630 12:38:09.969774 13427 fs_manager.cc:1068] Generated new instance metadata in path /tmp/dist-test-taskklc7Td/test-tmp/auto_rebalancer-test.0.AutoRebalancerTest.NextLeaderResumesAutoRebalancing.1782823069689566-13427-0/minicluster-data/master-0-root/instance:
uuid: "75d1d515f6264ce39d07079096c89f03"
format_stamp: "Formatted at 2026-06-30 12:38:09 on dist-test-slave-7v3c"
I20260630 12:38:09.973735 13427 fs_manager.cc:696] Time spent creating directory manager: real 0.003s	user 0.005s	sys 0.000s
I20260630 12:38:09.976603 14512 log_block_manager.cc:4031] Time spent loading block containers with low live blocks: real 0.000s	user 0.000s	sys 0.000s
I20260630 12:38:09.977275 13427 fs_manager.cc:730] Time spent opening block manager: real 0.002s	user 0.001s	sys 0.001s
I20260630 12:38:09.977528 13427 fs_manager.cc:647] Opened local filesystem: /tmp/dist-test-taskklc7Td/test-tmp/auto_rebalancer-test.0.AutoRebalancerTest.NextLeaderResumesAutoRebalancing.1782823069689566-13427-0/minicluster-data/master-0-root
uuid: "75d1d515f6264ce39d07079096c89f03"
format_stamp: "Formatted at 2026-06-30 12:38:09 on dist-test-slave-7v3c"
I20260630 12:38:09.977766 13427 fs_report.cc:389] FS layout report
--------------------
wal directory: /tmp/dist-test-taskklc7Td/test-tmp/auto_rebalancer-test.0.AutoRebalancerTest.NextLeaderResumesAutoRebalancing.1782823069689566-13427-0/minicluster-data/master-0-root
metadata directory: /tmp/dist-test-taskklc7Td/test-tmp/auto_rebalancer-test.0.AutoRebalancerTest.NextLeaderResumesAutoRebalancing.1782823069689566-13427-0/minicluster-data/master-0-root
1 data directories: /tmp/dist-test-taskklc7Td/test-tmp/auto_rebalancer-test.0.AutoRebalancerTest.NextLeaderResumesAutoRebalancing.1782823069689566-13427-0/minicluster-data/master-0-root/data
Total live blocks: 0
Total live bytes: 0
Total live bytes (after alignment): 0
Total number of LBM containers: 0 (0 full)
Did not check for missing blocks
Did not check for orphaned blocks
Total full LBM containers with extra space: 0 (0 repaired)
Total full LBM container extra space in bytes: 0 (0 repaired)
Total incomplete LBM containers: 0 (0 repaired)
Total LBM partial records: 0 (0 repaired)
Total corrupted LBM metadata records in RocksDB: 0 (0 repaired)
I20260630 12:38:09.998941 13427 rpc_server.cc:225] running with OpenSSL 1.1.1  11 Sep 2018
I20260630 12:38:10.000065 13427 kserver.cc:163] Server-wide thread pool size limit: 3276
I20260630 12:38:10.034896 13427 rpc_server.cc:307] RPC server started. Bound to: 127.13.28.254:34491
I20260630 12:38:10.034972 14563 acceptor_pool.cc:272] collecting diagnostics on the listening RPC socket 127.13.28.254:34491 every 8 connection(s)
I20260630 12:38:10.038702 14564 data_dirs.cc:400] Could only allocate 1 dirs of requested 3 for tablet 00000000000000000000000000000000. 1 dirs total, 0 dirs full, 0 dirs failed
I20260630 12:38:10.038745 13427 file_cache.cc:492] Constructed file cache file cache with capacity 419430
W20260630 12:38:10.043795 14566 instance_detector.cc:116] could not retrieve AWS instance metadata: Network error: curl error: HTTP response code said error: The requested URL returned error: 404
W20260630 12:38:10.046067 14567 instance_detector.cc:116] could not retrieve Azure instance metadata: Network error: curl error: HTTP response code said error: The requested URL returned error: 404
I20260630 12:38:10.045796 14564 sys_catalog.cc:422] member_type: VOTER last_known_addr { host: "127.13.28.254" port: 34491 } has no permanent_uuid. Determining permanent_uuid...
W20260630 12:38:10.046468 14569 instance_detector.cc:116] could not retrieve OpenStack instance metadata: Network error: curl error: HTTP response code said error: The requested URL returned error: 404
I20260630 12:38:10.046836 13427 server_base.cc:1061] running on GCE node
I20260630 12:38:10.047825 13427 hybrid_clock.cc:584] initializing the hybrid clock with 'system_unsync' time source
W20260630 12:38:10.048017 13427 system_unsync_time.cc:38] NTP support is disabled. Clock error bounds will not be accurate. This configuration is not suitable for distributed clusters.
I20260630 12:38:10.048206 13427 hybrid_clock.cc:648] HybridClock initialized: now 1782823090048186 us; error 0 us; skew 500 ppm
I20260630 12:38:10.048840 13427 server_base.cc:861] Flag tcmalloc_max_total_thread_cache_bytes is not working since tcmalloc is not enabled.
I20260630 12:38:10.051527 13427 webserver.cc:533] Webserver started at http://127.13.28.253:40651/ using document root <none> and password file <none>
I20260630 12:38:10.052140 13427 fs_manager.cc:362] Metadata directory not provided
I20260630 12:38:10.052368 13427 fs_manager.cc:368] Using write-ahead log directory (fs_wal_dir) as metadata directory
I20260630 12:38:10.052657 13427 server_base.cc:909] This appears to be a new deployment of Kudu; creating new FS layout
I20260630 12:38:10.053644 13427 fs_manager.cc:1068] Generated new instance metadata in path /tmp/dist-test-taskklc7Td/test-tmp/auto_rebalancer-test.0.AutoRebalancerTest.NextLeaderResumesAutoRebalancing.1782823069689566-13427-0/minicluster-data/master-1-root/instance:
uuid: "85e33d60ea694080b4a0502b317fa864"
format_stamp: "Formatted at 2026-06-30 12:38:10 on dist-test-slave-7v3c"
I20260630 12:38:10.059442 13427 fs_manager.cc:696] Time spent creating directory manager: real 0.005s	user 0.007s	sys 0.000s
I20260630 12:38:10.059772 14564 sys_catalog.cc:422] member_type: VOTER last_known_addr { host: "127.13.28.253" port: 45399 } has no permanent_uuid. Determining permanent_uuid...
I20260630 12:38:10.063288 14576 log_block_manager.cc:4031] Time spent loading block containers with low live blocks: real 0.000s	user 0.000s	sys 0.000s
I20260630 12:38:10.064054 13427 fs_manager.cc:730] Time spent opening block manager: real 0.003s	user 0.003s	sys 0.000s
I20260630 12:38:10.064409 13427 fs_manager.cc:647] Opened local filesystem: /tmp/dist-test-taskklc7Td/test-tmp/auto_rebalancer-test.0.AutoRebalancerTest.NextLeaderResumesAutoRebalancing.1782823069689566-13427-0/minicluster-data/master-1-root
uuid: "85e33d60ea694080b4a0502b317fa864"
format_stamp: "Formatted at 2026-06-30 12:38:10 on dist-test-slave-7v3c"
I20260630 12:38:10.064723 13427 fs_report.cc:389] FS layout report
--------------------
wal directory: /tmp/dist-test-taskklc7Td/test-tmp/auto_rebalancer-test.0.AutoRebalancerTest.NextLeaderResumesAutoRebalancing.1782823069689566-13427-0/minicluster-data/master-1-root
metadata directory: /tmp/dist-test-taskklc7Td/test-tmp/auto_rebalancer-test.0.AutoRebalancerTest.NextLeaderResumesAutoRebalancing.1782823069689566-13427-0/minicluster-data/master-1-root
1 data directories: /tmp/dist-test-taskklc7Td/test-tmp/auto_rebalancer-test.0.AutoRebalancerTest.NextLeaderResumesAutoRebalancing.1782823069689566-13427-0/minicluster-data/master-1-root/data
Total live blocks: 0
Total live bytes: 0
Total live bytes (after alignment): 0
Total number of LBM containers: 0 (0 full)
Did not check for missing blocks
Did not check for orphaned blocks
Total full LBM containers with extra space: 0 (0 repaired)
Total full LBM container extra space in bytes: 0 (0 repaired)
Total incomplete LBM containers: 0 (0 repaired)
Total LBM partial records: 0 (0 repaired)
Total corrupted LBM metadata records in RocksDB: 0 (0 repaired)
W20260630 12:38:10.065362 14564 consensus_peers.cc:760] Error getting permanent uuid from config peer 127.13.28.253:45399: Network error: Client connection negotiation failed: client connection to 127.13.28.253:45399: connect: Connection refused (error 111)
I20260630 12:38:10.086702 13427 rpc_server.cc:225] running with OpenSSL 1.1.1  11 Sep 2018
I20260630 12:38:10.087769 13427 kserver.cc:163] Server-wide thread pool size limit: 3276
I20260630 12:38:10.114794 14564 consensus_peers.cc:770] Retrying to get permanent uuid for remote peer: member_type: VOTER last_known_addr { host: "127.13.28.253" port: 45399 } attempt: 1
W20260630 12:38:10.119835 14564 consensus_peers.cc:760] Error getting permanent uuid from config peer 127.13.28.253:45399: Network error: Client connection negotiation failed: client connection to 127.13.28.253:45399: connect: Connection refused (error 111)
I20260630 12:38:10.124528 13427 rpc_server.cc:307] RPC server started. Bound to: 127.13.28.253:45399
I20260630 12:38:10.124624 14628 acceptor_pool.cc:272] collecting diagnostics on the listening RPC socket 127.13.28.253:45399 every 8 connection(s)
I20260630 12:38:10.127990 14629 data_dirs.cc:400] Could only allocate 1 dirs of requested 3 for tablet 00000000000000000000000000000000. 1 dirs total, 0 dirs full, 0 dirs failed
I20260630 12:38:10.128077 13427 file_cache.cc:492] Constructed file cache file cache with capacity 419430
W20260630 12:38:10.133144 14631 instance_detector.cc:116] could not retrieve AWS instance metadata: Network error: curl error: HTTP response code said error: The requested URL returned error: 404
W20260630 12:38:10.134900 14632 instance_detector.cc:116] could not retrieve Azure instance metadata: Network error: curl error: HTTP response code said error: The requested URL returned error: 404
I20260630 12:38:10.135267 14629 sys_catalog.cc:422] member_type: VOTER last_known_addr { host: "127.13.28.254" port: 34491 } has no permanent_uuid. Determining permanent_uuid...
W20260630 12:38:10.135672 14634 instance_detector.cc:116] could not retrieve OpenStack instance metadata: Network error: curl error: HTTP response code said error: The requested URL returned error: 404
I20260630 12:38:10.137775 13427 server_base.cc:1061] running on GCE node
I20260630 12:38:10.138617 13427 hybrid_clock.cc:584] initializing the hybrid clock with 'system_unsync' time source
