I20260630 12:13:05.498329  2902 fs_manager.cc:368] Using write-ahead log directory (fs_wal_dir) as metadata directory
I20260630 12:13:05.498615  2902 server_base.cc:909] This appears to be a new deployment of Kudu; creating new FS layout
I20260630 12:13:05.500048  2902 fs_manager.cc:1068] Generated new instance metadata in path /tmp/dist-test-taskPsH5HX/test-tmp/auto_rebalancer-test.0.AutoRebalancerTest.TestMaxMovesPerServer.1782821453172861-2902-0/minicluster-data/ts-5-root/instance:
uuid: "d819a4e55df349a1927058ce85ccc7d1"
format_stamp: "Formatted at 2026-06-30 12:13:05 on dist-test-slave-mk6m"
I20260630 12:13:05.505318  2902 fs_manager.cc:696] Time spent creating directory manager: real 0.005s	user 0.004s	sys 0.002s
I20260630 12:13:05.518919  7998 log_block_manager.cc:4031] Time spent loading block containers with low live blocks: real 0.000s	user 0.000s	sys 0.000s
I20260630 12:13:05.520301  2902 fs_manager.cc:730] Time spent opening block manager: real 0.013s	user 0.010s	sys 0.000s
I20260630 12:13:05.520658  2902 fs_manager.cc:647] Opened local filesystem: /tmp/dist-test-taskPsH5HX/test-tmp/auto_rebalancer-test.0.AutoRebalancerTest.TestMaxMovesPerServer.1782821453172861-2902-0/minicluster-data/ts-5-root
uuid: "d819a4e55df349a1927058ce85ccc7d1"
format_stamp: "Formatted at 2026-06-30 12:13:05 on dist-test-slave-mk6m"
I20260630 12:13:05.520952  2902 fs_report.cc:389] FS layout report
--------------------
wal directory: /tmp/dist-test-taskPsH5HX/test-tmp/auto_rebalancer-test.0.AutoRebalancerTest.TestMaxMovesPerServer.1782821453172861-2902-0/minicluster-data/ts-5-root
metadata directory: /tmp/dist-test-taskPsH5HX/test-tmp/auto_rebalancer-test.0.AutoRebalancerTest.TestMaxMovesPerServer.1782821453172861-2902-0/minicluster-data/ts-5-root
1 data directories: /tmp/dist-test-taskPsH5HX/test-tmp/auto_rebalancer-test.0.AutoRebalancerTest.TestMaxMovesPerServer.1782821453172861-2902-0/minicluster-data/ts-5-root/data
Total live blocks: 0
Total live bytes: 0
Total live bytes (after alignment): 0
Total number of LBM containers: 0 (0 full)
Did not check for missing blocks
Did not check for orphaned blocks
Total full LBM containers with extra space: 0 (0 repaired)
Total full LBM container extra space in bytes: 0 (0 repaired)
Total incomplete LBM containers: 0 (0 repaired)
Total LBM partial records: 0 (0 repaired)
Total corrupted LBM metadata records in RocksDB: 0 (0 repaired)
I20260630 12:13:05.543673  2902 rpc_server.cc:225] running with OpenSSL 1.1.1  11 Sep 2018
I20260630 12:13:05.545305  2902 kserver.cc:163] Server-wide thread pool size limit: 3276
I20260630 12:13:05.547863  2902 txn_system_client.cc:432] TxnSystemClient initialization is disabled...
I20260630 12:13:05.551599  2902 ts_tablet_manager.cc:585] Loaded tablet metadata (0 total tablets, 0 live tablets)
I20260630 12:13:05.551882  2902 ts_tablet_manager.cc:531] Time spent load tablet metadata: real 0.000s	user 0.000s	sys 0.000s
I20260630 12:13:05.552165  2902 ts_tablet_manager.cc:616] Registered 0 tablets
I20260630 12:13:05.552366  2902 ts_tablet_manager.cc:595] Time spent register tablets: real 0.000s	user 0.000s	sys 0.000s
I20260630 12:13:05.631162  7392 consensus_queue.cc:237] T 9fae48ed163342f894b2deedf879e98c P 7986478766304f1d902fa7b46d4846a7 [LEADER]: Queue going to LEADER mode. State: All replicated index: 0, Majority replicated index: 24, Committed index: 24, Last appended: 1.24, Last appended by leader: 0, Current term: 1, Majority size: 2, State: 0, Mode: LEADER, active raft config: opid_index: 25 OBSOLETE_local: false peers { permanent_uuid: "7986478766304f1d902fa7b46d4846a7" member_type: VOTER last_known_addr { host: "127.2.213.129" port: 34541 } } peers { permanent_uuid: "b355b082b384495789a88404dcb643f1" member_type: VOTER last_known_addr { host: "127.2.213.130" port: 40563 } } peers { permanent_uuid: "6a8adad0fbc3466eae292d4a58da8510" member_type: VOTER last_known_addr { host: "127.2.213.131" port: 44555 } attrs { replace: true } } peers { permanent_uuid: "62520066894c4180991049db035b4b1a" member_type: NON_VOTER last_known_addr { host: "127.2.213.132" port: 38123 } attrs { promote: true } }
I20260630 12:13:05.644595  7540 raft_consensus.cc:1275] T 9fae48ed163342f894b2deedf879e98c P 6a8adad0fbc3466eae292d4a58da8510 [term 1 FOLLOWER]: Refusing update from remote peer 7986478766304f1d902fa7b46d4846a7: Log matching property violated. Preceding OpId in replica: term: 1 index: 24. Preceding OpId from leader: term: 1 index: 25. (index mismatch)
I20260630 12:13:05.650265  7787 consensus_queue.cc:1048] T 9fae48ed163342f894b2deedf879e98c P 7986478766304f1d902fa7b46d4846a7 [LEADER]: Connected to new peer: Peer: permanent_uuid: "6a8adad0fbc3466eae292d4a58da8510" member_type: VOTER last_known_addr { host: "127.2.213.131" port: 44555 } attrs { replace: true }, Status: LMP_MISMATCH, Last received: 0.0, Next index: 25, Last known committed idx: 24, Time since last communication: 0.001s
I20260630 12:13:05.679780  7472 raft_consensus.cc:1275] T 9fae48ed163342f894b2deedf879e98c P b355b082b384495789a88404dcb643f1 [term 1 FOLLOWER]: Refusing update from remote peer 7986478766304f1d902fa7b46d4846a7: Log matching property violated. Preceding OpId in replica: term: 1 index: 24. Preceding OpId from leader: term: 1 index: 25. (index mismatch)
I20260630 12:13:05.681254  7801 consensus_queue.cc:1048] T 9fae48ed163342f894b2deedf879e98c P 7986478766304f1d902fa7b46d4846a7 [LEADER]: Connected to new peer: Peer: permanent_uuid: "b355b082b384495789a88404dcb643f1" member_type: VOTER last_known_addr { host: "127.2.213.130" port: 40563 }, Status: LMP_MISMATCH, Last received: 0.0, Next index: 25, Last known committed idx: 24, Time since last communication: 0.017s
I20260630 12:13:05.703647  7801 raft_consensus.cc:2955] T 9fae48ed163342f894b2deedf879e98c P 7986478766304f1d902fa7b46d4846a7 [term 1 LEADER]: Committing config change with OpId 1.25: config changed from index -1 to 25, NON_VOTER 62520066894c4180991049db035b4b1a (127.2.213.132) added. New config: { opid_index: 25 OBSOLETE_local: false peers { permanent_uuid: "7986478766304f1d902fa7b46d4846a7" member_type: VOTER last_known_addr { host: "127.2.213.129" port: 34541 } } peers { permanent_uuid: "b355b082b384495789a88404dcb643f1" member_type: VOTER last_known_addr { host: "127.2.213.130" port: 40563 } } peers { permanent_uuid: "6a8adad0fbc3466eae292d4a58da8510" member_type: VOTER last_known_addr { host: "127.2.213.131" port: 44555 } attrs { replace: true } } peers { permanent_uuid: "62520066894c4180991049db035b4b1a" member_type: NON_VOTER last_known_addr { host: "127.2.213.132" port: 38123 } attrs { promote: true } } }
I20260630 12:13:05.719517  7540 raft_consensus.cc:2955] T 9fae48ed163342f894b2deedf879e98c P 6a8adad0fbc3466eae292d4a58da8510 [term 1 FOLLOWER]: Committing config change with OpId 1.25: config changed from index -1 to 25, NON_VOTER 62520066894c4180991049db035b4b1a (127.2.213.132) added. New config: { opid_index: 25 OBSOLETE_local: false peers { permanent_uuid: "7986478766304f1d902fa7b46d4846a7" member_type: VOTER last_known_addr { host: "127.2.213.129" port: 34541 } } peers { permanent_uuid: "b355b082b384495789a88404dcb643f1" member_type: VOTER last_known_addr { host: "127.2.213.130" port: 40563 } } peers { permanent_uuid: "6a8adad0fbc3466eae292d4a58da8510" member_type: VOTER last_known_addr { host: "127.2.213.131" port: 44555 } attrs { replace: true } } peers { permanent_uuid: "62520066894c4180991049db035b4b1a" member_type: NON_VOTER last_known_addr { host: "127.2.213.132" port: 38123 } attrs { promote: true } } }
I20260630 12:13:05.719944  7472 raft_consensus.cc:2955] T 9fae48ed163342f894b2deedf879e98c P b355b082b384495789a88404dcb643f1 [term 1 FOLLOWER]: Committing config change with OpId 1.25: config changed from index -1 to 25, NON_VOTER 62520066894c4180991049db035b4b1a (127.2.213.132) added. New config: { opid_index: 25 OBSOLETE_local: false peers { permanent_uuid: "7986478766304f1d902fa7b46d4846a7" member_type: VOTER last_known_addr { host: "127.2.213.129" port: 34541 } } peers { permanent_uuid: "b355b082b384495789a88404dcb643f1" member_type: VOTER last_known_addr { host: "127.2.213.130" port: 40563 } } peers { permanent_uuid: "6a8adad0fbc3466eae292d4a58da8510" member_type: VOTER last_known_addr { host: "127.2.213.131" port: 44555 } attrs { replace: true } } peers { permanent_uuid: "62520066894c4180991049db035b4b1a" member_type: NON_VOTER last_known_addr { host: "127.2.213.132" port: 38123 } attrs { promote: true } } }
W20260630 12:13:05.727553  7363 consensus_peers.cc:597] T 9fae48ed163342f894b2deedf879e98c P 7986478766304f1d902fa7b46d4846a7 -> Peer 62520066894c4180991049db035b4b1a (127.2.213.132:38123): Couldn't send request to peer 62520066894c4180991049db035b4b1a. Error code: TABLET_NOT_FOUND (6). Status: Not found: Tablet not found: 9fae48ed163342f894b2deedf879e98c. This is attempt 1: this message will repeat every 5th retry.
I20260630 12:13:05.750613  7287 catalog_manager.cc:5697] T 9fae48ed163342f894b2deedf879e98c P b355b082b384495789a88404dcb643f1 reported cstate change: config changed from index -1 to 25, NON_VOTER 62520066894c4180991049db035b4b1a (127.2.213.132) added. New cstate: current_term: 1 leader_uuid: "7986478766304f1d902fa7b46d4846a7" committed_config { opid_index: 25 OBSOLETE_local: false peers { permanent_uuid: "7986478766304f1d902fa7b46d4846a7" member_type: VOTER last_known_addr { host: "127.2.213.129" port: 34541 } } peers { permanent_uuid: "b355b082b384495789a88404dcb643f1" member_type: VOTER last_known_addr { host: "127.2.213.130" port: 40563 } } peers { permanent_uuid: "6a8adad0fbc3466eae292d4a58da8510" member_type: VOTER last_known_addr { host: "127.2.213.131" port: 44555 } attrs { replace: true } } peers { permanent_uuid: "62520066894c4180991049db035b4b1a" member_type: NON_VOTER last_known_addr { host: "127.2.213.132" port: 38123 } attrs { promote: true } } }
I20260630 12:13:05.772801  7540 consensus_queue.cc:237] T e5b3657e21c64dc08b527f1229bbfbd3 P 6a8adad0fbc3466eae292d4a58da8510 [LEADER]: Queue going to LEADER mode. State: All replicated index: 0, Majority replicated index: 24, Committed index: 24, Last appended: 1.24, Last appended by leader: 0, Current term: 1, Majority size: 2, State: 0, Mode: LEADER, active raft config: opid_index: 25 OBSOLETE_local: false peers { permanent_uuid: "7986478766304f1d902fa7b46d4846a7" member_type: VOTER last_known_addr { host: "127.2.213.129" port: 34541 } } peers { permanent_uuid: "b355b082b384495789a88404dcb643f1" member_type: VOTER last_known_addr { host: "127.2.213.130" port: 40563 } attrs { replace: true } } peers { permanent_uuid: "6a8adad0fbc3466eae292d4a58da8510" member_type: VOTER last_known_addr { host: "127.2.213.131" port: 44555 } } peers { permanent_uuid: "b7dd9c074eac44d89a4d7bb3abfbe487" member_type: NON_VOTER last_known_addr { host: "127.2.213.133" port: 36635 } attrs { promote: true } }
I20260630 12:13:05.787111  7472 raft_consensus.cc:1275] T e5b3657e21c64dc08b527f1229bbfbd3 P b355b082b384495789a88404dcb643f1 [term 1 FOLLOWER]: Refusing update from remote peer 6a8adad0fbc3466eae292d4a58da8510: Log matching property violated. Preceding OpId in replica: term: 1 index: 24. Preceding OpId from leader: term: 1 index: 25. (index mismatch)
I20260630 12:13:05.794016  7392 raft_consensus.cc:1275] T e5b3657e21c64dc08b527f1229bbfbd3 P 7986478766304f1d902fa7b46d4846a7 [term 1 FOLLOWER]: Refusing update from remote peer 6a8adad0fbc3466eae292d4a58da8510: Log matching property violated. Preceding OpId in replica: term: 1 index: 24. Preceding OpId from leader: term: 1 index: 25. (index mismatch)
I20260630 12:13:05.789831  7824 consensus_queue.cc:1048] T e5b3657e21c64dc08b527f1229bbfbd3 P 6a8adad0fbc3466eae292d4a58da8510 [LEADER]: Connected to new peer: Peer: permanent_uuid: "b355b082b384495789a88404dcb643f1" member_type: VOTER last_known_addr { host: "127.2.213.130" port: 40563 } attrs { replace: true }, Status: LMP_MISMATCH, Last received: 0.0, Next index: 25, Last known committed idx: 24, Time since last communication: 0.000s
I20260630 12:13:05.798821  7834 consensus_queue.cc:1048] T e5b3657e21c64dc08b527f1229bbfbd3 P 6a8adad0fbc3466eae292d4a58da8510 [LEADER]: Connected to new peer: Peer: permanent_uuid: "7986478766304f1d902fa7b46d4846a7" member_type: VOTER last_known_addr { host: "127.2.213.129" port: 34541 }, Status: LMP_MISMATCH, Last received: 0.0, Next index: 25, Last known committed idx: 24, Time since last communication: 0.000s
I20260630 12:13:05.815629  7834 raft_consensus.cc:2955] T e5b3657e21c64dc08b527f1229bbfbd3 P 6a8adad0fbc3466eae292d4a58da8510 [term 1 LEADER]: Committing config change with OpId 1.25: config changed from index -1 to 25, NON_VOTER b7dd9c074eac44d89a4d7bb3abfbe487 (127.2.213.133) added. New config: { opid_index: 25 OBSOLETE_local: false peers { permanent_uuid: "7986478766304f1d902fa7b46d4846a7" member_type: VOTER last_known_addr { host: "127.2.213.129" port: 34541 } } peers { permanent_uuid: "b355b082b384495789a88404dcb643f1" member_type: VOTER last_known_addr { host: "127.2.213.130" port: 40563 } attrs { replace: true } } peers { permanent_uuid: "6a8adad0fbc3466eae292d4a58da8510" member_type: VOTER last_known_addr { host: "127.2.213.131" port: 44555 } } peers { permanent_uuid: "b7dd9c074eac44d89a4d7bb3abfbe487" member_type: NON_VOTER last_known_addr { host: "127.2.213.133" port: 36635 } attrs { promote: true } } }
I20260630 12:13:05.825157  7472 raft_consensus.cc:2955] T e5b3657e21c64dc08b527f1229bbfbd3 P b355b082b384495789a88404dcb643f1 [term 1 FOLLOWER]: Committing config change with OpId 1.25: config changed from index -1 to 25, NON_VOTER b7dd9c074eac44d89a4d7bb3abfbe487 (127.2.213.133) added. New config: { opid_index: 25 OBSOLETE_local: false peers { permanent_uuid: "7986478766304f1d902fa7b46d4846a7" member_type: VOTER last_known_addr { host: "127.2.213.129" port: 34541 } } peers { permanent_uuid: "b355b082b384495789a88404dcb643f1" member_type: VOTER last_known_addr { host: "127.2.213.130" port: 40563 } attrs { replace: true } } peers { permanent_uuid: "6a8adad0fbc3466eae292d4a58da8510" member_type: VOTER last_known_addr { host: "127.2.213.131" port: 44555 } } peers { permanent_uuid: "b7dd9c074eac44d89a4d7bb3abfbe487" member_type: NON_VOTER last_known_addr { host: "127.2.213.133" port: 36635 } attrs { promote: true } } }
I20260630 12:13:05.818753  7392 raft_consensus.cc:2955] T e5b3657e21c64dc08b527f1229bbfbd3 P 7986478766304f1d902fa7b46d4846a7 [term 1 FOLLOWER]: Committing config change with OpId 1.25: config changed from index -1 to 25, NON_VOTER b7dd9c074eac44d89a4d7bb3abfbe487 (127.2.213.133) added. New config: { opid_index: 25 OBSOLETE_local: false peers { permanent_uuid: "7986478766304f1d902fa7b46d4846a7" member_type: VOTER last_known_addr { host: "127.2.213.129" port: 34541 } } peers { permanent_uuid: "b355b082b384495789a88404dcb643f1" member_type: VOTER last_known_addr { host: "127.2.213.130" port: 40563 } attrs { replace: true } } peers { permanent_uuid: "6a8adad0fbc3466eae292d4a58da8510" member_type: VOTER last_known_addr { host: "127.2.213.131" port: 44555 } } peers { permanent_uuid: "b7dd9c074eac44d89a4d7bb3abfbe487" member_type: NON_VOTER last_known_addr { host: "127.2.213.133" port: 36635 } attrs { promote: true } } }
I20260630 12:13:05.855916  7286 catalog_manager.cc:5697] T e5b3657e21c64dc08b527f1229bbfbd3 P 6a8adad0fbc3466eae292d4a58da8510 reported cstate change: config changed from index -1 to 25, NON_VOTER b7dd9c074eac44d89a4d7bb3abfbe487 (127.2.213.133) added. New cstate: current_term: 1 leader_uuid: "6a8adad0fbc3466eae292d4a58da8510" committed_config { opid_index: 25 OBSOLETE_local: false peers { permanent_uuid: "7986478766304f1d902fa7b46d4846a7" member_type: VOTER last_known_addr { host: "127.2.213.129" port: 34541 } health_report { overall_health: HEALTHY } } peers { permanent_uuid: "b355b082b384495789a88404dcb643f1" member_type: VOTER last_known_addr { host: "127.2.213.130" port: 40563 } attrs { replace: true } health_report { overall_health: HEALTHY } } peers { permanent_uuid: "6a8adad0fbc3466eae292d4a58da8510" member_type: VOTER last_known_addr { host: "127.2.213.131" port: 44555 } health_report { overall_health: HEALTHY } } peers { permanent_uuid: "b7dd9c074eac44d89a4d7bb3abfbe487" member_type: NON_VOTER last_known_addr { host: "127.2.213.133" port: 36635 } attrs { promote: true } health_report { overall_health: UNKNOWN } } }
W20260630 12:13:05.875583  7511 consensus_peers.cc:597] T e5b3657e21c64dc08b527f1229bbfbd3 P 6a8adad0fbc3466eae292d4a58da8510 -> Peer b7dd9c074eac44d89a4d7bb3abfbe487 (127.2.213.133:36635): Couldn't send request to peer b7dd9c074eac44d89a4d7bb3abfbe487. Error code: TABLET_NOT_FOUND (6). Status: Not found: Tablet not found: e5b3657e21c64dc08b527f1229bbfbd3. This is attempt 1: this message will repeat every 5th retry.
I20260630 12:13:05.881618  7472 consensus_queue.cc:237] T 8b885532f49741378a03425e0d67319a P b355b082b384495789a88404dcb643f1 [LEADER]: Queue going to LEADER mode. State: All replicated index: 0, Majority replicated index: 24, Committed index: 24, Last appended: 1.24, Last appended by leader: 0, Current term: 1, Majority size: 2, State: 0, Mode: LEADER, active raft config: opid_index: 25 OBSOLETE_local: false peers { permanent_uuid: "7986478766304f1d902fa7b46d4846a7" member_type: VOTER last_known_addr { host: "127.2.213.129" port: 34541 } attrs { replace: true } } peers { permanent_uuid: "b355b082b384495789a88404dcb643f1" member_type: VOTER last_known_addr { host: "127.2.213.130" port: 40563 } } peers { permanent_uuid: "6a8adad0fbc3466eae292d4a58da8510" member_type: VOTER last_known_addr { host: "127.2.213.131" port: 44555 } } peers { permanent_uuid: "62520066894c4180991049db035b4b1a" member_type: NON_VOTER last_known_addr { host: "127.2.213.132" port: 38123 } attrs { promote: true } }
I20260630 12:13:05.885991  2902 rpc_server.cc:307] RPC server started. Bound to: 127.2.213.134:35295
I20260630 12:13:05.894654  7541 raft_consensus.cc:1275] T 8b885532f49741378a03425e0d67319a P 6a8adad0fbc3466eae292d4a58da8510 [term 1 FOLLOWER]: Refusing update from remote peer b355b082b384495789a88404dcb643f1: Log matching property violated. Preceding OpId in replica: term: 1 index: 24. Preceding OpId from leader: term: 1 index: 25. (index mismatch)
I20260630 12:13:05.898407  8075 acceptor_pool.cc:272] collecting diagnostics on the listening RPC socket 127.2.213.134:35295 every 8 connection(s)
I20260630 12:13:05.901510  7839 consensus_queue.cc:1048] T 8b885532f49741378a03425e0d67319a P b355b082b384495789a88404dcb643f1 [LEADER]: Connected to new peer: Peer: permanent_uuid: "6a8adad0fbc3466eae292d4a58da8510" member_type: VOTER last_known_addr { host: "127.2.213.131" port: 44555 }, Status: LMP_MISMATCH, Last received: 0.0, Next index: 25, Last known committed idx: 24, Time since last communication: 0.001s
I20260630 12:13:05.904073  7392 raft_consensus.cc:1275] T 8b885532f49741378a03425e0d67319a P 7986478766304f1d902fa7b46d4846a7 [term 1 FOLLOWER]: Refusing update from remote peer b355b082b384495789a88404dcb643f1: Log matching property violated. Preceding OpId in replica: term: 1 index: 24. Preceding OpId from leader: term: 1 index: 25. (index mismatch)
I20260630 12:13:05.910024  7839 consensus_queue.cc:1048] T 8b885532f49741378a03425e0d67319a P b355b082b384495789a88404dcb643f1 [LEADER]: Connected to new peer: Peer: permanent_uuid: "7986478766304f1d902fa7b46d4846a7" member_type: VOTER last_known_addr { host: "127.2.213.129" port: 34541 } attrs { replace: true }, Status: LMP_MISMATCH, Last received: 0.0, Next index: 25, Last known committed idx: 24, Time since last communication: 0.002s
I20260630 12:13:05.920560  7392 raft_consensus.cc:2955] T 8b885532f49741378a03425e0d67319a P 7986478766304f1d902fa7b46d4846a7 [term 1 FOLLOWER]: Committing config change with OpId 1.25: config changed from index -1 to 25, NON_VOTER 62520066894c4180991049db035b4b1a (127.2.213.132) added. New config: { opid_index: 25 OBSOLETE_local: false peers { permanent_uuid: "7986478766304f1d902fa7b46d4846a7" member_type: VOTER last_known_addr { host: "127.2.213.129" port: 34541 } attrs { replace: true } } peers { permanent_uuid: "b355b082b384495789a88404dcb643f1" member_type: VOTER last_known_addr { host: "127.2.213.130" port: 40563 } } peers { permanent_uuid: "6a8adad0fbc3466eae292d4a58da8510" member_type: VOTER last_known_addr { host: "127.2.213.131" port: 44555 } } peers { permanent_uuid: "62520066894c4180991049db035b4b1a" member_type: NON_VOTER last_known_addr { host: "127.2.213.132" port: 38123 } attrs { promote: true } } }
I20260630 12:13:05.922991  7839 raft_consensus.cc:2955] T 8b885532f49741378a03425e0d67319a P b355b082b384495789a88404dcb643f1 [term 1 LEADER]: Committing config change with OpId 1.25: config changed from index -1 to 25, NON_VOTER 62520066894c4180991049db035b4b1a (127.2.213.132) added. New config: { opid_index: 25 OBSOLETE_local: false peers { permanent_uuid: "7986478766304f1d902fa7b46d4846a7" member_type: VOTER last_known_addr { host: "127.2.213.129" port: 34541 } attrs { replace: true } } peers { permanent_uuid: "b355b082b384495789a88404dcb643f1" member_type: VOTER last_known_addr { host: "127.2.213.130" port: 40563 } } peers { permanent_uuid: "6a8adad0fbc3466eae292d4a58da8510" member_type: VOTER last_known_addr { host: "127.2.213.131" port: 44555 } } peers { permanent_uuid: "62520066894c4180991049db035b4b1a" member_type: NON_VOTER last_known_addr { host: "127.2.213.132" port: 38123 } attrs { promote: true } } }
I20260630 12:13:05.935453  7293 catalog_manager.cc:5697] T 8b885532f49741378a03425e0d67319a P 7986478766304f1d902fa7b46d4846a7 reported cstate change: config changed from index -1 to 25, NON_VOTER 62520066894c4180991049db035b4b1a (127.2.213.132) added. New cstate: current_term: 1 leader_uuid: "b355b082b384495789a88404dcb643f1" committed_config { opid_index: 25 OBSOLETE_local: false peers { permanent_uuid: "7986478766304f1d902fa7b46d4846a7" member_type: VOTER last_known_addr { host: "127.2.213.129" port: 34541 } attrs { replace: true } } peers { permanent_uuid: "b355b082b384495789a88404dcb643f1" member_type: VOTER last_known_addr { host: "127.2.213.130" port: 40563 } } peers { permanent_uuid: "6a8adad0fbc3466eae292d4a58da8510" member_type: VOTER last_known_addr { host: "127.2.213.131" port: 44555 } } peers { permanent_uuid: "62520066894c4180991049db035b4b1a" member_type: NON_VOTER last_known_addr { host: "127.2.213.132" port: 38123 } attrs { promote: true } } }
W20260630 12:13:05.937810  7438 consensus_peers.cc:597] T 8b885532f49741378a03425e0d67319a P b355b082b384495789a88404dcb643f1 -> Peer 62520066894c4180991049db035b4b1a (127.2.213.132:38123): Couldn't send request to peer 62520066894c4180991049db035b4b1a. Error code: TABLET_NOT_FOUND (6). Status: Not found: Tablet not found: 8b885532f49741378a03425e0d67319a. This is attempt 1: this message will repeat every 5th retry.
I20260630 12:13:05.976554  7391 consensus_queue.cc:237] T c250a011c141442aa0f219572225f39c P 7986478766304f1d902fa7b46d4846a7 [LEADER]: Queue going to LEADER mode. State: All replicated index: 0, Majority replicated index: 25, Committed index: 25, Last appended: 1.25, Last appended by leader: 0, Current term: 1, Majority size: 2, State: 0, Mode: LEADER, active raft config: opid_index: 26 OBSOLETE_local: false peers { permanent_uuid: "7986478766304f1d902fa7b46d4846a7" member_type: VOTER last_known_addr { host: "127.2.213.129" port: 34541 } } peers { permanent_uuid: "b355b082b384495789a88404dcb643f1" member_type: VOTER last_known_addr { host: "127.2.213.130" port: 40563 } attrs { replace: true } } peers { permanent_uuid: "6a8adad0fbc3466eae292d4a58da8510" member_type: VOTER last_known_addr { host: "127.2.213.131" port: 44555 } } peers { permanent_uuid: "b7dd9c074eac44d89a4d7bb3abfbe487" member_type: NON_VOTER last_known_addr { host: "127.2.213.133" port: 36635 } attrs { promote: true } }
I20260630 12:13:05.980103  8076 heartbeater.cc:344] Connected to a master server at 127.2.213.190:39089
I20260630 12:13:05.980676  8076 heartbeater.cc:461] Registering TS with master...
I20260630 12:13:05.981828  8076 heartbeater.cc:507] Master 127.2.213.190:39089 requested a full tablet report, sending...
I20260630 12:13:05.985373  7540 raft_consensus.cc:2955] T 8b885532f49741378a03425e0d67319a P 6a8adad0fbc3466eae292d4a58da8510 [term 1 FOLLOWER]: Committing config change with OpId 1.25: config changed from index -1 to 25, NON_VOTER 62520066894c4180991049db035b4b1a (127.2.213.132) added. New config: { opid_index: 25 OBSOLETE_local: false peers { permanent_uuid: "7986478766304f1d902fa7b46d4846a7" member_type: VOTER last_known_addr { host: "127.2.213.129" port: 34541 } attrs { replace: true } } peers { permanent_uuid: "b355b082b384495789a88404dcb643f1" member_type: VOTER last_known_addr { host: "127.2.213.130" port: 40563 } } peers { permanent_uuid: "6a8adad0fbc3466eae292d4a58da8510" member_type: VOTER last_known_addr { host: "127.2.213.131" port: 44555 } } peers { permanent_uuid: "62520066894c4180991049db035b4b1a" member_type: NON_VOTER last_known_addr { host: "127.2.213.132" port: 38123 } attrs { promote: true } } }
I20260630 12:13:05.989132  7472 raft_consensus.cc:1275] T c250a011c141442aa0f219572225f39c P b355b082b384495789a88404dcb643f1 [term 1 FOLLOWER]: Refusing update from remote peer 7986478766304f1d902fa7b46d4846a7: Log matching property violated. Preceding OpId in replica: term: 1 index: 25. Preceding OpId from leader: term: 1 index: 26. (index mismatch)
I20260630 12:13:05.990221  7541 raft_consensus.cc:1275] T c250a011c141442aa0f219572225f39c P 6a8adad0fbc3466eae292d4a58da8510 [term 1 FOLLOWER]: Refusing update from remote peer 7986478766304f1d902fa7b46d4846a7: Log matching property violated. Preceding OpId in replica: term: 1 index: 25. Preceding OpId from leader: term: 1 index: 26. (index mismatch)
I20260630 12:13:05.986541  7293 ts_manager.cc:194] Registered new tserver with Master: d819a4e55df349a1927058ce85ccc7d1 (127.2.213.134:35295)
I20260630 12:13:05.991509  8050 consensus_queue.cc:1048] T c250a011c141442aa0f219572225f39c P 7986478766304f1d902fa7b46d4846a7 [LEADER]: Connected to new peer: Peer: permanent_uuid: "b355b082b384495789a88404dcb643f1" member_type: VOTER last_known_addr { host: "127.2.213.130" port: 40563 } attrs { replace: true }, Status: LMP_MISMATCH, Last received: 0.0, Next index: 26, Last known committed idx: 25, Time since last communication: 0.001s
I20260630 12:13:05.993076  7293 master_service.cc:502] Signed X509 certificate for tserver {username='slave'} at 127.0.0.1:36400
I20260630 12:13:05.996165  8050 consensus_queue.cc:1048] T c250a011c141442aa0f219572225f39c P 7986478766304f1d902fa7b46d4846a7 [LEADER]: Connected to new peer: Peer: permanent_uuid: "6a8adad0fbc3466eae292d4a58da8510" member_type: VOTER last_known_addr { host: "127.2.213.131" port: 44555 }, Status: LMP_MISMATCH, Last received: 0.0, Next index: 26, Last known committed idx: 25, Time since last communication: 0.001s
I20260630 12:13:06.007707  7801 raft_consensus.cc:2955] T c250a011c141442aa0f219572225f39c P 7986478766304f1d902fa7b46d4846a7 [term 1 LEADER]: Committing config change with OpId 1.26: config changed from index -1 to 26, NON_VOTER b7dd9c074eac44d89a4d7bb3abfbe487 (127.2.213.133) added. New config: { opid_index: 26 OBSOLETE_local: false peers { permanent_uuid: "7986478766304f1d902fa7b46d4846a7" member_type: VOTER last_known_addr { host: "127.2.213.129" port: 34541 } } peers { permanent_uuid: "b355b082b384495789a88404dcb643f1" member_type: VOTER last_known_addr { host: "127.2.213.130" port: 40563 } attrs { replace: true } } peers { permanent_uuid: "6a8adad0fbc3466eae292d4a58da8510" member_type: VOTER last_known_addr { host: "127.2.213.131" port: 44555 } } peers { permanent_uuid: "b7dd9c074eac44d89a4d7bb3abfbe487" member_type: NON_VOTER last_known_addr { host: "127.2.213.133" port: 36635 } attrs { promote: true } } }
W20260630 12:13:06.020664  7362 consensus_peers.cc:597] T c250a011c141442aa0f219572225f39c P 7986478766304f1d902fa7b46d4846a7 -> Peer b7dd9c074eac44d89a4d7bb3abfbe487 (127.2.213.133:36635): Couldn't send request to peer b7dd9c074eac44d89a4d7bb3abfbe487. Error code: TABLET_NOT_FOUND (6). Status: Not found: Tablet not found: c250a011c141442aa0f219572225f39c. This is attempt 1: this message will repeat every 5th retry.
I20260630 12:13:06.020551  7472 raft_consensus.cc:2955] T c250a011c141442aa0f219572225f39c P b355b082b384495789a88404dcb643f1 [term 1 FOLLOWER]: Committing config change with OpId 1.26: config changed from index -1 to 26, NON_VOTER b7dd9c074eac44d89a4d7bb3abfbe487 (127.2.213.133) added. New config: { opid_index: 26 OBSOLETE_local: false peers { permanent_uuid: "7986478766304f1d902fa7b46d4846a7" member_type: VOTER last_known_addr { host: "127.2.213.129" port: 34541 } } peers { permanent_uuid: "b355b082b384495789a88404dcb643f1" member_type: VOTER last_known_addr { host: "127.2.213.130" port: 40563 } attrs { replace: true } } peers { permanent_uuid: "6a8adad0fbc3466eae292d4a58da8510" member_type: VOTER last_known_addr { host: "127.2.213.131" port: 44555 } } peers { permanent_uuid: "b7dd9c074eac44d89a4d7bb3abfbe487" member_type: NON_VOTER last_known_addr { host: "127.2.213.133" port: 36635 } attrs { promote: true } } }
I20260630 12:13:06.024946  7541 raft_consensus.cc:2955] T c250a011c141442aa0f219572225f39c P 6a8adad0fbc3466eae292d4a58da8510 [term 1 FOLLOWER]: Committing config change with OpId 1.26: config changed from index -1 to 26, NON_VOTER b7dd9c074eac44d89a4d7bb3abfbe487 (127.2.213.133) added. New config: { opid_index: 26 OBSOLETE_local: false peers { permanent_uuid: "7986478766304f1d902fa7b46d4846a7" member_type: VOTER last_known_addr { host: "127.2.213.129" port: 34541 } } peers { permanent_uuid: "b355b082b384495789a88404dcb643f1" member_type: VOTER last_known_addr { host: "127.2.213.130" port: 40563 } attrs { replace: true } } peers { permanent_uuid: "6a8adad0fbc3466eae292d4a58da8510" member_type: VOTER last_known_addr { host: "127.2.213.131" port: 44555 } } peers { permanent_uuid: "b7dd9c074eac44d89a4d7bb3abfbe487" member_type: NON_VOTER last_known_addr { host: "127.2.213.133" port: 36635 } attrs { promote: true } } }
I20260630 12:13:06.043408  7391 consensus_queue.cc:237] T 9a4383c994954e32adfe35623546bab1 P 7986478766304f1d902fa7b46d4846a7 [LEADER]: Queue going to LEADER mode. State: All replicated index: 0, Majority replicated index: 25, Committed index: 25, Last appended: 1.25, Last appended by leader: 0, Current term: 1, Majority size: 2, State: 0, Mode: LEADER, active raft config: opid_index: 26 OBSOLETE_local: false peers { permanent_uuid: "7986478766304f1d902fa7b46d4846a7" member_type: VOTER last_known_addr { host: "127.2.213.129" port: 34541 } } peers { permanent_uuid: "b355b082b384495789a88404dcb643f1" member_type: VOTER last_known_addr { host: "127.2.213.130" port: 40563 } } peers { permanent_uuid: "6a8adad0fbc3466eae292d4a58da8510" member_type: VOTER last_known_addr { host: "127.2.213.131" port: 44555 } attrs { replace: true } } peers { permanent_uuid: "62520066894c4180991049db035b4b1a" member_type: NON_VOTER last_known_addr { host: "127.2.213.132" port: 38123 } attrs { promote: true } }
I20260630 12:13:06.049326  7293 catalog_manager.cc:5697] T c250a011c141442aa0f219572225f39c P 6a8adad0fbc3466eae292d4a58da8510 reported cstate change: config changed from index -1 to 26, NON_VOTER b7dd9c074eac44d89a4d7bb3abfbe487 (127.2.213.133) added. New cstate: current_term: 1 leader_uuid: "7986478766304f1d902fa7b46d4846a7" committed_config { opid_index: 26 OBSOLETE_local: false peers { permanent_uuid: "7986478766304f1d902fa7b46d4846a7" member_type: VOTER last_known_addr { host: "127.2.213.129" port: 34541 } } peers { permanent_uuid: "b355b082b384495789a88404dcb643f1" member_type: VOTER last_known_addr { host: "127.2.213.130" port: 40563 } attrs { replace: true } } peers { permanent_uuid: "6a8adad0fbc3466eae292d4a58da8510" member_type: VOTER last_known_addr { host: "127.2.213.131" port: 44555 } } peers { permanent_uuid: "b7dd9c074eac44d89a4d7bb3abfbe487" member_type: NON_VOTER last_known_addr { host: "127.2.213.133" port: 36635 } attrs { promote: true } } }
W20260630 12:13:06.059721  7363 consensus_peers.cc:597] T 9a4383c994954e32adfe35623546bab1 P 7986478766304f1d902fa7b46d4846a7 -> Peer 62520066894c4180991049db035b4b1a (127.2.213.132:38123): Couldn't send request to peer 62520066894c4180991049db035b4b1a. Error code: TABLET_NOT_FOUND (6). Status: Not found: Tablet not found: 9a4383c994954e32adfe35623546bab1. This is attempt 1: this message will repeat every 5th retry.
I20260630 12:13:06.060879  7541 raft_consensus.cc:1275] T 9a4383c994954e32adfe35623546bab1 P 6a8adad0fbc3466eae292d4a58da8510 [term 1 FOLLOWER]: Refusing update from remote peer 7986478766304f1d902fa7b46d4846a7: Log matching property violated. Preceding OpId in replica: term: 1 index: 25. Preceding OpId from leader: term: 1 index: 26. (index mismatch)
I20260630 12:13:06.061615  7472 raft_consensus.cc:1275] T 9a4383c994954e32adfe35623546bab1 P b355b082b384495789a88404dcb643f1 [term 1 FOLLOWER]: Refusing update from remote peer 7986478766304f1d902fa7b46d4846a7: Log matching property violated. Preceding OpId in replica: term: 1 index: 25. Preceding OpId from leader: term: 1 index: 26. (index mismatch)
I20260630 12:13:06.063071  7801 consensus_queue.cc:1048] T 9a4383c994954e32adfe35623546bab1 P 7986478766304f1d902fa7b46d4846a7 [LEADER]: Connected to new peer: Peer: permanent_uuid: "6a8adad0fbc3466eae292d4a58da8510" member_type: VOTER last_known_addr { host: "127.2.213.131" port: 44555 } attrs { replace: true }, Status: LMP_MISMATCH, Last received: 0.0, Next index: 26, Last known committed idx: 25, Time since last communication: 0.000s
I20260630 12:13:06.065207  7801 consensus_queue.cc:1048] T 9a4383c994954e32adfe35623546bab1 P 7986478766304f1d902fa7b46d4846a7 [LEADER]: Connected to new peer: Peer: permanent_uuid: "b355b082b384495789a88404dcb643f1" member_type: VOTER last_known_addr { host: "127.2.213.130" port: 40563 }, Status: LMP_MISMATCH, Last received: 0.0, Next index: 26, Last known committed idx: 25, Time since last communication: 0.000s
I20260630 12:13:06.080929  8050 raft_consensus.cc:2955] T 9a4383c994954e32adfe35623546bab1 P 7986478766304f1d902fa7b46d4846a7 [term 1 LEADER]: Committing config change with OpId 1.26: config changed from index -1 to 26, NON_VOTER 62520066894c4180991049db035b4b1a (127.2.213.132) added. New config: { opid_index: 26 OBSOLETE_local: false peers { permanent_uuid: "7986478766304f1d902fa7b46d4846a7" member_type: VOTER last_known_addr { host: "127.2.213.129" port: 34541 } } peers { permanent_uuid: "b355b082b384495789a88404dcb643f1" member_type: VOTER last_known_addr { host: "127.2.213.130" port: 40563 } } peers { permanent_uuid: "6a8adad0fbc3466eae292d4a58da8510" member_type: VOTER last_known_addr { host: "127.2.213.131" port: 44555 } attrs { replace: true } } peers { permanent_uuid: "62520066894c4180991049db035b4b1a" member_type: NON_VOTER last_known_addr { host: "127.2.213.132" port: 38123 } attrs { promote: true } } }
I20260630 12:13:06.083230  7472 raft_consensus.cc:2955] T 9a4383c994954e32adfe35623546bab1 P b355b082b384495789a88404dcb643f1 [term 1 FOLLOWER]: Committing config change with OpId 1.26: config changed from index -1 to 26, NON_VOTER 62520066894c4180991049db035b4b1a (127.2.213.132) added. New config: { opid_index: 26 OBSOLETE_local: false peers { permanent_uuid: "7986478766304f1d902fa7b46d4846a7" member_type: VOTER last_known_addr { host: "127.2.213.129" port: 34541 } } peers { permanent_uuid: "b355b082b384495789a88404dcb643f1" member_type: VOTER last_known_addr { host: "127.2.213.130" port: 40563 } } peers { permanent_uuid: "6a8adad0fbc3466eae292d4a58da8510" member_type: VOTER last_known_addr { host: "127.2.213.131" port: 44555 } attrs { replace: true } } peers { permanent_uuid: "62520066894c4180991049db035b4b1a" member_type: NON_VOTER last_known_addr { host: "127.2.213.132" port: 38123 } attrs { promote: true } } }
I20260630 12:13:06.086817  7540 raft_consensus.cc:2955] T 9a4383c994954e32adfe35623546bab1 P 6a8adad0fbc3466eae292d4a58da8510 [term 1 FOLLOWER]: Committing config change with OpId 1.26: config changed from index -1 to 26, NON_VOTER 62520066894c4180991049db035b4b1a (127.2.213.132) added. New config: { opid_index: 26 OBSOLETE_local: false peers { permanent_uuid: "7986478766304f1d902fa7b46d4846a7" member_type: VOTER last_known_addr { host: "127.2.213.129" port: 34541 } } peers { permanent_uuid: "b355b082b384495789a88404dcb643f1" member_type: VOTER last_known_addr { host: "127.2.213.130" port: 40563 } } peers { permanent_uuid: "6a8adad0fbc3466eae292d4a58da8510" member_type: VOTER last_known_addr { host: "127.2.213.131" port: 44555 } attrs { replace: true } } peers { permanent_uuid: "62520066894c4180991049db035b4b1a" member_type: NON_VOTER last_known_addr { host: "127.2.213.132" port: 38123 } attrs { promote: true } } }
I20260630 12:13:06.098222  7293 catalog_manager.cc:5697] T 9a4383c994954e32adfe35623546bab1 P b355b082b384495789a88404dcb643f1 reported cstate change: config changed from index -1 to 26, NON_VOTER 62520066894c4180991049db035b4b1a (127.2.213.132) added. New cstate: current_term: 1 leader_uuid: "7986478766304f1d902fa7b46d4846a7" committed_config { opid_index: 26 OBSOLETE_local: false peers { permanent_uuid: "7986478766304f1d902fa7b46d4846a7" member_type: VOTER last_known_addr { host: "127.2.213.129" port: 34541 } } peers { permanent_uuid: "b355b082b384495789a88404dcb643f1" member_type: VOTER last_known_addr { host: "127.2.213.130" port: 40563 } } peers { permanent_uuid: "6a8adad0fbc3466eae292d4a58da8510" member_type: VOTER last_known_addr { host: "127.2.213.131" port: 44555 } attrs { replace: true } } peers { permanent_uuid: "62520066894c4180991049db035b4b1a" member_type: NON_VOTER last_known_addr { host: "127.2.213.132" port: 38123 } attrs { promote: true } } }
I20260630 12:13:06.139359  8086 ts_tablet_manager.cc:933] T 9fae48ed163342f894b2deedf879e98c P 62520066894c4180991049db035b4b1a: Initiating tablet copy from peer 7986478766304f1d902fa7b46d4846a7 (127.2.213.129:34541)
I20260630 12:13:06.141036  8086 tablet_copy_client.cc:323] T 9fae48ed163342f894b2deedf879e98c P 62520066894c4180991049db035b4b1a: tablet copy: Beginning tablet copy session from remote peer at address 127.2.213.129:34541
I20260630 12:13:06.171154  7407 tablet_copy_service.cc:140] P 7986478766304f1d902fa7b46d4846a7: Received BeginTabletCopySession request for tablet 9fae48ed163342f894b2deedf879e98c from peer 62520066894c4180991049db035b4b1a ({username='slave'} at 127.0.0.1:54316)
I20260630 12:13:06.171818  7407 tablet_copy_service.cc:161] P 7986478766304f1d902fa7b46d4846a7: Beginning new tablet copy session on tablet 9fae48ed163342f894b2deedf879e98c from peer 62520066894c4180991049db035b4b1a at {username='slave'} at 127.0.0.1:54316: session id = 62520066894c4180991049db035b4b1a-9fae48ed163342f894b2deedf879e98c
I20260630 12:13:06.180970  7407 tablet_copy_source_session.cc:215] T 9fae48ed163342f894b2deedf879e98c P 7986478766304f1d902fa7b46d4846a7: Tablet Copy: opened 0 blocks and 1 log segments
I20260630 12:13:06.185164  8086 data_dirs.cc:400] Could only allocate 1 dirs of requested 3 for tablet 9fae48ed163342f894b2deedf879e98c. 1 dirs total, 0 dirs full, 0 dirs failed
I20260630 12:13:06.205490  8086 tablet_copy_client.cc:806] T 9fae48ed163342f894b2deedf879e98c P 62520066894c4180991049db035b4b1a: tablet copy: Starting download of 0 data blocks...
I20260630 12:13:06.206249  8086 tablet_copy_client.cc:670] T 9fae48ed163342f894b2deedf879e98c P 62520066894c4180991049db035b4b1a: tablet copy: Starting download of 1 WAL segments...
I20260630 12:13:06.211822  8087 tablet_copy_client.cc:1025] T 9fae48ed163342f894b2deedf879e98c P 62520066894c4180991049db035b4b1a: tablet copy: Injecting latency into file download: 2000
I20260630 12:13:06.333597  7912 heartbeater.cc:499] Master 127.2.213.190:39089 was elected leader, sending a full tablet report...
I20260630 12:13:06.390664  8091 ts_tablet_manager.cc:933] T e5b3657e21c64dc08b527f1229bbfbd3 P b7dd9c074eac44d89a4d7bb3abfbe487: Initiating tablet copy from peer 6a8adad0fbc3466eae292d4a58da8510 (127.2.213.131:44555)
I20260630 12:13:06.392566  8091 tablet_copy_client.cc:323] T e5b3657e21c64dc08b527f1229bbfbd3 P b7dd9c074eac44d89a4d7bb3abfbe487: tablet copy: Beginning tablet copy session from remote peer at address 127.2.213.131:44555
I20260630 12:13:06.414762  7556 tablet_copy_service.cc:140] P 6a8adad0fbc3466eae292d4a58da8510: Received BeginTabletCopySession request for tablet e5b3657e21c64dc08b527f1229bbfbd3 from peer b7dd9c074eac44d89a4d7bb3abfbe487 ({username='slave'} at 127.0.0.1:47212)
I20260630 12:13:06.415431  7556 tablet_copy_service.cc:161] P 6a8adad0fbc3466eae292d4a58da8510: Beginning new tablet copy session on tablet e5b3657e21c64dc08b527f1229bbfbd3 from peer b7dd9c074eac44d89a4d7bb3abfbe487 at {username='slave'} at 127.0.0.1:47212: session id = b7dd9c074eac44d89a4d7bb3abfbe487-e5b3657e21c64dc08b527f1229bbfbd3
I20260630 12:13:06.427399  8095 ts_tablet_manager.cc:933] T 8b885532f49741378a03425e0d67319a P 62520066894c4180991049db035b4b1a: Initiating tablet copy from peer b355b082b384495789a88404dcb643f1 (127.2.213.130:40563)
I20260630 12:13:06.427826  7556 tablet_copy_source_session.cc:215] T e5b3657e21c64dc08b527f1229bbfbd3 P 6a8adad0fbc3466eae292d4a58da8510: Tablet Copy: opened 0 blocks and 1 log segments
I20260630 12:13:06.431459  8091 data_dirs.cc:400] Could only allocate 1 dirs of requested 3 for tablet e5b3657e21c64dc08b527f1229bbfbd3. 1 dirs total, 0 dirs full, 0 dirs failed
I20260630 12:13:06.450565  8091 tablet_copy_client.cc:806] T e5b3657e21c64dc08b527f1229bbfbd3 P b7dd9c074eac44d89a4d7bb3abfbe487: tablet copy: Starting download of 0 data blocks...
I20260630 12:13:06.450656  8095 tablet_copy_client.cc:323] T 8b885532f49741378a03425e0d67319a P 62520066894c4180991049db035b4b1a: tablet copy: Beginning tablet copy session from remote peer at address 127.2.213.130:40563
I20260630 12:13:06.451401  8091 tablet_copy_client.cc:670] T e5b3657e21c64dc08b527f1229bbfbd3 P b7dd9c074eac44d89a4d7bb3abfbe487: tablet copy: Starting download of 1 WAL segments...
I20260630 12:13:06.456318  8092 tablet_copy_client.cc:1025] T e5b3657e21c64dc08b527f1229bbfbd3 P b7dd9c074eac44d89a4d7bb3abfbe487: tablet copy: Injecting latency into file download: 2000
I20260630 12:13:06.465495  7482 tablet_copy_service.cc:140] P b355b082b384495789a88404dcb643f1: Received BeginTabletCopySession request for tablet 8b885532f49741378a03425e0d67319a from peer 62520066894c4180991049db035b4b1a ({username='slave'} at 127.0.0.1:52040)
I20260630 12:13:06.466215  7482 tablet_copy_service.cc:161] P b355b082b384495789a88404dcb643f1: Beginning new tablet copy session on tablet 8b885532f49741378a03425e0d67319a from peer 62520066894c4180991049db035b4b1a at {username='slave'} at 127.0.0.1:52040: session id = 62520066894c4180991049db035b4b1a-8b885532f49741378a03425e0d67319a
I20260630 12:13:06.475198  7482 tablet_copy_source_session.cc:215] T 8b885532f49741378a03425e0d67319a P b355b082b384495789a88404dcb643f1: Tablet Copy: opened 0 blocks and 1 log segments
I20260630 12:13:06.479167  8095 data_dirs.cc:400] Could only allocate 1 dirs of requested 3 for tablet 8b885532f49741378a03425e0d67319a. 1 dirs total, 0 dirs full, 0 dirs failed
I20260630 12:13:06.491111  7987 heartbeater.cc:499] Master 127.2.213.190:39089 was elected leader, sending a full tablet report...
I20260630 12:13:06.497229  8095 tablet_copy_client.cc:806] T 8b885532f49741378a03425e0d67319a P 62520066894c4180991049db035b4b1a: tablet copy: Starting download of 0 data blocks...
I20260630 12:13:06.497941  8095 tablet_copy_client.cc:670] T 8b885532f49741378a03425e0d67319a P 62520066894c4180991049db035b4b1a: tablet copy: Starting download of 1 WAL segments...
I20260630 12:13:06.503008  8096 tablet_copy_client.cc:1025] T 8b885532f49741378a03425e0d67319a P 62520066894c4180991049db035b4b1a: tablet copy: Injecting latency into file download: 2000
I20260630 12:13:06.527792  8098 ts_tablet_manager.cc:933] T c250a011c141442aa0f219572225f39c P b7dd9c074eac44d89a4d7bb3abfbe487: Initiating tablet copy from peer 7986478766304f1d902fa7b46d4846a7 (127.2.213.129:34541)
I20260630 12:13:06.539443  8098 tablet_copy_client.cc:323] T c250a011c141442aa0f219572225f39c P b7dd9c074eac44d89a4d7bb3abfbe487: tablet copy: Beginning tablet copy session from remote peer at address 127.2.213.129:34541
I20260630 12:13:06.568472  7407 tablet_copy_service.cc:140] P 7986478766304f1d902fa7b46d4846a7: Received BeginTabletCopySession request for tablet c250a011c141442aa0f219572225f39c from peer b7dd9c074eac44d89a4d7bb3abfbe487 ({username='slave'} at 127.0.0.1:54328)
I20260630 12:13:06.568996  7407 tablet_copy_service.cc:161] P 7986478766304f1d902fa7b46d4846a7: Beginning new tablet copy session on tablet c250a011c141442aa0f219572225f39c from peer b7dd9c074eac44d89a4d7bb3abfbe487 at {username='slave'} at 127.0.0.1:54328: session id = b7dd9c074eac44d89a4d7bb3abfbe487-c250a011c141442aa0f219572225f39c
I20260630 12:13:06.575160  7407 tablet_copy_source_session.cc:215] T c250a011c141442aa0f219572225f39c P 7986478766304f1d902fa7b46d4846a7: Tablet Copy: opened 0 blocks and 1 log segments
I20260630 12:13:06.577955  8098 data_dirs.cc:400] Could only allocate 1 dirs of requested 3 for tablet c250a011c141442aa0f219572225f39c. 1 dirs total, 0 dirs full, 0 dirs failed
I20260630 12:13:06.593556  8098 tablet_copy_client.cc:806] T c250a011c141442aa0f219572225f39c P b7dd9c074eac44d89a4d7bb3abfbe487: tablet copy: Starting download of 0 data blocks...
I20260630 12:13:06.594180  8098 tablet_copy_client.cc:670] T c250a011c141442aa0f219572225f39c P b7dd9c074eac44d89a4d7bb3abfbe487: tablet copy: Starting download of 1 WAL segments...
I20260630 12:13:06.599005  8099 tablet_copy_client.cc:1025] T c250a011c141442aa0f219572225f39c P b7dd9c074eac44d89a4d7bb3abfbe487: tablet copy: Injecting latency into file download: 2000
I20260630 12:13:06.604168  8100 ts_tablet_manager.cc:933] T 9a4383c994954e32adfe35623546bab1 P 62520066894c4180991049db035b4b1a: Initiating tablet copy from peer 7986478766304f1d902fa7b46d4846a7 (127.2.213.129:34541)
I20260630 12:13:06.605893  8100 tablet_copy_client.cc:323] T 9a4383c994954e32adfe35623546bab1 P 62520066894c4180991049db035b4b1a: tablet copy: Beginning tablet copy session from remote peer at address 127.2.213.129:34541
I20260630 12:13:06.607550  7407 tablet_copy_service.cc:140] P 7986478766304f1d902fa7b46d4846a7: Received BeginTabletCopySession request for tablet 9a4383c994954e32adfe35623546bab1 from peer 62520066894c4180991049db035b4b1a ({username='slave'} at 127.0.0.1:54316)
I20260630 12:13:06.608031  7407 tablet_copy_service.cc:161] P 7986478766304f1d902fa7b46d4846a7: Beginning new tablet copy session on tablet 9a4383c994954e32adfe35623546bab1 from peer 62520066894c4180991049db035b4b1a at {username='slave'} at 127.0.0.1:54316: session id = 62520066894c4180991049db035b4b1a-9a4383c994954e32adfe35623546bab1
I20260630 12:13:06.614863  7407 tablet_copy_source_session.cc:215] T 9a4383c994954e32adfe35623546bab1 P 7986478766304f1d902fa7b46d4846a7: Tablet Copy: opened 0 blocks and 1 log segments
I20260630 12:13:06.617740  8100 data_dirs.cc:400] Could only allocate 1 dirs of requested 3 for tablet 9a4383c994954e32adfe35623546bab1. 1 dirs total, 0 dirs full, 0 dirs failed
I20260630 12:13:06.631961  8100 tablet_copy_client.cc:806] T 9a4383c994954e32adfe35623546bab1 P 62520066894c4180991049db035b4b1a: tablet copy: Starting download of 0 data blocks...
I20260630 12:13:06.632727  8100 tablet_copy_client.cc:670] T 9a4383c994954e32adfe35623546bab1 P 62520066894c4180991049db035b4b1a: tablet copy: Starting download of 1 WAL segments...
I20260630 12:13:06.640741  8101 tablet_copy_client.cc:1025] T 9a4383c994954e32adfe35623546bab1 P 62520066894c4180991049db035b4b1a: tablet copy: Injecting latency into file download: 2000
I20260630 12:13:07.005013  8076 heartbeater.cc:499] Master 127.2.213.190:39089 was elected leader, sending a full tablet report...
I20260630 12:13:08.213034  8086 tablet_copy_client.cc:538] T 9fae48ed163342f894b2deedf879e98c P 62520066894c4180991049db035b4b1a: tablet copy: Tablet Copy complete. Replacing tablet superblock.
I20260630 12:13:08.223331  8086 tablet_bootstrap.cc:492] T 9fae48ed163342f894b2deedf879e98c P 62520066894c4180991049db035b4b1a: Bootstrap starting.
W20260630 12:13:08.270395  7363 consensus_peers.cc:597] T 9fae48ed163342f894b2deedf879e98c P 7986478766304f1d902fa7b46d4846a7 -> Peer 62520066894c4180991049db035b4b1a (127.2.213.132:38123): Couldn't send request to peer 62520066894c4180991049db035b4b1a. Error code: TABLET_NOT_RUNNING (12). Status: Illegal state: Tablet not RUNNING: BOOTSTRAPPING. This is attempt 6: this message will repeat every 5th retry.
I20260630 12:13:08.376755  8086 tablet_bootstrap.cc:492] T 9fae48ed163342f894b2deedf879e98c P 62520066894c4180991049db035b4b1a: Bootstrap replayed 1/1 log segments. Stats: ops{read=25 overwritten=0 applied=25 ignored=0} inserts{seen=103 ignored=0} mutations{seen=0 ignored=0} orphaned_commits=0. Pending: 0 replicates
I20260630 12:13:08.377791  8086 tablet_bootstrap.cc:492] T 9fae48ed163342f894b2deedf879e98c P 62520066894c4180991049db035b4b1a: Bootstrap complete.
I20260630 12:13:08.384164  8086 ts_tablet_manager.cc:1403] T 9fae48ed163342f894b2deedf879e98c P 62520066894c4180991049db035b4b1a: Time spent bootstrapping tablet: real 0.161s	user 0.122s	sys 0.025s
