I20260630 12:39:06.957708 18211 raft_consensus.cc:493] T 00ce3777339243b29e9650f95dbf1079 P 0221846aff9e422aaca18219e5f12f79 [term 0 FOLLOWER]: Starting pre-election (no leader contacted us within the election timeout)
I20260630 12:39:06.958138 18211 raft_consensus.cc:515] T 00ce3777339243b29e9650f95dbf1079 P 0221846aff9e422aaca18219e5f12f79 [term 0 FOLLOWER]: Starting pre-election with config: opid_index: -1 OBSOLETE_local: false peers { permanent_uuid: "0221846aff9e422aaca18219e5f12f79" member_type: VOTER last_known_addr { host: "127.14.124.4" port: 40887 } } peers { permanent_uuid: "e141b403deaf49ad822fa8cff0cdeee1" member_type: VOTER last_known_addr { host: "127.14.124.3" port: 45543 } } peers { permanent_uuid: "8bcad6c53ddb45ef993ca6e6b728027f" member_type: VOTER last_known_addr { host: "127.14.124.1" port: 41071 } }
I20260630 12:39:06.959760 18211 leader_election.cc:290] T 00ce3777339243b29e9650f95dbf1079 P 0221846aff9e422aaca18219e5f12f79 [CANDIDATE]: Term 1 pre-election: Requested pre-vote from peers e141b403deaf49ad822fa8cff0cdeee1 (127.14.124.3:45543), 8bcad6c53ddb45ef993ca6e6b728027f (127.14.124.1:41071)
I20260630 12:39:06.960685 18007 tablet_service.cc:1917] Received RequestConsensusVote() RPC: tablet_id: "00ce3777339243b29e9650f95dbf1079" candidate_uuid: "0221846aff9e422aaca18219e5f12f79" candidate_term: 1 candidate_status { last_received { term: 0 index: 0 } } ignore_live_leader: false dest_uuid: "e141b403deaf49ad822fa8cff0cdeee1" is_pre_election: true
I20260630 12:39:06.968035 17858 tablet_service.cc:1917] Received RequestConsensusVote() RPC: tablet_id: "00ce3777339243b29e9650f95dbf1079" candidate_uuid: "0221846aff9e422aaca18219e5f12f79" candidate_term: 1 candidate_status { last_received { term: 0 index: 0 } } ignore_live_leader: false dest_uuid: "8bcad6c53ddb45ef993ca6e6b728027f" is_pre_election: true
I20260630 12:39:06.968617 17858 raft_consensus.cc:2393] T 00ce3777339243b29e9650f95dbf1079 P 8bcad6c53ddb45ef993ca6e6b728027f [term 1 FOLLOWER]: Leader pre-election vote request: Denying vote to candidate 0221846aff9e422aaca18219e5f12f79 in current term 1: Already voted for candidate e141b403deaf49ad822fa8cff0cdeee1 in this term.
I20260630 12:39:06.969559 18117 leader_election.cc:304] T 00ce3777339243b29e9650f95dbf1079 P 0221846aff9e422aaca18219e5f12f79 [CANDIDATE]: Term 1 pre-election: Election decided. Result: candidate lost. Election summary: received 3 responses out of 3 voters: 1 yes votes; 2 no votes. yes voters: 0221846aff9e422aaca18219e5f12f79; no voters: 8bcad6c53ddb45ef993ca6e6b728027f, e141b403deaf49ad822fa8cff0cdeee1
I20260630 12:39:06.970218 18211 raft_consensus.cc:3060] T 00ce3777339243b29e9650f95dbf1079 P 0221846aff9e422aaca18219e5f12f79 [term 0 FOLLOWER]: Advancing to term 1
I20260630 12:39:06.974893 18211 raft_consensus.cc:2749] T 00ce3777339243b29e9650f95dbf1079 P 0221846aff9e422aaca18219e5f12f79 [term 1 FOLLOWER]: Leader pre-election lost for term 1. Reason: could not achieve majority
I20260630 12:39:07.031131 18231 consensus_queue.cc:1048] T 6b3e71dfba9f431793f1aaf2af8d961a P 0d21bd02aed74484a1e3b4d68653bfd4 [LEADER]: Connected to new peer: Peer: permanent_uuid: "0221846aff9e422aaca18219e5f12f79" member_type: VOTER last_known_addr { host: "127.14.124.4" port: 40887 }, Status: LMP_MISMATCH, Last received: 0.0, Next index: 1, Last known committed idx: 0, Time since last communication: 0.000s
I20260630 12:39:07.031278 18201 consensus_queue.cc:1048] T 00ce3777339243b29e9650f95dbf1079 P e141b403deaf49ad822fa8cff0cdeee1 [LEADER]: Connected to new peer: Peer: permanent_uuid: "8bcad6c53ddb45ef993ca6e6b728027f" member_type: VOTER last_known_addr { host: "127.14.124.1" port: 41071 }, Status: LMP_MISMATCH, Last received: 0.0, Next index: 1, Last known committed idx: 0, Time since last communication: 0.000s
I20260630 12:39:07.046207 18098 consensus_queue.cc:1048] T 00ce3777339243b29e9650f95dbf1079 P e141b403deaf49ad822fa8cff0cdeee1 [LEADER]: Connected to new peer: Peer: permanent_uuid: "0221846aff9e422aaca18219e5f12f79" member_type: VOTER last_known_addr { host: "127.14.124.4" port: 40887 }, Status: LMP_MISMATCH, Last received: 0.0, Next index: 1, Last known committed idx: 0, Time since last communication: 0.000s
I20260630 12:39:07.058636 18060 consensus_queue.cc:1048] T 6b3e71dfba9f431793f1aaf2af8d961a P 0d21bd02aed74484a1e3b4d68653bfd4 [LEADER]: Connected to new peer: Peer: permanent_uuid: "8bcad6c53ddb45ef993ca6e6b728027f" member_type: VOTER last_known_addr { host: "127.14.124.1" port: 41071 }, Status: LMP_MISMATCH, Last received: 0.0, Next index: 1, Last known committed idx: 0, Time since last communication: 0.000s
I20260630 12:39:07.084410 18086 consensus_queue.cc:1048] T 1c80095e0b0c42f0bc24ffb3ebe34a58 P 8bcad6c53ddb45ef993ca6e6b728027f [LEADER]: Connected to new peer: Peer: permanent_uuid: "0221846aff9e422aaca18219e5f12f79" member_type: VOTER last_known_addr { host: "127.14.124.4" port: 40887 }, Status: LMP_MISMATCH, Last received: 0.0, Next index: 1, Last known committed idx: 0, Time since last communication: 0.000s
I20260630 12:39:07.096174 18086 consensus_queue.cc:1048] T 1c80095e0b0c42f0bc24ffb3ebe34a58 P 8bcad6c53ddb45ef993ca6e6b728027f [LEADER]: Connected to new peer: Peer: permanent_uuid: "0d21bd02aed74484a1e3b4d68653bfd4" member_type: VOTER last_known_addr { host: "127.14.124.2" port: 34773 }, Status: LMP_MISMATCH, Last received: 0.0, Next index: 1, Last known committed idx: 0, Time since last communication: 0.000s
I20260630 12:39:07.120112 18058 consensus_queue.cc:1048] T 0a071b52af4e4e6fa7dcd3bd33c77d83 P e141b403deaf49ad822fa8cff0cdeee1 [LEADER]: Connected to new peer: Peer: permanent_uuid: "0d21bd02aed74484a1e3b4d68653bfd4" member_type: VOTER last_known_addr { host: "127.14.124.2" port: 34773 }, Status: LMP_MISMATCH, Last received: 0.0, Next index: 1, Last known committed idx: 0, Time since last communication: 0.000s
I20260630 12:39:07.128886 18058 consensus_queue.cc:1048] T 0a071b52af4e4e6fa7dcd3bd33c77d83 P e141b403deaf49ad822fa8cff0cdeee1 [LEADER]: Connected to new peer: Peer: permanent_uuid: "0221846aff9e422aaca18219e5f12f79" member_type: VOTER last_known_addr { host: "127.14.124.4" port: 40887 }, Status: LMP_MISMATCH, Last received: 0.0, Next index: 1, Last known committed idx: 0, Time since last communication: 0.000s
I20260630 12:39:07.148123 18231 consensus_queue.cc:1048] T 339b969e5c5046ca836aeabb9c2fb12f P 0d21bd02aed74484a1e3b4d68653bfd4 [LEADER]: Connected to new peer: Peer: permanent_uuid: "e141b403deaf49ad822fa8cff0cdeee1" member_type: VOTER last_known_addr { host: "127.14.124.3" port: 45543 }, Status: LMP_MISMATCH, Last received: 0.0, Next index: 1, Last known committed idx: 0, Time since last communication: 0.000s
I20260630 12:39:07.157760 18059 consensus_queue.cc:1048] T 339b969e5c5046ca836aeabb9c2fb12f P 0d21bd02aed74484a1e3b4d68653bfd4 [LEADER]: Connected to new peer: Peer: permanent_uuid: "0221846aff9e422aaca18219e5f12f79" member_type: VOTER last_known_addr { host: "127.14.124.4" port: 40887 }, Status: LMP_MISMATCH, Last received: 0.0, Next index: 1, Last known committed idx: 0, Time since last communication: 0.000s
I20260630 12:39:07.300661 18058 consensus_queue.cc:1048] T 4e37ea321e7f45a8acd53274b2467571 P e141b403deaf49ad822fa8cff0cdeee1 [LEADER]: Connected to new peer: Peer: permanent_uuid: "0221846aff9e422aaca18219e5f12f79" member_type: VOTER last_known_addr { host: "127.14.124.4" port: 40887 }, Status: LMP_MISMATCH, Last received: 0.0, Next index: 1, Last known committed idx: 0, Time since last communication: 0.000s
I20260630 12:39:07.312486 18201 consensus_queue.cc:1048] T 4e37ea321e7f45a8acd53274b2467571 P e141b403deaf49ad822fa8cff0cdeee1 [LEADER]: Connected to new peer: Peer: permanent_uuid: "8bcad6c53ddb45ef993ca6e6b728027f" member_type: VOTER last_known_addr { host: "127.14.124.1" port: 41071 }, Status: LMP_MISMATCH, Last received: 0.0, Next index: 1, Last known committed idx: 0, Time since last communication: 0.000s
I20260630 12:39:07.344100 18081 consensus_queue.cc:1048] T f538baeabd3944078a17c2410899c22e P 8bcad6c53ddb45ef993ca6e6b728027f [LEADER]: Connected to new peer: Peer: permanent_uuid: "0221846aff9e422aaca18219e5f12f79" member_type: VOTER last_known_addr { host: "127.14.124.4" port: 40887 }, Status: LMP_MISMATCH, Last received: 0.0, Next index: 1, Last known committed idx: 0, Time since last communication: 0.000s
I20260630 12:39:07.351074 18086 consensus_queue.cc:1048] T f538baeabd3944078a17c2410899c22e P 8bcad6c53ddb45ef993ca6e6b728027f [LEADER]: Connected to new peer: Peer: permanent_uuid: "0d21bd02aed74484a1e3b4d68653bfd4" member_type: VOTER last_known_addr { host: "127.14.124.2" port: 34773 }, Status: LMP_MISMATCH, Last received: 0.0, Next index: 1, Last known committed idx: 0, Time since last communication: 0.000s
I20260630 12:39:07.396943 17810 auto_leader_rebalancer.cc:141] leader rebalance for table range_aware_rebalance_new_range
I20260630 12:39:07.420113 18007 tablet_service.cc:2072] Received LeaderStepDown RPC: tablet_id: "00ce3777339243b29e9650f95dbf1079"
dest_uuid: "e141b403deaf49ad822fa8cff0cdeee1"
mode: GRACEFUL
new_leader_uuid: "0221846aff9e422aaca18219e5f12f79"
 from {username='slave'} at 127.0.0.1:54186
I20260630 12:39:07.420823 18007 raft_consensus.cc:606] T 00ce3777339243b29e9650f95dbf1079 P e141b403deaf49ad822fa8cff0cdeee1 [term 1 LEADER]: Received request to transfer leadership to TS 0221846aff9e422aaca18219e5f12f79
I20260630 12:39:07.432495 17933 tablet_service.cc:2072] Received LeaderStepDown RPC: tablet_id: "19a6a8ab8cd54397acae4f1ce40b5eae"
dest_uuid: "0d21bd02aed74484a1e3b4d68653bfd4"
mode: GRACEFUL
new_leader_uuid: "e141b403deaf49ad822fa8cff0cdeee1"
 from {username='slave'} at 127.0.0.1:34618
I20260630 12:39:07.433116 17933 raft_consensus.cc:606] T 19a6a8ab8cd54397acae4f1ce40b5eae P 0d21bd02aed74484a1e3b4d68653bfd4 [term 1 LEADER]: Received request to transfer leadership to TS e141b403deaf49ad822fa8cff0cdeee1
I20260630 12:39:07.433779 18098 raft_consensus.cc:993] T 00ce3777339243b29e9650f95dbf1079 P e141b403deaf49ad822fa8cff0cdeee1: : Instructing follower 0221846aff9e422aaca18219e5f12f79 to start an election
I20260630 12:39:07.434195 18098 raft_consensus.cc:1081] T 00ce3777339243b29e9650f95dbf1079 P e141b403deaf49ad822fa8cff0cdeee1 [term 1 LEADER]: Signalling peer 0221846aff9e422aaca18219e5f12f79 to start an election
I20260630 12:39:07.436601 18158 tablet_service.cc:2044] Received Run Leader Election RPC: tablet_id: "00ce3777339243b29e9650f95dbf1079"
dest_uuid: "0221846aff9e422aaca18219e5f12f79"
 from {username='slave'} at 127.0.0.1:34676
I20260630 12:39:07.437157 18158 raft_consensus.cc:493] T 00ce3777339243b29e9650f95dbf1079 P 0221846aff9e422aaca18219e5f12f79 [term 1 FOLLOWER]: Starting forced leader election (received explicit request)
I20260630 12:39:07.437510 18158 raft_consensus.cc:3060] T 00ce3777339243b29e9650f95dbf1079 P 0221846aff9e422aaca18219e5f12f79 [term 1 FOLLOWER]: Advancing to term 2
I20260630 12:39:07.443897 18158 raft_consensus.cc:515] T 00ce3777339243b29e9650f95dbf1079 P 0221846aff9e422aaca18219e5f12f79 [term 2 FOLLOWER]: Starting forced leader election with config: opid_index: -1 OBSOLETE_local: false peers { permanent_uuid: "0221846aff9e422aaca18219e5f12f79" member_type: VOTER last_known_addr { host: "127.14.124.4" port: 40887 } } peers { permanent_uuid: "e141b403deaf49ad822fa8cff0cdeee1" member_type: VOTER last_known_addr { host: "127.14.124.3" port: 45543 } } peers { permanent_uuid: "8bcad6c53ddb45ef993ca6e6b728027f" member_type: VOTER last_known_addr { host: "127.14.124.1" port: 41071 } }
I20260630 12:39:07.446058 17858 tablet_service.cc:2072] Received LeaderStepDown RPC: tablet_id: "1c80095e0b0c42f0bc24ffb3ebe34a58"
dest_uuid: "8bcad6c53ddb45ef993ca6e6b728027f"
mode: GRACEFUL
new_leader_uuid: "0221846aff9e422aaca18219e5f12f79"
 from {username='slave'} at 127.0.0.1:39310
I20260630 12:39:07.446606 17858 raft_consensus.cc:606] T 1c80095e0b0c42f0bc24ffb3ebe34a58 P 8bcad6c53ddb45ef993ca6e6b728027f [term 1 LEADER]: Received request to transfer leadership to TS 0221846aff9e422aaca18219e5f12f79
I20260630 12:39:07.446512 18158 leader_election.cc:290] T 00ce3777339243b29e9650f95dbf1079 P 0221846aff9e422aaca18219e5f12f79 [CANDIDATE]: Term 2 election: Requested vote from peers e141b403deaf49ad822fa8cff0cdeee1 (127.14.124.3:45543), 8bcad6c53ddb45ef993ca6e6b728027f (127.14.124.1:41071)
I20260630 12:39:07.446494 18007 tablet_service.cc:1917] Received RequestConsensusVote() RPC: tablet_id: "00ce3777339243b29e9650f95dbf1079" candidate_uuid: "0221846aff9e422aaca18219e5f12f79" candidate_term: 2 candidate_status { last_received { term: 1 index: 1 } } ignore_live_leader: true dest_uuid: "e141b403deaf49ad822fa8cff0cdeee1"
I20260630 12:39:07.447306 17857 tablet_service.cc:1917] Received RequestConsensusVote() RPC: tablet_id: "00ce3777339243b29e9650f95dbf1079" candidate_uuid: "0221846aff9e422aaca18219e5f12f79" candidate_term: 2 candidate_status { last_received { term: 1 index: 1 } } ignore_live_leader: true dest_uuid: "8bcad6c53ddb45ef993ca6e6b728027f"
I20260630 12:39:07.447765 18007 raft_consensus.cc:3055] T 00ce3777339243b29e9650f95dbf1079 P e141b403deaf49ad822fa8cff0cdeee1 [term 1 LEADER]: Stepping down as leader of term 1
I20260630 12:39:07.447875 17857 raft_consensus.cc:3060] T 00ce3777339243b29e9650f95dbf1079 P 8bcad6c53ddb45ef993ca6e6b728027f [term 1 FOLLOWER]: Advancing to term 2
I20260630 12:39:07.448127 18007 raft_consensus.cc:740] T 00ce3777339243b29e9650f95dbf1079 P e141b403deaf49ad822fa8cff0cdeee1 [term 1 LEADER]: Becoming Follower/Learner. State: Replica: e141b403deaf49ad822fa8cff0cdeee1, State: Running, Role: LEADER
I20260630 12:39:07.448937 18007 consensus_queue.cc:260] T 00ce3777339243b29e9650f95dbf1079 P e141b403deaf49ad822fa8cff0cdeee1 [NON_LEADER]: Queue going to NON_LEADER mode. State: All replicated index: 0, Majority replicated index: 1, Committed index: 1, Last appended: 1.1, Last appended by leader: 1, Current term: 1, Majority size: -1, State: 0, Mode: NON_LEADER, active raft config: opid_index: -1 OBSOLETE_local: false peers { permanent_uuid: "0221846aff9e422aaca18219e5f12f79" member_type: VOTER last_known_addr { host: "127.14.124.4" port: 40887 } } peers { permanent_uuid: "e141b403deaf49ad822fa8cff0cdeee1" member_type: VOTER last_known_addr { host: "127.14.124.3" port: 45543 } } peers { permanent_uuid: "8bcad6c53ddb45ef993ca6e6b728027f" member_type: VOTER last_known_addr { host: "127.14.124.1" port: 41071 } }
I20260630 12:39:07.449566 17858 tablet_service.cc:2072] Received LeaderStepDown RPC: tablet_id: "28ec5ca37afb4dfaa117c2309e3f3308"
dest_uuid: "8bcad6c53ddb45ef993ca6e6b728027f"
mode: GRACEFUL
new_leader_uuid: "0d21bd02aed74484a1e3b4d68653bfd4"
 from {username='slave'} at 127.0.0.1:39310
I20260630 12:39:07.450110 17858 raft_consensus.cc:606] T 28ec5ca37afb4dfaa117c2309e3f3308 P 8bcad6c53ddb45ef993ca6e6b728027f [term 1 LEADER]: Received request to transfer leadership to TS 0d21bd02aed74484a1e3b4d68653bfd4
I20260630 12:39:07.450732 18007 raft_consensus.cc:3060] T 00ce3777339243b29e9650f95dbf1079 P e141b403deaf49ad822fa8cff0cdeee1 [term 1 FOLLOWER]: Advancing to term 2
I20260630 12:39:07.451489 17810 auto_leader_rebalancer.cc:440] table: range_aware_rebalance_new_range, leader rebalance finish, leader transfer count: 4
I20260630 12:39:07.452250 17810 auto_leader_rebalancer.cc:515] All tables' leader rebalancing finished this round
I20260630 12:39:07.452219 17933 consensus_queue.cc:237] T 7c7ae96b1e0f4f0bb0a0484c1a70ea70 P 0d21bd02aed74484a1e3b4d68653bfd4 [LEADER]: Queue going to LEADER mode. State: All replicated index: 0, Majority replicated index: 1, Committed index: 1, Last appended: 1.1, Last appended by leader: 0, Current term: 1, Majority size: 2, State: 0, Mode: LEADER, active raft config: opid_index: 2 OBSOLETE_local: false peers { permanent_uuid: "8bcad6c53ddb45ef993ca6e6b728027f" member_type: VOTER last_known_addr { host: "127.14.124.1" port: 41071 } attrs { replace: true } } peers { permanent_uuid: "0d21bd02aed74484a1e3b4d68653bfd4" member_type: VOTER last_known_addr { host: "127.14.124.2" port: 34773 } } peers { permanent_uuid: "e141b403deaf49ad822fa8cff0cdeee1" member_type: VOTER last_known_addr { host: "127.14.124.3" port: 45543 } } peers { permanent_uuid: "0221846aff9e422aaca18219e5f12f79" member_type: NON_VOTER last_known_addr { host: "127.14.124.4" port: 40887 } attrs { promote: true } }
I20260630 12:39:07.455670 18007 raft_consensus.cc:2468] T 00ce3777339243b29e9650f95dbf1079 P e141b403deaf49ad822fa8cff0cdeee1 [term 2 FOLLOWER]: Leader election vote request: Granting yes vote for candidate 0221846aff9e422aaca18219e5f12f79 in term 2.
I20260630 12:39:07.456390 17857 raft_consensus.cc:2468] T 00ce3777339243b29e9650f95dbf1079 P 8bcad6c53ddb45ef993ca6e6b728027f [term 2 FOLLOWER]: Leader election vote request: Granting yes vote for candidate 0221846aff9e422aaca18219e5f12f79 in term 2.
I20260630 12:39:07.456570 18118 leader_election.cc:304] T 00ce3777339243b29e9650f95dbf1079 P 0221846aff9e422aaca18219e5f12f79 [CANDIDATE]: Term 2 election: Election decided. Result: candidate won. Election summary: received 2 responses out of 3 voters: 2 yes votes; 0 no votes. yes voters: 0221846aff9e422aaca18219e5f12f79, e141b403deaf49ad822fa8cff0cdeee1; no voters: 
I20260630 12:39:07.457465 18255 raft_consensus.cc:2804] T 00ce3777339243b29e9650f95dbf1079 P 0221846aff9e422aaca18219e5f12f79 [term 2 FOLLOWER]: Leader election won for term 2
I20260630 12:39:07.457919 18255 raft_consensus.cc:697] T 00ce3777339243b29e9650f95dbf1079 P 0221846aff9e422aaca18219e5f12f79 [term 2 LEADER]: Becoming Leader. State: Replica: 0221846aff9e422aaca18219e5f12f79, State: Running, Role: LEADER
I20260630 12:39:07.458693 18255 consensus_queue.cc:237] T 00ce3777339243b29e9650f95dbf1079 P 0221846aff9e422aaca18219e5f12f79 [LEADER]: Queue going to LEADER mode. State: All replicated index: 0, Majority replicated index: 1, Committed index: 1, Last appended: 1.1, Last appended by leader: 1, Current term: 2, Majority size: 2, State: 0, Mode: LEADER, active raft config: opid_index: -1 OBSOLETE_local: false peers { permanent_uuid: "0221846aff9e422aaca18219e5f12f79" member_type: VOTER last_known_addr { host: "127.14.124.4" port: 40887 } } peers { permanent_uuid: "e141b403deaf49ad822fa8cff0cdeee1" member_type: VOTER last_known_addr { host: "127.14.124.3" port: 45543 } } peers { permanent_uuid: "8bcad6c53ddb45ef993ca6e6b728027f" member_type: VOTER last_known_addr { host: "127.14.124.1" port: 41071 } }
W20260630 12:39:07.462009 17900 consensus_peers.cc:597] T 7c7ae96b1e0f4f0bb0a0484c1a70ea70 P 0d21bd02aed74484a1e3b4d68653bfd4 -> Peer 0221846aff9e422aaca18219e5f12f79 (127.14.124.4:40887): Couldn't send request to peer 0221846aff9e422aaca18219e5f12f79. Error code: TABLET_NOT_FOUND (6). Status: Not found: Tablet not found: 7c7ae96b1e0f4f0bb0a0484c1a70ea70. This is attempt 1: this message will repeat every 5th retry.
I20260630 12:39:07.462719 18007 raft_consensus.cc:1275] T 7c7ae96b1e0f4f0bb0a0484c1a70ea70 P e141b403deaf49ad822fa8cff0cdeee1 [term 1 FOLLOWER]: Refusing update from remote peer 0d21bd02aed74484a1e3b4d68653bfd4: Log matching property violated. Preceding OpId in replica: term: 1 index: 1. Preceding OpId from leader: term: 1 index: 2. (index mismatch)
I20260630 12:39:07.464028 18231 consensus_queue.cc:1048] T 7c7ae96b1e0f4f0bb0a0484c1a70ea70 P 0d21bd02aed74484a1e3b4d68653bfd4 [LEADER]: Connected to new peer: Peer: permanent_uuid: "e141b403deaf49ad822fa8cff0cdeee1" member_type: VOTER last_known_addr { host: "127.14.124.3" port: 45543 }, Status: LMP_MISMATCH, Last received: 0.0, Next index: 2, Last known committed idx: 1, Time since last communication: 0.000s
I20260630 12:39:07.464412 17857 raft_consensus.cc:1275] T 7c7ae96b1e0f4f0bb0a0484c1a70ea70 P 8bcad6c53ddb45ef993ca6e6b728027f [term 1 FOLLOWER]: Refusing update from remote peer 0d21bd02aed74484a1e3b4d68653bfd4: Log matching property violated. Preceding OpId in replica: term: 1 index: 1. Preceding OpId from leader: term: 1 index: 2. (index mismatch)
I20260630 12:39:07.466192 18059 raft_consensus.cc:993] T 19a6a8ab8cd54397acae4f1ce40b5eae P 0d21bd02aed74484a1e3b4d68653bfd4: : Instructing follower e141b403deaf49ad822fa8cff0cdeee1 to start an election
I20260630 12:39:07.465852 18264 consensus_queue.cc:1048] T 7c7ae96b1e0f4f0bb0a0484c1a70ea70 P 0d21bd02aed74484a1e3b4d68653bfd4 [LEADER]: Connected to new peer: Peer: permanent_uuid: "8bcad6c53ddb45ef993ca6e6b728027f" member_type: VOTER last_known_addr { host: "127.14.124.1" port: 41071 } attrs { replace: true }, Status: LMP_MISMATCH, Last received: 0.0, Next index: 2, Last known committed idx: 1, Time since last communication: 0.000s
I20260630 12:39:07.465888 17757 catalog_manager.cc:5697] T 00ce3777339243b29e9650f95dbf1079 P 0221846aff9e422aaca18219e5f12f79 reported cstate change: term changed from 1 to 2, leader changed from e141b403deaf49ad822fa8cff0cdeee1 (127.14.124.3) to 0221846aff9e422aaca18219e5f12f79 (127.14.124.4). New cstate: current_term: 2 leader_uuid: "0221846aff9e422aaca18219e5f12f79" committed_config { opid_index: -1 OBSOLETE_local: false peers { permanent_uuid: "0221846aff9e422aaca18219e5f12f79" member_type: VOTER last_known_addr { host: "127.14.124.4" port: 40887 } health_report { overall_health: HEALTHY } } peers { permanent_uuid: "e141b403deaf49ad822fa8cff0cdeee1" member_type: VOTER last_known_addr { host: "127.14.124.3" port: 45543 } health_report { overall_health: UNKNOWN } } peers { permanent_uuid: "8bcad6c53ddb45ef993ca6e6b728027f" member_type: VOTER last_known_addr { host: "127.14.124.1" port: 41071 } health_report { overall_health: UNKNOWN } } }
I20260630 12:39:07.466641 18059 raft_consensus.cc:1081] T 19a6a8ab8cd54397acae4f1ce40b5eae P 0d21bd02aed74484a1e3b4d68653bfd4 [term 1 LEADER]: Signalling peer e141b403deaf49ad822fa8cff0cdeee1 to start an election
I20260630 12:39:07.468405 18008 tablet_service.cc:2044] Received Run Leader Election RPC: tablet_id: "19a6a8ab8cd54397acae4f1ce40b5eae"
dest_uuid: "e141b403deaf49ad822fa8cff0cdeee1"
 from {username='slave'} at 127.0.0.1:54158
I20260630 12:39:07.468900 18008 raft_consensus.cc:493] T 19a6a8ab8cd54397acae4f1ce40b5eae P e141b403deaf49ad822fa8cff0cdeee1 [term 1 FOLLOWER]: Starting forced leader election (received explicit request)
I20260630 12:39:07.469287 18008 raft_consensus.cc:3060] T 19a6a8ab8cd54397acae4f1ce40b5eae P e141b403deaf49ad822fa8cff0cdeee1 [term 1 FOLLOWER]: Advancing to term 2
I20260630 12:39:07.474506 18264 raft_consensus.cc:2955] T 7c7ae96b1e0f4f0bb0a0484c1a70ea70 P 0d21bd02aed74484a1e3b4d68653bfd4 [term 1 LEADER]: Committing config change with OpId 1.2: config changed from index -1 to 2, NON_VOTER 0221846aff9e422aaca18219e5f12f79 (127.14.124.4) added. New config: { opid_index: 2 OBSOLETE_local: false peers { permanent_uuid: "8bcad6c53ddb45ef993ca6e6b728027f" member_type: VOTER last_known_addr { host: "127.14.124.1" port: 41071 } attrs { replace: true } } peers { permanent_uuid: "0d21bd02aed74484a1e3b4d68653bfd4" member_type: VOTER last_known_addr { host: "127.14.124.2" port: 34773 } } peers { permanent_uuid: "e141b403deaf49ad822fa8cff0cdeee1" member_type: VOTER last_known_addr { host: "127.14.124.3" port: 45543 } } peers { permanent_uuid: "0221846aff9e422aaca18219e5f12f79" member_type: NON_VOTER last_known_addr { host: "127.14.124.4" port: 40887 } attrs { promote: true } } }
I20260630 12:39:07.476338 17857 raft_consensus.cc:2955] T 7c7ae96b1e0f4f0bb0a0484c1a70ea70 P 8bcad6c53ddb45ef993ca6e6b728027f [term 1 FOLLOWER]: Committing config change with OpId 1.2: config changed from index -1 to 2, NON_VOTER 0221846aff9e422aaca18219e5f12f79 (127.14.124.4) added. New config: { opid_index: 2 OBSOLETE_local: false peers { permanent_uuid: "8bcad6c53ddb45ef993ca6e6b728027f" member_type: VOTER last_known_addr { host: "127.14.124.1" port: 41071 } attrs { replace: true } } peers { permanent_uuid: "0d21bd02aed74484a1e3b4d68653bfd4" member_type: VOTER last_known_addr { host: "127.14.124.2" port: 34773 } } peers { permanent_uuid: "e141b403deaf49ad822fa8cff0cdeee1" member_type: VOTER last_known_addr { host: "127.14.124.3" port: 45543 } } peers { permanent_uuid: "0221846aff9e422aaca18219e5f12f79" member_type: NON_VOTER last_known_addr { host: "127.14.124.4" port: 40887 } attrs { promote: true } } }
I20260630 12:39:07.486024 18008 raft_consensus.cc:515] T 19a6a8ab8cd54397acae4f1ce40b5eae P e141b403deaf49ad822fa8cff0cdeee1 [term 2 FOLLOWER]: Starting forced leader election with config: opid_index: -1 OBSOLETE_local: false peers { permanent_uuid: "8bcad6c53ddb45ef993ca6e6b728027f" member_type: VOTER last_known_addr { host: "127.14.124.1" port: 41071 } } peers { permanent_uuid: "0d21bd02aed74484a1e3b4d68653bfd4" member_type: VOTER last_known_addr { host: "127.14.124.2" port: 34773 } } peers { permanent_uuid: "e141b403deaf49ad822fa8cff0cdeee1" member_type: VOTER last_known_addr { host: "127.14.124.3" port: 45543 } }
I20260630 12:39:07.488761 17857 tablet_service.cc:1917] Received RequestConsensusVote() RPC: tablet_id: "19a6a8ab8cd54397acae4f1ce40b5eae" candidate_uuid: "e141b403deaf49ad822fa8cff0cdeee1" candidate_term: 2 candidate_status { last_received { term: 1 index: 1 } } ignore_live_leader: true dest_uuid: "8bcad6c53ddb45ef993ca6e6b728027f"
I20260630 12:39:07.489451 17857 raft_consensus.cc:3060] T 19a6a8ab8cd54397acae4f1ce40b5eae P 8bcad6c53ddb45ef993ca6e6b728027f [term 1 FOLLOWER]: Advancing to term 2
I20260630 12:39:07.490031 17933 tablet_service.cc:1917] Received RequestConsensusVote() RPC: tablet_id: "19a6a8ab8cd54397acae4f1ce40b5eae" candidate_uuid: "e141b403deaf49ad822fa8cff0cdeee1" candidate_term: 2 candidate_status { last_received { term: 1 index: 1 } } ignore_live_leader: true dest_uuid: "0d21bd02aed74484a1e3b4d68653bfd4"
I20260630 12:39:07.490582 17933 raft_consensus.cc:3055] T 19a6a8ab8cd54397acae4f1ce40b5eae P 0d21bd02aed74484a1e3b4d68653bfd4 [term 1 LEADER]: Stepping down as leader of term 1
I20260630 12:39:07.490898 17933 raft_consensus.cc:740] T 19a6a8ab8cd54397acae4f1ce40b5eae P 0d21bd02aed74484a1e3b4d68653bfd4 [term 1 LEADER]: Becoming Follower/Learner. State: Replica: 0d21bd02aed74484a1e3b4d68653bfd4, State: Running, Role: LEADER
I20260630 12:39:07.491668 17933 consensus_queue.cc:260] T 19a6a8ab8cd54397acae4f1ce40b5eae P 0d21bd02aed74484a1e3b4d68653bfd4 [NON_LEADER]: Queue going to NON_LEADER mode. State: All replicated index: 0, Majority replicated index: 1, Committed index: 1, Last appended: 1.1, Last appended by leader: 1, Current term: 1, Majority size: -1, State: 0, Mode: NON_LEADER, active raft config: opid_index: -1 OBSOLETE_local: false peers { permanent_uuid: "8bcad6c53ddb45ef993ca6e6b728027f" member_type: VOTER last_known_addr { host: "127.14.124.1" port: 41071 } } peers { permanent_uuid: "0d21bd02aed74484a1e3b4d68653bfd4" member_type: VOTER last_known_addr { host: "127.14.124.2" port: 34773 } } peers { permanent_uuid: "e141b403deaf49ad822fa8cff0cdeee1" member_type: VOTER last_known_addr { host: "127.14.124.3" port: 45543 } }
I20260630 12:39:07.492936 17933 raft_consensus.cc:3060] T 19a6a8ab8cd54397acae4f1ce40b5eae P 0d21bd02aed74484a1e3b4d68653bfd4 [term 1 FOLLOWER]: Advancing to term 2
I20260630 12:39:07.492249 18007 raft_consensus.cc:2955] T 7c7ae96b1e0f4f0bb0a0484c1a70ea70 P e141b403deaf49ad822fa8cff0cdeee1 [term 1 FOLLOWER]: Committing config change with OpId 1.2: config changed from index -1 to 2, NON_VOTER 0221846aff9e422aaca18219e5f12f79 (127.14.124.4) added. New config: { opid_index: 2 OBSOLETE_local: false peers { permanent_uuid: "8bcad6c53ddb45ef993ca6e6b728027f" member_type: VOTER last_known_addr { host: "127.14.124.1" port: 41071 } attrs { replace: true } } peers { permanent_uuid: "0d21bd02aed74484a1e3b4d68653bfd4" member_type: VOTER last_known_addr { host: "127.14.124.2" port: 34773 } } peers { permanent_uuid: "e141b403deaf49ad822fa8cff0cdeee1" member_type: VOTER last_known_addr { host: "127.14.124.3" port: 45543 } } peers { permanent_uuid: "0221846aff9e422aaca18219e5f12f79" member_type: NON_VOTER last_known_addr { host: "127.14.124.4" port: 40887 } attrs { promote: true } } }
I20260630 12:39:07.495671 17857 raft_consensus.cc:2468] T 19a6a8ab8cd54397acae4f1ce40b5eae P 8bcad6c53ddb45ef993ca6e6b728027f [term 2 FOLLOWER]: Leader election vote request: Granting yes vote for candidate e141b403deaf49ad822fa8cff0cdeee1 in term 2.
I20260630 12:39:07.496886 17972 leader_election.cc:304] T 19a6a8ab8cd54397acae4f1ce40b5eae P e141b403deaf49ad822fa8cff0cdeee1 [CANDIDATE]: Term 2 election: Election decided. Result: candidate won. Election summary: received 2 responses out of 3 voters: 2 yes votes; 0 no votes. yes voters: 8bcad6c53ddb45ef993ca6e6b728027f, e141b403deaf49ad822fa8cff0cdeee1; no voters: 
I20260630 12:39:07.497790 18201 raft_consensus.cc:2804] T 19a6a8ab8cd54397acae4f1ce40b5eae P e141b403deaf49ad822fa8cff0cdeee1 [term 2 FOLLOWER]: Leader election won for term 2
I20260630 12:39:07.498247 18201 raft_consensus.cc:697] T 19a6a8ab8cd54397acae4f1ce40b5eae P e141b403deaf49ad822fa8cff0cdeee1 [term 2 LEADER]: Becoming Leader. State: Replica: e141b403deaf49ad822fa8cff0cdeee1, State: Running, Role: LEADER
I20260630 12:39:07.498857 17933 raft_consensus.cc:2468] T 19a6a8ab8cd54397acae4f1ce40b5eae P 0d21bd02aed74484a1e3b4d68653bfd4 [term 2 FOLLOWER]: Leader election vote request: Granting yes vote for candidate e141b403deaf49ad822fa8cff0cdeee1 in term 2.
I20260630 12:39:07.498965 18201 consensus_queue.cc:237] T 19a6a8ab8cd54397acae4f1ce40b5eae P e141b403deaf49ad822fa8cff0cdeee1 [LEADER]: Queue going to LEADER mode. State: All replicated index: 0, Majority replicated index: 1, Committed index: 1, Last appended: 1.1, Last appended by leader: 1, Current term: 2, Majority size: 2, State: 0, Mode: LEADER, active raft config: opid_index: -1 OBSOLETE_local: false peers { permanent_uuid: "8bcad6c53ddb45ef993ca6e6b728027f" member_type: VOTER last_known_addr { host: "127.14.124.1" port: 41071 } } peers { permanent_uuid: "0d21bd02aed74484a1e3b4d68653bfd4" member_type: VOTER last_known_addr { host: "127.14.124.2" port: 34773 } } peers { permanent_uuid: "e141b403deaf49ad822fa8cff0cdeee1" member_type: VOTER last_known_addr { host: "127.14.124.3" port: 45543 } }
I20260630 12:39:07.501820 18008 leader_election.cc:290] T 19a6a8ab8cd54397acae4f1ce40b5eae P e141b403deaf49ad822fa8cff0cdeee1 [CANDIDATE]: Term 2 election: Requested vote from peers 8bcad6c53ddb45ef993ca6e6b728027f (127.14.124.1:41071), 0d21bd02aed74484a1e3b4d68653bfd4 (127.14.124.2:34773)
I20260630 12:39:07.506531 17754 catalog_manager.cc:5697] T 7c7ae96b1e0f4f0bb0a0484c1a70ea70 P 8bcad6c53ddb45ef993ca6e6b728027f reported cstate change: config changed from index -1 to 2, NON_VOTER 0221846aff9e422aaca18219e5f12f79 (127.14.124.4) added. New cstate: current_term: 1 leader_uuid: "0d21bd02aed74484a1e3b4d68653bfd4" committed_config { opid_index: 2 OBSOLETE_local: false peers { permanent_uuid: "8bcad6c53ddb45ef993ca6e6b728027f" member_type: VOTER last_known_addr { host: "127.14.124.1" port: 41071 } attrs { replace: true } } peers { permanent_uuid: "0d21bd02aed74484a1e3b4d68653bfd4" member_type: VOTER last_known_addr { host: "127.14.124.2" port: 34773 } } peers { permanent_uuid: "e141b403deaf49ad822fa8cff0cdeee1" member_type: VOTER last_known_addr { host: "127.14.124.3" port: 45543 } } peers { permanent_uuid: "0221846aff9e422aaca18219e5f12f79" member_type: NON_VOTER last_known_addr { host: "127.14.124.4" port: 40887 } attrs { promote: true } } }
I20260630 12:39:07.508816 17757 catalog_manager.cc:5697] T 19a6a8ab8cd54397acae4f1ce40b5eae P e141b403deaf49ad822fa8cff0cdeee1 reported cstate change: term changed from 1 to 2, leader changed from 0d21bd02aed74484a1e3b4d68653bfd4 (127.14.124.2) to e141b403deaf49ad822fa8cff0cdeee1 (127.14.124.3). New cstate: current_term: 2 leader_uuid: "e141b403deaf49ad822fa8cff0cdeee1" committed_config { opid_index: -1 OBSOLETE_local: false peers { permanent_uuid: "8bcad6c53ddb45ef993ca6e6b728027f" member_type: VOTER last_known_addr { host: "127.14.124.1" port: 41071 } health_report { overall_health: UNKNOWN } } peers { permanent_uuid: "0d21bd02aed74484a1e3b4d68653bfd4" member_type: VOTER last_known_addr { host: "127.14.124.2" port: 34773 } health_report { overall_health: UNKNOWN } } peers { permanent_uuid: "e141b403deaf49ad822fa8cff0cdeee1" member_type: VOTER last_known_addr { host: "127.14.124.3" port: 45543 } health_report { overall_health: HEALTHY } } }
I20260630 12:39:07.515331 17857 consensus_queue.cc:237] T 15e63339b824400fa8d50dbc0c8eaf8d P 8bcad6c53ddb45ef993ca6e6b728027f [LEADER]: Queue going to LEADER mode. State: All replicated index: 0, Majority replicated index: 1, Committed index: 1, Last appended: 1.1, Last appended by leader: 0, Current term: 1, Majority size: 2, State: 0, Mode: LEADER, active raft config: opid_index: 2 OBSOLETE_local: false peers { permanent_uuid: "0d21bd02aed74484a1e3b4d68653bfd4" member_type: VOTER last_known_addr { host: "127.14.124.2" port: 34773 } } peers { permanent_uuid: "8bcad6c53ddb45ef993ca6e6b728027f" member_type: VOTER last_known_addr { host: "127.14.124.1" port: 41071 } } peers { permanent_uuid: "e141b403deaf49ad822fa8cff0cdeee1" member_type: VOTER last_known_addr { host: "127.14.124.3" port: 45543 } attrs { replace: true } } peers { permanent_uuid: "0221846aff9e422aaca18219e5f12f79" member_type: NON_VOTER last_known_addr { host: "127.14.124.4" port: 40887 } attrs { promote: true } }
I20260630 12:39:07.527738 18007 raft_consensus.cc:1275] T 15e63339b824400fa8d50dbc0c8eaf8d P e141b403deaf49ad822fa8cff0cdeee1 [term 1 FOLLOWER]: Refusing update from remote peer 8bcad6c53ddb45ef993ca6e6b728027f: Log matching property violated. Preceding OpId in replica: term: 1 index: 1. Preceding OpId from leader: term: 1 index: 2. (index mismatch)
I20260630 12:39:07.528991 17934 raft_consensus.cc:1275] T 15e63339b824400fa8d50dbc0c8eaf8d P 0d21bd02aed74484a1e3b4d68653bfd4 [term 1 FOLLOWER]: Refusing update from remote peer 8bcad6c53ddb45ef993ca6e6b728027f: Log matching property violated. Preceding OpId in replica: term: 1 index: 1. Preceding OpId from leader: term: 1 index: 2. (index mismatch)
W20260630 12:39:07.529388 17825 consensus_peers.cc:597] T 15e63339b824400fa8d50dbc0c8eaf8d P 8bcad6c53ddb45ef993ca6e6b728027f -> Peer 0221846aff9e422aaca18219e5f12f79 (127.14.124.4:40887): Couldn't send request to peer 0221846aff9e422aaca18219e5f12f79. Error code: TABLET_NOT_FOUND (6). Status: Not found: Tablet not found: 15e63339b824400fa8d50dbc0c8eaf8d. This is attempt 1: this message will repeat every 5th retry.
I20260630 12:39:07.530261 18086 consensus_queue.cc:1048] T 15e63339b824400fa8d50dbc0c8eaf8d P 8bcad6c53ddb45ef993ca6e6b728027f [LEADER]: Connected to new peer: Peer: permanent_uuid: "0d21bd02aed74484a1e3b4d68653bfd4" member_type: VOTER last_known_addr { host: "127.14.124.2" port: 34773 }, Status: LMP_MISMATCH, Last received: 0.0, Next index: 2, Last known committed idx: 1, Time since last communication: 0.000s
I20260630 12:39:07.531056 18259 consensus_queue.cc:1048] T 15e63339b824400fa8d50dbc0c8eaf8d P 8bcad6c53ddb45ef993ca6e6b728027f [LEADER]: Connected to new peer: Peer: permanent_uuid: "e141b403deaf49ad822fa8cff0cdeee1" member_type: VOTER last_known_addr { host: "127.14.124.3" port: 45543 } attrs { replace: true }, Status: LMP_MISMATCH, Last received: 0.0, Next index: 2, Last known committed idx: 1, Time since last communication: 0.000s
I20260630 12:39:07.537406 18081 raft_consensus.cc:2955] T 15e63339b824400fa8d50dbc0c8eaf8d P 8bcad6c53ddb45ef993ca6e6b728027f [term 1 LEADER]: Committing config change with OpId 1.2: config changed from index -1 to 2, NON_VOTER 0221846aff9e422aaca18219e5f12f79 (127.14.124.4) added. New config: { opid_index: 2 OBSOLETE_local: false peers { permanent_uuid: "0d21bd02aed74484a1e3b4d68653bfd4" member_type: VOTER last_known_addr { host: "127.14.124.2" port: 34773 } } peers { permanent_uuid: "8bcad6c53ddb45ef993ca6e6b728027f" member_type: VOTER last_known_addr { host: "127.14.124.1" port: 41071 } } peers { permanent_uuid: "e141b403deaf49ad822fa8cff0cdeee1" member_type: VOTER last_known_addr { host: "127.14.124.3" port: 45543 } attrs { replace: true } } peers { permanent_uuid: "0221846aff9e422aaca18219e5f12f79" member_type: NON_VOTER last_known_addr { host: "127.14.124.4" port: 40887 } attrs { promote: true } } }
I20260630 12:39:07.538852 18007 raft_consensus.cc:2955] T 15e63339b824400fa8d50dbc0c8eaf8d P e141b403deaf49ad822fa8cff0cdeee1 [term 1 FOLLOWER]: Committing config change with OpId 1.2: config changed from index -1 to 2, NON_VOTER 0221846aff9e422aaca18219e5f12f79 (127.14.124.4) added. New config: { opid_index: 2 OBSOLETE_local: false peers { permanent_uuid: "0d21bd02aed74484a1e3b4d68653bfd4" member_type: VOTER last_known_addr { host: "127.14.124.2" port: 34773 } } peers { permanent_uuid: "8bcad6c53ddb45ef993ca6e6b728027f" member_type: VOTER last_known_addr { host: "127.14.124.1" port: 41071 } } peers { permanent_uuid: "e141b403deaf49ad822fa8cff0cdeee1" member_type: VOTER last_known_addr { host: "127.14.124.3" port: 45543 } attrs { replace: true } } peers { permanent_uuid: "0221846aff9e422aaca18219e5f12f79" member_type: NON_VOTER last_known_addr { host: "127.14.124.4" port: 40887 } attrs { promote: true } } }
I20260630 12:39:07.539100 17934 raft_consensus.cc:2955] T 15e63339b824400fa8d50dbc0c8eaf8d P 0d21bd02aed74484a1e3b4d68653bfd4 [term 1 FOLLOWER]: Committing config change with OpId 1.2: config changed from index -1 to 2, NON_VOTER 0221846aff9e422aaca18219e5f12f79 (127.14.124.4) added. New config: { opid_index: 2 OBSOLETE_local: false peers { permanent_uuid: "0d21bd02aed74484a1e3b4d68653bfd4" member_type: VOTER last_known_addr { host: "127.14.124.2" port: 34773 } } peers { permanent_uuid: "8bcad6c53ddb45ef993ca6e6b728027f" member_type: VOTER last_known_addr { host: "127.14.124.1" port: 41071 } } peers { permanent_uuid: "e141b403deaf49ad822fa8cff0cdeee1" member_type: VOTER last_known_addr { host: "127.14.124.3" port: 45543 } attrs { replace: true } } peers { permanent_uuid: "0221846aff9e422aaca18219e5f12f79" member_type: NON_VOTER last_known_addr { host: "127.14.124.4" port: 40887 } attrs { promote: true } } }
I20260630 12:39:07.551048 17754 catalog_manager.cc:5697] T 15e63339b824400fa8d50dbc0c8eaf8d P e141b403deaf49ad822fa8cff0cdeee1 reported cstate change: config changed from index -1 to 2, NON_VOTER 0221846aff9e422aaca18219e5f12f79 (127.14.124.4) added. New cstate: current_term: 1 leader_uuid: "8bcad6c53ddb45ef993ca6e6b728027f" committed_config { opid_index: 2 OBSOLETE_local: false peers { permanent_uuid: "0d21bd02aed74484a1e3b4d68653bfd4" member_type: VOTER last_known_addr { host: "127.14.124.2" port: 34773 } } peers { permanent_uuid: "8bcad6c53ddb45ef993ca6e6b728027f" member_type: VOTER last_known_addr { host: "127.14.124.1" port: 41071 } } peers { permanent_uuid: "e141b403deaf49ad822fa8cff0cdeee1" member_type: VOTER last_known_addr { host: "127.14.124.3" port: 45543 } attrs { replace: true } } peers { permanent_uuid: "0221846aff9e422aaca18219e5f12f79" member_type: NON_VOTER last_known_addr { host: "127.14.124.4" port: 40887 } attrs { promote: true } } }
I20260630 12:39:07.551494 17857 consensus_queue.cc:237] T 9249ceec5e534f14a450eceded203855 P 8bcad6c53ddb45ef993ca6e6b728027f [LEADER]: Queue going to LEADER mode. State: All replicated index: 0, Majority replicated index: 1, Committed index: 1, Last appended: 1.1, Last appended by leader: 0, Current term: 1, Majority size: 2, State: 0, Mode: LEADER, active raft config: opid_index: 2 OBSOLETE_local: false peers { permanent_uuid: "0d21bd02aed74484a1e3b4d68653bfd4" member_type: VOTER last_known_addr { host: "127.14.124.2" port: 34773 } attrs { replace: true } } peers { permanent_uuid: "8bcad6c53ddb45ef993ca6e6b728027f" member_type: VOTER last_known_addr { host: "127.14.124.1" port: 41071 } } peers { permanent_uuid: "e141b403deaf49ad822fa8cff0cdeee1" member_type: VOTER last_known_addr { host: "127.14.124.3" port: 45543 } } peers { permanent_uuid: "0221846aff9e422aaca18219e5f12f79" member_type: NON_VOTER last_known_addr { host: "127.14.124.4" port: 40887 } attrs { promote: true } }
I20260630 12:39:07.558007 18007 raft_consensus.cc:1275] T 9249ceec5e534f14a450eceded203855 P e141b403deaf49ad822fa8cff0cdeee1 [term 1 FOLLOWER]: Refusing update from remote peer 8bcad6c53ddb45ef993ca6e6b728027f: Log matching property violated. Preceding OpId in replica: term: 1 index: 1. Preceding OpId from leader: term: 1 index: 2. (index mismatch)
W20260630 12:39:07.558295 17825 consensus_peers.cc:597] T 9249ceec5e534f14a450eceded203855 P 8bcad6c53ddb45ef993ca6e6b728027f -> Peer 0221846aff9e422aaca18219e5f12f79 (127.14.124.4:40887): Couldn't send request to peer 0221846aff9e422aaca18219e5f12f79. Error code: TABLET_NOT_FOUND (6). Status: Not found: Tablet not found: 9249ceec5e534f14a450eceded203855. This is attempt 1: this message will repeat every 5th retry.
I20260630 12:39:07.559329 18086 consensus_queue.cc:1048] T 9249ceec5e534f14a450eceded203855 P 8bcad6c53ddb45ef993ca6e6b728027f [LEADER]: Connected to new peer: Peer: permanent_uuid: "e141b403deaf49ad822fa8cff0cdeee1" member_type: VOTER last_known_addr { host: "127.14.124.3" port: 45543 }, Status: LMP_MISMATCH, Last received: 0.0, Next index: 2, Last known committed idx: 1, Time since last communication: 0.000s
I20260630 12:39:07.562388 17934 raft_consensus.cc:1275] T 9249ceec5e534f14a450eceded203855 P 0d21bd02aed74484a1e3b4d68653bfd4 [term 1 FOLLOWER]: Refusing update from remote peer 8bcad6c53ddb45ef993ca6e6b728027f: Log matching property violated. Preceding OpId in replica: term: 1 index: 1. Preceding OpId from leader: term: 1 index: 2. (index mismatch)
I20260630 12:39:07.564354 18086 consensus_queue.cc:1048] T 9249ceec5e534f14a450eceded203855 P 8bcad6c53ddb45ef993ca6e6b728027f [LEADER]: Connected to new peer: Peer: permanent_uuid: "0d21bd02aed74484a1e3b4d68653bfd4" member_type: VOTER last_known_addr { host: "127.14.124.2" port: 34773 } attrs { replace: true }, Status: LMP_MISMATCH, Last received: 0.0, Next index: 2, Last known committed idx: 1, Time since last communication: 0.000s
I20260630 12:39:07.567337 18259 raft_consensus.cc:2955] T 9249ceec5e534f14a450eceded203855 P 8bcad6c53ddb45ef993ca6e6b728027f [term 1 LEADER]: Committing config change with OpId 1.2: config changed from index -1 to 2, NON_VOTER 0221846aff9e422aaca18219e5f12f79 (127.14.124.4) added. New config: { opid_index: 2 OBSOLETE_local: false peers { permanent_uuid: "0d21bd02aed74484a1e3b4d68653bfd4" member_type: VOTER last_known_addr { host: "127.14.124.2" port: 34773 } attrs { replace: true } } peers { permanent_uuid: "8bcad6c53ddb45ef993ca6e6b728027f" member_type: VOTER last_known_addr { host: "127.14.124.1" port: 41071 } } peers { permanent_uuid: "e141b403deaf49ad822fa8cff0cdeee1" member_type: VOTER last_known_addr { host: "127.14.124.3" port: 45543 } } peers { permanent_uuid: "0221846aff9e422aaca18219e5f12f79" member_type: NON_VOTER last_known_addr { host: "127.14.124.4" port: 40887 } attrs { promote: true } } }
I20260630 12:39:07.568950 18007 raft_consensus.cc:2955] T 9249ceec5e534f14a450eceded203855 P e141b403deaf49ad822fa8cff0cdeee1 [term 1 FOLLOWER]: Committing config change with OpId 1.2: config changed from index -1 to 2, NON_VOTER 0221846aff9e422aaca18219e5f12f79 (127.14.124.4) added. New config: { opid_index: 2 OBSOLETE_local: false peers { permanent_uuid: "0d21bd02aed74484a1e3b4d68653bfd4" member_type: VOTER last_known_addr { host: "127.14.124.2" port: 34773 } attrs { replace: true } } peers { permanent_uuid: "8bcad6c53ddb45ef993ca6e6b728027f" member_type: VOTER last_known_addr { host: "127.14.124.1" port: 41071 } } peers { permanent_uuid: "e141b403deaf49ad822fa8cff0cdeee1" member_type: VOTER last_known_addr { host: "127.14.124.3" port: 45543 } } peers { permanent_uuid: "0221846aff9e422aaca18219e5f12f79" member_type: NON_VOTER last_known_addr { host: "127.14.124.4" port: 40887 } attrs { promote: true } } }
I20260630 12:39:07.573666 17934 raft_consensus.cc:2955] T 9249ceec5e534f14a450eceded203855 P 0d21bd02aed74484a1e3b4d68653bfd4 [term 1 FOLLOWER]: Committing config change with OpId 1.2: config changed from index -1 to 2, NON_VOTER 0221846aff9e422aaca18219e5f12f79 (127.14.124.4) added. New config: { opid_index: 2 OBSOLETE_local: false peers { permanent_uuid: "0d21bd02aed74484a1e3b4d68653bfd4" member_type: VOTER last_known_addr { host: "127.14.124.2" port: 34773 } attrs { replace: true } } peers { permanent_uuid: "8bcad6c53ddb45ef993ca6e6b728027f" member_type: VOTER last_known_addr { host: "127.14.124.1" port: 41071 } } peers { permanent_uuid: "e141b403deaf49ad822fa8cff0cdeee1" member_type: VOTER last_known_addr { host: "127.14.124.3" port: 45543 } } peers { permanent_uuid: "0221846aff9e422aaca18219e5f12f79" member_type: NON_VOTER last_known_addr { host: "127.14.124.4" port: 40887 } attrs { promote: true } } }
I20260630 12:39:07.579967 17757 catalog_manager.cc:5697] T 9249ceec5e534f14a450eceded203855 P 8bcad6c53ddb45ef993ca6e6b728027f reported cstate change: config changed from index -1 to 2, NON_VOTER 0221846aff9e422aaca18219e5f12f79 (127.14.124.4) added. New cstate: current_term: 1 leader_uuid: "8bcad6c53ddb45ef993ca6e6b728027f" committed_config { opid_index: 2 OBSOLETE_local: false peers { permanent_uuid: "0d21bd02aed74484a1e3b4d68653bfd4" member_type: VOTER last_known_addr { host: "127.14.124.2" port: 34773 } attrs { replace: true } health_report { overall_health: HEALTHY } } peers { permanent_uuid: "8bcad6c53ddb45ef993ca6e6b728027f" member_type: VOTER last_known_addr { host: "127.14.124.1" port: 41071 } health_report { overall_health: HEALTHY } } peers { permanent_uuid: "e141b403deaf49ad822fa8cff0cdeee1" member_type: VOTER last_known_addr { host: "127.14.124.3" port: 45543 } health_report { overall_health: HEALTHY } } peers { permanent_uuid: "0221846aff9e422aaca18219e5f12f79" member_type: NON_VOTER last_known_addr { host: "127.14.124.4" port: 40887 } attrs { promote: true } health_report { overall_health: UNKNOWN } } }
W20260630 12:39:07.590649 17805 auto_rebalancer.cc:639] Failed to schedule move for tablet 19a6a8ab8cd54397acae4f1ce40b5eae: Illegal state: Leader has not yet committed an operation in its own term
I20260630 12:39:07.719484 18081 raft_consensus.cc:993] T 1c80095e0b0c42f0bc24ffb3ebe34a58 P 8bcad6c53ddb45ef993ca6e6b728027f: : Instructing follower 0221846aff9e422aaca18219e5f12f79 to start an election
I20260630 12:39:07.719926 18259 raft_consensus.cc:1081] T 1c80095e0b0c42f0bc24ffb3ebe34a58 P 8bcad6c53ddb45ef993ca6e6b728027f [term 1 LEADER]: Signalling peer 0221846aff9e422aaca18219e5f12f79 to start an election
I20260630 12:39:07.721446 18158 tablet_service.cc:2044] Received Run Leader Election RPC: tablet_id: "1c80095e0b0c42f0bc24ffb3ebe34a58"
dest_uuid: "0221846aff9e422aaca18219e5f12f79"
 from {username='slave'} at 127.0.0.1:34696
I20260630 12:39:07.721913 18158 raft_consensus.cc:493] T 1c80095e0b0c42f0bc24ffb3ebe34a58 P 0221846aff9e422aaca18219e5f12f79 [term 1 FOLLOWER]: Starting forced leader election (received explicit request)
I20260630 12:39:07.722200 18158 raft_consensus.cc:3060] T 1c80095e0b0c42f0bc24ffb3ebe34a58 P 0221846aff9e422aaca18219e5f12f79 [term 1 FOLLOWER]: Advancing to term 2
I20260630 12:39:07.726562 18158 raft_consensus.cc:515] T 1c80095e0b0c42f0bc24ffb3ebe34a58 P 0221846aff9e422aaca18219e5f12f79 [term 2 FOLLOWER]: Starting forced leader election with config: opid_index: -1 OBSOLETE_local: false peers { permanent_uuid: "0221846aff9e422aaca18219e5f12f79" member_type: VOTER last_known_addr { host: "127.14.124.4" port: 40887 } } peers { permanent_uuid: "8bcad6c53ddb45ef993ca6e6b728027f" member_type: VOTER last_known_addr { host: "127.14.124.1" port: 41071 } } peers { permanent_uuid: "0d21bd02aed74484a1e3b4d68653bfd4" member_type: VOTER last_known_addr { host: "127.14.124.2" port: 34773 } }
I20260630 12:39:07.728539 18158 leader_election.cc:290] T 1c80095e0b0c42f0bc24ffb3ebe34a58 P 0221846aff9e422aaca18219e5f12f79 [CANDIDATE]: Term 2 election: Requested vote from peers 8bcad6c53ddb45ef993ca6e6b728027f (127.14.124.1:41071), 0d21bd02aed74484a1e3b4d68653bfd4 (127.14.124.2:34773)
I20260630 12:39:07.728785 17857 tablet_service.cc:1917] Received RequestConsensusVote() RPC: tablet_id: "1c80095e0b0c42f0bc24ffb3ebe34a58" candidate_uuid: "0221846aff9e422aaca18219e5f12f79" candidate_term: 2 candidate_status { last_received { term: 1 index: 1 } } ignore_live_leader: true dest_uuid: "8bcad6c53ddb45ef993ca6e6b728027f"
I20260630 12:39:07.729214 17934 tablet_service.cc:1917] Received RequestConsensusVote() RPC: tablet_id: "1c80095e0b0c42f0bc24ffb3ebe34a58" candidate_uuid: "0221846aff9e422aaca18219e5f12f79" candidate_term: 2 candidate_status { last_received { term: 1 index: 1 } } ignore_live_leader: true dest_uuid: "0d21bd02aed74484a1e3b4d68653bfd4"
I20260630 12:39:07.729406 17857 raft_consensus.cc:3055] T 1c80095e0b0c42f0bc24ffb3ebe34a58 P 8bcad6c53ddb45ef993ca6e6b728027f [term 1 LEADER]: Stepping down as leader of term 1
I20260630 12:39:07.729919 17934 raft_consensus.cc:3060] T 1c80095e0b0c42f0bc24ffb3ebe34a58 P 0d21bd02aed74484a1e3b4d68653bfd4 [term 1 FOLLOWER]: Advancing to term 2
I20260630 12:39:07.729873 17857 raft_consensus.cc:740] T 1c80095e0b0c42f0bc24ffb3ebe34a58 P 8bcad6c53ddb45ef993ca6e6b728027f [term 1 LEADER]: Becoming Follower/Learner. State: Replica: 8bcad6c53ddb45ef993ca6e6b728027f, State: Running, Role: LEADER
