I20260630 12:39:46.545825 19554 raft_consensus.cc:2749] T ef82bf8c69a245528d165dbd274da713 P 07df4479d0bf4bd3b57ca534ded48c28 [term 0 FOLLOWER]: Leader pre-election lost for term 1. Reason: could not achieve majority
I20260630 12:39:46.537474 19501 raft_consensus.cc:2468] T b758bb8a979d48908dabcffdfeaa843a P 27d5ad0bd49a44b2962d27892a0f4b25 [term 1 FOLLOWER]: Leader election vote request: Granting yes vote for candidate 07df4479d0bf4bd3b57ca534ded48c28 in term 1.
I20260630 12:39:46.559569 19428 raft_consensus.cc:3060] T ef82bf8c69a245528d165dbd274da713 P 07df4479d0bf4bd3b57ca534ded48c28 [term 0 FOLLOWER]: Advancing to term 1
I20260630 12:39:46.560150 19251 catalog_manager.cc:5697] T b758bb8a979d48908dabcffdfeaa843a P 07df4479d0bf4bd3b57ca534ded48c28 reported cstate change: term changed from 0 to 1, leader changed from <none> to 07df4479d0bf4bd3b57ca534ded48c28 (127.14.124.2). New cstate: current_term: 1 leader_uuid: "07df4479d0bf4bd3b57ca534ded48c28" committed_config { opid_index: -1 OBSOLETE_local: false peers { permanent_uuid: "423cf382026a4bf5baf3e38377fd9888" member_type: VOTER last_known_addr { host: "127.14.124.1" port: 38201 } health_report { overall_health: UNKNOWN } } peers { permanent_uuid: "07df4479d0bf4bd3b57ca534ded48c28" member_type: VOTER last_known_addr { host: "127.14.124.2" port: 34971 } health_report { overall_health: HEALTHY } } peers { permanent_uuid: "27d5ad0bd49a44b2962d27892a0f4b25" member_type: VOTER last_known_addr { host: "127.14.124.3" port: 42247 } health_report { overall_health: UNKNOWN } } }
I20260630 12:39:46.568063 19555 consensus_queue.cc:1048] T ef82bf8c69a245528d165dbd274da713 P 27d5ad0bd49a44b2962d27892a0f4b25 [LEADER]: Connected to new peer: Peer: permanent_uuid: "07df4479d0bf4bd3b57ca534ded48c28" member_type: VOTER last_known_addr { host: "127.14.124.2" port: 34971 }, Status: LMP_MISMATCH, Last received: 0.0, Next index: 1, Last known committed idx: 0, Time since last communication: 0.000s
I20260630 12:39:46.618335 19555 consensus_queue.cc:1048] T 1771839a471948118a35d1a40d790164 P 27d5ad0bd49a44b2962d27892a0f4b25 [LEADER]: Connected to new peer: Peer: permanent_uuid: "423cf382026a4bf5baf3e38377fd9888" member_type: VOTER last_known_addr { host: "127.14.124.1" port: 38201 }, Status: LMP_MISMATCH, Last received: 0.0, Next index: 1, Last known committed idx: 0, Time since last communication: 0.000s
W20260630 12:39:46.622375 19523 debug-util.cc:398] Leaking SignalData structure 0x7b080022f860 after lost signal to thread 14835
W20260630 12:39:46.623306 19523 debug-util.cc:398] Leaking SignalData structure 0x7b080019b320 after lost signal to thread 19285
I20260630 12:39:46.628165 19600 consensus_queue.cc:1048] T 1771839a471948118a35d1a40d790164 P 27d5ad0bd49a44b2962d27892a0f4b25 [LEADER]: Connected to new peer: Peer: permanent_uuid: "07df4479d0bf4bd3b57ca534ded48c28" member_type: VOTER last_known_addr { host: "127.14.124.2" port: 34971 }, Status: LMP_MISMATCH, Last received: 0.0, Next index: 1, Last known committed idx: 0, Time since last communication: 0.000s
I20260630 12:39:46.719080 19600 consensus_queue.cc:1048] T f1627c25348e4b46bb9564c4dc8a38f3 P 27d5ad0bd49a44b2962d27892a0f4b25 [LEADER]: Connected to new peer: Peer: permanent_uuid: "07df4479d0bf4bd3b57ca534ded48c28" member_type: VOTER last_known_addr { host: "127.14.124.2" port: 34971 }, Status: LMP_MISMATCH, Last received: 0.0, Next index: 1, Last known committed idx: 0, Time since last communication: 0.000s
I20260630 12:39:46.734383 19600 consensus_queue.cc:1048] T f1627c25348e4b46bb9564c4dc8a38f3 P 27d5ad0bd49a44b2962d27892a0f4b25 [LEADER]: Connected to new peer: Peer: permanent_uuid: "423cf382026a4bf5baf3e38377fd9888" member_type: VOTER last_known_addr { host: "127.14.124.1" port: 38201 }, Status: LMP_MISMATCH, Last received: 0.0, Next index: 1, Last known committed idx: 0, Time since last communication: 0.000s
I20260630 12:39:46.778132 19590 consensus_queue.cc:1048] T 83fe4a23a6dc449b8c77a3e61f325c43 P 07df4479d0bf4bd3b57ca534ded48c28 [LEADER]: Connected to new peer: Peer: permanent_uuid: "423cf382026a4bf5baf3e38377fd9888" member_type: VOTER last_known_addr { host: "127.14.124.1" port: 38201 }, Status: LMP_MISMATCH, Last received: 0.0, Next index: 1, Last known committed idx: 0, Time since last communication: 0.000s
I20260630 12:39:46.802620 19590 consensus_queue.cc:1048] T bb5096197e494813a05e73a1663af91a P 07df4479d0bf4bd3b57ca534ded48c28 [LEADER]: Connected to new peer: Peer: permanent_uuid: "423cf382026a4bf5baf3e38377fd9888" member_type: VOTER last_known_addr { host: "127.14.124.1" port: 38201 }, Status: LMP_MISMATCH, Last received: 0.0, Next index: 1, Last known committed idx: 0, Time since last communication: 0.000s
I20260630 12:39:46.817523 19587 consensus_queue.cc:1048] T 83fe4a23a6dc449b8c77a3e61f325c43 P 07df4479d0bf4bd3b57ca534ded48c28 [LEADER]: Connected to new peer: Peer: permanent_uuid: "27d5ad0bd49a44b2962d27892a0f4b25" member_type: VOTER last_known_addr { host: "127.14.124.3" port: 42247 }, Status: LMP_MISMATCH, Last received: 0.0, Next index: 1, Last known committed idx: 0, Time since last communication: 0.000s
I20260630 12:39:46.820938 19553 consensus_queue.cc:1048] T b5e0a5e5df404dc6a83fafbea06347a1 P 423cf382026a4bf5baf3e38377fd9888 [LEADER]: Connected to new peer: Peer: permanent_uuid: "27d5ad0bd49a44b2962d27892a0f4b25" member_type: VOTER last_known_addr { host: "127.14.124.3" port: 42247 }, Status: LMP_MISMATCH, Last received: 0.0, Next index: 1, Last known committed idx: 0, Time since last communication: 0.000s
I20260630 12:39:46.828441 19587 consensus_queue.cc:1048] T bb5096197e494813a05e73a1663af91a P 07df4479d0bf4bd3b57ca534ded48c28 [LEADER]: Connected to new peer: Peer: permanent_uuid: "27d5ad0bd49a44b2962d27892a0f4b25" member_type: VOTER last_known_addr { host: "127.14.124.3" port: 42247 }, Status: LMP_MISMATCH, Last received: 0.0, Next index: 1, Last known committed idx: 0, Time since last communication: 0.000s
I20260630 12:39:46.842624 19553 consensus_queue.cc:1048] T b5e0a5e5df404dc6a83fafbea06347a1 P 423cf382026a4bf5baf3e38377fd9888 [LEADER]: Connected to new peer: Peer: permanent_uuid: "07df4479d0bf4bd3b57ca534ded48c28" member_type: VOTER last_known_addr { host: "127.14.124.2" port: 34971 }, Status: LMP_MISMATCH, Last received: 0.0, Next index: 1, Last known committed idx: 0, Time since last communication: 0.000s
I20260630 12:39:46.902459 19554 consensus_queue.cc:1048] T 5f7a1687fad94c5095f619fcc5486a3a P 07df4479d0bf4bd3b57ca534ded48c28 [LEADER]: Connected to new peer: Peer: permanent_uuid: "423cf382026a4bf5baf3e38377fd9888" member_type: VOTER last_known_addr { host: "127.14.124.1" port: 38201 }, Status: LMP_MISMATCH, Last received: 0.0, Next index: 1, Last known committed idx: 0, Time since last communication: 0.000s
I20260630 12:39:46.907299 19600 consensus_queue.cc:1048] T 924109f35426425490e060e40f876323 P 27d5ad0bd49a44b2962d27892a0f4b25 [LEADER]: Connected to new peer: Peer: permanent_uuid: "07df4479d0bf4bd3b57ca534ded48c28" member_type: VOTER last_known_addr { host: "127.14.124.2" port: 34971 }, Status: LMP_MISMATCH, Last received: 0.0, Next index: 1, Last known committed idx: 0, Time since last communication: 0.000s
I20260630 12:39:46.957041 19555 consensus_queue.cc:1048] T 924109f35426425490e060e40f876323 P 27d5ad0bd49a44b2962d27892a0f4b25 [LEADER]: Connected to new peer: Peer: permanent_uuid: "423cf382026a4bf5baf3e38377fd9888" member_type: VOTER last_known_addr { host: "127.14.124.1" port: 38201 }, Status: LMP_MISMATCH, Last received: 0.0, Next index: 1, Last known committed idx: 0, Time since last communication: 0.000s
I20260630 12:39:46.976568 19590 consensus_queue.cc:1048] T 5f7a1687fad94c5095f619fcc5486a3a P 07df4479d0bf4bd3b57ca534ded48c28 [LEADER]: Connected to new peer: Peer: permanent_uuid: "27d5ad0bd49a44b2962d27892a0f4b25" member_type: VOTER last_known_addr { host: "127.14.124.3" port: 42247 }, Status: LMP_MISMATCH, Last received: 0.0, Next index: 1, Last known committed idx: 0, Time since last communication: 0.000s
I20260630 12:39:46.980479 19555 consensus_queue.cc:1048] T 828265a22b524e359452411562c4288f P 27d5ad0bd49a44b2962d27892a0f4b25 [LEADER]: Connected to new peer: Peer: permanent_uuid: "423cf382026a4bf5baf3e38377fd9888" member_type: VOTER last_known_addr { host: "127.14.124.1" port: 38201 }, Status: LMP_MISMATCH, Last received: 0.0, Next index: 1, Last known committed idx: 0, Time since last communication: 0.000s
W20260630 12:39:46.986682 19318 outbound_call.cc:321] RPC callback for RPC call kudu.consensus.ConsensusService.UpdateConsensus -> {remote=127.14.124.2:34971, user_credentials={real_user=slave}} blocked reactor thread for 45454.1us
I20260630 12:39:47.002591 19596 consensus_queue.cc:1048] T 828265a22b524e359452411562c4288f P 27d5ad0bd49a44b2962d27892a0f4b25 [LEADER]: Connected to new peer: Peer: permanent_uuid: "07df4479d0bf4bd3b57ca534ded48c28" member_type: VOTER last_known_addr { host: "127.14.124.2" port: 34971 }, Status: LMP_MISMATCH, Last received: 0.0, Next index: 1, Last known committed idx: 0, Time since last communication: 0.004s
I20260630 12:39:47.014027 19590 consensus_queue.cc:1048] T b758bb8a979d48908dabcffdfeaa843a P 07df4479d0bf4bd3b57ca534ded48c28 [LEADER]: Connected to new peer: Peer: permanent_uuid: "423cf382026a4bf5baf3e38377fd9888" member_type: VOTER last_known_addr { host: "127.14.124.1" port: 38201 }, Status: LMP_MISMATCH, Last received: 0.0, Next index: 1, Last known committed idx: 0, Time since last communication: 0.000s
I20260630 12:39:47.061367 19554 consensus_queue.cc:1048] T b758bb8a979d48908dabcffdfeaa843a P 07df4479d0bf4bd3b57ca534ded48c28 [LEADER]: Connected to new peer: Peer: permanent_uuid: "27d5ad0bd49a44b2962d27892a0f4b25" member_type: VOTER last_known_addr { host: "127.14.124.3" port: 42247 }, Status: LMP_MISMATCH, Last received: 0.0, Next index: 1, Last known committed idx: 0, Time since last communication: 0.000s
W20260630 12:39:47.303812 19533 meta_cache.cc:1097] Time spent processing table locations response: real 0.107s	user 0.002s	sys 0.000s
W20260630 12:39:47.498016 19533 outbound_call.cc:321] RPC callback for RPC call kudu.master.MasterService.GetTableLocations -> {remote=127.14.124.62:37175, user_credentials={real_user=slave}} blocked reactor thread for 301015us
W20260630 12:39:47.556520 19533 outbound_call.cc:321] RPC callback for RPC call kudu.master.MasterService.GetTableLocations -> {remote=127.14.124.62:37175, user_credentials={real_user=slave}} blocked reactor thread for 57648.8us
W20260630 12:39:47.774324 19392 outbound_call.cc:321] RPC callback for RPC call kudu.consensus.ConsensusService.UpdateConsensus -> {remote=127.14.124.3:42247, user_credentials={real_user=slave}} blocked reactor thread for 53439.6us
W20260630 12:39:47.951469 19711 log.cc:927] Time spent T 31f510d283494877ba9bb2e4303e944d P 07df4479d0bf4bd3b57ca534ded48c28: Append to log took a long time: real 0.052s	user 0.000s	sys 0.000s
W20260630 12:39:48.463272 19467 outbound_call.cc:321] RPC callback for RPC call kudu.consensus.ConsensusService.UpdateConsensus -> {remote=127.14.124.2:34971, user_credentials={real_user=slave}} blocked reactor thread for 51330.8us
W20260630 12:39:48.632511 19533 outbound_call.cc:321] RPC callback for RPC call kudu.tserver.TabletServerService.Write -> {remote=127.14.124.2:34971, user_credentials={real_user=slave}} blocked reactor thread for 63249.3us
W20260630 12:39:48.714244 19638 meta_cache.cc:1261] Time spent looking up entry by key: real 0.089s	user 0.002s	sys 0.002s
W20260630 12:39:49.643759 19394 outbound_call.cc:321] RPC callback for RPC call kudu.consensus.ConsensusService.UpdateConsensus -> {remote=127.14.124.1:38201, user_credentials={real_user=slave}} blocked reactor thread for 66944.8us
W20260630 12:39:49.885478 19468 outbound_call.cc:321] RPC callback for RPC call kudu.consensus.ConsensusService.UpdateConsensus -> {remote=127.14.124.1:38201, user_credentials={real_user=slave}} blocked reactor thread for 66006.7us
W20260630 12:39:49.923643 19467 outbound_call.cc:321] RPC callback for RPC call kudu.consensus.ConsensusService.UpdateConsensus -> {remote=127.14.124.2:34971, user_credentials={real_user=slave}} blocked reactor thread for 103050us
I20260630 12:39:51.211447 14832 file_cache.cc:492] Constructed file cache file cache with capacity 419430
W20260630 12:39:51.222848 19747 instance_detector.cc:116] could not retrieve Azure instance metadata: Network error: curl error: HTTP response code said error: The requested URL returned error: 404
W20260630 12:39:51.222867 19746 instance_detector.cc:116] could not retrieve AWS instance metadata: Network error: curl error: HTTP response code said error: The requested URL returned error: 404
W20260630 12:39:51.240247 19749 instance_detector.cc:116] could not retrieve OpenStack instance metadata: Network error: curl error: HTTP response code said error: The requested URL returned error: 404
I20260630 12:39:51.241673 14832 server_base.cc:1061] running on GCE node
I20260630 12:39:51.243309 14832 hybrid_clock.cc:584] initializing the hybrid clock with 'system_unsync' time source
W20260630 12:39:51.243525 14832 system_unsync_time.cc:38] NTP support is disabled. Clock error bounds will not be accurate. This configuration is not suitable for distributed clusters.
I20260630 12:39:51.243705 14832 hybrid_clock.cc:648] HybridClock initialized: now 1782823191243678 us; error 0 us; skew 500 ppm
I20260630 12:39:51.244175 14832 server_base.cc:861] Flag tcmalloc_max_total_thread_cache_bytes is not working since tcmalloc is not enabled.
I20260630 12:39:51.246889 14832 webserver.cc:533] Webserver started at http://127.14.124.4:42013/ using document root <none> and password file <none>
I20260630 12:39:51.247334 14832 fs_manager.cc:362] Metadata directory not provided
I20260630 12:39:51.247514 14832 fs_manager.cc:368] Using write-ahead log directory (fs_wal_dir) as metadata directory
I20260630 12:39:51.247781 14832 server_base.cc:909] This appears to be a new deployment of Kudu; creating new FS layout
I20260630 12:39:51.248762 14832 fs_manager.cc:1068] Generated new instance metadata in path /tmp/dist-test-task8OtEWV/test-tmp/auto_rebalancer-test.0.AutoRebalancerTest.TestMaxMovesPerServer.1782823062473677-14832-0/minicluster-data/ts-3-root/instance:
uuid: "892afdf3e1c84674b3f6eff4517ab193"
format_stamp: "Formatted at 2026-06-30 12:39:51 on dist-test-slave-4tk3"
I20260630 12:39:51.253062 14832 fs_manager.cc:696] Time spent creating directory manager: real 0.004s	user 0.000s	sys 0.003s
I20260630 12:39:51.256310 19754 log_block_manager.cc:4031] Time spent loading block containers with low live blocks: real 0.000s	user 0.000s	sys 0.000s
I20260630 12:39:51.257081 14832 fs_manager.cc:730] Time spent opening block manager: real 0.002s	user 0.003s	sys 0.000s
I20260630 12:39:51.257381 14832 fs_manager.cc:647] Opened local filesystem: /tmp/dist-test-task8OtEWV/test-tmp/auto_rebalancer-test.0.AutoRebalancerTest.TestMaxMovesPerServer.1782823062473677-14832-0/minicluster-data/ts-3-root
uuid: "892afdf3e1c84674b3f6eff4517ab193"
format_stamp: "Formatted at 2026-06-30 12:39:51 on dist-test-slave-4tk3"
I20260630 12:39:51.257715 14832 fs_report.cc:389] FS layout report
--------------------
wal directory: /tmp/dist-test-task8OtEWV/test-tmp/auto_rebalancer-test.0.AutoRebalancerTest.TestMaxMovesPerServer.1782823062473677-14832-0/minicluster-data/ts-3-root
metadata directory: /tmp/dist-test-task8OtEWV/test-tmp/auto_rebalancer-test.0.AutoRebalancerTest.TestMaxMovesPerServer.1782823062473677-14832-0/minicluster-data/ts-3-root
1 data directories: /tmp/dist-test-task8OtEWV/test-tmp/auto_rebalancer-test.0.AutoRebalancerTest.TestMaxMovesPerServer.1782823062473677-14832-0/minicluster-data/ts-3-root/data
Total live blocks: 0
Total live bytes: 0
Total live bytes (after alignment): 0
Total number of LBM containers: 0 (0 full)
Did not check for missing blocks
Did not check for orphaned blocks
Total full LBM containers with extra space: 0 (0 repaired)
Total full LBM container extra space in bytes: 0 (0 repaired)
Total incomplete LBM containers: 0 (0 repaired)
Total LBM partial records: 0 (0 repaired)
Total corrupted LBM metadata records in RocksDB: 0 (0 repaired)
I20260630 12:39:51.278663 14832 rpc_server.cc:225] running with OpenSSL 1.1.1  11 Sep 2018
I20260630 12:39:51.279744 14832 kserver.cc:163] Server-wide thread pool size limit: 3276
I20260630 12:39:51.281322 14832 txn_system_client.cc:432] TxnSystemClient initialization is disabled...
I20260630 12:39:51.283563 14832 ts_tablet_manager.cc:585] Loaded tablet metadata (0 total tablets, 0 live tablets)
I20260630 12:39:51.283749 14832 ts_tablet_manager.cc:531] Time spent load tablet metadata: real 0.000s	user 0.000s	sys 0.000s
I20260630 12:39:51.283964 14832 ts_tablet_manager.cc:616] Registered 0 tablets
I20260630 12:39:51.284101 14832 ts_tablet_manager.cc:595] Time spent register tablets: real 0.000s	user 0.000s	sys 0.000s
I20260630 12:39:51.334470 14832 rpc_server.cc:307] RPC server started. Bound to: 127.14.124.4:38983
I20260630 12:39:51.334573 19816 acceptor_pool.cc:272] collecting diagnostics on the listening RPC socket 127.14.124.4:38983 every 8 connection(s)
I20260630 12:39:51.339512 14832 file_cache.cc:492] Constructed file cache file cache with capacity 419430
W20260630 12:39:51.346143 19821 instance_detector.cc:116] could not retrieve AWS instance metadata: Network error: curl error: HTTP response code said error: The requested URL returned error: 404
W20260630 12:39:51.350744 19822 instance_detector.cc:116] could not retrieve Azure instance metadata: Network error: curl error: HTTP response code said error: The requested URL returned error: 404
I20260630 12:39:51.356351 14832 server_base.cc:1061] running on GCE node
W20260630 12:39:51.356863 19824 instance_detector.cc:116] could not retrieve OpenStack instance metadata: Network error: curl error: HTTP response code said error: The requested URL returned error: 404
I20260630 12:39:51.357268 19817 heartbeater.cc:344] Connected to a master server at 127.14.124.62:37175
I20260630 12:39:51.357653 19817 heartbeater.cc:461] Registering TS with master...
I20260630 12:39:51.359560 19817 heartbeater.cc:507] Master 127.14.124.62:37175 requested a full tablet report, sending...
I20260630 12:39:51.360673 14832 hybrid_clock.cc:584] initializing the hybrid clock with 'system_unsync' time source
W20260630 12:39:51.360975 14832 system_unsync_time.cc:38] NTP support is disabled. Clock error bounds will not be accurate. This configuration is not suitable for distributed clusters.
I20260630 12:39:51.361248 14832 hybrid_clock.cc:648] HybridClock initialized: now 1782823191361224 us; error 0 us; skew 500 ppm
I20260630 12:39:51.361346 19248 ts_manager.cc:194] Registered new tserver with Master: 892afdf3e1c84674b3f6eff4517ab193 (127.14.124.4:38983)
I20260630 12:39:51.361969 14832 server_base.cc:861] Flag tcmalloc_max_total_thread_cache_bytes is not working since tcmalloc is not enabled.
I20260630 12:39:51.362747 19248 master_service.cc:502] Signed X509 certificate for tserver {username='slave'} at 127.0.0.1:52666
I20260630 12:39:51.364861 14832 webserver.cc:533] Webserver started at http://127.14.124.5:42063/ using document root <none> and password file <none>
I20260630 12:39:51.365540 14832 fs_manager.cc:362] Metadata directory not provided
I20260630 12:39:51.365774 14832 fs_manager.cc:368] Using write-ahead log directory (fs_wal_dir) as metadata directory
I20260630 12:39:51.366072 14832 server_base.cc:909] This appears to be a new deployment of Kudu; creating new FS layout
I20260630 12:39:51.367390 14832 fs_manager.cc:1068] Generated new instance metadata in path /tmp/dist-test-task8OtEWV/test-tmp/auto_rebalancer-test.0.AutoRebalancerTest.TestMaxMovesPerServer.1782823062473677-14832-0/minicluster-data/ts-4-root/instance:
uuid: "a6190de531e3418ab578b7af8b44f8a2"
format_stamp: "Formatted at 2026-06-30 12:39:51 on dist-test-slave-4tk3"
I20260630 12:39:51.373001 14832 fs_manager.cc:696] Time spent creating directory manager: real 0.005s	user 0.007s	sys 0.000s
I20260630 12:39:51.376803 19829 log_block_manager.cc:4031] Time spent loading block containers with low live blocks: real 0.000s	user 0.000s	sys 0.000s
I20260630 12:39:51.377619 14832 fs_manager.cc:730] Time spent opening block manager: real 0.002s	user 0.003s	sys 0.000s
I20260630 12:39:51.377962 14832 fs_manager.cc:647] Opened local filesystem: /tmp/dist-test-task8OtEWV/test-tmp/auto_rebalancer-test.0.AutoRebalancerTest.TestMaxMovesPerServer.1782823062473677-14832-0/minicluster-data/ts-4-root
uuid: "a6190de531e3418ab578b7af8b44f8a2"
format_stamp: "Formatted at 2026-06-30 12:39:51 on dist-test-slave-4tk3"
I20260630 12:39:51.378289 14832 fs_report.cc:389] FS layout report
--------------------
wal directory: /tmp/dist-test-task8OtEWV/test-tmp/auto_rebalancer-test.0.AutoRebalancerTest.TestMaxMovesPerServer.1782823062473677-14832-0/minicluster-data/ts-4-root
metadata directory: /tmp/dist-test-task8OtEWV/test-tmp/auto_rebalancer-test.0.AutoRebalancerTest.TestMaxMovesPerServer.1782823062473677-14832-0/minicluster-data/ts-4-root
1 data directories: /tmp/dist-test-task8OtEWV/test-tmp/auto_rebalancer-test.0.AutoRebalancerTest.TestMaxMovesPerServer.1782823062473677-14832-0/minicluster-data/ts-4-root/data
Total live blocks: 0
Total live bytes: 0
Total live bytes (after alignment): 0
Total number of LBM containers: 0 (0 full)
Did not check for missing blocks
Did not check for orphaned blocks
Total full LBM containers with extra space: 0 (0 repaired)
Total full LBM container extra space in bytes: 0 (0 repaired)
Total incomplete LBM containers: 0 (0 repaired)
Total LBM partial records: 0 (0 repaired)
Total corrupted LBM metadata records in RocksDB: 0 (0 repaired)
I20260630 12:39:51.390115 14832 rpc_server.cc:225] running with OpenSSL 1.1.1  11 Sep 2018
I20260630 12:39:51.391558 14832 kserver.cc:163] Server-wide thread pool size limit: 3276
I20260630 12:39:51.393404 14832 txn_system_client.cc:432] TxnSystemClient initialization is disabled...
I20260630 12:39:51.396159 14832 ts_tablet_manager.cc:585] Loaded tablet metadata (0 total tablets, 0 live tablets)
I20260630 12:39:51.396404 14832 ts_tablet_manager.cc:531] Time spent load tablet metadata: real 0.000s	user 0.000s	sys 0.000s
I20260630 12:39:51.396654 14832 ts_tablet_manager.cc:616] Registered 0 tablets
I20260630 12:39:51.396857 14832 ts_tablet_manager.cc:595] Time spent register tablets: real 0.000s	user 0.000s	sys 0.000s
I20260630 12:39:51.460741 14832 rpc_server.cc:307] RPC server started. Bound to: 127.14.124.5:37131
I20260630 12:39:51.460815 19891 acceptor_pool.cc:272] collecting diagnostics on the listening RPC socket 127.14.124.5:37131 every 8 connection(s)
I20260630 12:39:51.467715 14832 file_cache.cc:492] Constructed file cache file cache with capacity 419430
W20260630 12:39:51.477620 19895 instance_detector.cc:116] could not retrieve AWS instance metadata: Network error: curl error: HTTP response code said error: The requested URL returned error: 404
I20260630 12:39:51.478718 19892 heartbeater.cc:344] Connected to a master server at 127.14.124.62:37175
I20260630 12:39:51.479245 19892 heartbeater.cc:461] Registering TS with master...
I20260630 12:39:51.480188 19892 heartbeater.cc:507] Master 127.14.124.62:37175 requested a full tablet report, sending...
I20260630 12:39:51.482600 19248 ts_manager.cc:194] Registered new tserver with Master: a6190de531e3418ab578b7af8b44f8a2 (127.14.124.5:37131)
I20260630 12:39:51.484409 19248 master_service.cc:502] Signed X509 certificate for tserver {username='slave'} at 127.0.0.1:52678
W20260630 12:39:51.488718 19896 instance_detector.cc:116] could not retrieve Azure instance metadata: Network error: curl error: HTTP response code said error: The requested URL returned error: 404
W20260630 12:39:51.489296 19898 instance_detector.cc:116] could not retrieve OpenStack instance metadata: Network error: curl error: HTTP response code said error: The requested URL returned error: 404
I20260630 12:39:51.491015 14832 server_base.cc:1061] running on GCE node
I20260630 12:39:51.491887 14832 hybrid_clock.cc:584] initializing the hybrid clock with 'system_unsync' time source
W20260630 12:39:51.492081 14832 system_unsync_time.cc:38] NTP support is disabled. Clock error bounds will not be accurate. This configuration is not suitable for distributed clusters.
I20260630 12:39:51.492280 14832 hybrid_clock.cc:648] HybridClock initialized: now 1782823191492262 us; error 0 us; skew 500 ppm
I20260630 12:39:51.492774 14832 server_base.cc:861] Flag tcmalloc_max_total_thread_cache_bytes is not working since tcmalloc is not enabled.
I20260630 12:39:51.495841 14832 webserver.cc:533] Webserver started at http://127.14.124.6:41565/ using document root <none> and password file <none>
I20260630 12:39:51.496286 14832 fs_manager.cc:362] Metadata directory not provided
I20260630 12:39:51.496474 14832 fs_manager.cc:368] Using write-ahead log directory (fs_wal_dir) as metadata directory
I20260630 12:39:51.496731 14832 server_base.cc:909] This appears to be a new deployment of Kudu; creating new FS layout
I20260630 12:39:51.497805 14832 fs_manager.cc:1068] Generated new instance metadata in path /tmp/dist-test-task8OtEWV/test-tmp/auto_rebalancer-test.0.AutoRebalancerTest.TestMaxMovesPerServer.1782823062473677-14832-0/minicluster-data/ts-5-root/instance:
uuid: "e39b394932ac4a01bd728ca42870a122"
format_stamp: "Formatted at 2026-06-30 12:39:51 on dist-test-slave-4tk3"
I20260630 12:39:51.503011 14832 fs_manager.cc:696] Time spent creating directory manager: real 0.005s	user 0.003s	sys 0.002s
I20260630 12:39:51.506716 19903 log_block_manager.cc:4031] Time spent loading block containers with low live blocks: real 0.000s	user 0.000s	sys 0.000s
I20260630 12:39:51.507488 14832 fs_manager.cc:730] Time spent opening block manager: real 0.002s	user 0.001s	sys 0.000s
I20260630 12:39:51.507824 14832 fs_manager.cc:647] Opened local filesystem: /tmp/dist-test-task8OtEWV/test-tmp/auto_rebalancer-test.0.AutoRebalancerTest.TestMaxMovesPerServer.1782823062473677-14832-0/minicluster-data/ts-5-root
uuid: "e39b394932ac4a01bd728ca42870a122"
format_stamp: "Formatted at 2026-06-30 12:39:51 on dist-test-slave-4tk3"
I20260630 12:39:51.508193 14832 fs_report.cc:389] FS layout report
--------------------
wal directory: /tmp/dist-test-task8OtEWV/test-tmp/auto_rebalancer-test.0.AutoRebalancerTest.TestMaxMovesPerServer.1782823062473677-14832-0/minicluster-data/ts-5-root
metadata directory: /tmp/dist-test-task8OtEWV/test-tmp/auto_rebalancer-test.0.AutoRebalancerTest.TestMaxMovesPerServer.1782823062473677-14832-0/minicluster-data/ts-5-root
1 data directories: /tmp/dist-test-task8OtEWV/test-tmp/auto_rebalancer-test.0.AutoRebalancerTest.TestMaxMovesPerServer.1782823062473677-14832-0/minicluster-data/ts-5-root/data
Total live blocks: 0
Total live bytes: 0
Total live bytes (after alignment): 0
Total number of LBM containers: 0 (0 full)
Did not check for missing blocks
Did not check for orphaned blocks
Total full LBM containers with extra space: 0 (0 repaired)
Total full LBM container extra space in bytes: 0 (0 repaired)
Total incomplete LBM containers: 0 (0 repaired)
Total LBM partial records: 0 (0 repaired)
Total corrupted LBM metadata records in RocksDB: 0 (0 repaired)
I20260630 12:39:51.528751 14832 rpc_server.cc:225] running with OpenSSL 1.1.1  11 Sep 2018
I20260630 12:39:51.530287 14832 kserver.cc:163] Server-wide thread pool size limit: 3276
I20260630 12:39:51.532126 14832 txn_system_client.cc:432] TxnSystemClient initialization is disabled...
I20260630 12:39:51.535259 14832 ts_tablet_manager.cc:585] Loaded tablet metadata (0 total tablets, 0 live tablets)
I20260630 12:39:51.535456 14832 ts_tablet_manager.cc:531] Time spent load tablet metadata: real 0.000s	user 0.000s	sys 0.000s
I20260630 12:39:51.535666 14832 ts_tablet_manager.cc:616] Registered 0 tablets
I20260630 12:39:51.535838 14832 ts_tablet_manager.cc:595] Time spent register tablets: real 0.000s	user 0.000s	sys 0.000s
I20260630 12:39:51.615548 14832 rpc_server.cc:307] RPC server started. Bound to: 127.14.124.6:38261
I20260630 12:39:51.615640 19965 acceptor_pool.cc:272] collecting diagnostics on the listening RPC socket 127.14.124.6:38261 every 8 connection(s)
I20260630 12:39:51.633291 19966 heartbeater.cc:344] Connected to a master server at 127.14.124.62:37175
I20260630 12:39:51.633677 19966 heartbeater.cc:461] Registering TS with master...
I20260630 12:39:51.634320 19966 heartbeater.cc:507] Master 127.14.124.62:37175 requested a full tablet report, sending...
I20260630 12:39:51.636178 19248 ts_manager.cc:194] Registered new tserver with Master: e39b394932ac4a01bd728ca42870a122 (127.14.124.6:38261)
I20260630 12:39:51.637837 19248 master_service.cc:502] Signed X509 certificate for tserver {username='slave'} at 127.0.0.1:52680
I20260630 12:39:51.947947 19499 consensus_queue.cc:237] T ef82bf8c69a245528d165dbd274da713 P 27d5ad0bd49a44b2962d27892a0f4b25 [LEADER]: Queue going to LEADER mode. State: All replicated index: 0, Majority replicated index: 26, Committed index: 26, Last appended: 1.26, Last appended by leader: 0, Current term: 1, Majority size: 2, State: 0, Mode: LEADER, active raft config: opid_index: 27 OBSOLETE_local: false peers { permanent_uuid: "423cf382026a4bf5baf3e38377fd9888" member_type: VOTER last_known_addr { host: "127.14.124.1" port: 38201 } attrs { replace: true } } peers { permanent_uuid: "07df4479d0bf4bd3b57ca534ded48c28" member_type: VOTER last_known_addr { host: "127.14.124.2" port: 34971 } } peers { permanent_uuid: "27d5ad0bd49a44b2962d27892a0f4b25" member_type: VOTER last_known_addr { host: "127.14.124.3" port: 42247 } } peers { permanent_uuid: "892afdf3e1c84674b3f6eff4517ab193" member_type: NON_VOTER last_known_addr { host: "127.14.124.4" port: 38983 } attrs { promote: true } }
I20260630 12:39:51.954542 19426 raft_consensus.cc:1275] T ef82bf8c69a245528d165dbd274da713 P 07df4479d0bf4bd3b57ca534ded48c28 [term 1 FOLLOWER]: Refusing update from remote peer 27d5ad0bd49a44b2962d27892a0f4b25: Log matching property violated. Preceding OpId in replica: term: 1 index: 26. Preceding OpId from leader: term: 1 index: 27. (index mismatch)
I20260630 12:39:51.956489 19348 raft_consensus.cc:1275] T ef82bf8c69a245528d165dbd274da713 P 423cf382026a4bf5baf3e38377fd9888 [term 1 FOLLOWER]: Refusing update from remote peer 27d5ad0bd49a44b2962d27892a0f4b25: Log matching property violated. Preceding OpId in replica: term: 1 index: 26. Preceding OpId from leader: term: 1 index: 27. (index mismatch)
I20260630 12:39:51.958992 19696 consensus_queue.cc:1048] T ef82bf8c69a245528d165dbd274da713 P 27d5ad0bd49a44b2962d27892a0f4b25 [LEADER]: Connected to new peer: Peer: permanent_uuid: "07df4479d0bf4bd3b57ca534ded48c28" member_type: VOTER last_known_addr { host: "127.14.124.2" port: 34971 }, Status: LMP_MISMATCH, Last received: 0.0, Next index: 27, Last known committed idx: 26, Time since last communication: 0.000s
I20260630 12:39:51.960876 19696 consensus_queue.cc:1048] T ef82bf8c69a245528d165dbd274da713 P 27d5ad0bd49a44b2962d27892a0f4b25 [LEADER]: Connected to new peer: Peer: permanent_uuid: "423cf382026a4bf5baf3e38377fd9888" member_type: VOTER last_known_addr { host: "127.14.124.1" port: 38201 } attrs { replace: true }, Status: LMP_MISMATCH, Last received: 0.0, Next index: 27, Last known committed idx: 26, Time since last communication: 0.004s
I20260630 12:39:51.968746 19696 raft_consensus.cc:2955] T ef82bf8c69a245528d165dbd274da713 P 27d5ad0bd49a44b2962d27892a0f4b25 [term 1 LEADER]: Committing config change with OpId 1.27: config changed from index -1 to 27, NON_VOTER 892afdf3e1c84674b3f6eff4517ab193 (127.14.124.4) added. New config: { opid_index: 27 OBSOLETE_local: false peers { permanent_uuid: "423cf382026a4bf5baf3e38377fd9888" member_type: VOTER last_known_addr { host: "127.14.124.1" port: 38201 } attrs { replace: true } } peers { permanent_uuid: "07df4479d0bf4bd3b57ca534ded48c28" member_type: VOTER last_known_addr { host: "127.14.124.2" port: 34971 } } peers { permanent_uuid: "27d5ad0bd49a44b2962d27892a0f4b25" member_type: VOTER last_known_addr { host: "127.14.124.3" port: 42247 } } peers { permanent_uuid: "892afdf3e1c84674b3f6eff4517ab193" member_type: NON_VOTER last_known_addr { host: "127.14.124.4" port: 38983 } attrs { promote: true } } }
W20260630 12:39:51.982482 19466 consensus_peers.cc:597] T ef82bf8c69a245528d165dbd274da713 P 27d5ad0bd49a44b2962d27892a0f4b25 -> Peer 892afdf3e1c84674b3f6eff4517ab193 (127.14.124.4:38983): Couldn't send request to peer 892afdf3e1c84674b3f6eff4517ab193. Error code: TABLET_NOT_FOUND (6). Status: Not found: Tablet not found: ef82bf8c69a245528d165dbd274da713. This is attempt 1: this message will repeat every 5th retry.
I20260630 12:39:51.981374 19426 raft_consensus.cc:2955] T ef82bf8c69a245528d165dbd274da713 P 07df4479d0bf4bd3b57ca534ded48c28 [term 1 FOLLOWER]: Committing config change with OpId 1.27: config changed from index -1 to 27, NON_VOTER 892afdf3e1c84674b3f6eff4517ab193 (127.14.124.4) added. New config: { opid_index: 27 OBSOLETE_local: false peers { permanent_uuid: "423cf382026a4bf5baf3e38377fd9888" member_type: VOTER last_known_addr { host: "127.14.124.1" port: 38201 } attrs { replace: true } } peers { permanent_uuid: "07df4479d0bf4bd3b57ca534ded48c28" member_type: VOTER last_known_addr { host: "127.14.124.2" port: 34971 } } peers { permanent_uuid: "27d5ad0bd49a44b2962d27892a0f4b25" member_type: VOTER last_known_addr { host: "127.14.124.3" port: 42247 } } peers { permanent_uuid: "892afdf3e1c84674b3f6eff4517ab193" member_type: NON_VOTER last_known_addr { host: "127.14.124.4" port: 38983 } attrs { promote: true } } }
I20260630 12:39:51.985584 19348 raft_consensus.cc:2955] T ef82bf8c69a245528d165dbd274da713 P 423cf382026a4bf5baf3e38377fd9888 [term 1 FOLLOWER]: Committing config change with OpId 1.27: config changed from index -1 to 27, NON_VOTER 892afdf3e1c84674b3f6eff4517ab193 (127.14.124.4) added. New config: { opid_index: 27 OBSOLETE_local: false peers { permanent_uuid: "423cf382026a4bf5baf3e38377fd9888" member_type: VOTER last_known_addr { host: "127.14.124.1" port: 38201 } attrs { replace: true } } peers { permanent_uuid: "07df4479d0bf4bd3b57ca534ded48c28" member_type: VOTER last_known_addr { host: "127.14.124.2" port: 34971 } } peers { permanent_uuid: "27d5ad0bd49a44b2962d27892a0f4b25" member_type: VOTER last_known_addr { host: "127.14.124.3" port: 42247 } } peers { permanent_uuid: "892afdf3e1c84674b3f6eff4517ab193" member_type: NON_VOTER last_known_addr { host: "127.14.124.4" port: 38983 } attrs { promote: true } } }
I20260630 12:39:52.005923 19499 consensus_queue.cc:237] T e198f392add14fe2bf4a2f5ccc2fc328 P 27d5ad0bd49a44b2962d27892a0f4b25 [LEADER]: Queue going to LEADER mode. State: All replicated index: 0, Majority replicated index: 26, Committed index: 26, Last appended: 1.26, Last appended by leader: 0, Current term: 1, Majority size: 2, State: 0, Mode: LEADER, active raft config: opid_index: 27 OBSOLETE_local: false peers { permanent_uuid: "423cf382026a4bf5baf3e38377fd9888" member_type: VOTER last_known_addr { host: "127.14.124.1" port: 38201 } } peers { permanent_uuid: "07df4479d0bf4bd3b57ca534ded48c28" member_type: VOTER last_known_addr { host: "127.14.124.2" port: 34971 } attrs { replace: true } } peers { permanent_uuid: "27d5ad0bd49a44b2962d27892a0f4b25" member_type: VOTER last_known_addr { host: "127.14.124.3" port: 42247 } } peers { permanent_uuid: "e39b394932ac4a01bd728ca42870a122" member_type: NON_VOTER last_known_addr { host: "127.14.124.6" port: 38261 } attrs { promote: true } }
I20260630 12:39:52.002280 19248 catalog_manager.cc:5697] T ef82bf8c69a245528d165dbd274da713 P 423cf382026a4bf5baf3e38377fd9888 reported cstate change: config changed from index -1 to 27, NON_VOTER 892afdf3e1c84674b3f6eff4517ab193 (127.14.124.4) added. New cstate: current_term: 1 leader_uuid: "27d5ad0bd49a44b2962d27892a0f4b25" committed_config { opid_index: 27 OBSOLETE_local: false peers { permanent_uuid: "423cf382026a4bf5baf3e38377fd9888" member_type: VOTER last_known_addr { host: "127.14.124.1" port: 38201 } attrs { replace: true } } peers { permanent_uuid: "07df4479d0bf4bd3b57ca534ded48c28" member_type: VOTER last_known_addr { host: "127.14.124.2" port: 34971 } } peers { permanent_uuid: "27d5ad0bd49a44b2962d27892a0f4b25" member_type: VOTER last_known_addr { host: "127.14.124.3" port: 42247 } } peers { permanent_uuid: "892afdf3e1c84674b3f6eff4517ab193" member_type: NON_VOTER last_known_addr { host: "127.14.124.4" port: 38983 } attrs { promote: true } } }
I20260630 12:39:52.014699 19426 raft_consensus.cc:1275] T e198f392add14fe2bf4a2f5ccc2fc328 P 07df4479d0bf4bd3b57ca534ded48c28 [term 1 FOLLOWER]: Refusing update from remote peer 27d5ad0bd49a44b2962d27892a0f4b25: Log matching property violated. Preceding OpId in replica: term: 1 index: 26. Preceding OpId from leader: term: 1 index: 27. (index mismatch)
I20260630 12:39:52.015156 19348 raft_consensus.cc:1275] T e198f392add14fe2bf4a2f5ccc2fc328 P 423cf382026a4bf5baf3e38377fd9888 [term 1 FOLLOWER]: Refusing update from remote peer 27d5ad0bd49a44b2962d27892a0f4b25: Log matching property violated. Preceding OpId in replica: term: 1 index: 26. Preceding OpId from leader: term: 1 index: 27. (index mismatch)
I20260630 12:39:52.016158 19696 consensus_queue.cc:1048] T e198f392add14fe2bf4a2f5ccc2fc328 P 27d5ad0bd49a44b2962d27892a0f4b25 [LEADER]: Connected to new peer: Peer: permanent_uuid: "07df4479d0bf4bd3b57ca534ded48c28" member_type: VOTER last_known_addr { host: "127.14.124.2" port: 34971 } attrs { replace: true }, Status: LMP_MISMATCH, Last received: 0.0, Next index: 27, Last known committed idx: 26, Time since last communication: 0.000s
I20260630 12:39:52.017324 19975 consensus_queue.cc:1048] T e198f392add14fe2bf4a2f5ccc2fc328 P 27d5ad0bd49a44b2962d27892a0f4b25 [LEADER]: Connected to new peer: Peer: permanent_uuid: "423cf382026a4bf5baf3e38377fd9888" member_type: VOTER last_known_addr { host: "127.14.124.1" port: 38201 }, Status: LMP_MISMATCH, Last received: 0.0, Next index: 27, Last known committed idx: 26, Time since last communication: 0.001s
I20260630 12:39:52.025871 19975 raft_consensus.cc:2955] T e198f392add14fe2bf4a2f5ccc2fc328 P 27d5ad0bd49a44b2962d27892a0f4b25 [term 1 LEADER]: Committing config change with OpId 1.27: config changed from index -1 to 27, NON_VOTER e39b394932ac4a01bd728ca42870a122 (127.14.124.6) added. New config: { opid_index: 27 OBSOLETE_local: false peers { permanent_uuid: "423cf382026a4bf5baf3e38377fd9888" member_type: VOTER last_known_addr { host: "127.14.124.1" port: 38201 } } peers { permanent_uuid: "07df4479d0bf4bd3b57ca534ded48c28" member_type: VOTER last_known_addr { host: "127.14.124.2" port: 34971 } attrs { replace: true } } peers { permanent_uuid: "27d5ad0bd49a44b2962d27892a0f4b25" member_type: VOTER last_known_addr { host: "127.14.124.3" port: 42247 } } peers { permanent_uuid: "e39b394932ac4a01bd728ca42870a122" member_type: NON_VOTER last_known_addr { host: "127.14.124.6" port: 38261 } attrs { promote: true } } }
I20260630 12:39:52.029479 19348 raft_consensus.cc:2955] T e198f392add14fe2bf4a2f5ccc2fc328 P 423cf382026a4bf5baf3e38377fd9888 [term 1 FOLLOWER]: Committing config change with OpId 1.27: config changed from index -1 to 27, NON_VOTER e39b394932ac4a01bd728ca42870a122 (127.14.124.6) added. New config: { opid_index: 27 OBSOLETE_local: false peers { permanent_uuid: "423cf382026a4bf5baf3e38377fd9888" member_type: VOTER last_known_addr { host: "127.14.124.1" port: 38201 } } peers { permanent_uuid: "07df4479d0bf4bd3b57ca534ded48c28" member_type: VOTER last_known_addr { host: "127.14.124.2" port: 34971 } attrs { replace: true } } peers { permanent_uuid: "27d5ad0bd49a44b2962d27892a0f4b25" member_type: VOTER last_known_addr { host: "127.14.124.3" port: 42247 } } peers { permanent_uuid: "e39b394932ac4a01bd728ca42870a122" member_type: NON_VOTER last_known_addr { host: "127.14.124.6" port: 38261 } attrs { promote: true } } }
I20260630 12:39:52.038535 19428 raft_consensus.cc:2955] T e198f392add14fe2bf4a2f5ccc2fc328 P 07df4479d0bf4bd3b57ca534ded48c28 [term 1 FOLLOWER]: Committing config change with OpId 1.27: config changed from index -1 to 27, NON_VOTER e39b394932ac4a01bd728ca42870a122 (127.14.124.6) added. New config: { opid_index: 27 OBSOLETE_local: false peers { permanent_uuid: "423cf382026a4bf5baf3e38377fd9888" member_type: VOTER last_known_addr { host: "127.14.124.1" port: 38201 } } peers { permanent_uuid: "07df4479d0bf4bd3b57ca534ded48c28" member_type: VOTER last_known_addr { host: "127.14.124.2" port: 34971 } attrs { replace: true } } peers { permanent_uuid: "27d5ad0bd49a44b2962d27892a0f4b25" member_type: VOTER last_known_addr { host: "127.14.124.3" port: 42247 } } peers { permanent_uuid: "e39b394932ac4a01bd728ca42870a122" member_type: NON_VOTER last_known_addr { host: "127.14.124.6" port: 38261 } attrs { promote: true } } }
W20260630 12:39:52.045838 19465 consensus_peers.cc:597] T e198f392add14fe2bf4a2f5ccc2fc328 P 27d5ad0bd49a44b2962d27892a0f4b25 -> Peer e39b394932ac4a01bd728ca42870a122 (127.14.124.6:38261): Couldn't send request to peer e39b394932ac4a01bd728ca42870a122. Error code: TABLET_NOT_FOUND (6). Status: Not found: Tablet not found: e198f392add14fe2bf4a2f5ccc2fc328. This is attempt 1: this message will repeat every 5th retry.
I20260630 12:39:52.064579 19243 catalog_manager.cc:5697] T e198f392add14fe2bf4a2f5ccc2fc328 P 07df4479d0bf4bd3b57ca534ded48c28 reported cstate change: config changed from index -1 to 27, NON_VOTER e39b394932ac4a01bd728ca42870a122 (127.14.124.6) added. New cstate: current_term: 1 leader_uuid: "27d5ad0bd49a44b2962d27892a0f4b25" committed_config { opid_index: 27 OBSOLETE_local: false peers { permanent_uuid: "423cf382026a4bf5baf3e38377fd9888" member_type: VOTER last_known_addr { host: "127.14.124.1" port: 38201 } } peers { permanent_uuid: "07df4479d0bf4bd3b57ca534ded48c28" member_type: VOTER last_known_addr { host: "127.14.124.2" port: 34971 } attrs { replace: true } } peers { permanent_uuid: "27d5ad0bd49a44b2962d27892a0f4b25" member_type: VOTER last_known_addr { host: "127.14.124.3" port: 42247 } } peers { permanent_uuid: "e39b394932ac4a01bd728ca42870a122" member_type: NON_VOTER last_known_addr { host: "127.14.124.6" port: 38261 } attrs { promote: true } } }
I20260630 12:39:52.075245 19348 consensus_queue.cc:237] T b5e0a5e5df404dc6a83fafbea06347a1 P 423cf382026a4bf5baf3e38377fd9888 [LEADER]: Queue going to LEADER mode. State: All replicated index: 0, Majority replicated index: 26, Committed index: 26, Last appended: 1.26, Last appended by leader: 0, Current term: 1, Majority size: 2, State: 0, Mode: LEADER, active raft config: opid_index: 27 OBSOLETE_local: false peers { permanent_uuid: "27d5ad0bd49a44b2962d27892a0f4b25" member_type: VOTER last_known_addr { host: "127.14.124.3" port: 42247 } attrs { replace: true } } peers { permanent_uuid: "423cf382026a4bf5baf3e38377fd9888" member_type: VOTER last_known_addr { host: "127.14.124.1" port: 38201 } } peers { permanent_uuid: "07df4479d0bf4bd3b57ca534ded48c28" member_type: VOTER last_known_addr { host: "127.14.124.2" port: 34971 } } peers { permanent_uuid: "a6190de531e3418ab578b7af8b44f8a2" member_type: NON_VOTER last_known_addr { host: "127.14.124.5" port: 37131 } attrs { promote: true } }
I20260630 12:39:52.094826 19499 raft_consensus.cc:1275] T b5e0a5e5df404dc6a83fafbea06347a1 P 27d5ad0bd49a44b2962d27892a0f4b25 [term 1 FOLLOWER]: Refusing update from remote peer 423cf382026a4bf5baf3e38377fd9888: Log matching property violated. Preceding OpId in replica: term: 1 index: 26. Preceding OpId from leader: term: 1 index: 27. (index mismatch)
I20260630 12:39:52.096458 19983 consensus_queue.cc:1048] T b5e0a5e5df404dc6a83fafbea06347a1 P 423cf382026a4bf5baf3e38377fd9888 [LEADER]: Connected to new peer: Peer: permanent_uuid: "27d5ad0bd49a44b2962d27892a0f4b25" member_type: VOTER last_known_addr { host: "127.14.124.3" port: 42247 } attrs { replace: true }, Status: LMP_MISMATCH, Last received: 0.0, Next index: 27, Last known committed idx: 26, Time since last communication: 0.001s
I20260630 12:39:52.098472 19428 raft_consensus.cc:1275] T b5e0a5e5df404dc6a83fafbea06347a1 P 07df4479d0bf4bd3b57ca534ded48c28 [term 1 FOLLOWER]: Refusing update from remote peer 423cf382026a4bf5baf3e38377fd9888: Log matching property violated. Preceding OpId in replica: term: 1 index: 26. Preceding OpId from leader: term: 1 index: 27. (index mismatch)
I20260630 12:39:52.099732 19983 consensus_queue.cc:1048] T b5e0a5e5df404dc6a83fafbea06347a1 P 423cf382026a4bf5baf3e38377fd9888 [LEADER]: Connected to new peer: Peer: permanent_uuid: "07df4479d0bf4bd3b57ca534ded48c28" member_type: VOTER last_known_addr { host: "127.14.124.2" port: 34971 }, Status: LMP_MISMATCH, Last received: 0.0, Next index: 27, Last known committed idx: 26, Time since last communication: 0.000s
I20260630 12:39:52.107781 19721 raft_consensus.cc:2955] T b5e0a5e5df404dc6a83fafbea06347a1 P 423cf382026a4bf5baf3e38377fd9888 [term 1 LEADER]: Committing config change with OpId 1.27: config changed from index -1 to 27, NON_VOTER a6190de531e3418ab578b7af8b44f8a2 (127.14.124.5) added. New config: { opid_index: 27 OBSOLETE_local: false peers { permanent_uuid: "27d5ad0bd49a44b2962d27892a0f4b25" member_type: VOTER last_known_addr { host: "127.14.124.3" port: 42247 } attrs { replace: true } } peers { permanent_uuid: "423cf382026a4bf5baf3e38377fd9888" member_type: VOTER last_known_addr { host: "127.14.124.1" port: 38201 } } peers { permanent_uuid: "07df4479d0bf4bd3b57ca534ded48c28" member_type: VOTER last_known_addr { host: "127.14.124.2" port: 34971 } } peers { permanent_uuid: "a6190de531e3418ab578b7af8b44f8a2" member_type: NON_VOTER last_known_addr { host: "127.14.124.5" port: 37131 } attrs { promote: true } } }
I20260630 12:39:52.111651 19428 raft_consensus.cc:2955] T b5e0a5e5df404dc6a83fafbea06347a1 P 07df4479d0bf4bd3b57ca534ded48c28 [term 1 FOLLOWER]: Committing config change with OpId 1.27: config changed from index -1 to 27, NON_VOTER a6190de531e3418ab578b7af8b44f8a2 (127.14.124.5) added. New config: { opid_index: 27 OBSOLETE_local: false peers { permanent_uuid: "27d5ad0bd49a44b2962d27892a0f4b25" member_type: VOTER last_known_addr { host: "127.14.124.3" port: 42247 } attrs { replace: true } } peers { permanent_uuid: "423cf382026a4bf5baf3e38377fd9888" member_type: VOTER last_known_addr { host: "127.14.124.1" port: 38201 } } peers { permanent_uuid: "07df4479d0bf4bd3b57ca534ded48c28" member_type: VOTER last_known_addr { host: "127.14.124.2" port: 34971 } } peers { permanent_uuid: "a6190de531e3418ab578b7af8b44f8a2" member_type: NON_VOTER last_known_addr { host: "127.14.124.5" port: 37131 } attrs { promote: true } } }
W20260630 12:39:52.113418 19318 consensus_peers.cc:597] T b5e0a5e5df404dc6a83fafbea06347a1 P 423cf382026a4bf5baf3e38377fd9888 -> Peer a6190de531e3418ab578b7af8b44f8a2 (127.14.124.5:37131): Couldn't send request to peer a6190de531e3418ab578b7af8b44f8a2. Error code: TABLET_NOT_FOUND (6). Status: Not found: Tablet not found: b5e0a5e5df404dc6a83fafbea06347a1. This is attempt 1: this message will repeat every 5th retry.
I20260630 12:39:52.124213 19248 catalog_manager.cc:5697] T b5e0a5e5df404dc6a83fafbea06347a1 P 423cf382026a4bf5baf3e38377fd9888 reported cstate change: config changed from index -1 to 27, NON_VOTER a6190de531e3418ab578b7af8b44f8a2 (127.14.124.5) added. New cstate: current_term: 1 leader_uuid: "423cf382026a4bf5baf3e38377fd9888" committed_config { opid_index: 27 OBSOLETE_local: false peers { permanent_uuid: "27d5ad0bd49a44b2962d27892a0f4b25" member_type: VOTER last_known_addr { host: "127.14.124.3" port: 42247 } attrs { replace: true } health_report { overall_health: UNKNOWN } } peers { permanent_uuid: "423cf382026a4bf5baf3e38377fd9888" member_type: VOTER last_known_addr { host: "127.14.124.1" port: 38201 } health_report { overall_health: HEALTHY } } peers { permanent_uuid: "07df4479d0bf4bd3b57ca534ded48c28" member_type: VOTER last_known_addr { host: "127.14.124.2" port: 34971 } health_report { overall_health: HEALTHY } } peers { permanent_uuid: "a6190de531e3418ab578b7af8b44f8a2" member_type: NON_VOTER last_known_addr { host: "127.14.124.5" port: 37131 } attrs { promote: true } health_report { overall_health: UNKNOWN } } }
I20260630 12:39:52.125813 19501 consensus_queue.cc:237] T 924109f35426425490e060e40f876323 P 27d5ad0bd49a44b2962d27892a0f4b25 [LEADER]: Queue going to LEADER mode. State: All replicated index: 0, Majority replicated index: 25, Committed index: 25, Last appended: 1.25, Last appended by leader: 0, Current term: 1, Majority size: 2, State: 0, Mode: LEADER, active raft config: opid_index: 26 OBSOLETE_local: false peers { permanent_uuid: "423cf382026a4bf5baf3e38377fd9888" member_type: VOTER last_known_addr { host: "127.14.124.1" port: 38201 } } peers { permanent_uuid: "07df4479d0bf4bd3b57ca534ded48c28" member_type: VOTER last_known_addr { host: "127.14.124.2" port: 34971 } attrs { replace: true } } peers { permanent_uuid: "27d5ad0bd49a44b2962d27892a0f4b25" member_type: VOTER last_known_addr { host: "127.14.124.3" port: 42247 } } peers { permanent_uuid: "e39b394932ac4a01bd728ca42870a122" member_type: NON_VOTER last_known_addr { host: "127.14.124.6" port: 38261 } attrs { promote: true } }
I20260630 12:39:52.133709 19348 raft_consensus.cc:1275] T 924109f35426425490e060e40f876323 P 423cf382026a4bf5baf3e38377fd9888 [term 1 FOLLOWER]: Refusing update from remote peer 27d5ad0bd49a44b2962d27892a0f4b25: Log matching property violated. Preceding OpId in replica: term: 1 index: 25. Preceding OpId from leader: term: 1 index: 26. (index mismatch)
W20260630 12:39:52.134603 19465 consensus_peers.cc:597] T 924109f35426425490e060e40f876323 P 27d5ad0bd49a44b2962d27892a0f4b25 -> Peer e39b394932ac4a01bd728ca42870a122 (127.14.124.6:38261): Couldn't send request to peer e39b394932ac4a01bd728ca42870a122. Error code: TABLET_NOT_FOUND (6). Status: Not found: Tablet not found: 924109f35426425490e060e40f876323. This is attempt 1: this message will repeat every 5th retry.
