I20260630 12:39:07.730893 17857 consensus_queue.cc:260] T 1c80095e0b0c42f0bc24ffb3ebe34a58 P 8bcad6c53ddb45ef993ca6e6b728027f [NON_LEADER]: Queue going to NON_LEADER mode. State: All replicated index: 0, Majority replicated index: 1, Committed index: 1, Last appended: 1.1, Last appended by leader: 1, Current term: 1, Majority size: -1, State: 0, Mode: NON_LEADER, active raft config: opid_index: -1 OBSOLETE_local: false peers { permanent_uuid: "0221846aff9e422aaca18219e5f12f79" member_type: VOTER last_known_addr { host: "127.14.124.4" port: 40887 } } peers { permanent_uuid: "8bcad6c53ddb45ef993ca6e6b728027f" member_type: VOTER last_known_addr { host: "127.14.124.1" port: 41071 } } peers { permanent_uuid: "0d21bd02aed74484a1e3b4d68653bfd4" member_type: VOTER last_known_addr { host: "127.14.124.2" port: 34773 } }
I20260630 12:39:07.732107 17857 raft_consensus.cc:3060] T 1c80095e0b0c42f0bc24ffb3ebe34a58 P 8bcad6c53ddb45ef993ca6e6b728027f [term 1 FOLLOWER]: Advancing to term 2
I20260630 12:39:07.736481 17934 raft_consensus.cc:2468] T 1c80095e0b0c42f0bc24ffb3ebe34a58 P 0d21bd02aed74484a1e3b4d68653bfd4 [term 2 FOLLOWER]: Leader election vote request: Granting yes vote for candidate 0221846aff9e422aaca18219e5f12f79 in term 2.
I20260630 12:39:07.737205 18086 raft_consensus.cc:993] T 28ec5ca37afb4dfaa117c2309e3f3308 P 8bcad6c53ddb45ef993ca6e6b728027f: : Instructing follower 0d21bd02aed74484a1e3b4d68653bfd4 to start an election
I20260630 12:39:07.737772 18119 leader_election.cc:304] T 1c80095e0b0c42f0bc24ffb3ebe34a58 P 0221846aff9e422aaca18219e5f12f79 [CANDIDATE]: Term 2 election: Election decided. Result: candidate won. Election summary: received 2 responses out of 3 voters: 2 yes votes; 0 no votes. yes voters: 0221846aff9e422aaca18219e5f12f79, 0d21bd02aed74484a1e3b4d68653bfd4; no voters: 
I20260630 12:39:07.738561 17857 raft_consensus.cc:2468] T 1c80095e0b0c42f0bc24ffb3ebe34a58 P 8bcad6c53ddb45ef993ca6e6b728027f [term 2 FOLLOWER]: Leader election vote request: Granting yes vote for candidate 0221846aff9e422aaca18219e5f12f79 in term 2.
I20260630 12:39:07.738672 18255 raft_consensus.cc:2804] T 1c80095e0b0c42f0bc24ffb3ebe34a58 P 0221846aff9e422aaca18219e5f12f79 [term 2 FOLLOWER]: Leader election won for term 2
I20260630 12:39:07.738876 18081 raft_consensus.cc:1081] T 28ec5ca37afb4dfaa117c2309e3f3308 P 8bcad6c53ddb45ef993ca6e6b728027f [term 1 LEADER]: Signalling peer 0d21bd02aed74484a1e3b4d68653bfd4 to start an election
I20260630 12:39:07.739212 18255 raft_consensus.cc:697] T 1c80095e0b0c42f0bc24ffb3ebe34a58 P 0221846aff9e422aaca18219e5f12f79 [term 2 LEADER]: Becoming Leader. State: Replica: 0221846aff9e422aaca18219e5f12f79, State: Running, Role: LEADER
I20260630 12:39:07.740072 18255 consensus_queue.cc:237] T 1c80095e0b0c42f0bc24ffb3ebe34a58 P 0221846aff9e422aaca18219e5f12f79 [LEADER]: Queue going to LEADER mode. State: All replicated index: 0, Majority replicated index: 1, Committed index: 1, Last appended: 1.1, Last appended by leader: 1, Current term: 2, Majority size: 2, State: 0, Mode: LEADER, active raft config: opid_index: -1 OBSOLETE_local: false peers { permanent_uuid: "0221846aff9e422aaca18219e5f12f79" member_type: VOTER last_known_addr { host: "127.14.124.4" port: 40887 } } peers { permanent_uuid: "8bcad6c53ddb45ef993ca6e6b728027f" member_type: VOTER last_known_addr { host: "127.14.124.1" port: 41071 } } peers { permanent_uuid: "0d21bd02aed74484a1e3b4d68653bfd4" member_type: VOTER last_known_addr { host: "127.14.124.2" port: 34773 } }
I20260630 12:39:07.741680 17934 tablet_service.cc:2044] Received Run Leader Election RPC: tablet_id: "28ec5ca37afb4dfaa117c2309e3f3308"
dest_uuid: "0d21bd02aed74484a1e3b4d68653bfd4"
 from {username='slave'} at 127.0.0.1:34598
I20260630 12:39:07.742199 17934 raft_consensus.cc:493] T 28ec5ca37afb4dfaa117c2309e3f3308 P 0d21bd02aed74484a1e3b4d68653bfd4 [term 1 FOLLOWER]: Starting forced leader election (received explicit request)
I20260630 12:39:07.743386 17934 raft_consensus.cc:3060] T 28ec5ca37afb4dfaa117c2309e3f3308 P 0d21bd02aed74484a1e3b4d68653bfd4 [term 1 FOLLOWER]: Advancing to term 2
I20260630 12:39:07.745903 17755 catalog_manager.cc:5697] T 1c80095e0b0c42f0bc24ffb3ebe34a58 P 0221846aff9e422aaca18219e5f12f79 reported cstate change: term changed from 1 to 2, leader changed from 8bcad6c53ddb45ef993ca6e6b728027f (127.14.124.1) to 0221846aff9e422aaca18219e5f12f79 (127.14.124.4). New cstate: current_term: 2 leader_uuid: "0221846aff9e422aaca18219e5f12f79" committed_config { opid_index: -1 OBSOLETE_local: false peers { permanent_uuid: "0221846aff9e422aaca18219e5f12f79" member_type: VOTER last_known_addr { host: "127.14.124.4" port: 40887 } health_report { overall_health: HEALTHY } } peers { permanent_uuid: "8bcad6c53ddb45ef993ca6e6b728027f" member_type: VOTER last_known_addr { host: "127.14.124.1" port: 41071 } health_report { overall_health: UNKNOWN } } peers { permanent_uuid: "0d21bd02aed74484a1e3b4d68653bfd4" member_type: VOTER last_known_addr { host: "127.14.124.2" port: 34773 } health_report { overall_health: UNKNOWN } } }
I20260630 12:39:07.749249 17934 raft_consensus.cc:515] T 28ec5ca37afb4dfaa117c2309e3f3308 P 0d21bd02aed74484a1e3b4d68653bfd4 [term 2 FOLLOWER]: Starting forced leader election with config: opid_index: -1 OBSOLETE_local: false peers { permanent_uuid: "0d21bd02aed74484a1e3b4d68653bfd4" member_type: VOTER last_known_addr { host: "127.14.124.2" port: 34773 } } peers { permanent_uuid: "8bcad6c53ddb45ef993ca6e6b728027f" member_type: VOTER last_known_addr { host: "127.14.124.1" port: 41071 } } peers { permanent_uuid: "e141b403deaf49ad822fa8cff0cdeee1" member_type: VOTER last_known_addr { host: "127.14.124.3" port: 45543 } }
I20260630 12:39:07.751118 17934 leader_election.cc:290] T 28ec5ca37afb4dfaa117c2309e3f3308 P 0d21bd02aed74484a1e3b4d68653bfd4 [CANDIDATE]: Term 2 election: Requested vote from peers 8bcad6c53ddb45ef993ca6e6b728027f (127.14.124.1:41071), e141b403deaf49ad822fa8cff0cdeee1 (127.14.124.3:45543)
I20260630 12:39:07.752013 17857 tablet_service.cc:1917] Received RequestConsensusVote() RPC: tablet_id: "28ec5ca37afb4dfaa117c2309e3f3308" candidate_uuid: "0d21bd02aed74484a1e3b4d68653bfd4" candidate_term: 2 candidate_status { last_received { term: 1 index: 1 } } ignore_live_leader: true dest_uuid: "8bcad6c53ddb45ef993ca6e6b728027f"
I20260630 12:39:07.752550 17857 raft_consensus.cc:3055] T 28ec5ca37afb4dfaa117c2309e3f3308 P 8bcad6c53ddb45ef993ca6e6b728027f [term 1 LEADER]: Stepping down as leader of term 1
I20260630 12:39:07.752854 17857 raft_consensus.cc:740] T 28ec5ca37afb4dfaa117c2309e3f3308 P 8bcad6c53ddb45ef993ca6e6b728027f [term 1 LEADER]: Becoming Follower/Learner. State: Replica: 8bcad6c53ddb45ef993ca6e6b728027f, State: Running, Role: LEADER
I20260630 12:39:07.753201 18007 tablet_service.cc:1917] Received RequestConsensusVote() RPC: tablet_id: "28ec5ca37afb4dfaa117c2309e3f3308" candidate_uuid: "0d21bd02aed74484a1e3b4d68653bfd4" candidate_term: 2 candidate_status { last_received { term: 1 index: 1 } } ignore_live_leader: true dest_uuid: "e141b403deaf49ad822fa8cff0cdeee1"
I20260630 12:39:07.753777 18007 raft_consensus.cc:3060] T 28ec5ca37afb4dfaa117c2309e3f3308 P e141b403deaf49ad822fa8cff0cdeee1 [term 1 FOLLOWER]: Advancing to term 2
I20260630 12:39:07.753542 17857 consensus_queue.cc:260] T 28ec5ca37afb4dfaa117c2309e3f3308 P 8bcad6c53ddb45ef993ca6e6b728027f [NON_LEADER]: Queue going to NON_LEADER mode. State: All replicated index: 0, Majority replicated index: 1, Committed index: 1, Last appended: 1.1, Last appended by leader: 1, Current term: 1, Majority size: -1, State: 0, Mode: NON_LEADER, active raft config: opid_index: -1 OBSOLETE_local: false peers { permanent_uuid: "0d21bd02aed74484a1e3b4d68653bfd4" member_type: VOTER last_known_addr { host: "127.14.124.2" port: 34773 } } peers { permanent_uuid: "8bcad6c53ddb45ef993ca6e6b728027f" member_type: VOTER last_known_addr { host: "127.14.124.1" port: 41071 } } peers { permanent_uuid: "e141b403deaf49ad822fa8cff0cdeee1" member_type: VOTER last_known_addr { host: "127.14.124.3" port: 45543 } }
I20260630 12:39:07.755368 17857 raft_consensus.cc:3060] T 28ec5ca37afb4dfaa117c2309e3f3308 P 8bcad6c53ddb45ef993ca6e6b728027f [term 1 FOLLOWER]: Advancing to term 2
I20260630 12:39:07.759368 17857 raft_consensus.cc:2468] T 28ec5ca37afb4dfaa117c2309e3f3308 P 8bcad6c53ddb45ef993ca6e6b728027f [term 2 FOLLOWER]: Leader election vote request: Granting yes vote for candidate 0d21bd02aed74484a1e3b4d68653bfd4 in term 2.
I20260630 12:39:07.760191 17898 leader_election.cc:304] T 28ec5ca37afb4dfaa117c2309e3f3308 P 0d21bd02aed74484a1e3b4d68653bfd4 [CANDIDATE]: Term 2 election: Election decided. Result: candidate won. Election summary: received 2 responses out of 3 voters: 2 yes votes; 0 no votes. yes voters: 0d21bd02aed74484a1e3b4d68653bfd4, 8bcad6c53ddb45ef993ca6e6b728027f; no voters: 
I20260630 12:39:07.760174 18007 raft_consensus.cc:2468] T 28ec5ca37afb4dfaa117c2309e3f3308 P e141b403deaf49ad822fa8cff0cdeee1 [term 2 FOLLOWER]: Leader election vote request: Granting yes vote for candidate 0d21bd02aed74484a1e3b4d68653bfd4 in term 2.
I20260630 12:39:07.760974 18060 raft_consensus.cc:2804] T 28ec5ca37afb4dfaa117c2309e3f3308 P 0d21bd02aed74484a1e3b4d68653bfd4 [term 2 FOLLOWER]: Leader election won for term 2
I20260630 12:39:07.761461 18060 raft_consensus.cc:697] T 28ec5ca37afb4dfaa117c2309e3f3308 P 0d21bd02aed74484a1e3b4d68653bfd4 [term 2 LEADER]: Becoming Leader. State: Replica: 0d21bd02aed74484a1e3b4d68653bfd4, State: Running, Role: LEADER
I20260630 12:39:07.762127 18060 consensus_queue.cc:237] T 28ec5ca37afb4dfaa117c2309e3f3308 P 0d21bd02aed74484a1e3b4d68653bfd4 [LEADER]: Queue going to LEADER mode. State: All replicated index: 0, Majority replicated index: 1, Committed index: 1, Last appended: 1.1, Last appended by leader: 1, Current term: 2, Majority size: 2, State: 0, Mode: LEADER, active raft config: opid_index: -1 OBSOLETE_local: false peers { permanent_uuid: "0d21bd02aed74484a1e3b4d68653bfd4" member_type: VOTER last_known_addr { host: "127.14.124.2" port: 34773 } } peers { permanent_uuid: "8bcad6c53ddb45ef993ca6e6b728027f" member_type: VOTER last_known_addr { host: "127.14.124.1" port: 41071 } } peers { permanent_uuid: "e141b403deaf49ad822fa8cff0cdeee1" member_type: VOTER last_known_addr { host: "127.14.124.3" port: 45543 } }
I20260630 12:39:07.768587 17755 catalog_manager.cc:5697] T 28ec5ca37afb4dfaa117c2309e3f3308 P 0d21bd02aed74484a1e3b4d68653bfd4 reported cstate change: term changed from 1 to 2, leader changed from 8bcad6c53ddb45ef993ca6e6b728027f (127.14.124.1) to 0d21bd02aed74484a1e3b4d68653bfd4 (127.14.124.2). New cstate: current_term: 2 leader_uuid: "0d21bd02aed74484a1e3b4d68653bfd4" committed_config { opid_index: -1 OBSOLETE_local: false peers { permanent_uuid: "0d21bd02aed74484a1e3b4d68653bfd4" member_type: VOTER last_known_addr { host: "127.14.124.2" port: 34773 } health_report { overall_health: HEALTHY } } peers { permanent_uuid: "8bcad6c53ddb45ef993ca6e6b728027f" member_type: VOTER last_known_addr { host: "127.14.124.1" port: 41071 } health_report { overall_health: UNKNOWN } } peers { permanent_uuid: "e141b403deaf49ad822fa8cff0cdeee1" member_type: VOTER last_known_addr { host: "127.14.124.3" port: 45543 } health_report { overall_health: UNKNOWN } } }
I20260630 12:39:07.839254 17857 raft_consensus.cc:1275] T 00ce3777339243b29e9650f95dbf1079 P 8bcad6c53ddb45ef993ca6e6b728027f [term 2 FOLLOWER]: Refusing update from remote peer 0221846aff9e422aaca18219e5f12f79: Log matching property violated. Preceding OpId in replica: term: 1 index: 1. Preceding OpId from leader: term: 2 index: 2. (index mismatch)
I20260630 12:39:07.840723 18255 consensus_queue.cc:1048] T 00ce3777339243b29e9650f95dbf1079 P 0221846aff9e422aaca18219e5f12f79 [LEADER]: Connected to new peer: Peer: permanent_uuid: "8bcad6c53ddb45ef993ca6e6b728027f" member_type: VOTER last_known_addr { host: "127.14.124.1" port: 41071 }, Status: LMP_MISMATCH, Last received: 0.0, Next index: 2, Last known committed idx: 1, Time since last communication: 0.000s
I20260630 12:39:07.855098 18007 raft_consensus.cc:1275] T 00ce3777339243b29e9650f95dbf1079 P e141b403deaf49ad822fa8cff0cdeee1 [term 2 FOLLOWER]: Refusing update from remote peer 0221846aff9e422aaca18219e5f12f79: Log matching property violated. Preceding OpId in replica: term: 1 index: 1. Preceding OpId from leader: term: 2 index: 2. (index mismatch)
I20260630 12:39:07.857368 18290 consensus_queue.cc:1048] T 00ce3777339243b29e9650f95dbf1079 P 0221846aff9e422aaca18219e5f12f79 [LEADER]: Connected to new peer: Peer: permanent_uuid: "e141b403deaf49ad822fa8cff0cdeee1" member_type: VOTER last_known_addr { host: "127.14.124.3" port: 45543 }, Status: LMP_MISMATCH, Last received: 0.0, Next index: 2, Last known committed idx: 1, Time since last communication: 0.001s
I20260630 12:39:08.002326 18292 ts_tablet_manager.cc:933] T 7c7ae96b1e0f4f0bb0a0484c1a70ea70 P 0221846aff9e422aaca18219e5f12f79: Initiating tablet copy from peer 0d21bd02aed74484a1e3b4d68653bfd4 (127.14.124.2:34773)
I20260630 12:39:08.003808 18292 tablet_copy_client.cc:323] T 7c7ae96b1e0f4f0bb0a0484c1a70ea70 P 0221846aff9e422aaca18219e5f12f79: tablet copy: Beginning tablet copy session from remote peer at address 127.14.124.2:34773
I20260630 12:39:08.005383 17944 tablet_copy_service.cc:140] P 0d21bd02aed74484a1e3b4d68653bfd4: Received BeginTabletCopySession request for tablet 7c7ae96b1e0f4f0bb0a0484c1a70ea70 from peer 0221846aff9e422aaca18219e5f12f79 ({username='slave'} at 127.0.0.1:34612)
I20260630 12:39:08.005921 17944 tablet_copy_service.cc:161] P 0d21bd02aed74484a1e3b4d68653bfd4: Beginning new tablet copy session on tablet 7c7ae96b1e0f4f0bb0a0484c1a70ea70 from peer 0221846aff9e422aaca18219e5f12f79 at {username='slave'} at 127.0.0.1:34612: session id = 0221846aff9e422aaca18219e5f12f79-7c7ae96b1e0f4f0bb0a0484c1a70ea70
I20260630 12:39:08.013026 17944 tablet_copy_source_session.cc:215] T 7c7ae96b1e0f4f0bb0a0484c1a70ea70 P 0d21bd02aed74484a1e3b4d68653bfd4: Tablet Copy: opened 0 blocks and 1 log segments
I20260630 12:39:08.015693 18292 data_dirs.cc:400] Could only allocate 1 dirs of requested 3 for tablet 7c7ae96b1e0f4f0bb0a0484c1a70ea70. 1 dirs total, 0 dirs full, 0 dirs failed
I20260630 12:39:08.025614 18292 tablet_copy_client.cc:806] T 7c7ae96b1e0f4f0bb0a0484c1a70ea70 P 0221846aff9e422aaca18219e5f12f79: tablet copy: Starting download of 0 data blocks...
I20260630 12:39:08.026096 18292 tablet_copy_client.cc:670] T 7c7ae96b1e0f4f0bb0a0484c1a70ea70 P 0221846aff9e422aaca18219e5f12f79: tablet copy: Starting download of 1 WAL segments...
I20260630 12:39:08.029492 18292 tablet_copy_client.cc:538] T 7c7ae96b1e0f4f0bb0a0484c1a70ea70 P 0221846aff9e422aaca18219e5f12f79: tablet copy: Tablet Copy complete. Replacing tablet superblock.
I20260630 12:39:08.037160 18292 tablet_bootstrap.cc:492] T 7c7ae96b1e0f4f0bb0a0484c1a70ea70 P 0221846aff9e422aaca18219e5f12f79: Bootstrap starting.
I20260630 12:39:08.049598 17934 raft_consensus.cc:1275] T 19a6a8ab8cd54397acae4f1ce40b5eae P 0d21bd02aed74484a1e3b4d68653bfd4 [term 2 FOLLOWER]: Refusing update from remote peer e141b403deaf49ad822fa8cff0cdeee1: Log matching property violated. Preceding OpId in replica: term: 1 index: 1. Preceding OpId from leader: term: 2 index: 2. (index mismatch)
I20260630 12:39:08.050885 18098 consensus_queue.cc:1048] T 19a6a8ab8cd54397acae4f1ce40b5eae P e141b403deaf49ad822fa8cff0cdeee1 [LEADER]: Connected to new peer: Peer: permanent_uuid: "0d21bd02aed74484a1e3b4d68653bfd4" member_type: VOTER last_known_addr { host: "127.14.124.2" port: 34773 }, Status: LMP_MISMATCH, Last received: 0.0, Next index: 2, Last known committed idx: 1, Time since last communication: 0.000s
I20260630 12:39:08.054663 18292 tablet_bootstrap.cc:492] T 7c7ae96b1e0f4f0bb0a0484c1a70ea70 P 0221846aff9e422aaca18219e5f12f79: Bootstrap replayed 1/1 log segments. Stats: ops{read=2 overwritten=0 applied=2 ignored=0} inserts{seen=0 ignored=0} mutations{seen=0 ignored=0} orphaned_commits=0. Pending: 0 replicates
I20260630 12:39:08.056011 18292 tablet_bootstrap.cc:492] T 7c7ae96b1e0f4f0bb0a0484c1a70ea70 P 0221846aff9e422aaca18219e5f12f79: Bootstrap complete.
I20260630 12:39:08.058079 18292 ts_tablet_manager.cc:1403] T 7c7ae96b1e0f4f0bb0a0484c1a70ea70 P 0221846aff9e422aaca18219e5f12f79: Time spent bootstrapping tablet: real 0.021s	user 0.017s	sys 0.005s
I20260630 12:39:08.061056 17857 raft_consensus.cc:1275] T 19a6a8ab8cd54397acae4f1ce40b5eae P 8bcad6c53ddb45ef993ca6e6b728027f [term 2 FOLLOWER]: Refusing update from remote peer e141b403deaf49ad822fa8cff0cdeee1: Log matching property violated. Preceding OpId in replica: term: 1 index: 1. Preceding OpId from leader: term: 2 index: 2. (index mismatch)
I20260630 12:39:08.060760 18292 raft_consensus.cc:359] T 7c7ae96b1e0f4f0bb0a0484c1a70ea70 P 0221846aff9e422aaca18219e5f12f79 [term 1 LEARNER]: Replica starting. Triggering 0 pending ops. Active config: opid_index: 2 OBSOLETE_local: false peers { permanent_uuid: "8bcad6c53ddb45ef993ca6e6b728027f" member_type: VOTER last_known_addr { host: "127.14.124.1" port: 41071 } attrs { replace: true } } peers { permanent_uuid: "0d21bd02aed74484a1e3b4d68653bfd4" member_type: VOTER last_known_addr { host: "127.14.124.2" port: 34773 } } peers { permanent_uuid: "e141b403deaf49ad822fa8cff0cdeee1" member_type: VOTER last_known_addr { host: "127.14.124.3" port: 45543 } } peers { permanent_uuid: "0221846aff9e422aaca18219e5f12f79" member_type: NON_VOTER last_known_addr { host: "127.14.124.4" port: 40887 } attrs { promote: true } }
I20260630 12:39:08.061537 18292 raft_consensus.cc:740] T 7c7ae96b1e0f4f0bb0a0484c1a70ea70 P 0221846aff9e422aaca18219e5f12f79 [term 1 LEARNER]: Becoming Follower/Learner. State: Replica: 0221846aff9e422aaca18219e5f12f79, State: Initialized, Role: LEARNER
I20260630 12:39:08.062134 18292 consensus_queue.cc:260] T 7c7ae96b1e0f4f0bb0a0484c1a70ea70 P 0221846aff9e422aaca18219e5f12f79 [NON_LEADER]: Queue going to NON_LEADER mode. State: All replicated index: 0, Majority replicated index: 0, Committed index: 2, Last appended: 1.2, Last appended by leader: 2, Current term: 0, Majority size: -1, State: 0, Mode: NON_LEADER, active raft config: opid_index: 2 OBSOLETE_local: false peers { permanent_uuid: "8bcad6c53ddb45ef993ca6e6b728027f" member_type: VOTER last_known_addr { host: "127.14.124.1" port: 41071 } attrs { replace: true } } peers { permanent_uuid: "0d21bd02aed74484a1e3b4d68653bfd4" member_type: VOTER last_known_addr { host: "127.14.124.2" port: 34773 } } peers { permanent_uuid: "e141b403deaf49ad822fa8cff0cdeee1" member_type: VOTER last_known_addr { host: "127.14.124.3" port: 45543 } } peers { permanent_uuid: "0221846aff9e422aaca18219e5f12f79" member_type: NON_VOTER last_known_addr { host: "127.14.124.4" port: 40887 } attrs { promote: true } }
I20260630 12:39:08.064306 18292 ts_tablet_manager.cc:1434] T 7c7ae96b1e0f4f0bb0a0484c1a70ea70 P 0221846aff9e422aaca18219e5f12f79: Time spent starting tablet: real 0.006s	user 0.003s	sys 0.000s
I20260630 12:39:08.065752 18098 consensus_queue.cc:1048] T 19a6a8ab8cd54397acae4f1ce40b5eae P e141b403deaf49ad822fa8cff0cdeee1 [LEADER]: Connected to new peer: Peer: permanent_uuid: "8bcad6c53ddb45ef993ca6e6b728027f" member_type: VOTER last_known_addr { host: "127.14.124.1" port: 41071 }, Status: LMP_MISMATCH, Last received: 0.0, Next index: 2, Last known committed idx: 1, Time since last communication: 0.000s
I20260630 12:39:08.067818 17944 tablet_copy_service.cc:342] P 0d21bd02aed74484a1e3b4d68653bfd4: Request end of tablet copy session 0221846aff9e422aaca18219e5f12f79-7c7ae96b1e0f4f0bb0a0484c1a70ea70 received from {username='slave'} at 127.0.0.1:34612
I20260630 12:39:08.068153 17944 tablet_copy_service.cc:434] P 0d21bd02aed74484a1e3b4d68653bfd4: ending tablet copy session 0221846aff9e422aaca18219e5f12f79-7c7ae96b1e0f4f0bb0a0484c1a70ea70 on tablet 7c7ae96b1e0f4f0bb0a0484c1a70ea70 with peer 0221846aff9e422aaca18219e5f12f79
I20260630 12:39:08.125087 18292 ts_tablet_manager.cc:933] T 15e63339b824400fa8d50dbc0c8eaf8d P 0221846aff9e422aaca18219e5f12f79: Initiating tablet copy from peer 8bcad6c53ddb45ef993ca6e6b728027f (127.14.124.1:41071)
I20260630 12:39:08.126587 18292 tablet_copy_client.cc:323] T 15e63339b824400fa8d50dbc0c8eaf8d P 0221846aff9e422aaca18219e5f12f79: tablet copy: Beginning tablet copy session from remote peer at address 127.14.124.1:41071
I20260630 12:39:08.128046 17869 tablet_copy_service.cc:140] P 8bcad6c53ddb45ef993ca6e6b728027f: Received BeginTabletCopySession request for tablet 15e63339b824400fa8d50dbc0c8eaf8d from peer 0221846aff9e422aaca18219e5f12f79 ({username='slave'} at 127.0.0.1:39294)
I20260630 12:39:08.128468 17869 tablet_copy_service.cc:161] P 8bcad6c53ddb45ef993ca6e6b728027f: Beginning new tablet copy session on tablet 15e63339b824400fa8d50dbc0c8eaf8d from peer 0221846aff9e422aaca18219e5f12f79 at {username='slave'} at 127.0.0.1:39294: session id = 0221846aff9e422aaca18219e5f12f79-15e63339b824400fa8d50dbc0c8eaf8d
I20260630 12:39:08.133836 17869 tablet_copy_source_session.cc:215] T 15e63339b824400fa8d50dbc0c8eaf8d P 8bcad6c53ddb45ef993ca6e6b728027f: Tablet Copy: opened 0 blocks and 1 log segments
I20260630 12:39:08.136096 18292 data_dirs.cc:400] Could only allocate 1 dirs of requested 3 for tablet 15e63339b824400fa8d50dbc0c8eaf8d. 1 dirs total, 0 dirs full, 0 dirs failed
I20260630 12:39:08.146282 18292 tablet_copy_client.cc:806] T 15e63339b824400fa8d50dbc0c8eaf8d P 0221846aff9e422aaca18219e5f12f79: tablet copy: Starting download of 0 data blocks...
I20260630 12:39:08.146713 18292 tablet_copy_client.cc:670] T 15e63339b824400fa8d50dbc0c8eaf8d P 0221846aff9e422aaca18219e5f12f79: tablet copy: Starting download of 1 WAL segments...
I20260630 12:39:08.149608 18292 tablet_copy_client.cc:538] T 15e63339b824400fa8d50dbc0c8eaf8d P 0221846aff9e422aaca18219e5f12f79: tablet copy: Tablet Copy complete. Replacing tablet superblock.
I20260630 12:39:08.154618 18292 tablet_bootstrap.cc:492] T 15e63339b824400fa8d50dbc0c8eaf8d P 0221846aff9e422aaca18219e5f12f79: Bootstrap starting.
I20260630 12:39:08.172816 18292 tablet_bootstrap.cc:492] T 15e63339b824400fa8d50dbc0c8eaf8d P 0221846aff9e422aaca18219e5f12f79: Bootstrap replayed 1/1 log segments. Stats: ops{read=2 overwritten=0 applied=2 ignored=0} inserts{seen=0 ignored=0} mutations{seen=0 ignored=0} orphaned_commits=0. Pending: 0 replicates
I20260630 12:39:08.173765 18292 tablet_bootstrap.cc:492] T 15e63339b824400fa8d50dbc0c8eaf8d P 0221846aff9e422aaca18219e5f12f79: Bootstrap complete.
I20260630 12:39:08.174444 18292 ts_tablet_manager.cc:1403] T 15e63339b824400fa8d50dbc0c8eaf8d P 0221846aff9e422aaca18219e5f12f79: Time spent bootstrapping tablet: real 0.020s	user 0.010s	sys 0.009s
I20260630 12:39:08.176580 18300 ts_tablet_manager.cc:933] T 9249ceec5e534f14a450eceded203855 P 0221846aff9e422aaca18219e5f12f79: Initiating tablet copy from peer 8bcad6c53ddb45ef993ca6e6b728027f (127.14.124.1:41071)
I20260630 12:39:08.177171 18292 raft_consensus.cc:359] T 15e63339b824400fa8d50dbc0c8eaf8d P 0221846aff9e422aaca18219e5f12f79 [term 1 LEARNER]: Replica starting. Triggering 0 pending ops. Active config: opid_index: 2 OBSOLETE_local: false peers { permanent_uuid: "0d21bd02aed74484a1e3b4d68653bfd4" member_type: VOTER last_known_addr { host: "127.14.124.2" port: 34773 } } peers { permanent_uuid: "8bcad6c53ddb45ef993ca6e6b728027f" member_type: VOTER last_known_addr { host: "127.14.124.1" port: 41071 } } peers { permanent_uuid: "e141b403deaf49ad822fa8cff0cdeee1" member_type: VOTER last_known_addr { host: "127.14.124.3" port: 45543 } attrs { replace: true } } peers { permanent_uuid: "0221846aff9e422aaca18219e5f12f79" member_type: NON_VOTER last_known_addr { host: "127.14.124.4" port: 40887 } attrs { promote: true } }
I20260630 12:39:08.177987 18292 raft_consensus.cc:740] T 15e63339b824400fa8d50dbc0c8eaf8d P 0221846aff9e422aaca18219e5f12f79 [term 1 LEARNER]: Becoming Follower/Learner. State: Replica: 0221846aff9e422aaca18219e5f12f79, State: Initialized, Role: LEARNER
I20260630 12:39:08.178606 18292 consensus_queue.cc:260] T 15e63339b824400fa8d50dbc0c8eaf8d P 0221846aff9e422aaca18219e5f12f79 [NON_LEADER]: Queue going to NON_LEADER mode. State: All replicated index: 0, Majority replicated index: 0, Committed index: 2, Last appended: 1.2, Last appended by leader: 2, Current term: 0, Majority size: -1, State: 0, Mode: NON_LEADER, active raft config: opid_index: 2 OBSOLETE_local: false peers { permanent_uuid: "0d21bd02aed74484a1e3b4d68653bfd4" member_type: VOTER last_known_addr { host: "127.14.124.2" port: 34773 } } peers { permanent_uuid: "8bcad6c53ddb45ef993ca6e6b728027f" member_type: VOTER last_known_addr { host: "127.14.124.1" port: 41071 } } peers { permanent_uuid: "e141b403deaf49ad822fa8cff0cdeee1" member_type: VOTER last_known_addr { host: "127.14.124.3" port: 45543 } attrs { replace: true } } peers { permanent_uuid: "0221846aff9e422aaca18219e5f12f79" member_type: NON_VOTER last_known_addr { host: "127.14.124.4" port: 40887 } attrs { promote: true } }
I20260630 12:39:08.185952 18292 ts_tablet_manager.cc:1434] T 15e63339b824400fa8d50dbc0c8eaf8d P 0221846aff9e422aaca18219e5f12f79: Time spent starting tablet: real 0.011s	user 0.007s	sys 0.000s
I20260630 12:39:08.188609 18300 tablet_copy_client.cc:323] T 9249ceec5e534f14a450eceded203855 P 0221846aff9e422aaca18219e5f12f79: tablet copy: Beginning tablet copy session from remote peer at address 127.14.124.1:41071
I20260630 12:39:08.189141 17869 tablet_copy_service.cc:342] P 8bcad6c53ddb45ef993ca6e6b728027f: Request end of tablet copy session 0221846aff9e422aaca18219e5f12f79-15e63339b824400fa8d50dbc0c8eaf8d received from {username='slave'} at 127.0.0.1:39294
I20260630 12:39:08.189535 17869 tablet_copy_service.cc:434] P 8bcad6c53ddb45ef993ca6e6b728027f: ending tablet copy session 0221846aff9e422aaca18219e5f12f79-15e63339b824400fa8d50dbc0c8eaf8d on tablet 15e63339b824400fa8d50dbc0c8eaf8d with peer 0221846aff9e422aaca18219e5f12f79
I20260630 12:39:08.191134 17869 tablet_copy_service.cc:140] P 8bcad6c53ddb45ef993ca6e6b728027f: Received BeginTabletCopySession request for tablet 9249ceec5e534f14a450eceded203855 from peer 0221846aff9e422aaca18219e5f12f79 ({username='slave'} at 127.0.0.1:39294)
I20260630 12:39:08.191584 17869 tablet_copy_service.cc:161] P 8bcad6c53ddb45ef993ca6e6b728027f: Beginning new tablet copy session on tablet 9249ceec5e534f14a450eceded203855 from peer 0221846aff9e422aaca18219e5f12f79 at {username='slave'} at 127.0.0.1:39294: session id = 0221846aff9e422aaca18219e5f12f79-9249ceec5e534f14a450eceded203855
I20260630 12:39:08.198487 17869 tablet_copy_source_session.cc:215] T 9249ceec5e534f14a450eceded203855 P 8bcad6c53ddb45ef993ca6e6b728027f: Tablet Copy: opened 0 blocks and 1 log segments
I20260630 12:39:08.200932 18300 data_dirs.cc:400] Could only allocate 1 dirs of requested 3 for tablet 9249ceec5e534f14a450eceded203855. 1 dirs total, 0 dirs full, 0 dirs failed
I20260630 12:39:08.211102 18300 tablet_copy_client.cc:806] T 9249ceec5e534f14a450eceded203855 P 0221846aff9e422aaca18219e5f12f79: tablet copy: Starting download of 0 data blocks...
I20260630 12:39:08.211575 18300 tablet_copy_client.cc:670] T 9249ceec5e534f14a450eceded203855 P 0221846aff9e422aaca18219e5f12f79: tablet copy: Starting download of 1 WAL segments...
I20260630 12:39:08.214803 18300 tablet_copy_client.cc:538] T 9249ceec5e534f14a450eceded203855 P 0221846aff9e422aaca18219e5f12f79: tablet copy: Tablet Copy complete. Replacing tablet superblock.
I20260630 12:39:08.214991 17934 raft_consensus.cc:1275] T 1c80095e0b0c42f0bc24ffb3ebe34a58 P 0d21bd02aed74484a1e3b4d68653bfd4 [term 2 FOLLOWER]: Refusing update from remote peer 0221846aff9e422aaca18219e5f12f79: Log matching property violated. Preceding OpId in replica: term: 1 index: 1. Preceding OpId from leader: term: 2 index: 2. (index mismatch)
I20260630 12:39:08.216125 18290 consensus_queue.cc:1048] T 1c80095e0b0c42f0bc24ffb3ebe34a58 P 0221846aff9e422aaca18219e5f12f79 [LEADER]: Connected to new peer: Peer: permanent_uuid: "0d21bd02aed74484a1e3b4d68653bfd4" member_type: VOTER last_known_addr { host: "127.14.124.2" port: 34773 }, Status: LMP_MISMATCH, Last received: 0.0, Next index: 2, Last known committed idx: 1, Time since last communication: 0.000s
I20260630 12:39:08.222523 18300 tablet_bootstrap.cc:492] T 9249ceec5e534f14a450eceded203855 P 0221846aff9e422aaca18219e5f12f79: Bootstrap starting.
I20260630 12:39:08.225989 17857 raft_consensus.cc:1275] T 1c80095e0b0c42f0bc24ffb3ebe34a58 P 8bcad6c53ddb45ef993ca6e6b728027f [term 2 FOLLOWER]: Refusing update from remote peer 0221846aff9e422aaca18219e5f12f79: Log matching property violated. Preceding OpId in replica: term: 1 index: 1. Preceding OpId from leader: term: 2 index: 2. (index mismatch)
I20260630 12:39:08.228466 18255 consensus_queue.cc:1048] T 1c80095e0b0c42f0bc24ffb3ebe34a58 P 0221846aff9e422aaca18219e5f12f79 [LEADER]: Connected to new peer: Peer: permanent_uuid: "8bcad6c53ddb45ef993ca6e6b728027f" member_type: VOTER last_known_addr { host: "127.14.124.1" port: 41071 }, Status: LMP_MISMATCH, Last received: 0.0, Next index: 2, Last known committed idx: 1, Time since last communication: 0.000s
I20260630 12:39:08.241765 18300 tablet_bootstrap.cc:492] T 9249ceec5e534f14a450eceded203855 P 0221846aff9e422aaca18219e5f12f79: Bootstrap replayed 1/1 log segments. Stats: ops{read=2 overwritten=0 applied=2 ignored=0} inserts{seen=0 ignored=0} mutations{seen=0 ignored=0} orphaned_commits=0. Pending: 0 replicates
I20260630 12:39:08.242578 18300 tablet_bootstrap.cc:492] T 9249ceec5e534f14a450eceded203855 P 0221846aff9e422aaca18219e5f12f79: Bootstrap complete.
I20260630 12:39:08.243196 18300 ts_tablet_manager.cc:1403] T 9249ceec5e534f14a450eceded203855 P 0221846aff9e422aaca18219e5f12f79: Time spent bootstrapping tablet: real 0.021s	user 0.008s	sys 0.012s
I20260630 12:39:08.245828 18300 raft_consensus.cc:359] T 9249ceec5e534f14a450eceded203855 P 0221846aff9e422aaca18219e5f12f79 [term 1 LEARNER]: Replica starting. Triggering 0 pending ops. Active config: opid_index: 2 OBSOLETE_local: false peers { permanent_uuid: "0d21bd02aed74484a1e3b4d68653bfd4" member_type: VOTER last_known_addr { host: "127.14.124.2" port: 34773 } attrs { replace: true } } peers { permanent_uuid: "8bcad6c53ddb45ef993ca6e6b728027f" member_type: VOTER last_known_addr { host: "127.14.124.1" port: 41071 } } peers { permanent_uuid: "e141b403deaf49ad822fa8cff0cdeee1" member_type: VOTER last_known_addr { host: "127.14.124.3" port: 45543 } } peers { permanent_uuid: "0221846aff9e422aaca18219e5f12f79" member_type: NON_VOTER last_known_addr { host: "127.14.124.4" port: 40887 } attrs { promote: true } }
I20260630 12:39:08.246606 18300 raft_consensus.cc:740] T 9249ceec5e534f14a450eceded203855 P 0221846aff9e422aaca18219e5f12f79 [term 1 LEARNER]: Becoming Follower/Learner. State: Replica: 0221846aff9e422aaca18219e5f12f79, State: Initialized, Role: LEARNER
I20260630 12:39:08.247186 18300 consensus_queue.cc:260] T 9249ceec5e534f14a450eceded203855 P 0221846aff9e422aaca18219e5f12f79 [NON_LEADER]: Queue going to NON_LEADER mode. State: All replicated index: 0, Majority replicated index: 0, Committed index: 2, Last appended: 1.2, Last appended by leader: 2, Current term: 0, Majority size: -1, State: 0, Mode: NON_LEADER, active raft config: opid_index: 2 OBSOLETE_local: false peers { permanent_uuid: "0d21bd02aed74484a1e3b4d68653bfd4" member_type: VOTER last_known_addr { host: "127.14.124.2" port: 34773 } attrs { replace: true } } peers { permanent_uuid: "8bcad6c53ddb45ef993ca6e6b728027f" member_type: VOTER last_known_addr { host: "127.14.124.1" port: 41071 } } peers { permanent_uuid: "e141b403deaf49ad822fa8cff0cdeee1" member_type: VOTER last_known_addr { host: "127.14.124.3" port: 45543 } } peers { permanent_uuid: "0221846aff9e422aaca18219e5f12f79" member_type: NON_VOTER last_known_addr { host: "127.14.124.4" port: 40887 } attrs { promote: true } }
I20260630 12:39:08.249423 18300 ts_tablet_manager.cc:1434] T 9249ceec5e534f14a450eceded203855 P 0221846aff9e422aaca18219e5f12f79: Time spent starting tablet: real 0.006s	user 0.008s	sys 0.000s
I20260630 12:39:08.251143 17869 tablet_copy_service.cc:342] P 8bcad6c53ddb45ef993ca6e6b728027f: Request end of tablet copy session 0221846aff9e422aaca18219e5f12f79-9249ceec5e534f14a450eceded203855 received from {username='slave'} at 127.0.0.1:39294
I20260630 12:39:08.251523 17869 tablet_copy_service.cc:434] P 8bcad6c53ddb45ef993ca6e6b728027f: ending tablet copy session 0221846aff9e422aaca18219e5f12f79-9249ceec5e534f14a450eceded203855 on tablet 9249ceec5e534f14a450eceded203855 with peer 0221846aff9e422aaca18219e5f12f79
I20260630 12:39:08.267874 18007 raft_consensus.cc:1275] T 28ec5ca37afb4dfaa117c2309e3f3308 P e141b403deaf49ad822fa8cff0cdeee1 [term 2 FOLLOWER]: Refusing update from remote peer 0d21bd02aed74484a1e3b4d68653bfd4: Log matching property violated. Preceding OpId in replica: term: 1 index: 1. Preceding OpId from leader: term: 2 index: 2. (index mismatch)
I20260630 12:39:08.269043 18060 consensus_queue.cc:1048] T 28ec5ca37afb4dfaa117c2309e3f3308 P 0d21bd02aed74484a1e3b4d68653bfd4 [LEADER]: Connected to new peer: Peer: permanent_uuid: "e141b403deaf49ad822fa8cff0cdeee1" member_type: VOTER last_known_addr { host: "127.14.124.3" port: 45543 }, Status: LMP_MISMATCH, Last received: 0.0, Next index: 2, Last known committed idx: 1, Time since last communication: 0.000s
I20260630 12:39:08.278829 17858 raft_consensus.cc:1275] T 28ec5ca37afb4dfaa117c2309e3f3308 P 8bcad6c53ddb45ef993ca6e6b728027f [term 2 FOLLOWER]: Refusing update from remote peer 0d21bd02aed74484a1e3b4d68653bfd4: Log matching property violated. Preceding OpId in replica: term: 1 index: 1. Preceding OpId from leader: term: 2 index: 2. (index mismatch)
I20260630 12:39:08.285178 18264 consensus_queue.cc:1048] T 28ec5ca37afb4dfaa117c2309e3f3308 P 0d21bd02aed74484a1e3b4d68653bfd4 [LEADER]: Connected to new peer: Peer: permanent_uuid: "8bcad6c53ddb45ef993ca6e6b728027f" member_type: VOTER last_known_addr { host: "127.14.124.1" port: 41071 }, Status: LMP_MISMATCH, Last received: 0.0, Next index: 2, Last known committed idx: 1, Time since last communication: 0.000s
I20260630 12:39:08.467447 18158 raft_consensus.cc:1217] T 7c7ae96b1e0f4f0bb0a0484c1a70ea70 P 0221846aff9e422aaca18219e5f12f79 [term 1 LEARNER]: Deduplicated request from leader. Original: 1.1->[1.2-1.2]   Dedup: 1.2->[]
I20260630 12:39:08.572846 18158 raft_consensus.cc:1217] T 15e63339b824400fa8d50dbc0c8eaf8d P 0221846aff9e422aaca18219e5f12f79 [term 1 LEARNER]: Deduplicated request from leader. Original: 1.1->[1.2-1.2]   Dedup: 1.2->[]
I20260630 12:39:08.660422 18158 raft_consensus.cc:1217] T 9249ceec5e534f14a450eceded203855 P 0221846aff9e422aaca18219e5f12f79 [term 1 LEARNER]: Deduplicated request from leader. Original: 1.1->[1.2-1.2]   Dedup: 1.2->[]
I20260630 12:39:08.903473 18060 raft_consensus.cc:1064] T 7c7ae96b1e0f4f0bb0a0484c1a70ea70 P 0d21bd02aed74484a1e3b4d68653bfd4: attempting to promote NON_VOTER 0221846aff9e422aaca18219e5f12f79 to VOTER
I20260630 12:39:08.905858 18060 consensus_queue.cc:237] T 7c7ae96b1e0f4f0bb0a0484c1a70ea70 P 0d21bd02aed74484a1e3b4d68653bfd4 [LEADER]: Queue going to LEADER mode. State: All replicated index: 0, Majority replicated index: 2, Committed index: 2, Last appended: 1.2, Last appended by leader: 0, Current term: 1, Majority size: 3, State: 0, Mode: LEADER, active raft config: opid_index: 3 OBSOLETE_local: false peers { permanent_uuid: "8bcad6c53ddb45ef993ca6e6b728027f" member_type: VOTER last_known_addr { host: "127.14.124.1" port: 41071 } attrs { replace: true } } peers { permanent_uuid: "0d21bd02aed74484a1e3b4d68653bfd4" member_type: VOTER last_known_addr { host: "127.14.124.2" port: 34773 } } peers { permanent_uuid: "e141b403deaf49ad822fa8cff0cdeee1" member_type: VOTER last_known_addr { host: "127.14.124.3" port: 45543 } } peers { permanent_uuid: "0221846aff9e422aaca18219e5f12f79" member_type: VOTER last_known_addr { host: "127.14.124.4" port: 40887 } attrs { promote: false } }
I20260630 12:39:08.912140 18007 raft_consensus.cc:1275] T 7c7ae96b1e0f4f0bb0a0484c1a70ea70 P e141b403deaf49ad822fa8cff0cdeee1 [term 1 FOLLOWER]: Refusing update from remote peer 0d21bd02aed74484a1e3b4d68653bfd4: Log matching property violated. Preceding OpId in replica: term: 1 index: 2. Preceding OpId from leader: term: 1 index: 3. (index mismatch)
I20260630 12:39:08.912413 18158 raft_consensus.cc:1275] T 7c7ae96b1e0f4f0bb0a0484c1a70ea70 P 0221846aff9e422aaca18219e5f12f79 [term 1 LEARNER]: Refusing update from remote peer 0d21bd02aed74484a1e3b4d68653bfd4: Log matching property violated. Preceding OpId in replica: term: 1 index: 2. Preceding OpId from leader: term: 1 index: 3. (index mismatch)
I20260630 12:39:08.913331 17858 raft_consensus.cc:1275] T 7c7ae96b1e0f4f0bb0a0484c1a70ea70 P 8bcad6c53ddb45ef993ca6e6b728027f [term 1 FOLLOWER]: Refusing update from remote peer 0d21bd02aed74484a1e3b4d68653bfd4: Log matching property violated. Preceding OpId in replica: term: 1 index: 2. Preceding OpId from leader: term: 1 index: 3. (index mismatch)
I20260630 12:39:08.913750 18264 consensus_queue.cc:1048] T 7c7ae96b1e0f4f0bb0a0484c1a70ea70 P 0d21bd02aed74484a1e3b4d68653bfd4 [LEADER]: Connected to new peer: Peer: permanent_uuid: "0221846aff9e422aaca18219e5f12f79" member_type: VOTER last_known_addr { host: "127.14.124.4" port: 40887 } attrs { promote: false }, Status: LMP_MISMATCH, Last received: 0.0, Next index: 3, Last known committed idx: 2, Time since last communication: 0.000s
I20260630 12:39:08.914647 18060 consensus_queue.cc:1048] T 7c7ae96b1e0f4f0bb0a0484c1a70ea70 P 0d21bd02aed74484a1e3b4d68653bfd4 [LEADER]: Connected to new peer: Peer: permanent_uuid: "e141b403deaf49ad822fa8cff0cdeee1" member_type: VOTER last_known_addr { host: "127.14.124.3" port: 45543 }, Status: LMP_MISMATCH, Last received: 0.0, Next index: 3, Last known committed idx: 2, Time since last communication: 0.000s
I20260630 12:39:08.915293 18307 consensus_queue.cc:1048] T 7c7ae96b1e0f4f0bb0a0484c1a70ea70 P 0d21bd02aed74484a1e3b4d68653bfd4 [LEADER]: Connected to new peer: Peer: permanent_uuid: "8bcad6c53ddb45ef993ca6e6b728027f" member_type: VOTER last_known_addr { host: "127.14.124.1" port: 41071 } attrs { replace: true }, Status: LMP_MISMATCH, Last received: 0.0, Next index: 3, Last known committed idx: 2, Time since last communication: 0.000s
I20260630 12:39:08.935869 18060 raft_consensus.cc:2955] T 7c7ae96b1e0f4f0bb0a0484c1a70ea70 P 0d21bd02aed74484a1e3b4d68653bfd4 [term 1 LEADER]: Committing config change with OpId 1.3: config changed from index 2 to 3, 0221846aff9e422aaca18219e5f12f79 (127.14.124.4) changed from NON_VOTER to VOTER. New config: { opid_index: 3 OBSOLETE_local: false peers { permanent_uuid: "8bcad6c53ddb45ef993ca6e6b728027f" member_type: VOTER last_known_addr { host: "127.14.124.1" port: 41071 } attrs { replace: true } } peers { permanent_uuid: "0d21bd02aed74484a1e3b4d68653bfd4" member_type: VOTER last_known_addr { host: "127.14.124.2" port: 34773 } } peers { permanent_uuid: "e141b403deaf49ad822fa8cff0cdeee1" member_type: VOTER last_known_addr { host: "127.14.124.3" port: 45543 } } peers { permanent_uuid: "0221846aff9e422aaca18219e5f12f79" member_type: VOTER last_known_addr { host: "127.14.124.4" port: 40887 } attrs { promote: false } } }
I20260630 12:39:08.937618 18007 raft_consensus.cc:2955] T 7c7ae96b1e0f4f0bb0a0484c1a70ea70 P e141b403deaf49ad822fa8cff0cdeee1 [term 1 FOLLOWER]: Committing config change with OpId 1.3: config changed from index 2 to 3, 0221846aff9e422aaca18219e5f12f79 (127.14.124.4) changed from NON_VOTER to VOTER. New config: { opid_index: 3 OBSOLETE_local: false peers { permanent_uuid: "8bcad6c53ddb45ef993ca6e6b728027f" member_type: VOTER last_known_addr { host: "127.14.124.1" port: 41071 } attrs { replace: true } } peers { permanent_uuid: "0d21bd02aed74484a1e3b4d68653bfd4" member_type: VOTER last_known_addr { host: "127.14.124.2" port: 34773 } } peers { permanent_uuid: "e141b403deaf49ad822fa8cff0cdeee1" member_type: VOTER last_known_addr { host: "127.14.124.3" port: 45543 } } peers { permanent_uuid: "0221846aff9e422aaca18219e5f12f79" member_type: VOTER last_known_addr { host: "127.14.124.4" port: 40887 } attrs { promote: false } } }
I20260630 12:39:08.939059 17857 raft_consensus.cc:2955] T 7c7ae96b1e0f4f0bb0a0484c1a70ea70 P 8bcad6c53ddb45ef993ca6e6b728027f [term 1 FOLLOWER]: Committing config change with OpId 1.3: config changed from index 2 to 3, 0221846aff9e422aaca18219e5f12f79 (127.14.124.4) changed from NON_VOTER to VOTER. New config: { opid_index: 3 OBSOLETE_local: false peers { permanent_uuid: "8bcad6c53ddb45ef993ca6e6b728027f" member_type: VOTER last_known_addr { host: "127.14.124.1" port: 41071 } attrs { replace: true } } peers { permanent_uuid: "0d21bd02aed74484a1e3b4d68653bfd4" member_type: VOTER last_known_addr { host: "127.14.124.2" port: 34773 } } peers { permanent_uuid: "e141b403deaf49ad822fa8cff0cdeee1" member_type: VOTER last_known_addr { host: "127.14.124.3" port: 45543 } } peers { permanent_uuid: "0221846aff9e422aaca18219e5f12f79" member_type: VOTER last_known_addr { host: "127.14.124.4" port: 40887 } attrs { promote: false } } }
I20260630 12:39:08.956421 17754 catalog_manager.cc:5697] T 7c7ae96b1e0f4f0bb0a0484c1a70ea70 P 8bcad6c53ddb45ef993ca6e6b728027f reported cstate change: config changed from index 2 to 3, 0221846aff9e422aaca18219e5f12f79 (127.14.124.4) changed from NON_VOTER to VOTER. New cstate: current_term: 1 leader_uuid: "0d21bd02aed74484a1e3b4d68653bfd4" committed_config { opid_index: 3 OBSOLETE_local: false peers { permanent_uuid: "8bcad6c53ddb45ef993ca6e6b728027f" member_type: VOTER last_known_addr { host: "127.14.124.1" port: 41071 } attrs { replace: true } } peers { permanent_uuid: "0d21bd02aed74484a1e3b4d68653bfd4" member_type: VOTER last_known_addr { host: "127.14.124.2" port: 34773 } } peers { permanent_uuid: "e141b403deaf49ad822fa8cff0cdeee1" member_type: VOTER last_known_addr { host: "127.14.124.3" port: 45543 } } peers { permanent_uuid: "0221846aff9e422aaca18219e5f12f79" member_type: VOTER last_known_addr { host: "127.14.124.4" port: 40887 } attrs { promote: false } } }
I20260630 12:39:08.956939 18158 raft_consensus.cc:2955] T 7c7ae96b1e0f4f0bb0a0484c1a70ea70 P 0221846aff9e422aaca18219e5f12f79 [term 1 FOLLOWER]: Committing config change with OpId 1.3: config changed from index 2 to 3, 0221846aff9e422aaca18219e5f12f79 (127.14.124.4) changed from NON_VOTER to VOTER. New config: { opid_index: 3 OBSOLETE_local: false peers { permanent_uuid: "8bcad6c53ddb45ef993ca6e6b728027f" member_type: VOTER last_known_addr { host: "127.14.124.1" port: 41071 } attrs { replace: true } } peers { permanent_uuid: "0d21bd02aed74484a1e3b4d68653bfd4" member_type: VOTER last_known_addr { host: "127.14.124.2" port: 34773 } } peers { permanent_uuid: "e141b403deaf49ad822fa8cff0cdeee1" member_type: VOTER last_known_addr { host: "127.14.124.3" port: 45543 } } peers { permanent_uuid: "0221846aff9e422aaca18219e5f12f79" member_type: VOTER last_known_addr { host: "127.14.124.4" port: 40887 } attrs { promote: false } } }
I20260630 12:39:08.985232 17934 consensus_queue.cc:237] T 7c7ae96b1e0f4f0bb0a0484c1a70ea70 P 0d21bd02aed74484a1e3b4d68653bfd4 [LEADER]: Queue going to LEADER mode. State: All replicated index: 0, Majority replicated index: 3, Committed index: 3, Last appended: 1.3, Last appended by leader: 0, Current term: 1, Majority size: 2, State: 0, Mode: LEADER, active raft config: opid_index: 4 OBSOLETE_local: false peers { permanent_uuid: "0d21bd02aed74484a1e3b4d68653bfd4" member_type: VOTER last_known_addr { host: "127.14.124.2" port: 34773 } } peers { permanent_uuid: "e141b403deaf49ad822fa8cff0cdeee1" member_type: VOTER last_known_addr { host: "127.14.124.3" port: 45543 } } peers { permanent_uuid: "0221846aff9e422aaca18219e5f12f79" member_type: VOTER last_known_addr { host: "127.14.124.4" port: 40887 } attrs { promote: false } }
I20260630 12:39:08.991093 18158 raft_consensus.cc:1275] T 7c7ae96b1e0f4f0bb0a0484c1a70ea70 P 0221846aff9e422aaca18219e5f12f79 [term 1 FOLLOWER]: Refusing update from remote peer 0d21bd02aed74484a1e3b4d68653bfd4: Log matching property violated. Preceding OpId in replica: term: 1 index: 3. Preceding OpId from leader: term: 1 index: 4. (index mismatch)
I20260630 12:39:08.992358 18060 consensus_queue.cc:1048] T 7c7ae96b1e0f4f0bb0a0484c1a70ea70 P 0d21bd02aed74484a1e3b4d68653bfd4 [LEADER]: Connected to new peer: Peer: permanent_uuid: "0221846aff9e422aaca18219e5f12f79" member_type: VOTER last_known_addr { host: "127.14.124.4" port: 40887 } attrs { promote: false }, Status: LMP_MISMATCH, Last received: 0.0, Next index: 4, Last known committed idx: 3, Time since last communication: 0.000s
I20260630 12:39:08.992901 18007 raft_consensus.cc:1275] T 7c7ae96b1e0f4f0bb0a0484c1a70ea70 P e141b403deaf49ad822fa8cff0cdeee1 [term 1 FOLLOWER]: Refusing update from remote peer 0d21bd02aed74484a1e3b4d68653bfd4: Log matching property violated. Preceding OpId in replica: term: 1 index: 3. Preceding OpId from leader: term: 1 index: 4. (index mismatch)
I20260630 12:39:08.994320 18060 consensus_queue.cc:1048] T 7c7ae96b1e0f4f0bb0a0484c1a70ea70 P 0d21bd02aed74484a1e3b4d68653bfd4 [LEADER]: Connected to new peer: Peer: permanent_uuid: "e141b403deaf49ad822fa8cff0cdeee1" member_type: VOTER last_known_addr { host: "127.14.124.3" port: 45543 }, Status: LMP_MISMATCH, Last received: 0.0, Next index: 4, Last known committed idx: 3, Time since last communication: 0.000s
I20260630 12:39:08.998567 18264 raft_consensus.cc:2955] T 7c7ae96b1e0f4f0bb0a0484c1a70ea70 P 0d21bd02aed74484a1e3b4d68653bfd4 [term 1 LEADER]: Committing config change with OpId 1.4: config changed from index 3 to 4, VOTER 8bcad6c53ddb45ef993ca6e6b728027f (127.14.124.1) evicted. New config: { opid_index: 4 OBSOLETE_local: false peers { permanent_uuid: "0d21bd02aed74484a1e3b4d68653bfd4" member_type: VOTER last_known_addr { host: "127.14.124.2" port: 34773 } } peers { permanent_uuid: "e141b403deaf49ad822fa8cff0cdeee1" member_type: VOTER last_known_addr { host: "127.14.124.3" port: 45543 } } peers { permanent_uuid: "0221846aff9e422aaca18219e5f12f79" member_type: VOTER last_known_addr { host: "127.14.124.4" port: 40887 } attrs { promote: false } } }
I20260630 12:39:09.002009 18007 raft_consensus.cc:2955] T 7c7ae96b1e0f4f0bb0a0484c1a70ea70 P e141b403deaf49ad822fa8cff0cdeee1 [term 1 FOLLOWER]: Committing config change with OpId 1.4: config changed from index 3 to 4, VOTER 8bcad6c53ddb45ef993ca6e6b728027f (127.14.124.1) evicted. New config: { opid_index: 4 OBSOLETE_local: false peers { permanent_uuid: "0d21bd02aed74484a1e3b4d68653bfd4" member_type: VOTER last_known_addr { host: "127.14.124.2" port: 34773 } } peers { permanent_uuid: "e141b403deaf49ad822fa8cff0cdeee1" member_type: VOTER last_known_addr { host: "127.14.124.3" port: 45543 } } peers { permanent_uuid: "0221846aff9e422aaca18219e5f12f79" member_type: VOTER last_known_addr { host: "127.14.124.4" port: 40887 } attrs { promote: false } } }
I20260630 12:39:09.005810 17744 catalog_manager.cc:5210] ChangeConfig:REMOVE_PEER RPC for tablet 7c7ae96b1e0f4f0bb0a0484c1a70ea70 with cas_config_opid_index 3: ChangeConfig:REMOVE_PEER succeeded (attempt 1)
I20260630 12:39:09.007267 18158 raft_consensus.cc:2955] T 7c7ae96b1e0f4f0bb0a0484c1a70ea70 P 0221846aff9e422aaca18219e5f12f79 [term 1 FOLLOWER]: Committing config change with OpId 1.4: config changed from index 3 to 4, VOTER 8bcad6c53ddb45ef993ca6e6b728027f (127.14.124.1) evicted. New config: { opid_index: 4 OBSOLETE_local: false peers { permanent_uuid: "0d21bd02aed74484a1e3b4d68653bfd4" member_type: VOTER last_known_addr { host: "127.14.124.2" port: 34773 } } peers { permanent_uuid: "e141b403deaf49ad822fa8cff0cdeee1" member_type: VOTER last_known_addr { host: "127.14.124.3" port: 45543 } } peers { permanent_uuid: "0221846aff9e422aaca18219e5f12f79" member_type: VOTER last_known_addr { host: "127.14.124.4" port: 40887 } attrs { promote: false } } }
I20260630 12:39:09.013706 17755 catalog_manager.cc:5697] T 7c7ae96b1e0f4f0bb0a0484c1a70ea70 P 0d21bd02aed74484a1e3b4d68653bfd4 reported cstate change: config changed from index 3 to 4, VOTER 8bcad6c53ddb45ef993ca6e6b728027f (127.14.124.1) evicted. New cstate: current_term: 1 leader_uuid: "0d21bd02aed74484a1e3b4d68653bfd4" committed_config { opid_index: 4 OBSOLETE_local: false peers { permanent_uuid: "0d21bd02aed74484a1e3b4d68653bfd4" member_type: VOTER last_known_addr { host: "127.14.124.2" port: 34773 } health_report { overall_health: HEALTHY } } peers { permanent_uuid: "e141b403deaf49ad822fa8cff0cdeee1" member_type: VOTER last_known_addr { host: "127.14.124.3" port: 45543 } health_report { overall_health: HEALTHY } } peers { permanent_uuid: "0221846aff9e422aaca18219e5f12f79" member_type: VOTER last_known_addr { host: "127.14.124.4" port: 40887 } attrs { promote: false } health_report { overall_health: HEALTHY } } }
I20260630 12:39:09.024366 17847 tablet_service.cc:1558] Processing DeleteTablet for tablet 7c7ae96b1e0f4f0bb0a0484c1a70ea70 with delete_type TABLET_DATA_TOMBSTONED (TS 8bcad6c53ddb45ef993ca6e6b728027f not found in new config with opid_index 4) from {username='slave'} at 127.0.0.1:39272
I20260630 12:39:09.026964 18318 tablet_replica.cc:333] T 7c7ae96b1e0f4f0bb0a0484c1a70ea70 P 8bcad6c53ddb45ef993ca6e6b728027f: stopping tablet replica
I20260630 12:39:09.027649 18318 raft_consensus.cc:2243] T 7c7ae96b1e0f4f0bb0a0484c1a70ea70 P 8bcad6c53ddb45ef993ca6e6b728027f [term 1 FOLLOWER]: Raft consensus shutting down.
I20260630 12:39:09.028172 18318 raft_consensus.cc:2272] T 7c7ae96b1e0f4f0bb0a0484c1a70ea70 P 8bcad6c53ddb45ef993ca6e6b728027f [term 1 FOLLOWER]: Raft consensus is shut down!
I20260630 12:39:09.030541 18318 ts_tablet_manager.cc:1916] T 7c7ae96b1e0f4f0bb0a0484c1a70ea70 P 8bcad6c53ddb45ef993ca6e6b728027f: Deleting tablet data with delete state TABLET_DATA_TOMBSTONED
I20260630 12:39:09.040362 18318 ts_tablet_manager.cc:1929] T 7c7ae96b1e0f4f0bb0a0484c1a70ea70 P 8bcad6c53ddb45ef993ca6e6b728027f: tablet deleted with delete type TABLET_DATA_TOMBSTONED: last-logged OpId 1.3
