I20260630 12:38:58.213245 19479 data_dirs.cc:400] Could only allocate 1 dirs of requested 3 for tablet 1728340106d54931a4d9ee884b9700fb. 1 dirs total, 0 dirs full, 0 dirs failed
I20260630 12:38:58.218463 19739 consensus_queue.cc:1048] T 2d07c6b8d5ee459f940b8a3a62e1f59d P 9d271d7af1ad4d4c8b2687e4e94da064 [LEADER]: Connected to new peer: Peer: permanent_uuid: "4cdd1875904c4cda896fe9d140104c38" member_type: VOTER last_known_addr { host: "127.16.33.194" port: 44399 }, Status: LMP_MISMATCH, Last received: 0.0, Next index: 1, Last known committed idx: 0, Time since last communication: 0.000s
I20260630 12:38:58.236227 19824 tablet_bootstrap.cc:492] T 14b7064eb1f349ac9786d64abc7ea533 P b4e11f23e09342b8a2918e551b0894cc: Bootstrap starting.
I20260630 12:38:58.244880 19477 tablet_service.cc:1511] Processing CreateTablet for tablet e7a4b342efa244f488c8556ad20272df (DEFAULT_TABLE table=range_aware_rebalance_new_range [id=85f5e1885bf04b65879da352f271dd80]), partition=HASH (key) PARTITION 7, RANGE (key) PARTITION 10 <= VALUES < 20
I20260630 12:38:58.246232 19477 data_dirs.cc:400] Could only allocate 1 dirs of requested 3 for tablet e7a4b342efa244f488c8556ad20272df. 1 dirs total, 0 dirs full, 0 dirs failed
I20260630 12:38:58.247404 19630 tablet_service.cc:1511] Processing CreateTablet for tablet e7a4b342efa244f488c8556ad20272df (DEFAULT_TABLE table=range_aware_rebalance_new_range [id=85f5e1885bf04b65879da352f271dd80]), partition=HASH (key) PARTITION 7, RANGE (key) PARTITION 10 <= VALUES < 20
I20260630 12:38:58.248639 19630 data_dirs.cc:400] Could only allocate 1 dirs of requested 3 for tablet e7a4b342efa244f488c8556ad20272df. 1 dirs total, 0 dirs full, 0 dirs failed
I20260630 12:38:58.253747 19698 consensus_queue.cc:1048] T 7d4c1c6c87924ac5a64208474bfc5922 P 6ae6942df9814817803b85e129210b1d [LEADER]: Connected to new peer: Peer: permanent_uuid: "4cdd1875904c4cda896fe9d140104c38" member_type: VOTER last_known_addr { host: "127.16.33.194" port: 44399 }, Status: LMP_MISMATCH, Last received: 0.0, Next index: 1, Last known committed idx: 0, Time since last communication: 0.000s
I20260630 12:38:58.267977 19824 tablet_bootstrap.cc:654] T 14b7064eb1f349ac9786d64abc7ea533 P b4e11f23e09342b8a2918e551b0894cc: Neither blocks nor log segments found. Creating new log.
I20260630 12:38:58.285825 19742 consensus_queue.cc:1048] T 6b73051652424ffeb13a37cac8e24bf9 P 6ae6942df9814817803b85e129210b1d [LEADER]: Connected to new peer: Peer: permanent_uuid: "4cdd1875904c4cda896fe9d140104c38" member_type: VOTER last_known_addr { host: "127.16.33.194" port: 44399 }, Status: LMP_MISMATCH, Last received: 0.0, Next index: 1, Last known committed idx: 0, Time since last communication: 0.000s
I20260630 12:38:58.296705 19823 tablet_bootstrap.cc:492] T 14b7064eb1f349ac9786d64abc7ea533 P 4cdd1875904c4cda896fe9d140104c38: Bootstrap starting.
I20260630 12:38:58.297588 19821 tablet_bootstrap.cc:492] T e5e31441d138458fb542f24316ba8e94 P 9d271d7af1ad4d4c8b2687e4e94da064: Bootstrap starting.
I20260630 12:38:58.300719 19742 consensus_queue.cc:1048] T ae87e72ab6c14ab4bf19b9a7802ed4bb P 6ae6942df9814817803b85e129210b1d [LEADER]: Connected to new peer: Peer: permanent_uuid: "9d271d7af1ad4d4c8b2687e4e94da064" member_type: VOTER last_known_addr { host: "127.16.33.193" port: 41475 }, Status: LMP_MISMATCH, Last received: 0.0, Next index: 1, Last known committed idx: 0, Time since last communication: 0.006s
I20260630 12:38:58.325547 19831 tablet_bootstrap.cc:492] T be031d1456884dd28e69d2593b636342 P 6ae6942df9814817803b85e129210b1d: Bootstrap starting.
I20260630 12:38:58.339027 19831 tablet_bootstrap.cc:654] T be031d1456884dd28e69d2593b636342 P 6ae6942df9814817803b85e129210b1d: Neither blocks nor log segments found. Creating new log.
I20260630 12:38:58.352670 19824 tablet_bootstrap.cc:492] T 14b7064eb1f349ac9786d64abc7ea533 P b4e11f23e09342b8a2918e551b0894cc: No bootstrap required, opened a new log
I20260630 12:38:58.352917 19823 tablet_bootstrap.cc:654] T 14b7064eb1f349ac9786d64abc7ea533 P 4cdd1875904c4cda896fe9d140104c38: Neither blocks nor log segments found. Creating new log.
I20260630 12:38:58.353226 19824 ts_tablet_manager.cc:1403] T 14b7064eb1f349ac9786d64abc7ea533 P b4e11f23e09342b8a2918e551b0894cc: Time spent bootstrapping tablet: real 0.117s	user 0.005s	sys 0.017s
I20260630 12:38:58.362568 19835 consensus_queue.cc:1048] T 6b73051652424ffeb13a37cac8e24bf9 P 6ae6942df9814817803b85e129210b1d [LEADER]: Connected to new peer: Peer: permanent_uuid: "9d271d7af1ad4d4c8b2687e4e94da064" member_type: VOTER last_known_addr { host: "127.16.33.193" port: 41475 }, Status: LMP_MISMATCH, Last received: 0.0, Next index: 1, Last known committed idx: 0, Time since last communication: 0.001s
I20260630 12:38:58.367007 19824 raft_consensus.cc:359] T 14b7064eb1f349ac9786d64abc7ea533 P b4e11f23e09342b8a2918e551b0894cc [term 0 FOLLOWER]: Replica starting. Triggering 0 pending ops. Active config: opid_index: -1 OBSOLETE_local: false peers { permanent_uuid: "b4e11f23e09342b8a2918e551b0894cc" member_type: VOTER last_known_addr { host: "127.16.33.196" port: 37529 } } peers { permanent_uuid: "4cdd1875904c4cda896fe9d140104c38" member_type: VOTER last_known_addr { host: "127.16.33.194" port: 44399 } } peers { permanent_uuid: "9d271d7af1ad4d4c8b2687e4e94da064" member_type: VOTER last_known_addr { host: "127.16.33.193" port: 41475 } }
I20260630 12:38:58.399083 19824 raft_consensus.cc:385] T 14b7064eb1f349ac9786d64abc7ea533 P b4e11f23e09342b8a2918e551b0894cc [term 0 FOLLOWER]: Consensus starting up: Expiring failure detector timer to make a prompt election more likely
I20260630 12:38:58.399804 19824 raft_consensus.cc:740] T 14b7064eb1f349ac9786d64abc7ea533 P b4e11f23e09342b8a2918e551b0894cc [term 0 FOLLOWER]: Becoming Follower/Learner. State: Replica: b4e11f23e09342b8a2918e551b0894cc, State: Initialized, Role: FOLLOWER
I20260630 12:38:58.401114 19824 consensus_queue.cc:260] T 14b7064eb1f349ac9786d64abc7ea533 P b4e11f23e09342b8a2918e551b0894cc [NON_LEADER]: Queue going to NON_LEADER mode. State: All replicated index: 0, Majority replicated index: 0, Committed index: 0, Last appended: 0.0, Last appended by leader: 0, Current term: 0, Majority size: -1, State: 0, Mode: NON_LEADER, active raft config: opid_index: -1 OBSOLETE_local: false peers { permanent_uuid: "b4e11f23e09342b8a2918e551b0894cc" member_type: VOTER last_known_addr { host: "127.16.33.196" port: 37529 } } peers { permanent_uuid: "4cdd1875904c4cda896fe9d140104c38" member_type: VOTER last_known_addr { host: "127.16.33.194" port: 44399 } } peers { permanent_uuid: "9d271d7af1ad4d4c8b2687e4e94da064" member_type: VOTER last_known_addr { host: "127.16.33.193" port: 41475 } }
I20260630 12:38:58.402362 19821 tablet_bootstrap.cc:654] T e5e31441d138458fb542f24316ba8e94 P 9d271d7af1ad4d4c8b2687e4e94da064: Neither blocks nor log segments found. Creating new log.
I20260630 12:38:58.411170 19824 ts_tablet_manager.cc:1434] T 14b7064eb1f349ac9786d64abc7ea533 P b4e11f23e09342b8a2918e551b0894cc: Time spent starting tablet: real 0.058s	user 0.006s	sys 0.007s
I20260630 12:38:58.411783 19815 heartbeater.cc:499] Master 127.16.33.254:41251 was elected leader, sending a full tablet report...
I20260630 12:38:58.413128 19824 tablet_bootstrap.cc:492] T 2dcc38b7acab4be2a3dcf7e5c2c63d4d P b4e11f23e09342b8a2918e551b0894cc: Bootstrap starting.
I20260630 12:38:58.408948 19705 consensus_queue.cc:1048] T ae87e72ab6c14ab4bf19b9a7802ed4bb P 6ae6942df9814817803b85e129210b1d [LEADER]: Connected to new peer: Peer: permanent_uuid: "4cdd1875904c4cda896fe9d140104c38" member_type: VOTER last_known_addr { host: "127.16.33.194" port: 44399 }, Status: LMP_MISMATCH, Last received: 0.0, Next index: 1, Last known committed idx: 0, Time since last communication: 0.007s
I20260630 12:38:58.424499 19823 tablet_bootstrap.cc:492] T 14b7064eb1f349ac9786d64abc7ea533 P 4cdd1875904c4cda896fe9d140104c38: No bootstrap required, opened a new log
I20260630 12:38:58.427074 19823 ts_tablet_manager.cc:1403] T 14b7064eb1f349ac9786d64abc7ea533 P 4cdd1875904c4cda896fe9d140104c38: Time spent bootstrapping tablet: real 0.131s	user 0.009s	sys 0.007s
I20260630 12:38:58.444715 19824 tablet_bootstrap.cc:654] T 2dcc38b7acab4be2a3dcf7e5c2c63d4d P b4e11f23e09342b8a2918e551b0894cc: Neither blocks nor log segments found. Creating new log.
I20260630 12:38:58.447554 19831 tablet_bootstrap.cc:492] T be031d1456884dd28e69d2593b636342 P 6ae6942df9814817803b85e129210b1d: No bootstrap required, opened a new log
I20260630 12:38:58.448202 19831 ts_tablet_manager.cc:1403] T be031d1456884dd28e69d2593b636342 P 6ae6942df9814817803b85e129210b1d: Time spent bootstrapping tablet: real 0.123s	user 0.020s	sys 0.000s
I20260630 12:38:58.471925 19389 catalog_manager.cc:6242] T 00000000000000000000000000000000 P 1fcfe9b692fb49708d4339d7be7efb06: range_aware_rebalance_new_range [id=85f5e1885bf04b65879da352f271dd80] alter complete (version 0)
I20260630 12:38:58.453940 19831 raft_consensus.cc:359] T be031d1456884dd28e69d2593b636342 P 6ae6942df9814817803b85e129210b1d [term 0 FOLLOWER]: Replica starting. Triggering 0 pending ops. Active config: opid_index: -1 OBSOLETE_local: false peers { permanent_uuid: "b4e11f23e09342b8a2918e551b0894cc" member_type: VOTER last_known_addr { host: "127.16.33.196" port: 37529 } } peers { permanent_uuid: "9d271d7af1ad4d4c8b2687e4e94da064" member_type: VOTER last_known_addr { host: "127.16.33.193" port: 41475 } } peers { permanent_uuid: "6ae6942df9814817803b85e129210b1d" member_type: VOTER last_known_addr { host: "127.16.33.195" port: 36999 } }
I20260630 12:38:58.473934 19831 raft_consensus.cc:385] T be031d1456884dd28e69d2593b636342 P 6ae6942df9814817803b85e129210b1d [term 0 FOLLOWER]: Consensus starting up: Expiring failure detector timer to make a prompt election more likely
I20260630 12:38:58.475772 19823 raft_consensus.cc:359] T 14b7064eb1f349ac9786d64abc7ea533 P 4cdd1875904c4cda896fe9d140104c38 [term 0 FOLLOWER]: Replica starting. Triggering 0 pending ops. Active config: opid_index: -1 OBSOLETE_local: false peers { permanent_uuid: "b4e11f23e09342b8a2918e551b0894cc" member_type: VOTER last_known_addr { host: "127.16.33.196" port: 37529 } } peers { permanent_uuid: "4cdd1875904c4cda896fe9d140104c38" member_type: VOTER last_known_addr { host: "127.16.33.194" port: 44399 } } peers { permanent_uuid: "9d271d7af1ad4d4c8b2687e4e94da064" member_type: VOTER last_known_addr { host: "127.16.33.193" port: 41475 } }
I20260630 12:38:58.477574 19823 raft_consensus.cc:385] T 14b7064eb1f349ac9786d64abc7ea533 P 4cdd1875904c4cda896fe9d140104c38 [term 0 FOLLOWER]: Consensus starting up: Expiring failure detector timer to make a prompt election more likely
I20260630 12:38:58.477931 19823 raft_consensus.cc:740] T 14b7064eb1f349ac9786d64abc7ea533 P 4cdd1875904c4cda896fe9d140104c38 [term 0 FOLLOWER]: Becoming Follower/Learner. State: Replica: 4cdd1875904c4cda896fe9d140104c38, State: Initialized, Role: FOLLOWER
I20260630 12:38:58.478718 19823 consensus_queue.cc:260] T 14b7064eb1f349ac9786d64abc7ea533 P 4cdd1875904c4cda896fe9d140104c38 [NON_LEADER]: Queue going to NON_LEADER mode. State: All replicated index: 0, Majority replicated index: 0, Committed index: 0, Last appended: 0.0, Last appended by leader: 0, Current term: 0, Majority size: -1, State: 0, Mode: NON_LEADER, active raft config: opid_index: -1 OBSOLETE_local: false peers { permanent_uuid: "b4e11f23e09342b8a2918e551b0894cc" member_type: VOTER last_known_addr { host: "127.16.33.196" port: 37529 } } peers { permanent_uuid: "4cdd1875904c4cda896fe9d140104c38" member_type: VOTER last_known_addr { host: "127.16.33.194" port: 44399 } } peers { permanent_uuid: "9d271d7af1ad4d4c8b2687e4e94da064" member_type: VOTER last_known_addr { host: "127.16.33.193" port: 41475 } }
I20260630 12:38:58.479898 19821 tablet_bootstrap.cc:492] T e5e31441d138458fb542f24316ba8e94 P 9d271d7af1ad4d4c8b2687e4e94da064: No bootstrap required, opened a new log
I20260630 12:38:58.482981 19821 ts_tablet_manager.cc:1403] T e5e31441d138458fb542f24316ba8e94 P 9d271d7af1ad4d4c8b2687e4e94da064: Time spent bootstrapping tablet: real 0.186s	user 0.015s	sys 0.034s
I20260630 12:38:58.483724 19823 ts_tablet_manager.cc:1434] T 14b7064eb1f349ac9786d64abc7ea533 P 4cdd1875904c4cda896fe9d140104c38: Time spent starting tablet: real 0.056s	user 0.005s	sys 0.003s
I20260630 12:38:58.485298 19823 tablet_bootstrap.cc:492] T e5e31441d138458fb542f24316ba8e94 P 4cdd1875904c4cda896fe9d140104c38: Bootstrap starting.
I20260630 12:38:58.487010 19821 raft_consensus.cc:359] T e5e31441d138458fb542f24316ba8e94 P 9d271d7af1ad4d4c8b2687e4e94da064 [term 0 FOLLOWER]: Replica starting. Triggering 0 pending ops. Active config: opid_index: -1 OBSOLETE_local: false peers { permanent_uuid: "b4e11f23e09342b8a2918e551b0894cc" member_type: VOTER last_known_addr { host: "127.16.33.196" port: 37529 } } peers { permanent_uuid: "4cdd1875904c4cda896fe9d140104c38" member_type: VOTER last_known_addr { host: "127.16.33.194" port: 44399 } } peers { permanent_uuid: "9d271d7af1ad4d4c8b2687e4e94da064" member_type: VOTER last_known_addr { host: "127.16.33.193" port: 41475 } }
I20260630 12:38:58.487780 19821 raft_consensus.cc:385] T e5e31441d138458fb542f24316ba8e94 P 9d271d7af1ad4d4c8b2687e4e94da064 [term 0 FOLLOWER]: Consensus starting up: Expiring failure detector timer to make a prompt election more likely
I20260630 12:38:58.488059 19821 raft_consensus.cc:740] T e5e31441d138458fb542f24316ba8e94 P 9d271d7af1ad4d4c8b2687e4e94da064 [term 0 FOLLOWER]: Becoming Follower/Learner. State: Replica: 9d271d7af1ad4d4c8b2687e4e94da064, State: Initialized, Role: FOLLOWER
I20260630 12:38:58.489001 19821 consensus_queue.cc:260] T e5e31441d138458fb542f24316ba8e94 P 9d271d7af1ad4d4c8b2687e4e94da064 [NON_LEADER]: Queue going to NON_LEADER mode. State: All replicated index: 0, Majority replicated index: 0, Committed index: 0, Last appended: 0.0, Last appended by leader: 0, Current term: 0, Majority size: -1, State: 0, Mode: NON_LEADER, active raft config: opid_index: -1 OBSOLETE_local: false peers { permanent_uuid: "b4e11f23e09342b8a2918e551b0894cc" member_type: VOTER last_known_addr { host: "127.16.33.196" port: 37529 } } peers { permanent_uuid: "4cdd1875904c4cda896fe9d140104c38" member_type: VOTER last_known_addr { host: "127.16.33.194" port: 44399 } } peers { permanent_uuid: "9d271d7af1ad4d4c8b2687e4e94da064" member_type: VOTER last_known_addr { host: "127.16.33.193" port: 41475 } }
I20260630 12:38:58.491087 19821 ts_tablet_manager.cc:1434] T e5e31441d138458fb542f24316ba8e94 P 9d271d7af1ad4d4c8b2687e4e94da064: Time spent starting tablet: real 0.007s	user 0.004s	sys 0.002s
I20260630 12:38:58.477541 19831 raft_consensus.cc:740] T be031d1456884dd28e69d2593b636342 P 6ae6942df9814817803b85e129210b1d [term 0 FOLLOWER]: Becoming Follower/Learner. State: Replica: 6ae6942df9814817803b85e129210b1d, State: Initialized, Role: FOLLOWER
I20260630 12:38:58.492026 19831 consensus_queue.cc:260] T be031d1456884dd28e69d2593b636342 P 6ae6942df9814817803b85e129210b1d [NON_LEADER]: Queue going to NON_LEADER mode. State: All replicated index: 0, Majority replicated index: 0, Committed index: 0, Last appended: 0.0, Last appended by leader: 0, Current term: 0, Majority size: -1, State: 0, Mode: NON_LEADER, active raft config: opid_index: -1 OBSOLETE_local: false peers { permanent_uuid: "b4e11f23e09342b8a2918e551b0894cc" member_type: VOTER last_known_addr { host: "127.16.33.196" port: 37529 } } peers { permanent_uuid: "9d271d7af1ad4d4c8b2687e4e94da064" member_type: VOTER last_known_addr { host: "127.16.33.193" port: 41475 } } peers { permanent_uuid: "6ae6942df9814817803b85e129210b1d" member_type: VOTER last_known_addr { host: "127.16.33.195" port: 36999 } }
I20260630 12:38:58.497334 19821 tablet_bootstrap.cc:492] T 14b7064eb1f349ac9786d64abc7ea533 P 9d271d7af1ad4d4c8b2687e4e94da064: Bootstrap starting.
I20260630 12:38:58.498391 19823 tablet_bootstrap.cc:654] T e5e31441d138458fb542f24316ba8e94 P 4cdd1875904c4cda896fe9d140104c38: Neither blocks nor log segments found. Creating new log.
I20260630 12:38:58.501173 19831 ts_tablet_manager.cc:1434] T be031d1456884dd28e69d2593b636342 P 6ae6942df9814817803b85e129210b1d: Time spent starting tablet: real 0.053s	user 0.008s	sys 0.004s
I20260630 12:38:58.502523 19831 tablet_bootstrap.cc:492] T 3a6e80ca8dc5479b9ac2d6690e64b481 P 6ae6942df9814817803b85e129210b1d: Bootstrap starting.
I20260630 12:38:58.504570 19821 tablet_bootstrap.cc:654] T 14b7064eb1f349ac9786d64abc7ea533 P 9d271d7af1ad4d4c8b2687e4e94da064: Neither blocks nor log segments found. Creating new log.
I20260630 12:38:58.510107 19831 tablet_bootstrap.cc:654] T 3a6e80ca8dc5479b9ac2d6690e64b481 P 6ae6942df9814817803b85e129210b1d: Neither blocks nor log segments found. Creating new log.
I20260630 12:38:58.511750 19824 tablet_bootstrap.cc:492] T 2dcc38b7acab4be2a3dcf7e5c2c63d4d P b4e11f23e09342b8a2918e551b0894cc: No bootstrap required, opened a new log
I20260630 12:38:58.512248 19824 ts_tablet_manager.cc:1403] T 2dcc38b7acab4be2a3dcf7e5c2c63d4d P b4e11f23e09342b8a2918e551b0894cc: Time spent bootstrapping tablet: real 0.100s	user 0.012s	sys 0.018s
I20260630 12:38:58.515650 19824 raft_consensus.cc:359] T 2dcc38b7acab4be2a3dcf7e5c2c63d4d P b4e11f23e09342b8a2918e551b0894cc [term 0 FOLLOWER]: Replica starting. Triggering 0 pending ops. Active config: opid_index: -1 OBSOLETE_local: false peers { permanent_uuid: "b4e11f23e09342b8a2918e551b0894cc" member_type: VOTER last_known_addr { host: "127.16.33.196" port: 37529 } } peers { permanent_uuid: "6ae6942df9814817803b85e129210b1d" member_type: VOTER last_known_addr { host: "127.16.33.195" port: 36999 } } peers { permanent_uuid: "9d271d7af1ad4d4c8b2687e4e94da064" member_type: VOTER last_known_addr { host: "127.16.33.193" port: 41475 } }
I20260630 12:38:58.516040 19821 tablet_bootstrap.cc:492] T 14b7064eb1f349ac9786d64abc7ea533 P 9d271d7af1ad4d4c8b2687e4e94da064: No bootstrap required, opened a new log
I20260630 12:38:58.516436 19824 raft_consensus.cc:385] T 2dcc38b7acab4be2a3dcf7e5c2c63d4d P b4e11f23e09342b8a2918e551b0894cc [term 0 FOLLOWER]: Consensus starting up: Expiring failure detector timer to make a prompt election more likely
I20260630 12:38:58.516644 19821 ts_tablet_manager.cc:1403] T 14b7064eb1f349ac9786d64abc7ea533 P 9d271d7af1ad4d4c8b2687e4e94da064: Time spent bootstrapping tablet: real 0.020s	user 0.015s	sys 0.003s
I20260630 12:38:58.516825 19824 raft_consensus.cc:740] T 2dcc38b7acab4be2a3dcf7e5c2c63d4d P b4e11f23e09342b8a2918e551b0894cc [term 0 FOLLOWER]: Becoming Follower/Learner. State: Replica: b4e11f23e09342b8a2918e551b0894cc, State: Initialized, Role: FOLLOWER
I20260630 12:38:58.517746 19824 consensus_queue.cc:260] T 2dcc38b7acab4be2a3dcf7e5c2c63d4d P b4e11f23e09342b8a2918e551b0894cc [NON_LEADER]: Queue going to NON_LEADER mode. State: All replicated index: 0, Majority replicated index: 0, Committed index: 0, Last appended: 0.0, Last appended by leader: 0, Current term: 0, Majority size: -1, State: 0, Mode: NON_LEADER, active raft config: opid_index: -1 OBSOLETE_local: false peers { permanent_uuid: "b4e11f23e09342b8a2918e551b0894cc" member_type: VOTER last_known_addr { host: "127.16.33.196" port: 37529 } } peers { permanent_uuid: "6ae6942df9814817803b85e129210b1d" member_type: VOTER last_known_addr { host: "127.16.33.195" port: 36999 } } peers { permanent_uuid: "9d271d7af1ad4d4c8b2687e4e94da064" member_type: VOTER last_known_addr { host: "127.16.33.193" port: 41475 } }
I20260630 12:38:58.520090 19824 ts_tablet_manager.cc:1434] T 2dcc38b7acab4be2a3dcf7e5c2c63d4d P b4e11f23e09342b8a2918e551b0894cc: Time spent starting tablet: real 0.008s	user 0.006s	sys 0.001s
I20260630 12:38:58.521093 19824 tablet_bootstrap.cc:492] T be031d1456884dd28e69d2593b636342 P b4e11f23e09342b8a2918e551b0894cc: Bootstrap starting.
I20260630 12:38:58.522414 19821 raft_consensus.cc:359] T 14b7064eb1f349ac9786d64abc7ea533 P 9d271d7af1ad4d4c8b2687e4e94da064 [term 0 FOLLOWER]: Replica starting. Triggering 0 pending ops. Active config: opid_index: -1 OBSOLETE_local: false peers { permanent_uuid: "b4e11f23e09342b8a2918e551b0894cc" member_type: VOTER last_known_addr { host: "127.16.33.196" port: 37529 } } peers { permanent_uuid: "4cdd1875904c4cda896fe9d140104c38" member_type: VOTER last_known_addr { host: "127.16.33.194" port: 44399 } } peers { permanent_uuid: "9d271d7af1ad4d4c8b2687e4e94da064" member_type: VOTER last_known_addr { host: "127.16.33.193" port: 41475 } }
I20260630 12:38:58.523099 19821 raft_consensus.cc:385] T 14b7064eb1f349ac9786d64abc7ea533 P 9d271d7af1ad4d4c8b2687e4e94da064 [term 0 FOLLOWER]: Consensus starting up: Expiring failure detector timer to make a prompt election more likely
I20260630 12:38:58.523391 19821 raft_consensus.cc:740] T 14b7064eb1f349ac9786d64abc7ea533 P 9d271d7af1ad4d4c8b2687e4e94da064 [term 0 FOLLOWER]: Becoming Follower/Learner. State: Replica: 9d271d7af1ad4d4c8b2687e4e94da064, State: Initialized, Role: FOLLOWER
I20260630 12:38:58.524160 19821 consensus_queue.cc:260] T 14b7064eb1f349ac9786d64abc7ea533 P 9d271d7af1ad4d4c8b2687e4e94da064 [NON_LEADER]: Queue going to NON_LEADER mode. State: All replicated index: 0, Majority replicated index: 0, Committed index: 0, Last appended: 0.0, Last appended by leader: 0, Current term: 0, Majority size: -1, State: 0, Mode: NON_LEADER, active raft config: opid_index: -1 OBSOLETE_local: false peers { permanent_uuid: "b4e11f23e09342b8a2918e551b0894cc" member_type: VOTER last_known_addr { host: "127.16.33.196" port: 37529 } } peers { permanent_uuid: "4cdd1875904c4cda896fe9d140104c38" member_type: VOTER last_known_addr { host: "127.16.33.194" port: 44399 } } peers { permanent_uuid: "9d271d7af1ad4d4c8b2687e4e94da064" member_type: VOTER last_known_addr { host: "127.16.33.193" port: 41475 } }
I20260630 12:38:58.527873 19824 tablet_bootstrap.cc:654] T be031d1456884dd28e69d2593b636342 P b4e11f23e09342b8a2918e551b0894cc: Neither blocks nor log segments found. Creating new log.
I20260630 12:38:58.529007 19821 ts_tablet_manager.cc:1434] T 14b7064eb1f349ac9786d64abc7ea533 P 9d271d7af1ad4d4c8b2687e4e94da064: Time spent starting tablet: real 0.012s	user 0.006s	sys 0.000s
I20260630 12:38:58.530082 19821 tablet_bootstrap.cc:492] T 2dcc38b7acab4be2a3dcf7e5c2c63d4d P 9d271d7af1ad4d4c8b2687e4e94da064: Bootstrap starting.
I20260630 12:38:58.533898 19823 tablet_bootstrap.cc:492] T e5e31441d138458fb542f24316ba8e94 P 4cdd1875904c4cda896fe9d140104c38: No bootstrap required, opened a new log
I20260630 12:38:58.534363 19823 ts_tablet_manager.cc:1403] T e5e31441d138458fb542f24316ba8e94 P 4cdd1875904c4cda896fe9d140104c38: Time spent bootstrapping tablet: real 0.049s	user 0.012s	sys 0.009s
I20260630 12:38:58.537177 19823 raft_consensus.cc:359] T e5e31441d138458fb542f24316ba8e94 P 4cdd1875904c4cda896fe9d140104c38 [term 0 FOLLOWER]: Replica starting. Triggering 0 pending ops. Active config: opid_index: -1 OBSOLETE_local: false peers { permanent_uuid: "b4e11f23e09342b8a2918e551b0894cc" member_type: VOTER last_known_addr { host: "127.16.33.196" port: 37529 } } peers { permanent_uuid: "4cdd1875904c4cda896fe9d140104c38" member_type: VOTER last_known_addr { host: "127.16.33.194" port: 44399 } } peers { permanent_uuid: "9d271d7af1ad4d4c8b2687e4e94da064" member_type: VOTER last_known_addr { host: "127.16.33.193" port: 41475 } }
I20260630 12:38:58.537834 19823 raft_consensus.cc:385] T e5e31441d138458fb542f24316ba8e94 P 4cdd1875904c4cda896fe9d140104c38 [term 0 FOLLOWER]: Consensus starting up: Expiring failure detector timer to make a prompt election more likely
I20260630 12:38:58.538125 19823 raft_consensus.cc:740] T e5e31441d138458fb542f24316ba8e94 P 4cdd1875904c4cda896fe9d140104c38 [term 0 FOLLOWER]: Becoming Follower/Learner. State: Replica: 4cdd1875904c4cda896fe9d140104c38, State: Initialized, Role: FOLLOWER
I20260630 12:38:58.538337 19821 tablet_bootstrap.cc:654] T 2dcc38b7acab4be2a3dcf7e5c2c63d4d P 9d271d7af1ad4d4c8b2687e4e94da064: Neither blocks nor log segments found. Creating new log.
I20260630 12:38:58.538873 19824 tablet_bootstrap.cc:492] T be031d1456884dd28e69d2593b636342 P b4e11f23e09342b8a2918e551b0894cc: No bootstrap required, opened a new log
I20260630 12:38:58.539335 19824 ts_tablet_manager.cc:1403] T be031d1456884dd28e69d2593b636342 P b4e11f23e09342b8a2918e551b0894cc: Time spent bootstrapping tablet: real 0.018s	user 0.013s	sys 0.002s
I20260630 12:38:58.540311 19831 tablet_bootstrap.cc:492] T 3a6e80ca8dc5479b9ac2d6690e64b481 P 6ae6942df9814817803b85e129210b1d: No bootstrap required, opened a new log
I20260630 12:38:58.540767 19831 ts_tablet_manager.cc:1403] T 3a6e80ca8dc5479b9ac2d6690e64b481 P 6ae6942df9814817803b85e129210b1d: Time spent bootstrapping tablet: real 0.039s	user 0.007s	sys 0.012s
I20260630 12:38:58.541954 19824 raft_consensus.cc:359] T be031d1456884dd28e69d2593b636342 P b4e11f23e09342b8a2918e551b0894cc [term 0 FOLLOWER]: Replica starting. Triggering 0 pending ops. Active config: opid_index: -1 OBSOLETE_local: false peers { permanent_uuid: "b4e11f23e09342b8a2918e551b0894cc" member_type: VOTER last_known_addr { host: "127.16.33.196" port: 37529 } } peers { permanent_uuid: "9d271d7af1ad4d4c8b2687e4e94da064" member_type: VOTER last_known_addr { host: "127.16.33.193" port: 41475 } } peers { permanent_uuid: "6ae6942df9814817803b85e129210b1d" member_type: VOTER last_known_addr { host: "127.16.33.195" port: 36999 } }
I20260630 12:38:58.542912 19824 raft_consensus.cc:385] T be031d1456884dd28e69d2593b636342 P b4e11f23e09342b8a2918e551b0894cc [term 0 FOLLOWER]: Consensus starting up: Expiring failure detector timer to make a prompt election more likely
I20260630 12:38:58.543188 19824 raft_consensus.cc:740] T be031d1456884dd28e69d2593b636342 P b4e11f23e09342b8a2918e551b0894cc [term 0 FOLLOWER]: Becoming Follower/Learner. State: Replica: b4e11f23e09342b8a2918e551b0894cc, State: Initialized, Role: FOLLOWER
I20260630 12:38:58.543983 19824 consensus_queue.cc:260] T be031d1456884dd28e69d2593b636342 P b4e11f23e09342b8a2918e551b0894cc [NON_LEADER]: Queue going to NON_LEADER mode. State: All replicated index: 0, Majority replicated index: 0, Committed index: 0, Last appended: 0.0, Last appended by leader: 0, Current term: 0, Majority size: -1, State: 0, Mode: NON_LEADER, active raft config: opid_index: -1 OBSOLETE_local: false peers { permanent_uuid: "b4e11f23e09342b8a2918e551b0894cc" member_type: VOTER last_known_addr { host: "127.16.33.196" port: 37529 } } peers { permanent_uuid: "9d271d7af1ad4d4c8b2687e4e94da064" member_type: VOTER last_known_addr { host: "127.16.33.193" port: 41475 } } peers { permanent_uuid: "6ae6942df9814817803b85e129210b1d" member_type: VOTER last_known_addr { host: "127.16.33.195" port: 36999 } }
I20260630 12:38:58.544296 19831 raft_consensus.cc:359] T 3a6e80ca8dc5479b9ac2d6690e64b481 P 6ae6942df9814817803b85e129210b1d [term 0 FOLLOWER]: Replica starting. Triggering 0 pending ops. Active config: opid_index: -1 OBSOLETE_local: false peers { permanent_uuid: "4cdd1875904c4cda896fe9d140104c38" member_type: VOTER last_known_addr { host: "127.16.33.194" port: 44399 } } peers { permanent_uuid: "6ae6942df9814817803b85e129210b1d" member_type: VOTER last_known_addr { host: "127.16.33.195" port: 36999 } } peers { permanent_uuid: "b4e11f23e09342b8a2918e551b0894cc" member_type: VOTER last_known_addr { host: "127.16.33.196" port: 37529 } }
I20260630 12:38:58.545037 19831 raft_consensus.cc:385] T 3a6e80ca8dc5479b9ac2d6690e64b481 P 6ae6942df9814817803b85e129210b1d [term 0 FOLLOWER]: Consensus starting up: Expiring failure detector timer to make a prompt election more likely
I20260630 12:38:58.545329 19831 raft_consensus.cc:740] T 3a6e80ca8dc5479b9ac2d6690e64b481 P 6ae6942df9814817803b85e129210b1d [term 0 FOLLOWER]: Becoming Follower/Learner. State: Replica: 6ae6942df9814817803b85e129210b1d, State: Initialized, Role: FOLLOWER
I20260630 12:38:58.548429 19824 ts_tablet_manager.cc:1434] T be031d1456884dd28e69d2593b636342 P b4e11f23e09342b8a2918e551b0894cc: Time spent starting tablet: real 0.009s	user 0.002s	sys 0.003s
I20260630 12:38:58.549401 19824 tablet_bootstrap.cc:492] T 25bf2d40981f4bee8a758bdf148ae44f P b4e11f23e09342b8a2918e551b0894cc: Bootstrap starting.
I20260630 12:38:58.546540 19823 consensus_queue.cc:260] T e5e31441d138458fb542f24316ba8e94 P 4cdd1875904c4cda896fe9d140104c38 [NON_LEADER]: Queue going to NON_LEADER mode. State: All replicated index: 0, Majority replicated index: 0, Committed index: 0, Last appended: 0.0, Last appended by leader: 0, Current term: 0, Majority size: -1, State: 0, Mode: NON_LEADER, active raft config: opid_index: -1 OBSOLETE_local: false peers { permanent_uuid: "b4e11f23e09342b8a2918e551b0894cc" member_type: VOTER last_known_addr { host: "127.16.33.196" port: 37529 } } peers { permanent_uuid: "4cdd1875904c4cda896fe9d140104c38" member_type: VOTER last_known_addr { host: "127.16.33.194" port: 44399 } } peers { permanent_uuid: "9d271d7af1ad4d4c8b2687e4e94da064" member_type: VOTER last_known_addr { host: "127.16.33.193" port: 41475 } }
I20260630 12:38:58.554203 19823 ts_tablet_manager.cc:1434] T e5e31441d138458fb542f24316ba8e94 P 4cdd1875904c4cda896fe9d140104c38: Time spent starting tablet: real 0.020s	user 0.007s	sys 0.000s
I20260630 12:38:58.555311 19823 tablet_bootstrap.cc:492] T 3a6e80ca8dc5479b9ac2d6690e64b481 P 4cdd1875904c4cda896fe9d140104c38: Bootstrap starting.
I20260630 12:38:58.555441 19824 tablet_bootstrap.cc:654] T 25bf2d40981f4bee8a758bdf148ae44f P b4e11f23e09342b8a2918e551b0894cc: Neither blocks nor log segments found. Creating new log.
I20260630 12:38:58.556859 19831 consensus_queue.cc:260] T 3a6e80ca8dc5479b9ac2d6690e64b481 P 6ae6942df9814817803b85e129210b1d [NON_LEADER]: Queue going to NON_LEADER mode. State: All replicated index: 0, Majority replicated index: 0, Committed index: 0, Last appended: 0.0, Last appended by leader: 0, Current term: 0, Majority size: -1, State: 0, Mode: NON_LEADER, active raft config: opid_index: -1 OBSOLETE_local: false peers { permanent_uuid: "4cdd1875904c4cda896fe9d140104c38" member_type: VOTER last_known_addr { host: "127.16.33.194" port: 44399 } } peers { permanent_uuid: "6ae6942df9814817803b85e129210b1d" member_type: VOTER last_known_addr { host: "127.16.33.195" port: 36999 } } peers { permanent_uuid: "b4e11f23e09342b8a2918e551b0894cc" member_type: VOTER last_known_addr { host: "127.16.33.196" port: 37529 } }
I20260630 12:38:58.557852 19821 tablet_bootstrap.cc:492] T 2dcc38b7acab4be2a3dcf7e5c2c63d4d P 9d271d7af1ad4d4c8b2687e4e94da064: No bootstrap required, opened a new log
I20260630 12:38:58.558398 19821 ts_tablet_manager.cc:1403] T 2dcc38b7acab4be2a3dcf7e5c2c63d4d P 9d271d7af1ad4d4c8b2687e4e94da064: Time spent bootstrapping tablet: real 0.029s	user 0.019s	sys 0.006s
I20260630 12:38:58.561164 19821 raft_consensus.cc:359] T 2dcc38b7acab4be2a3dcf7e5c2c63d4d P 9d271d7af1ad4d4c8b2687e4e94da064 [term 0 FOLLOWER]: Replica starting. Triggering 0 pending ops. Active config: opid_index: -1 OBSOLETE_local: false peers { permanent_uuid: "b4e11f23e09342b8a2918e551b0894cc" member_type: VOTER last_known_addr { host: "127.16.33.196" port: 37529 } } peers { permanent_uuid: "6ae6942df9814817803b85e129210b1d" member_type: VOTER last_known_addr { host: "127.16.33.195" port: 36999 } } peers { permanent_uuid: "9d271d7af1ad4d4c8b2687e4e94da064" member_type: VOTER last_known_addr { host: "127.16.33.193" port: 41475 } }
I20260630 12:38:58.561812 19821 raft_consensus.cc:385] T 2dcc38b7acab4be2a3dcf7e5c2c63d4d P 9d271d7af1ad4d4c8b2687e4e94da064 [term 0 FOLLOWER]: Consensus starting up: Expiring failure detector timer to make a prompt election more likely
I20260630 12:38:58.562086 19821 raft_consensus.cc:740] T 2dcc38b7acab4be2a3dcf7e5c2c63d4d P 9d271d7af1ad4d4c8b2687e4e94da064 [term 0 FOLLOWER]: Becoming Follower/Learner. State: Replica: 9d271d7af1ad4d4c8b2687e4e94da064, State: Initialized, Role: FOLLOWER
I20260630 12:38:58.562744 19821 consensus_queue.cc:260] T 2dcc38b7acab4be2a3dcf7e5c2c63d4d P 9d271d7af1ad4d4c8b2687e4e94da064 [NON_LEADER]: Queue going to NON_LEADER mode. State: All replicated index: 0, Majority replicated index: 0, Committed index: 0, Last appended: 0.0, Last appended by leader: 0, Current term: 0, Majority size: -1, State: 0, Mode: NON_LEADER, active raft config: opid_index: -1 OBSOLETE_local: false peers { permanent_uuid: "b4e11f23e09342b8a2918e551b0894cc" member_type: VOTER last_known_addr { host: "127.16.33.196" port: 37529 } } peers { permanent_uuid: "6ae6942df9814817803b85e129210b1d" member_type: VOTER last_known_addr { host: "127.16.33.195" port: 36999 } } peers { permanent_uuid: "9d271d7af1ad4d4c8b2687e4e94da064" member_type: VOTER last_known_addr { host: "127.16.33.193" port: 41475 } }
I20260630 12:38:58.565410 19821 ts_tablet_manager.cc:1434] T 2dcc38b7acab4be2a3dcf7e5c2c63d4d P 9d271d7af1ad4d4c8b2687e4e94da064: Time spent starting tablet: real 0.007s	user 0.003s	sys 0.003s
I20260630 12:38:58.566514 19821 tablet_bootstrap.cc:492] T be031d1456884dd28e69d2593b636342 P 9d271d7af1ad4d4c8b2687e4e94da064: Bootstrap starting.
I20260630 12:38:58.562744 19823 tablet_bootstrap.cc:654] T 3a6e80ca8dc5479b9ac2d6690e64b481 P 4cdd1875904c4cda896fe9d140104c38: Neither blocks nor log segments found. Creating new log.
I20260630 12:38:58.566485 19831 ts_tablet_manager.cc:1434] T 3a6e80ca8dc5479b9ac2d6690e64b481 P 6ae6942df9814817803b85e129210b1d: Time spent starting tablet: real 0.025s	user 0.008s	sys 0.000s
I20260630 12:38:58.567639 19824 tablet_bootstrap.cc:492] T 25bf2d40981f4bee8a758bdf148ae44f P b4e11f23e09342b8a2918e551b0894cc: No bootstrap required, opened a new log
I20260630 12:38:58.568117 19824 ts_tablet_manager.cc:1403] T 25bf2d40981f4bee8a758bdf148ae44f P b4e11f23e09342b8a2918e551b0894cc: Time spent bootstrapping tablet: real 0.019s	user 0.010s	sys 0.006s
I20260630 12:38:58.568246 19831 tablet_bootstrap.cc:492] T 25bf2d40981f4bee8a758bdf148ae44f P 6ae6942df9814817803b85e129210b1d: Bootstrap starting.
I20260630 12:38:58.571439 19824 raft_consensus.cc:359] T 25bf2d40981f4bee8a758bdf148ae44f P b4e11f23e09342b8a2918e551b0894cc [term 0 FOLLOWER]: Replica starting. Triggering 0 pending ops. Active config: opid_index: -1 OBSOLETE_local: false peers { permanent_uuid: "4cdd1875904c4cda896fe9d140104c38" member_type: VOTER last_known_addr { host: "127.16.33.194" port: 44399 } } peers { permanent_uuid: "6ae6942df9814817803b85e129210b1d" member_type: VOTER last_known_addr { host: "127.16.33.195" port: 36999 } } peers { permanent_uuid: "b4e11f23e09342b8a2918e551b0894cc" member_type: VOTER last_known_addr { host: "127.16.33.196" port: 37529 } }
I20260630 12:38:58.572088 19824 raft_consensus.cc:385] T 25bf2d40981f4bee8a758bdf148ae44f P b4e11f23e09342b8a2918e551b0894cc [term 0 FOLLOWER]: Consensus starting up: Expiring failure detector timer to make a prompt election more likely
I20260630 12:38:58.572374 19824 raft_consensus.cc:740] T 25bf2d40981f4bee8a758bdf148ae44f P b4e11f23e09342b8a2918e551b0894cc [term 0 FOLLOWER]: Becoming Follower/Learner. State: Replica: b4e11f23e09342b8a2918e551b0894cc, State: Initialized, Role: FOLLOWER
I20260630 12:38:58.573150 19824 consensus_queue.cc:260] T 25bf2d40981f4bee8a758bdf148ae44f P b4e11f23e09342b8a2918e551b0894cc [NON_LEADER]: Queue going to NON_LEADER mode. State: All replicated index: 0, Majority replicated index: 0, Committed index: 0, Last appended: 0.0, Last appended by leader: 0, Current term: 0, Majority size: -1, State: 0, Mode: NON_LEADER, active raft config: opid_index: -1 OBSOLETE_local: false peers { permanent_uuid: "4cdd1875904c4cda896fe9d140104c38" member_type: VOTER last_known_addr { host: "127.16.33.194" port: 44399 } } peers { permanent_uuid: "6ae6942df9814817803b85e129210b1d" member_type: VOTER last_known_addr { host: "127.16.33.195" port: 36999 } } peers { permanent_uuid: "b4e11f23e09342b8a2918e551b0894cc" member_type: VOTER last_known_addr { host: "127.16.33.196" port: 37529 } }
I20260630 12:38:58.573969 19821 tablet_bootstrap.cc:654] T be031d1456884dd28e69d2593b636342 P 9d271d7af1ad4d4c8b2687e4e94da064: Neither blocks nor log segments found. Creating new log.
I20260630 12:38:58.575538 19824 ts_tablet_manager.cc:1434] T 25bf2d40981f4bee8a758bdf148ae44f P b4e11f23e09342b8a2918e551b0894cc: Time spent starting tablet: real 0.007s	user 0.006s	sys 0.000s
I20260630 12:38:58.576516 19824 tablet_bootstrap.cc:492] T 3a6e80ca8dc5479b9ac2d6690e64b481 P b4e11f23e09342b8a2918e551b0894cc: Bootstrap starting.
W20260630 12:38:58.576797 19438 auto_rebalancer.cc:298] Could not retrieve cluster info: Service unavailable: Tablet not running
I20260630 12:38:58.578394 19831 tablet_bootstrap.cc:654] T 25bf2d40981f4bee8a758bdf148ae44f P 6ae6942df9814817803b85e129210b1d: Neither blocks nor log segments found. Creating new log.
I20260630 12:38:58.582142 19824 tablet_bootstrap.cc:654] T 3a6e80ca8dc5479b9ac2d6690e64b481 P b4e11f23e09342b8a2918e551b0894cc: Neither blocks nor log segments found. Creating new log.
I20260630 12:38:58.586122 19823 tablet_bootstrap.cc:492] T 3a6e80ca8dc5479b9ac2d6690e64b481 P 4cdd1875904c4cda896fe9d140104c38: No bootstrap required, opened a new log
I20260630 12:38:58.586582 19823 ts_tablet_manager.cc:1403] T 3a6e80ca8dc5479b9ac2d6690e64b481 P 4cdd1875904c4cda896fe9d140104c38: Time spent bootstrapping tablet: real 0.032s	user 0.002s	sys 0.009s
I20260630 12:38:58.589665 19823 raft_consensus.cc:359] T 3a6e80ca8dc5479b9ac2d6690e64b481 P 4cdd1875904c4cda896fe9d140104c38 [term 0 FOLLOWER]: Replica starting. Triggering 0 pending ops. Active config: opid_index: -1 OBSOLETE_local: false peers { permanent_uuid: "4cdd1875904c4cda896fe9d140104c38" member_type: VOTER last_known_addr { host: "127.16.33.194" port: 44399 } } peers { permanent_uuid: "6ae6942df9814817803b85e129210b1d" member_type: VOTER last_known_addr { host: "127.16.33.195" port: 36999 } } peers { permanent_uuid: "b4e11f23e09342b8a2918e551b0894cc" member_type: VOTER last_known_addr { host: "127.16.33.196" port: 37529 } }
I20260630 12:38:58.590371 19823 raft_consensus.cc:385] T 3a6e80ca8dc5479b9ac2d6690e64b481 P 4cdd1875904c4cda896fe9d140104c38 [term 0 FOLLOWER]: Consensus starting up: Expiring failure detector timer to make a prompt election more likely
I20260630 12:38:58.590653 19823 raft_consensus.cc:740] T 3a6e80ca8dc5479b9ac2d6690e64b481 P 4cdd1875904c4cda896fe9d140104c38 [term 0 FOLLOWER]: Becoming Follower/Learner. State: Replica: 4cdd1875904c4cda896fe9d140104c38, State: Initialized, Role: FOLLOWER
I20260630 12:38:58.593406 19831 tablet_bootstrap.cc:492] T 25bf2d40981f4bee8a758bdf148ae44f P 6ae6942df9814817803b85e129210b1d: No bootstrap required, opened a new log
I20260630 12:38:58.593439 19824 tablet_bootstrap.cc:492] T 3a6e80ca8dc5479b9ac2d6690e64b481 P b4e11f23e09342b8a2918e551b0894cc: No bootstrap required, opened a new log
I20260630 12:38:58.594017 19824 ts_tablet_manager.cc:1403] T 3a6e80ca8dc5479b9ac2d6690e64b481 P b4e11f23e09342b8a2918e551b0894cc: Time spent bootstrapping tablet: real 0.018s	user 0.006s	sys 0.010s
I20260630 12:38:58.594506 19823 consensus_queue.cc:260] T 3a6e80ca8dc5479b9ac2d6690e64b481 P 4cdd1875904c4cda896fe9d140104c38 [NON_LEADER]: Queue going to NON_LEADER mode. State: All replicated index: 0, Majority replicated index: 0, Committed index: 0, Last appended: 0.0, Last appended by leader: 0, Current term: 0, Majority size: -1, State: 0, Mode: NON_LEADER, active raft config: opid_index: -1 OBSOLETE_local: false peers { permanent_uuid: "4cdd1875904c4cda896fe9d140104c38" member_type: VOTER last_known_addr { host: "127.16.33.194" port: 44399 } } peers { permanent_uuid: "6ae6942df9814817803b85e129210b1d" member_type: VOTER last_known_addr { host: "127.16.33.195" port: 36999 } } peers { permanent_uuid: "b4e11f23e09342b8a2918e551b0894cc" member_type: VOTER last_known_addr { host: "127.16.33.196" port: 37529 } }
I20260630 12:38:58.597510 19823 ts_tablet_manager.cc:1434] T 3a6e80ca8dc5479b9ac2d6690e64b481 P 4cdd1875904c4cda896fe9d140104c38: Time spent starting tablet: real 0.011s	user 0.007s	sys 0.000s
I20260630 12:38:58.597460 19824 raft_consensus.cc:359] T 3a6e80ca8dc5479b9ac2d6690e64b481 P b4e11f23e09342b8a2918e551b0894cc [term 0 FOLLOWER]: Replica starting. Triggering 0 pending ops. Active config: opid_index: -1 OBSOLETE_local: false peers { permanent_uuid: "4cdd1875904c4cda896fe9d140104c38" member_type: VOTER last_known_addr { host: "127.16.33.194" port: 44399 } } peers { permanent_uuid: "6ae6942df9814817803b85e129210b1d" member_type: VOTER last_known_addr { host: "127.16.33.195" port: 36999 } } peers { permanent_uuid: "b4e11f23e09342b8a2918e551b0894cc" member_type: VOTER last_known_addr { host: "127.16.33.196" port: 37529 } }
I20260630 12:38:58.598227 19824 raft_consensus.cc:385] T 3a6e80ca8dc5479b9ac2d6690e64b481 P b4e11f23e09342b8a2918e551b0894cc [term 0 FOLLOWER]: Consensus starting up: Expiring failure detector timer to make a prompt election more likely
I20260630 12:38:58.598541 19824 raft_consensus.cc:740] T 3a6e80ca8dc5479b9ac2d6690e64b481 P b4e11f23e09342b8a2918e551b0894cc [term 0 FOLLOWER]: Becoming Follower/Learner. State: Replica: b4e11f23e09342b8a2918e551b0894cc, State: Initialized, Role: FOLLOWER
I20260630 12:38:58.598881 19823 tablet_bootstrap.cc:492] T 25bf2d40981f4bee8a758bdf148ae44f P 4cdd1875904c4cda896fe9d140104c38: Bootstrap starting.
I20260630 12:38:58.599450 19824 consensus_queue.cc:260] T 3a6e80ca8dc5479b9ac2d6690e64b481 P b4e11f23e09342b8a2918e551b0894cc [NON_LEADER]: Queue going to NON_LEADER mode. State: All replicated index: 0, Majority replicated index: 0, Committed index: 0, Last appended: 0.0, Last appended by leader: 0, Current term: 0, Majority size: -1, State: 0, Mode: NON_LEADER, active raft config: opid_index: -1 OBSOLETE_local: false peers { permanent_uuid: "4cdd1875904c4cda896fe9d140104c38" member_type: VOTER last_known_addr { host: "127.16.33.194" port: 44399 } } peers { permanent_uuid: "6ae6942df9814817803b85e129210b1d" member_type: VOTER last_known_addr { host: "127.16.33.195" port: 36999 } } peers { permanent_uuid: "b4e11f23e09342b8a2918e551b0894cc" member_type: VOTER last_known_addr { host: "127.16.33.196" port: 37529 } }
I20260630 12:38:58.593986 19831 ts_tablet_manager.cc:1403] T 25bf2d40981f4bee8a758bdf148ae44f P 6ae6942df9814817803b85e129210b1d: Time spent bootstrapping tablet: real 0.026s	user 0.010s	sys 0.000s
I20260630 12:38:58.607218 19831 raft_consensus.cc:359] T 25bf2d40981f4bee8a758bdf148ae44f P 6ae6942df9814817803b85e129210b1d [term 0 FOLLOWER]: Replica starting. Triggering 0 pending ops. Active config: opid_index: -1 OBSOLETE_local: false peers { permanent_uuid: "4cdd1875904c4cda896fe9d140104c38" member_type: VOTER last_known_addr { host: "127.16.33.194" port: 44399 } } peers { permanent_uuid: "6ae6942df9814817803b85e129210b1d" member_type: VOTER last_known_addr { host: "127.16.33.195" port: 36999 } } peers { permanent_uuid: "b4e11f23e09342b8a2918e551b0894cc" member_type: VOTER last_known_addr { host: "127.16.33.196" port: 37529 } }
I20260630 12:38:58.609033 19831 raft_consensus.cc:385] T 25bf2d40981f4bee8a758bdf148ae44f P 6ae6942df9814817803b85e129210b1d [term 0 FOLLOWER]: Consensus starting up: Expiring failure detector timer to make a prompt election more likely
I20260630 12:38:58.609320 19831 raft_consensus.cc:740] T 25bf2d40981f4bee8a758bdf148ae44f P 6ae6942df9814817803b85e129210b1d [term 0 FOLLOWER]: Becoming Follower/Learner. State: Replica: 6ae6942df9814817803b85e129210b1d, State: Initialized, Role: FOLLOWER
I20260630 12:38:58.609983 19831 consensus_queue.cc:260] T 25bf2d40981f4bee8a758bdf148ae44f P 6ae6942df9814817803b85e129210b1d [NON_LEADER]: Queue going to NON_LEADER mode. State: All replicated index: 0, Majority replicated index: 0, Committed index: 0, Last appended: 0.0, Last appended by leader: 0, Current term: 0, Majority size: -1, State: 0, Mode: NON_LEADER, active raft config: opid_index: -1 OBSOLETE_local: false peers { permanent_uuid: "4cdd1875904c4cda896fe9d140104c38" member_type: VOTER last_known_addr { host: "127.16.33.194" port: 44399 } } peers { permanent_uuid: "6ae6942df9814817803b85e129210b1d" member_type: VOTER last_known_addr { host: "127.16.33.195" port: 36999 } } peers { permanent_uuid: "b4e11f23e09342b8a2918e551b0894cc" member_type: VOTER last_known_addr { host: "127.16.33.196" port: 37529 } }
I20260630 12:38:58.612054 19824 ts_tablet_manager.cc:1434] T 3a6e80ca8dc5479b9ac2d6690e64b481 P b4e11f23e09342b8a2918e551b0894cc: Time spent starting tablet: real 0.018s	user 0.007s	sys 0.000s
I20260630 12:38:58.613014 19824 tablet_bootstrap.cc:492] T e7a4b342efa244f488c8556ad20272df P b4e11f23e09342b8a2918e551b0894cc: Bootstrap starting.
I20260630 12:38:58.613217 19823 tablet_bootstrap.cc:654] T 25bf2d40981f4bee8a758bdf148ae44f P 4cdd1875904c4cda896fe9d140104c38: Neither blocks nor log segments found. Creating new log.
I20260630 12:38:58.615077 19831 ts_tablet_manager.cc:1434] T 25bf2d40981f4bee8a758bdf148ae44f P 6ae6942df9814817803b85e129210b1d: Time spent starting tablet: real 0.015s	user 0.006s	sys 0.000s
I20260630 12:38:58.616259 19821 tablet_bootstrap.cc:492] T be031d1456884dd28e69d2593b636342 P 9d271d7af1ad4d4c8b2687e4e94da064: No bootstrap required, opened a new log
I20260630 12:38:58.616724 19821 ts_tablet_manager.cc:1403] T be031d1456884dd28e69d2593b636342 P 9d271d7af1ad4d4c8b2687e4e94da064: Time spent bootstrapping tablet: real 0.050s	user 0.024s	sys 0.019s
I20260630 12:38:58.618659 19831 tablet_bootstrap.cc:492] T 2dcc38b7acab4be2a3dcf7e5c2c63d4d P 6ae6942df9814817803b85e129210b1d: Bootstrap starting.
I20260630 12:38:58.620543 19821 raft_consensus.cc:359] T be031d1456884dd28e69d2593b636342 P 9d271d7af1ad4d4c8b2687e4e94da064 [term 0 FOLLOWER]: Replica starting. Triggering 0 pending ops. Active config: opid_index: -1 OBSOLETE_local: false peers { permanent_uuid: "b4e11f23e09342b8a2918e551b0894cc" member_type: VOTER last_known_addr { host: "127.16.33.196" port: 37529 } } peers { permanent_uuid: "9d271d7af1ad4d4c8b2687e4e94da064" member_type: VOTER last_known_addr { host: "127.16.33.193" port: 41475 } } peers { permanent_uuid: "6ae6942df9814817803b85e129210b1d" member_type: VOTER last_known_addr { host: "127.16.33.195" port: 36999 } }
I20260630 12:38:58.621207 19821 raft_consensus.cc:385] T be031d1456884dd28e69d2593b636342 P 9d271d7af1ad4d4c8b2687e4e94da064 [term 0 FOLLOWER]: Consensus starting up: Expiring failure detector timer to make a prompt election more likely
I20260630 12:38:58.621476 19821 raft_consensus.cc:740] T be031d1456884dd28e69d2593b636342 P 9d271d7af1ad4d4c8b2687e4e94da064 [term 0 FOLLOWER]: Becoming Follower/Learner. State: Replica: 9d271d7af1ad4d4c8b2687e4e94da064, State: Initialized, Role: FOLLOWER
I20260630 12:38:58.622480 19824 tablet_bootstrap.cc:654] T e7a4b342efa244f488c8556ad20272df P b4e11f23e09342b8a2918e551b0894cc: Neither blocks nor log segments found. Creating new log.
I20260630 12:38:58.622151 19821 consensus_queue.cc:260] T be031d1456884dd28e69d2593b636342 P 9d271d7af1ad4d4c8b2687e4e94da064 [NON_LEADER]: Queue going to NON_LEADER mode. State: All replicated index: 0, Majority replicated index: 0, Committed index: 0, Last appended: 0.0, Last appended by leader: 0, Current term: 0, Majority size: -1, State: 0, Mode: NON_LEADER, active raft config: opid_index: -1 OBSOLETE_local: false peers { permanent_uuid: "b4e11f23e09342b8a2918e551b0894cc" member_type: VOTER last_known_addr { host: "127.16.33.196" port: 37529 } } peers { permanent_uuid: "9d271d7af1ad4d4c8b2687e4e94da064" member_type: VOTER last_known_addr { host: "127.16.33.193" port: 41475 } } peers { permanent_uuid: "6ae6942df9814817803b85e129210b1d" member_type: VOTER last_known_addr { host: "127.16.33.195" port: 36999 } }
I20260630 12:38:58.624325 19821 ts_tablet_manager.cc:1434] T be031d1456884dd28e69d2593b636342 P 9d271d7af1ad4d4c8b2687e4e94da064: Time spent starting tablet: real 0.007s	user 0.004s	sys 0.002s
I20260630 12:38:58.625384 19821 tablet_bootstrap.cc:492] T 1728340106d54931a4d9ee884b9700fb P 9d271d7af1ad4d4c8b2687e4e94da064: Bootstrap starting.
I20260630 12:38:58.625548 19831 tablet_bootstrap.cc:654] T 2dcc38b7acab4be2a3dcf7e5c2c63d4d P 6ae6942df9814817803b85e129210b1d: Neither blocks nor log segments found. Creating new log.
I20260630 12:38:58.626327 19823 tablet_bootstrap.cc:492] T 25bf2d40981f4bee8a758bdf148ae44f P 4cdd1875904c4cda896fe9d140104c38: No bootstrap required, opened a new log
I20260630 12:38:58.626785 19823 ts_tablet_manager.cc:1403] T 25bf2d40981f4bee8a758bdf148ae44f P 4cdd1875904c4cda896fe9d140104c38: Time spent bootstrapping tablet: real 0.028s	user 0.006s	sys 0.005s
I20260630 12:38:58.629567 19823 raft_consensus.cc:359] T 25bf2d40981f4bee8a758bdf148ae44f P 4cdd1875904c4cda896fe9d140104c38 [term 0 FOLLOWER]: Replica starting. Triggering 0 pending ops. Active config: opid_index: -1 OBSOLETE_local: false peers { permanent_uuid: "4cdd1875904c4cda896fe9d140104c38" member_type: VOTER last_known_addr { host: "127.16.33.194" port: 44399 } } peers { permanent_uuid: "6ae6942df9814817803b85e129210b1d" member_type: VOTER last_known_addr { host: "127.16.33.195" port: 36999 } } peers { permanent_uuid: "b4e11f23e09342b8a2918e551b0894cc" member_type: VOTER last_known_addr { host: "127.16.33.196" port: 37529 } }
I20260630 12:38:58.630219 19823 raft_consensus.cc:385] T 25bf2d40981f4bee8a758bdf148ae44f P 4cdd1875904c4cda896fe9d140104c38 [term 0 FOLLOWER]: Consensus starting up: Expiring failure detector timer to make a prompt election more likely
I20260630 12:38:58.630506 19823 raft_consensus.cc:740] T 25bf2d40981f4bee8a758bdf148ae44f P 4cdd1875904c4cda896fe9d140104c38 [term 0 FOLLOWER]: Becoming Follower/Learner. State: Replica: 4cdd1875904c4cda896fe9d140104c38, State: Initialized, Role: FOLLOWER
I20260630 12:38:58.631157 19821 tablet_bootstrap.cc:654] T 1728340106d54931a4d9ee884b9700fb P 9d271d7af1ad4d4c8b2687e4e94da064: Neither blocks nor log segments found. Creating new log.
