I20260630 12:39:42.717232 23611 heartbeater.cc:461] Registering TS with master...
I20260630 12:39:42.717366 18714 webserver.cc:533] Webserver started at http://127.18.70.133:40221/ using document root <none> and password file <none>
I20260630 12:39:42.717945 18714 fs_manager.cc:362] Metadata directory not provided
I20260630 12:39:42.718154 18714 fs_manager.cc:368] Using write-ahead log directory (fs_wal_dir) as metadata directory
I20260630 12:39:42.718047 23611 heartbeater.cc:507] Master 127.18.70.190:35455 requested a full tablet report, sending...
I20260630 12:39:42.718667 18714 server_base.cc:909] This appears to be a new deployment of Kudu; creating new FS layout
I20260630 12:39:42.720229 18714 fs_manager.cc:1068] Generated new instance metadata in path /tmp/dist-test-taskUVvQKC/test-tmp/auto_rebalancer-test.0.AutoRebalancerTest.TestMaxMovesPerServer.1782823058105646-18714-0/minicluster-data/ts-4-root/instance:
uuid: "30945f3aad704c25a53020fae775786c"
format_stamp: "Formatted at 2026-06-30 12:39:42 on dist-test-slave-xr1r"
I20260630 12:39:42.720651 23054 ts_manager.cc:194] Registered new tserver with Master: 60ea2db8e4194737ada1ba7c2d4bd419 (127.18.70.132:40079)
I20260630 12:39:42.722155 23054 master_service.cc:502] Signed X509 certificate for tserver {username='slave'} at 127.0.0.1:50772
I20260630 12:39:42.725615 18714 fs_manager.cc:696] Time spent creating directory manager: real 0.005s	user 0.004s	sys 0.000s
I20260630 12:39:42.729257 23623 log_block_manager.cc:4031] Time spent loading block containers with low live blocks: real 0.000s	user 0.000s	sys 0.000s
I20260630 12:39:42.730173 18714 fs_manager.cc:730] Time spent opening block manager: real 0.002s	user 0.004s	sys 0.000s
I20260630 12:39:42.730538 18714 fs_manager.cc:647] Opened local filesystem: /tmp/dist-test-taskUVvQKC/test-tmp/auto_rebalancer-test.0.AutoRebalancerTest.TestMaxMovesPerServer.1782823058105646-18714-0/minicluster-data/ts-4-root
uuid: "30945f3aad704c25a53020fae775786c"
format_stamp: "Formatted at 2026-06-30 12:39:42 on dist-test-slave-xr1r"
I20260630 12:39:42.730814 18714 fs_report.cc:389] FS layout report
--------------------
wal directory: /tmp/dist-test-taskUVvQKC/test-tmp/auto_rebalancer-test.0.AutoRebalancerTest.TestMaxMovesPerServer.1782823058105646-18714-0/minicluster-data/ts-4-root
metadata directory: /tmp/dist-test-taskUVvQKC/test-tmp/auto_rebalancer-test.0.AutoRebalancerTest.TestMaxMovesPerServer.1782823058105646-18714-0/minicluster-data/ts-4-root
1 data directories: /tmp/dist-test-taskUVvQKC/test-tmp/auto_rebalancer-test.0.AutoRebalancerTest.TestMaxMovesPerServer.1782823058105646-18714-0/minicluster-data/ts-4-root/data
Total live blocks: 0
Total live bytes: 0
Total live bytes (after alignment): 0
Total number of LBM containers: 0 (0 full)
Did not check for missing blocks
Did not check for orphaned blocks
Total full LBM containers with extra space: 0 (0 repaired)
Total full LBM container extra space in bytes: 0 (0 repaired)
Total incomplete LBM containers: 0 (0 repaired)
Total LBM partial records: 0 (0 repaired)
Total corrupted LBM metadata records in RocksDB: 0 (0 repaired)
I20260630 12:39:42.765949 18714 rpc_server.cc:225] running with OpenSSL 1.1.1  11 Sep 2018
I20260630 12:39:42.767215 18714 kserver.cc:163] Server-wide thread pool size limit: 3276
I20260630 12:39:42.768567 18714 txn_system_client.cc:432] TxnSystemClient initialization is disabled...
I20260630 12:39:42.770761 18714 ts_tablet_manager.cc:585] Loaded tablet metadata (0 total tablets, 0 live tablets)
I20260630 12:39:42.770933 18714 ts_tablet_manager.cc:531] Time spent load tablet metadata: real 0.000s	user 0.000s	sys 0.000s
I20260630 12:39:42.771214 18714 ts_tablet_manager.cc:616] Registered 0 tablets
I20260630 12:39:42.771381 18714 ts_tablet_manager.cc:595] Time spent register tablets: real 0.000s	user 0.000s	sys 0.000s
I20260630 12:39:42.831524 18714 rpc_server.cc:307] RPC server started. Bound to: 127.18.70.133:44137
I20260630 12:39:42.831655 23685 acceptor_pool.cc:272] collecting diagnostics on the listening RPC socket 127.18.70.133:44137 every 8 connection(s)
I20260630 12:39:42.838124 18714 file_cache.cc:492] Constructed file cache file cache with capacity 419430
W20260630 12:39:42.845218 23689 instance_detector.cc:116] could not retrieve AWS instance metadata: Network error: curl error: HTTP response code said error: The requested URL returned error: 404
W20260630 12:39:42.848438 23690 instance_detector.cc:116] could not retrieve Azure instance metadata: Network error: curl error: HTTP response code said error: The requested URL returned error: 404
W20260630 12:39:42.850593 23692 instance_detector.cc:116] could not retrieve OpenStack instance metadata: Network error: curl error: HTTP response code said error: The requested URL returned error: 404
I20260630 12:39:42.851636 23686 heartbeater.cc:344] Connected to a master server at 127.18.70.190:35455
I20260630 12:39:42.852118 23686 heartbeater.cc:461] Registering TS with master...
I20260630 12:39:42.852407 18714 server_base.cc:1061] running on GCE node
I20260630 12:39:42.853170 23686 heartbeater.cc:507] Master 127.18.70.190:35455 requested a full tablet report, sending...
I20260630 12:39:42.854504 18714 hybrid_clock.cc:584] initializing the hybrid clock with 'system_unsync' time source
W20260630 12:39:42.854816 18714 system_unsync_time.cc:38] NTP support is disabled. Clock error bounds will not be accurate. This configuration is not suitable for distributed clusters.
I20260630 12:39:42.855043 18714 hybrid_clock.cc:648] HybridClock initialized: now 1782823182855024 us; error 0 us; skew 500 ppm
I20260630 12:39:42.855219 23054 ts_manager.cc:194] Registered new tserver with Master: 30945f3aad704c25a53020fae775786c (127.18.70.133:44137)
I20260630 12:39:42.855751 18714 server_base.cc:861] Flag tcmalloc_max_total_thread_cache_bytes is not working since tcmalloc is not enabled.
I20260630 12:39:42.857355 23054 master_service.cc:502] Signed X509 certificate for tserver {username='slave'} at 127.0.0.1:50786
I20260630 12:39:42.858839 18714 webserver.cc:533] Webserver started at http://127.18.70.134:45209/ using document root <none> and password file <none>
I20260630 12:39:42.859442 18714 fs_manager.cc:362] Metadata directory not provided
I20260630 12:39:42.859668 18714 fs_manager.cc:368] Using write-ahead log directory (fs_wal_dir) as metadata directory
I20260630 12:39:42.860006 18714 server_base.cc:909] This appears to be a new deployment of Kudu; creating new FS layout
I20260630 12:39:42.861289 18714 fs_manager.cc:1068] Generated new instance metadata in path /tmp/dist-test-taskUVvQKC/test-tmp/auto_rebalancer-test.0.AutoRebalancerTest.TestMaxMovesPerServer.1782823058105646-18714-0/minicluster-data/ts-5-root/instance:
uuid: "42523caf8bd0433ab39a4fd8734e5409"
format_stamp: "Formatted at 2026-06-30 12:39:42 on dist-test-slave-xr1r"
I20260630 12:39:42.865875 18714 fs_manager.cc:696] Time spent creating directory manager: real 0.004s	user 0.005s	sys 0.000s
I20260630 12:39:42.869307 23697 log_block_manager.cc:4031] Time spent loading block containers with low live blocks: real 0.000s	user 0.000s	sys 0.000s
I20260630 12:39:42.870090 18714 fs_manager.cc:730] Time spent opening block manager: real 0.002s	user 0.003s	sys 0.000s
I20260630 12:39:42.870414 18714 fs_manager.cc:647] Opened local filesystem: /tmp/dist-test-taskUVvQKC/test-tmp/auto_rebalancer-test.0.AutoRebalancerTest.TestMaxMovesPerServer.1782823058105646-18714-0/minicluster-data/ts-5-root
uuid: "42523caf8bd0433ab39a4fd8734e5409"
format_stamp: "Formatted at 2026-06-30 12:39:42 on dist-test-slave-xr1r"
I20260630 12:39:42.870687 18714 fs_report.cc:389] FS layout report
--------------------
wal directory: /tmp/dist-test-taskUVvQKC/test-tmp/auto_rebalancer-test.0.AutoRebalancerTest.TestMaxMovesPerServer.1782823058105646-18714-0/minicluster-data/ts-5-root
metadata directory: /tmp/dist-test-taskUVvQKC/test-tmp/auto_rebalancer-test.0.AutoRebalancerTest.TestMaxMovesPerServer.1782823058105646-18714-0/minicluster-data/ts-5-root
1 data directories: /tmp/dist-test-taskUVvQKC/test-tmp/auto_rebalancer-test.0.AutoRebalancerTest.TestMaxMovesPerServer.1782823058105646-18714-0/minicluster-data/ts-5-root/data
Total live blocks: 0
Total live bytes: 0
Total live bytes (after alignment): 0
Total number of LBM containers: 0 (0 full)
Did not check for missing blocks
Did not check for orphaned blocks
Total full LBM containers with extra space: 0 (0 repaired)
Total full LBM container extra space in bytes: 0 (0 repaired)
Total incomplete LBM containers: 0 (0 repaired)
Total LBM partial records: 0 (0 repaired)
Total corrupted LBM metadata records in RocksDB: 0 (0 repaired)
I20260630 12:39:42.884725 18714 rpc_server.cc:225] running with OpenSSL 1.1.1  11 Sep 2018
I20260630 12:39:42.886168 18714 kserver.cc:163] Server-wide thread pool size limit: 3276
I20260630 12:39:42.888343 18714 txn_system_client.cc:432] TxnSystemClient initialization is disabled...
I20260630 12:39:42.891202 18714 ts_tablet_manager.cc:585] Loaded tablet metadata (0 total tablets, 0 live tablets)
I20260630 12:39:42.891469 18714 ts_tablet_manager.cc:531] Time spent load tablet metadata: real 0.000s	user 0.000s	sys 0.000s
I20260630 12:39:42.891712 18714 ts_tablet_manager.cc:616] Registered 0 tablets
I20260630 12:39:42.891893 18714 ts_tablet_manager.cc:595] Time spent register tablets: real 0.000s	user 0.000s	sys 0.000s
I20260630 12:39:42.978489 18714 rpc_server.cc:307] RPC server started. Bound to: 127.18.70.134:46111
I20260630 12:39:42.978849 23759 acceptor_pool.cc:272] collecting diagnostics on the listening RPC socket 127.18.70.134:46111 every 8 connection(s)
I20260630 12:39:42.993799 23760 heartbeater.cc:344] Connected to a master server at 127.18.70.190:35455
I20260630 12:39:42.994234 23760 heartbeater.cc:461] Registering TS with master...
I20260630 12:39:42.995136 23760 heartbeater.cc:507] Master 127.18.70.190:35455 requested a full tablet report, sending...
I20260630 12:39:42.997068 23054 ts_manager.cc:194] Registered new tserver with Master: 42523caf8bd0433ab39a4fd8734e5409 (127.18.70.134:46111)
I20260630 12:39:42.998379 23054 master_service.cc:502] Signed X509 certificate for tserver {username='slave'} at 127.0.0.1:50796
I20260630 12:39:43.052784 23159 consensus_queue.cc:237] T a03867d7246443adbdb3bad194a1f31e P 78551d6f5a734e3aa4cd79640536dd80 [LEADER]: Queue going to LEADER mode. State: All replicated index: 0, Majority replicated index: 25, Committed index: 25, Last appended: 1.25, Last appended by leader: 0, Current term: 1, Majority size: 2, State: 0, Mode: LEADER, active raft config: opid_index: 26 OBSOLETE_local: false peers { permanent_uuid: "78551d6f5a734e3aa4cd79640536dd80" member_type: VOTER last_known_addr { host: "127.18.70.129" port: 37297 } } peers { permanent_uuid: "d8a9dd890e394cd9bca8c783fa6f66f7" member_type: VOTER last_known_addr { host: "127.18.70.131" port: 44107 } attrs { replace: true } } peers { permanent_uuid: "64c91eda77b24ad2a0a0c0c9e5aec1ff" member_type: VOTER last_known_addr { host: "127.18.70.130" port: 45103 } } peers { permanent_uuid: "42523caf8bd0433ab39a4fd8734e5409" member_type: NON_VOTER last_known_addr { host: "127.18.70.134" port: 46111 } attrs { promote: true } }
I20260630 12:39:43.059559 23309 raft_consensus.cc:1275] T a03867d7246443adbdb3bad194a1f31e P d8a9dd890e394cd9bca8c783fa6f66f7 [term 1 FOLLOWER]: Refusing update from remote peer 78551d6f5a734e3aa4cd79640536dd80: Log matching property violated. Preceding OpId in replica: term: 1 index: 25. Preceding OpId from leader: term: 1 index: 26. (index mismatch)
I20260630 12:39:43.066001 23230 raft_consensus.cc:1275] T a03867d7246443adbdb3bad194a1f31e P 64c91eda77b24ad2a0a0c0c9e5aec1ff [term 1 FOLLOWER]: Refusing update from remote peer 78551d6f5a734e3aa4cd79640536dd80: Log matching property violated. Preceding OpId in replica: term: 1 index: 25. Preceding OpId from leader: term: 1 index: 26. (index mismatch)
I20260630 12:39:43.067358 23396 consensus_queue.cc:1048] T a03867d7246443adbdb3bad194a1f31e P 78551d6f5a734e3aa4cd79640536dd80 [LEADER]: Connected to new peer: Peer: permanent_uuid: "d8a9dd890e394cd9bca8c783fa6f66f7" member_type: VOTER last_known_addr { host: "127.18.70.131" port: 44107 } attrs { replace: true }, Status: LMP_MISMATCH, Last received: 0.0, Next index: 26, Last known committed idx: 25, Time since last communication: 0.001s
I20260630 12:39:43.069703 23508 consensus_queue.cc:1048] T a03867d7246443adbdb3bad194a1f31e P 78551d6f5a734e3aa4cd79640536dd80 [LEADER]: Connected to new peer: Peer: permanent_uuid: "64c91eda77b24ad2a0a0c0c9e5aec1ff" member_type: VOTER last_known_addr { host: "127.18.70.130" port: 45103 }, Status: LMP_MISMATCH, Last received: 0.0, Next index: 26, Last known committed idx: 25, Time since last communication: 0.002s
I20260630 12:39:43.080267 23539 raft_consensus.cc:2955] T a03867d7246443adbdb3bad194a1f31e P 78551d6f5a734e3aa4cd79640536dd80 [term 1 LEADER]: Committing config change with OpId 1.26: config changed from index -1 to 26, NON_VOTER 42523caf8bd0433ab39a4fd8734e5409 (127.18.70.134) added. New config: { opid_index: 26 OBSOLETE_local: false peers { permanent_uuid: "78551d6f5a734e3aa4cd79640536dd80" member_type: VOTER last_known_addr { host: "127.18.70.129" port: 37297 } } peers { permanent_uuid: "d8a9dd890e394cd9bca8c783fa6f66f7" member_type: VOTER last_known_addr { host: "127.18.70.131" port: 44107 } attrs { replace: true } } peers { permanent_uuid: "64c91eda77b24ad2a0a0c0c9e5aec1ff" member_type: VOTER last_known_addr { host: "127.18.70.130" port: 45103 } } peers { permanent_uuid: "42523caf8bd0433ab39a4fd8734e5409" member_type: NON_VOTER last_known_addr { host: "127.18.70.134" port: 46111 } attrs { promote: true } } }
I20260630 12:39:43.082026 23309 raft_consensus.cc:2955] T a03867d7246443adbdb3bad194a1f31e P d8a9dd890e394cd9bca8c783fa6f66f7 [term 1 FOLLOWER]: Committing config change with OpId 1.26: config changed from index -1 to 26, NON_VOTER 42523caf8bd0433ab39a4fd8734e5409 (127.18.70.134) added. New config: { opid_index: 26 OBSOLETE_local: false peers { permanent_uuid: "78551d6f5a734e3aa4cd79640536dd80" member_type: VOTER last_known_addr { host: "127.18.70.129" port: 37297 } } peers { permanent_uuid: "d8a9dd890e394cd9bca8c783fa6f66f7" member_type: VOTER last_known_addr { host: "127.18.70.131" port: 44107 } attrs { replace: true } } peers { permanent_uuid: "64c91eda77b24ad2a0a0c0c9e5aec1ff" member_type: VOTER last_known_addr { host: "127.18.70.130" port: 45103 } } peers { permanent_uuid: "42523caf8bd0433ab39a4fd8734e5409" member_type: NON_VOTER last_known_addr { host: "127.18.70.134" port: 46111 } attrs { promote: true } } }
I20260630 12:39:43.084903 23230 raft_consensus.cc:2955] T a03867d7246443adbdb3bad194a1f31e P 64c91eda77b24ad2a0a0c0c9e5aec1ff [term 1 FOLLOWER]: Committing config change with OpId 1.26: config changed from index -1 to 26, NON_VOTER 42523caf8bd0433ab39a4fd8734e5409 (127.18.70.134) added. New config: { opid_index: 26 OBSOLETE_local: false peers { permanent_uuid: "78551d6f5a734e3aa4cd79640536dd80" member_type: VOTER last_known_addr { host: "127.18.70.129" port: 37297 } } peers { permanent_uuid: "d8a9dd890e394cd9bca8c783fa6f66f7" member_type: VOTER last_known_addr { host: "127.18.70.131" port: 44107 } attrs { replace: true } } peers { permanent_uuid: "64c91eda77b24ad2a0a0c0c9e5aec1ff" member_type: VOTER last_known_addr { host: "127.18.70.130" port: 45103 } } peers { permanent_uuid: "42523caf8bd0433ab39a4fd8734e5409" member_type: NON_VOTER last_known_addr { host: "127.18.70.134" port: 46111 } attrs { promote: true } } }
W20260630 12:39:43.100566 23126 consensus_peers.cc:597] T a03867d7246443adbdb3bad194a1f31e P 78551d6f5a734e3aa4cd79640536dd80 -> Peer 42523caf8bd0433ab39a4fd8734e5409 (127.18.70.134:46111): Couldn't send request to peer 42523caf8bd0433ab39a4fd8734e5409. Error code: TABLET_NOT_FOUND (6). Status: Not found: Tablet not found: a03867d7246443adbdb3bad194a1f31e. This is attempt 1: this message will repeat every 5th retry.
I20260630 12:39:43.103183 23059 catalog_manager.cc:5697] T a03867d7246443adbdb3bad194a1f31e P d8a9dd890e394cd9bca8c783fa6f66f7 reported cstate change: config changed from index -1 to 26, NON_VOTER 42523caf8bd0433ab39a4fd8734e5409 (127.18.70.134) added. New cstate: current_term: 1 leader_uuid: "78551d6f5a734e3aa4cd79640536dd80" committed_config { opid_index: 26 OBSOLETE_local: false peers { permanent_uuid: "78551d6f5a734e3aa4cd79640536dd80" member_type: VOTER last_known_addr { host: "127.18.70.129" port: 37297 } } peers { permanent_uuid: "d8a9dd890e394cd9bca8c783fa6f66f7" member_type: VOTER last_known_addr { host: "127.18.70.131" port: 44107 } attrs { replace: true } } peers { permanent_uuid: "64c91eda77b24ad2a0a0c0c9e5aec1ff" member_type: VOTER last_known_addr { host: "127.18.70.130" port: 45103 } } peers { permanent_uuid: "42523caf8bd0433ab39a4fd8734e5409" member_type: NON_VOTER last_known_addr { host: "127.18.70.134" port: 46111 } attrs { promote: true } } }
I20260630 12:39:43.118201 23309 consensus_queue.cc:237] T 0bc3b6204f2c4883a2c9eef6d653c47b P d8a9dd890e394cd9bca8c783fa6f66f7 [LEADER]: Queue going to LEADER mode. State: All replicated index: 0, Majority replicated index: 25, Committed index: 25, Last appended: 1.25, Last appended by leader: 0, Current term: 1, Majority size: 2, State: 0, Mode: LEADER, active raft config: opid_index: 26 OBSOLETE_local: false peers { permanent_uuid: "78551d6f5a734e3aa4cd79640536dd80" member_type: VOTER last_known_addr { host: "127.18.70.129" port: 37297 } attrs { replace: true } } peers { permanent_uuid: "64c91eda77b24ad2a0a0c0c9e5aec1ff" member_type: VOTER last_known_addr { host: "127.18.70.130" port: 45103 } } peers { permanent_uuid: "d8a9dd890e394cd9bca8c783fa6f66f7" member_type: VOTER last_known_addr { host: "127.18.70.131" port: 44107 } } peers { permanent_uuid: "30945f3aad704c25a53020fae775786c" member_type: NON_VOTER last_known_addr { host: "127.18.70.133" port: 44137 } attrs { promote: true } }
I20260630 12:39:43.126266 23159 raft_consensus.cc:1275] T 0bc3b6204f2c4883a2c9eef6d653c47b P 78551d6f5a734e3aa4cd79640536dd80 [term 1 FOLLOWER]: Refusing update from remote peer d8a9dd890e394cd9bca8c783fa6f66f7: Log matching property violated. Preceding OpId in replica: term: 1 index: 25. Preceding OpId from leader: term: 1 index: 26. (index mismatch)
I20260630 12:39:43.128818 23527 consensus_queue.cc:1048] T 0bc3b6204f2c4883a2c9eef6d653c47b P d8a9dd890e394cd9bca8c783fa6f66f7 [LEADER]: Connected to new peer: Peer: permanent_uuid: "78551d6f5a734e3aa4cd79640536dd80" member_type: VOTER last_known_addr { host: "127.18.70.129" port: 37297 } attrs { replace: true }, Status: LMP_MISMATCH, Last received: 0.0, Next index: 26, Last known committed idx: 25, Time since last communication: 0.001s
I20260630 12:39:43.135020 23230 raft_consensus.cc:1275] T 0bc3b6204f2c4883a2c9eef6d653c47b P 64c91eda77b24ad2a0a0c0c9e5aec1ff [term 1 FOLLOWER]: Refusing update from remote peer d8a9dd890e394cd9bca8c783fa6f66f7: Log matching property violated. Preceding OpId in replica: term: 1 index: 25. Preceding OpId from leader: term: 1 index: 26. (index mismatch)
I20260630 12:39:43.137430 23527 consensus_queue.cc:1048] T 0bc3b6204f2c4883a2c9eef6d653c47b P d8a9dd890e394cd9bca8c783fa6f66f7 [LEADER]: Connected to new peer: Peer: permanent_uuid: "64c91eda77b24ad2a0a0c0c9e5aec1ff" member_type: VOTER last_known_addr { host: "127.18.70.130" port: 45103 }, Status: LMP_MISMATCH, Last received: 0.0, Next index: 26, Last known committed idx: 25, Time since last communication: 0.001s
I20260630 12:39:43.141079 23774 raft_consensus.cc:2955] T 0bc3b6204f2c4883a2c9eef6d653c47b P d8a9dd890e394cd9bca8c783fa6f66f7 [term 1 LEADER]: Committing config change with OpId 1.26: config changed from index -1 to 26, NON_VOTER 30945f3aad704c25a53020fae775786c (127.18.70.133) added. New config: { opid_index: 26 OBSOLETE_local: false peers { permanent_uuid: "78551d6f5a734e3aa4cd79640536dd80" member_type: VOTER last_known_addr { host: "127.18.70.129" port: 37297 } attrs { replace: true } } peers { permanent_uuid: "64c91eda77b24ad2a0a0c0c9e5aec1ff" member_type: VOTER last_known_addr { host: "127.18.70.130" port: 45103 } } peers { permanent_uuid: "d8a9dd890e394cd9bca8c783fa6f66f7" member_type: VOTER last_known_addr { host: "127.18.70.131" port: 44107 } } peers { permanent_uuid: "30945f3aad704c25a53020fae775786c" member_type: NON_VOTER last_known_addr { host: "127.18.70.133" port: 44137 } attrs { promote: true } } }
I20260630 12:39:43.143026 23157 raft_consensus.cc:2955] T 0bc3b6204f2c4883a2c9eef6d653c47b P 78551d6f5a734e3aa4cd79640536dd80 [term 1 FOLLOWER]: Committing config change with OpId 1.26: config changed from index -1 to 26, NON_VOTER 30945f3aad704c25a53020fae775786c (127.18.70.133) added. New config: { opid_index: 26 OBSOLETE_local: false peers { permanent_uuid: "78551d6f5a734e3aa4cd79640536dd80" member_type: VOTER last_known_addr { host: "127.18.70.129" port: 37297 } attrs { replace: true } } peers { permanent_uuid: "64c91eda77b24ad2a0a0c0c9e5aec1ff" member_type: VOTER last_known_addr { host: "127.18.70.130" port: 45103 } } peers { permanent_uuid: "d8a9dd890e394cd9bca8c783fa6f66f7" member_type: VOTER last_known_addr { host: "127.18.70.131" port: 44107 } } peers { permanent_uuid: "30945f3aad704c25a53020fae775786c" member_type: NON_VOTER last_known_addr { host: "127.18.70.133" port: 44137 } attrs { promote: true } } }
I20260630 12:39:43.147716 23232 raft_consensus.cc:2955] T 0bc3b6204f2c4883a2c9eef6d653c47b P 64c91eda77b24ad2a0a0c0c9e5aec1ff [term 1 FOLLOWER]: Committing config change with OpId 1.26: config changed from index -1 to 26, NON_VOTER 30945f3aad704c25a53020fae775786c (127.18.70.133) added. New config: { opid_index: 26 OBSOLETE_local: false peers { permanent_uuid: "78551d6f5a734e3aa4cd79640536dd80" member_type: VOTER last_known_addr { host: "127.18.70.129" port: 37297 } attrs { replace: true } } peers { permanent_uuid: "64c91eda77b24ad2a0a0c0c9e5aec1ff" member_type: VOTER last_known_addr { host: "127.18.70.130" port: 45103 } } peers { permanent_uuid: "d8a9dd890e394cd9bca8c783fa6f66f7" member_type: VOTER last_known_addr { host: "127.18.70.131" port: 44107 } } peers { permanent_uuid: "30945f3aad704c25a53020fae775786c" member_type: NON_VOTER last_known_addr { host: "127.18.70.133" port: 44137 } attrs { promote: true } } }
W20260630 12:39:43.156670 23275 consensus_peers.cc:597] T 0bc3b6204f2c4883a2c9eef6d653c47b P d8a9dd890e394cd9bca8c783fa6f66f7 -> Peer 30945f3aad704c25a53020fae775786c (127.18.70.133:44137): Couldn't send request to peer 30945f3aad704c25a53020fae775786c. Error code: TABLET_NOT_FOUND (6). Status: Not found: Tablet not found: 0bc3b6204f2c4883a2c9eef6d653c47b. This is attempt 1: this message will repeat every 5th retry.
I20260630 12:39:43.157269 23056 catalog_manager.cc:5697] T 0bc3b6204f2c4883a2c9eef6d653c47b P d8a9dd890e394cd9bca8c783fa6f66f7 reported cstate change: config changed from index -1 to 26, NON_VOTER 30945f3aad704c25a53020fae775786c (127.18.70.133) added. New cstate: current_term: 1 leader_uuid: "d8a9dd890e394cd9bca8c783fa6f66f7" committed_config { opid_index: 26 OBSOLETE_local: false peers { permanent_uuid: "78551d6f5a734e3aa4cd79640536dd80" member_type: VOTER last_known_addr { host: "127.18.70.129" port: 37297 } attrs { replace: true } health_report { overall_health: HEALTHY } } peers { permanent_uuid: "64c91eda77b24ad2a0a0c0c9e5aec1ff" member_type: VOTER last_known_addr { host: "127.18.70.130" port: 45103 } health_report { overall_health: HEALTHY } } peers { permanent_uuid: "d8a9dd890e394cd9bca8c783fa6f66f7" member_type: VOTER last_known_addr { host: "127.18.70.131" port: 44107 } health_report { overall_health: HEALTHY } } peers { permanent_uuid: "30945f3aad704c25a53020fae775786c" member_type: NON_VOTER last_known_addr { host: "127.18.70.133" port: 44137 } attrs { promote: true } health_report { overall_health: UNKNOWN } } }
I20260630 12:39:43.158185 23309 consensus_queue.cc:237] T bdc401544d914753bed95824855e87bc P d8a9dd890e394cd9bca8c783fa6f66f7 [LEADER]: Queue going to LEADER mode. State: All replicated index: 0, Majority replicated index: 25, Committed index: 25, Last appended: 1.25, Last appended by leader: 0, Current term: 1, Majority size: 2, State: 0, Mode: LEADER, active raft config: opid_index: 26 OBSOLETE_local: false peers { permanent_uuid: "78551d6f5a734e3aa4cd79640536dd80" member_type: VOTER last_known_addr { host: "127.18.70.129" port: 37297 } } peers { permanent_uuid: "64c91eda77b24ad2a0a0c0c9e5aec1ff" member_type: VOTER last_known_addr { host: "127.18.70.130" port: 45103 } attrs { replace: true } } peers { permanent_uuid: "d8a9dd890e394cd9bca8c783fa6f66f7" member_type: VOTER last_known_addr { host: "127.18.70.131" port: 44107 } } peers { permanent_uuid: "60ea2db8e4194737ada1ba7c2d4bd419" member_type: NON_VOTER last_known_addr { host: "127.18.70.132" port: 40079 } attrs { promote: true } }
I20260630 12:39:43.165318 23157 raft_consensus.cc:1275] T bdc401544d914753bed95824855e87bc P 78551d6f5a734e3aa4cd79640536dd80 [term 1 FOLLOWER]: Refusing update from remote peer d8a9dd890e394cd9bca8c783fa6f66f7: Log matching property violated. Preceding OpId in replica: term: 1 index: 25. Preceding OpId from leader: term: 1 index: 26. (index mismatch)
I20260630 12:39:43.167363 23373 consensus_queue.cc:1048] T bdc401544d914753bed95824855e87bc P d8a9dd890e394cd9bca8c783fa6f66f7 [LEADER]: Connected to new peer: Peer: permanent_uuid: "78551d6f5a734e3aa4cd79640536dd80" member_type: VOTER last_known_addr { host: "127.18.70.129" port: 37297 }, Status: LMP_MISMATCH, Last received: 0.0, Next index: 26, Last known committed idx: 25, Time since last communication: 0.001s
I20260630 12:39:43.171672 23230 raft_consensus.cc:1275] T bdc401544d914753bed95824855e87bc P 64c91eda77b24ad2a0a0c0c9e5aec1ff [term 1 FOLLOWER]: Refusing update from remote peer d8a9dd890e394cd9bca8c783fa6f66f7: Log matching property violated. Preceding OpId in replica: term: 1 index: 25. Preceding OpId from leader: term: 1 index: 26. (index mismatch)
I20260630 12:39:43.173390 23774 consensus_queue.cc:1048] T bdc401544d914753bed95824855e87bc P d8a9dd890e394cd9bca8c783fa6f66f7 [LEADER]: Connected to new peer: Peer: permanent_uuid: "64c91eda77b24ad2a0a0c0c9e5aec1ff" member_type: VOTER last_known_addr { host: "127.18.70.130" port: 45103 } attrs { replace: true }, Status: LMP_MISMATCH, Last received: 0.0, Next index: 26, Last known committed idx: 25, Time since last communication: 0.000s
I20260630 12:39:43.177850 23373 raft_consensus.cc:2955] T bdc401544d914753bed95824855e87bc P d8a9dd890e394cd9bca8c783fa6f66f7 [term 1 LEADER]: Committing config change with OpId 1.26: config changed from index -1 to 26, NON_VOTER 60ea2db8e4194737ada1ba7c2d4bd419 (127.18.70.132) added. New config: { opid_index: 26 OBSOLETE_local: false peers { permanent_uuid: "78551d6f5a734e3aa4cd79640536dd80" member_type: VOTER last_known_addr { host: "127.18.70.129" port: 37297 } } peers { permanent_uuid: "64c91eda77b24ad2a0a0c0c9e5aec1ff" member_type: VOTER last_known_addr { host: "127.18.70.130" port: 45103 } attrs { replace: true } } peers { permanent_uuid: "d8a9dd890e394cd9bca8c783fa6f66f7" member_type: VOTER last_known_addr { host: "127.18.70.131" port: 44107 } } peers { permanent_uuid: "60ea2db8e4194737ada1ba7c2d4bd419" member_type: NON_VOTER last_known_addr { host: "127.18.70.132" port: 40079 } attrs { promote: true } } }
I20260630 12:39:43.184341 23230 raft_consensus.cc:2955] T bdc401544d914753bed95824855e87bc P 64c91eda77b24ad2a0a0c0c9e5aec1ff [term 1 FOLLOWER]: Committing config change with OpId 1.26: config changed from index -1 to 26, NON_VOTER 60ea2db8e4194737ada1ba7c2d4bd419 (127.18.70.132) added. New config: { opid_index: 26 OBSOLETE_local: false peers { permanent_uuid: "78551d6f5a734e3aa4cd79640536dd80" member_type: VOTER last_known_addr { host: "127.18.70.129" port: 37297 } } peers { permanent_uuid: "64c91eda77b24ad2a0a0c0c9e5aec1ff" member_type: VOTER last_known_addr { host: "127.18.70.130" port: 45103 } attrs { replace: true } } peers { permanent_uuid: "d8a9dd890e394cd9bca8c783fa6f66f7" member_type: VOTER last_known_addr { host: "127.18.70.131" port: 44107 } } peers { permanent_uuid: "60ea2db8e4194737ada1ba7c2d4bd419" member_type: NON_VOTER last_known_addr { host: "127.18.70.132" port: 40079 } attrs { promote: true } } }
I20260630 12:39:43.193128 23159 raft_consensus.cc:2955] T bdc401544d914753bed95824855e87bc P 78551d6f5a734e3aa4cd79640536dd80 [term 1 FOLLOWER]: Committing config change with OpId 1.26: config changed from index -1 to 26, NON_VOTER 60ea2db8e4194737ada1ba7c2d4bd419 (127.18.70.132) added. New config: { opid_index: 26 OBSOLETE_local: false peers { permanent_uuid: "78551d6f5a734e3aa4cd79640536dd80" member_type: VOTER last_known_addr { host: "127.18.70.129" port: 37297 } } peers { permanent_uuid: "64c91eda77b24ad2a0a0c0c9e5aec1ff" member_type: VOTER last_known_addr { host: "127.18.70.130" port: 45103 } attrs { replace: true } } peers { permanent_uuid: "d8a9dd890e394cd9bca8c783fa6f66f7" member_type: VOTER last_known_addr { host: "127.18.70.131" port: 44107 } } peers { permanent_uuid: "60ea2db8e4194737ada1ba7c2d4bd419" member_type: NON_VOTER last_known_addr { host: "127.18.70.132" port: 40079 } attrs { promote: true } } }
I20260630 12:39:43.194617 23309 consensus_queue.cc:237] T 734c1aa3df93456d96b7a183f37c4c37 P d8a9dd890e394cd9bca8c783fa6f66f7 [LEADER]: Queue going to LEADER mode. State: All replicated index: 0, Majority replicated index: 25, Committed index: 25, Last appended: 1.25, Last appended by leader: 0, Current term: 1, Majority size: 2, State: 0, Mode: LEADER, active raft config: opid_index: 26 OBSOLETE_local: false peers { permanent_uuid: "78551d6f5a734e3aa4cd79640536dd80" member_type: VOTER last_known_addr { host: "127.18.70.129" port: 37297 } attrs { replace: true } } peers { permanent_uuid: "64c91eda77b24ad2a0a0c0c9e5aec1ff" member_type: VOTER last_known_addr { host: "127.18.70.130" port: 45103 } } peers { permanent_uuid: "d8a9dd890e394cd9bca8c783fa6f66f7" member_type: VOTER last_known_addr { host: "127.18.70.131" port: 44107 } } peers { permanent_uuid: "60ea2db8e4194737ada1ba7c2d4bd419" member_type: NON_VOTER last_known_addr { host: "127.18.70.132" port: 40079 } attrs { promote: true } }
W20260630 12:39:43.199157 23274 consensus_peers.cc:597] T bdc401544d914753bed95824855e87bc P d8a9dd890e394cd9bca8c783fa6f66f7 -> Peer 60ea2db8e4194737ada1ba7c2d4bd419 (127.18.70.132:40079): Couldn't send request to peer 60ea2db8e4194737ada1ba7c2d4bd419. Error code: TABLET_NOT_FOUND (6). Status: Not found: Tablet not found: bdc401544d914753bed95824855e87bc. This is attempt 1: this message will repeat every 5th retry.
I20260630 12:39:43.198809 23054 catalog_manager.cc:5697] T bdc401544d914753bed95824855e87bc P 64c91eda77b24ad2a0a0c0c9e5aec1ff reported cstate change: config changed from index -1 to 26, NON_VOTER 60ea2db8e4194737ada1ba7c2d4bd419 (127.18.70.132) added. New cstate: current_term: 1 leader_uuid: "d8a9dd890e394cd9bca8c783fa6f66f7" committed_config { opid_index: 26 OBSOLETE_local: false peers { permanent_uuid: "78551d6f5a734e3aa4cd79640536dd80" member_type: VOTER last_known_addr { host: "127.18.70.129" port: 37297 } } peers { permanent_uuid: "64c91eda77b24ad2a0a0c0c9e5aec1ff" member_type: VOTER last_known_addr { host: "127.18.70.130" port: 45103 } attrs { replace: true } } peers { permanent_uuid: "d8a9dd890e394cd9bca8c783fa6f66f7" member_type: VOTER last_known_addr { host: "127.18.70.131" port: 44107 } } peers { permanent_uuid: "60ea2db8e4194737ada1ba7c2d4bd419" member_type: NON_VOTER last_known_addr { host: "127.18.70.132" port: 40079 } attrs { promote: true } } }
W20260630 12:39:43.203233 23274 consensus_peers.cc:597] T 734c1aa3df93456d96b7a183f37c4c37 P d8a9dd890e394cd9bca8c783fa6f66f7 -> Peer 60ea2db8e4194737ada1ba7c2d4bd419 (127.18.70.132:40079): Couldn't send request to peer 60ea2db8e4194737ada1ba7c2d4bd419. Error code: TABLET_NOT_FOUND (6). Status: Not found: Tablet not found: 734c1aa3df93456d96b7a183f37c4c37. This is attempt 1: this message will repeat every 5th retry.
I20260630 12:39:43.204679 23230 raft_consensus.cc:1275] T 734c1aa3df93456d96b7a183f37c4c37 P 64c91eda77b24ad2a0a0c0c9e5aec1ff [term 1 FOLLOWER]: Refusing update from remote peer d8a9dd890e394cd9bca8c783fa6f66f7: Log matching property violated. Preceding OpId in replica: term: 1 index: 25. Preceding OpId from leader: term: 1 index: 26. (index mismatch)
I20260630 12:39:43.204841 23157 raft_consensus.cc:1275] T 734c1aa3df93456d96b7a183f37c4c37 P 78551d6f5a734e3aa4cd79640536dd80 [term 1 FOLLOWER]: Refusing update from remote peer d8a9dd890e394cd9bca8c783fa6f66f7: Log matching property violated. Preceding OpId in replica: term: 1 index: 25. Preceding OpId from leader: term: 1 index: 26. (index mismatch)
I20260630 12:39:43.206626 23373 consensus_queue.cc:1048] T 734c1aa3df93456d96b7a183f37c4c37 P d8a9dd890e394cd9bca8c783fa6f66f7 [LEADER]: Connected to new peer: Peer: permanent_uuid: "78551d6f5a734e3aa4cd79640536dd80" member_type: VOTER last_known_addr { host: "127.18.70.129" port: 37297 } attrs { replace: true }, Status: LMP_MISMATCH, Last received: 0.0, Next index: 26, Last known committed idx: 25, Time since last communication: 0.000s
I20260630 12:39:43.207487 23527 consensus_queue.cc:1048] T 734c1aa3df93456d96b7a183f37c4c37 P d8a9dd890e394cd9bca8c783fa6f66f7 [LEADER]: Connected to new peer: Peer: permanent_uuid: "64c91eda77b24ad2a0a0c0c9e5aec1ff" member_type: VOTER last_known_addr { host: "127.18.70.130" port: 45103 }, Status: LMP_MISMATCH, Last received: 0.0, Next index: 26, Last known committed idx: 25, Time since last communication: 0.000s
I20260630 12:39:43.215574 23527 raft_consensus.cc:2955] T 734c1aa3df93456d96b7a183f37c4c37 P d8a9dd890e394cd9bca8c783fa6f66f7 [term 1 LEADER]: Committing config change with OpId 1.26: config changed from index -1 to 26, NON_VOTER 60ea2db8e4194737ada1ba7c2d4bd419 (127.18.70.132) added. New config: { opid_index: 26 OBSOLETE_local: false peers { permanent_uuid: "78551d6f5a734e3aa4cd79640536dd80" member_type: VOTER last_known_addr { host: "127.18.70.129" port: 37297 } attrs { replace: true } } peers { permanent_uuid: "64c91eda77b24ad2a0a0c0c9e5aec1ff" member_type: VOTER last_known_addr { host: "127.18.70.130" port: 45103 } } peers { permanent_uuid: "d8a9dd890e394cd9bca8c783fa6f66f7" member_type: VOTER last_known_addr { host: "127.18.70.131" port: 44107 } } peers { permanent_uuid: "60ea2db8e4194737ada1ba7c2d4bd419" member_type: NON_VOTER last_known_addr { host: "127.18.70.132" port: 40079 } attrs { promote: true } } }
I20260630 12:39:43.219726 23157 raft_consensus.cc:2955] T 734c1aa3df93456d96b7a183f37c4c37 P 78551d6f5a734e3aa4cd79640536dd80 [term 1 FOLLOWER]: Committing config change with OpId 1.26: config changed from index -1 to 26, NON_VOTER 60ea2db8e4194737ada1ba7c2d4bd419 (127.18.70.132) added. New config: { opid_index: 26 OBSOLETE_local: false peers { permanent_uuid: "78551d6f5a734e3aa4cd79640536dd80" member_type: VOTER last_known_addr { host: "127.18.70.129" port: 37297 } attrs { replace: true } } peers { permanent_uuid: "64c91eda77b24ad2a0a0c0c9e5aec1ff" member_type: VOTER last_known_addr { host: "127.18.70.130" port: 45103 } } peers { permanent_uuid: "d8a9dd890e394cd9bca8c783fa6f66f7" member_type: VOTER last_known_addr { host: "127.18.70.131" port: 44107 } } peers { permanent_uuid: "60ea2db8e4194737ada1ba7c2d4bd419" member_type: NON_VOTER last_known_addr { host: "127.18.70.132" port: 40079 } attrs { promote: true } } }
I20260630 12:39:43.220664 23230 raft_consensus.cc:2955] T 734c1aa3df93456d96b7a183f37c4c37 P 64c91eda77b24ad2a0a0c0c9e5aec1ff [term 1 FOLLOWER]: Committing config change with OpId 1.26: config changed from index -1 to 26, NON_VOTER 60ea2db8e4194737ada1ba7c2d4bd419 (127.18.70.132) added. New config: { opid_index: 26 OBSOLETE_local: false peers { permanent_uuid: "78551d6f5a734e3aa4cd79640536dd80" member_type: VOTER last_known_addr { host: "127.18.70.129" port: 37297 } attrs { replace: true } } peers { permanent_uuid: "64c91eda77b24ad2a0a0c0c9e5aec1ff" member_type: VOTER last_known_addr { host: "127.18.70.130" port: 45103 } } peers { permanent_uuid: "d8a9dd890e394cd9bca8c783fa6f66f7" member_type: VOTER last_known_addr { host: "127.18.70.131" port: 44107 } } peers { permanent_uuid: "60ea2db8e4194737ada1ba7c2d4bd419" member_type: NON_VOTER last_known_addr { host: "127.18.70.132" port: 40079 } attrs { promote: true } } }
I20260630 12:39:43.229911 23159 consensus_queue.cc:237] T ff2700fff35d4aaf9c7138e2d2d0839e P 78551d6f5a734e3aa4cd79640536dd80 [LEADER]: Queue going to LEADER mode. State: All replicated index: 0, Majority replicated index: 24, Committed index: 24, Last appended: 1.24, Last appended by leader: 0, Current term: 1, Majority size: 2, State: 0, Mode: LEADER, active raft config: opid_index: 25 OBSOLETE_local: false peers { permanent_uuid: "78551d6f5a734e3aa4cd79640536dd80" member_type: VOTER last_known_addr { host: "127.18.70.129" port: 37297 } } peers { permanent_uuid: "64c91eda77b24ad2a0a0c0c9e5aec1ff" member_type: VOTER last_known_addr { host: "127.18.70.130" port: 45103 } } peers { permanent_uuid: "d8a9dd890e394cd9bca8c783fa6f66f7" member_type: VOTER last_known_addr { host: "127.18.70.131" port: 44107 } attrs { replace: true } } peers { permanent_uuid: "30945f3aad704c25a53020fae775786c" member_type: NON_VOTER last_known_addr { host: "127.18.70.133" port: 44137 } attrs { promote: true } }
I20260630 12:39:43.232366 23056 catalog_manager.cc:5697] T 734c1aa3df93456d96b7a183f37c4c37 P d8a9dd890e394cd9bca8c783fa6f66f7 reported cstate change: config changed from index -1 to 26, NON_VOTER 60ea2db8e4194737ada1ba7c2d4bd419 (127.18.70.132) added. New cstate: current_term: 1 leader_uuid: "d8a9dd890e394cd9bca8c783fa6f66f7" committed_config { opid_index: 26 OBSOLETE_local: false peers { permanent_uuid: "78551d6f5a734e3aa4cd79640536dd80" member_type: VOTER last_known_addr { host: "127.18.70.129" port: 37297 } attrs { replace: true } health_report { overall_health: HEALTHY } } peers { permanent_uuid: "64c91eda77b24ad2a0a0c0c9e5aec1ff" member_type: VOTER last_known_addr { host: "127.18.70.130" port: 45103 } health_report { overall_health: HEALTHY } } peers { permanent_uuid: "d8a9dd890e394cd9bca8c783fa6f66f7" member_type: VOTER last_known_addr { host: "127.18.70.131" port: 44107 } health_report { overall_health: HEALTHY } } peers { permanent_uuid: "60ea2db8e4194737ada1ba7c2d4bd419" member_type: NON_VOTER last_known_addr { host: "127.18.70.132" port: 40079 } attrs { promote: true } health_report { overall_health: UNKNOWN } } }
I20260630 12:39:43.239668 23230 raft_consensus.cc:1275] T ff2700fff35d4aaf9c7138e2d2d0839e P 64c91eda77b24ad2a0a0c0c9e5aec1ff [term 1 FOLLOWER]: Refusing update from remote peer 78551d6f5a734e3aa4cd79640536dd80: Log matching property violated. Preceding OpId in replica: term: 1 index: 24. Preceding OpId from leader: term: 1 index: 25. (index mismatch)
I20260630 12:39:43.239919 23309 raft_consensus.cc:1275] T ff2700fff35d4aaf9c7138e2d2d0839e P d8a9dd890e394cd9bca8c783fa6f66f7 [term 1 FOLLOWER]: Refusing update from remote peer 78551d6f5a734e3aa4cd79640536dd80: Log matching property violated. Preceding OpId in replica: term: 1 index: 24. Preceding OpId from leader: term: 1 index: 25. (index mismatch)
I20260630 12:39:43.241037 23539 consensus_queue.cc:1048] T ff2700fff35d4aaf9c7138e2d2d0839e P 78551d6f5a734e3aa4cd79640536dd80 [LEADER]: Connected to new peer: Peer: permanent_uuid: "64c91eda77b24ad2a0a0c0c9e5aec1ff" member_type: VOTER last_known_addr { host: "127.18.70.130" port: 45103 }, Status: LMP_MISMATCH, Last received: 0.0, Next index: 25, Last known committed idx: 24, Time since last communication: 0.000s
I20260630 12:39:43.242121 23510 consensus_queue.cc:1048] T ff2700fff35d4aaf9c7138e2d2d0839e P 78551d6f5a734e3aa4cd79640536dd80 [LEADER]: Connected to new peer: Peer: permanent_uuid: "d8a9dd890e394cd9bca8c783fa6f66f7" member_type: VOTER last_known_addr { host: "127.18.70.131" port: 44107 } attrs { replace: true }, Status: LMP_MISMATCH, Last received: 0.0, Next index: 25, Last known committed idx: 24, Time since last communication: 0.001s
I20260630 12:39:43.250312 23539 raft_consensus.cc:2955] T ff2700fff35d4aaf9c7138e2d2d0839e P 78551d6f5a734e3aa4cd79640536dd80 [term 1 LEADER]: Committing config change with OpId 1.25: config changed from index -1 to 25, NON_VOTER 30945f3aad704c25a53020fae775786c (127.18.70.133) added. New config: { opid_index: 25 OBSOLETE_local: false peers { permanent_uuid: "78551d6f5a734e3aa4cd79640536dd80" member_type: VOTER last_known_addr { host: "127.18.70.129" port: 37297 } } peers { permanent_uuid: "64c91eda77b24ad2a0a0c0c9e5aec1ff" member_type: VOTER last_known_addr { host: "127.18.70.130" port: 45103 } } peers { permanent_uuid: "d8a9dd890e394cd9bca8c783fa6f66f7" member_type: VOTER last_known_addr { host: "127.18.70.131" port: 44107 } attrs { replace: true } } peers { permanent_uuid: "30945f3aad704c25a53020fae775786c" member_type: NON_VOTER last_known_addr { host: "127.18.70.133" port: 44137 } attrs { promote: true } } }
W20260630 12:39:43.250334 23126 consensus_peers.cc:597] T ff2700fff35d4aaf9c7138e2d2d0839e P 78551d6f5a734e3aa4cd79640536dd80 -> Peer 30945f3aad704c25a53020fae775786c (127.18.70.133:44137): Couldn't send request to peer 30945f3aad704c25a53020fae775786c. Error code: TABLET_NOT_FOUND (6). Status: Not found: Tablet not found: ff2700fff35d4aaf9c7138e2d2d0839e. This is attempt 1: this message will repeat every 5th retry.
I20260630 12:39:43.254366 23309 raft_consensus.cc:2955] T ff2700fff35d4aaf9c7138e2d2d0839e P d8a9dd890e394cd9bca8c783fa6f66f7 [term 1 FOLLOWER]: Committing config change with OpId 1.25: config changed from index -1 to 25, NON_VOTER 30945f3aad704c25a53020fae775786c (127.18.70.133) added. New config: { opid_index: 25 OBSOLETE_local: false peers { permanent_uuid: "78551d6f5a734e3aa4cd79640536dd80" member_type: VOTER last_known_addr { host: "127.18.70.129" port: 37297 } } peers { permanent_uuid: "64c91eda77b24ad2a0a0c0c9e5aec1ff" member_type: VOTER last_known_addr { host: "127.18.70.130" port: 45103 } } peers { permanent_uuid: "d8a9dd890e394cd9bca8c783fa6f66f7" member_type: VOTER last_known_addr { host: "127.18.70.131" port: 44107 } attrs { replace: true } } peers { permanent_uuid: "30945f3aad704c25a53020fae775786c" member_type: NON_VOTER last_known_addr { host: "127.18.70.133" port: 44137 } attrs { promote: true } } }
I20260630 12:39:43.255640 23230 raft_consensus.cc:2955] T ff2700fff35d4aaf9c7138e2d2d0839e P 64c91eda77b24ad2a0a0c0c9e5aec1ff [term 1 FOLLOWER]: Committing config change with OpId 1.25: config changed from index -1 to 25, NON_VOTER 30945f3aad704c25a53020fae775786c (127.18.70.133) added. New config: { opid_index: 25 OBSOLETE_local: false peers { permanent_uuid: "78551d6f5a734e3aa4cd79640536dd80" member_type: VOTER last_known_addr { host: "127.18.70.129" port: 37297 } } peers { permanent_uuid: "64c91eda77b24ad2a0a0c0c9e5aec1ff" member_type: VOTER last_known_addr { host: "127.18.70.130" port: 45103 } } peers { permanent_uuid: "d8a9dd890e394cd9bca8c783fa6f66f7" member_type: VOTER last_known_addr { host: "127.18.70.131" port: 44107 } attrs { replace: true } } peers { permanent_uuid: "30945f3aad704c25a53020fae775786c" member_type: NON_VOTER last_known_addr { host: "127.18.70.133" port: 44137 } attrs { promote: true } } }
I20260630 12:39:43.269587 23056 catalog_manager.cc:5697] T ff2700fff35d4aaf9c7138e2d2d0839e P d8a9dd890e394cd9bca8c783fa6f66f7 reported cstate change: config changed from index -1 to 25, NON_VOTER 30945f3aad704c25a53020fae775786c (127.18.70.133) added. New cstate: current_term: 1 leader_uuid: "78551d6f5a734e3aa4cd79640536dd80" committed_config { opid_index: 25 OBSOLETE_local: false peers { permanent_uuid: "78551d6f5a734e3aa4cd79640536dd80" member_type: VOTER last_known_addr { host: "127.18.70.129" port: 37297 } } peers { permanent_uuid: "64c91eda77b24ad2a0a0c0c9e5aec1ff" member_type: VOTER last_known_addr { host: "127.18.70.130" port: 45103 } } peers { permanent_uuid: "d8a9dd890e394cd9bca8c783fa6f66f7" member_type: VOTER last_known_addr { host: "127.18.70.131" port: 44107 } attrs { replace: true } } peers { permanent_uuid: "30945f3aad704c25a53020fae775786c" member_type: NON_VOTER last_known_addr { host: "127.18.70.133" port: 44137 } attrs { promote: true } } }
I20260630 12:39:43.270892 23309 consensus_queue.cc:237] T 158dcc475bd04e3ea90b4aa51b8f5f3b P d8a9dd890e394cd9bca8c783fa6f66f7 [LEADER]: Queue going to LEADER mode. State: All replicated index: 0, Majority replicated index: 25, Committed index: 25, Last appended: 1.25, Last appended by leader: 0, Current term: 1, Majority size: 2, State: 0, Mode: LEADER, active raft config: opid_index: 26 OBSOLETE_local: false peers { permanent_uuid: "78551d6f5a734e3aa4cd79640536dd80" member_type: VOTER last_known_addr { host: "127.18.70.129" port: 37297 } } peers { permanent_uuid: "64c91eda77b24ad2a0a0c0c9e5aec1ff" member_type: VOTER last_known_addr { host: "127.18.70.130" port: 45103 } attrs { replace: true } } peers { permanent_uuid: "d8a9dd890e394cd9bca8c783fa6f66f7" member_type: VOTER last_known_addr { host: "127.18.70.131" port: 44107 } } peers { permanent_uuid: "42523caf8bd0433ab39a4fd8734e5409" member_type: NON_VOTER last_known_addr { host: "127.18.70.134" port: 46111 } attrs { promote: true } }
I20260630 12:39:43.276477 23230 raft_consensus.cc:1275] T 158dcc475bd04e3ea90b4aa51b8f5f3b P 64c91eda77b24ad2a0a0c0c9e5aec1ff [term 1 FOLLOWER]: Refusing update from remote peer d8a9dd890e394cd9bca8c783fa6f66f7: Log matching property violated. Preceding OpId in replica: term: 1 index: 25. Preceding OpId from leader: term: 1 index: 26. (index mismatch)
I20260630 12:39:43.278275 23159 raft_consensus.cc:1275] T 158dcc475bd04e3ea90b4aa51b8f5f3b P 78551d6f5a734e3aa4cd79640536dd80 [term 1 FOLLOWER]: Refusing update from remote peer d8a9dd890e394cd9bca8c783fa6f66f7: Log matching property violated. Preceding OpId in replica: term: 1 index: 25. Preceding OpId from leader: term: 1 index: 26. (index mismatch)
I20260630 12:39:43.279275 23527 consensus_queue.cc:1048] T 158dcc475bd04e3ea90b4aa51b8f5f3b P d8a9dd890e394cd9bca8c783fa6f66f7 [LEADER]: Connected to new peer: Peer: permanent_uuid: "64c91eda77b24ad2a0a0c0c9e5aec1ff" member_type: VOTER last_known_addr { host: "127.18.70.130" port: 45103 } attrs { replace: true }, Status: LMP_MISMATCH, Last received: 0.0, Next index: 26, Last known committed idx: 25, Time since last communication: 0.000s
I20260630 12:39:43.281452 23373 consensus_queue.cc:1048] T 158dcc475bd04e3ea90b4aa51b8f5f3b P d8a9dd890e394cd9bca8c783fa6f66f7 [LEADER]: Connected to new peer: Peer: permanent_uuid: "78551d6f5a734e3aa4cd79640536dd80" member_type: VOTER last_known_addr { host: "127.18.70.129" port: 37297 }, Status: LMP_MISMATCH, Last received: 0.0, Next index: 26, Last known committed idx: 25, Time since last communication: 0.000s
I20260630 12:39:43.286856 23373 raft_consensus.cc:2955] T 158dcc475bd04e3ea90b4aa51b8f5f3b P d8a9dd890e394cd9bca8c783fa6f66f7 [term 1 LEADER]: Committing config change with OpId 1.26: config changed from index -1 to 26, NON_VOTER 42523caf8bd0433ab39a4fd8734e5409 (127.18.70.134) added. New config: { opid_index: 26 OBSOLETE_local: false peers { permanent_uuid: "78551d6f5a734e3aa4cd79640536dd80" member_type: VOTER last_known_addr { host: "127.18.70.129" port: 37297 } } peers { permanent_uuid: "64c91eda77b24ad2a0a0c0c9e5aec1ff" member_type: VOTER last_known_addr { host: "127.18.70.130" port: 45103 } attrs { replace: true } } peers { permanent_uuid: "d8a9dd890e394cd9bca8c783fa6f66f7" member_type: VOTER last_known_addr { host: "127.18.70.131" port: 44107 } } peers { permanent_uuid: "42523caf8bd0433ab39a4fd8734e5409" member_type: NON_VOTER last_known_addr { host: "127.18.70.134" port: 46111 } attrs { promote: true } } }
I20260630 12:39:43.290256 23232 raft_consensus.cc:2955] T 158dcc475bd04e3ea90b4aa51b8f5f3b P 64c91eda77b24ad2a0a0c0c9e5aec1ff [term 1 FOLLOWER]: Committing config change with OpId 1.26: config changed from index -1 to 26, NON_VOTER 42523caf8bd0433ab39a4fd8734e5409 (127.18.70.134) added. New config: { opid_index: 26 OBSOLETE_local: false peers { permanent_uuid: "78551d6f5a734e3aa4cd79640536dd80" member_type: VOTER last_known_addr { host: "127.18.70.129" port: 37297 } } peers { permanent_uuid: "64c91eda77b24ad2a0a0c0c9e5aec1ff" member_type: VOTER last_known_addr { host: "127.18.70.130" port: 45103 } attrs { replace: true } } peers { permanent_uuid: "d8a9dd890e394cd9bca8c783fa6f66f7" member_type: VOTER last_known_addr { host: "127.18.70.131" port: 44107 } } peers { permanent_uuid: "42523caf8bd0433ab39a4fd8734e5409" member_type: NON_VOTER last_known_addr { host: "127.18.70.134" port: 46111 } attrs { promote: true } } }
I20260630 12:39:43.291014 23159 raft_consensus.cc:2955] T 158dcc475bd04e3ea90b4aa51b8f5f3b P 78551d6f5a734e3aa4cd79640536dd80 [term 1 FOLLOWER]: Committing config change with OpId 1.26: config changed from index -1 to 26, NON_VOTER 42523caf8bd0433ab39a4fd8734e5409 (127.18.70.134) added. New config: { opid_index: 26 OBSOLETE_local: false peers { permanent_uuid: "78551d6f5a734e3aa4cd79640536dd80" member_type: VOTER last_known_addr { host: "127.18.70.129" port: 37297 } } peers { permanent_uuid: "64c91eda77b24ad2a0a0c0c9e5aec1ff" member_type: VOTER last_known_addr { host: "127.18.70.130" port: 45103 } attrs { replace: true } } peers { permanent_uuid: "d8a9dd890e394cd9bca8c783fa6f66f7" member_type: VOTER last_known_addr { host: "127.18.70.131" port: 44107 } } peers { permanent_uuid: "42523caf8bd0433ab39a4fd8734e5409" member_type: NON_VOTER last_known_addr { host: "127.18.70.134" port: 46111 } attrs { promote: true } } }
