I20260630 12:37:41.347306 14335 raft_consensus.cc:493] T 00008cb242c7428cb2c48d6d67d662ae P 39df6bf391664787ba97c8e166479479 [term 0 FOLLOWER]: Starting pre-election (no leader contacted us within the election timeout)
I20260630 12:37:41.347278 14329 raft_consensus.cc:359] T 223d96ccbe614c6a9a173fb769e5e2b9 P 6f2481f1c76c44b9a076478fdfee8ea5 [term 0 FOLLOWER]: Replica starting. Triggering 0 pending ops. Active config: opid_index: -1 OBSOLETE_local: false peers { permanent_uuid: "6f2481f1c76c44b9a076478fdfee8ea5" member_type: VOTER last_known_addr { host: "127.13.37.129" port: 45469 } } peers { permanent_uuid: "59c504262700447cad9e5570554ebdc2" member_type: VOTER last_known_addr { host: "127.13.37.130" port: 41269 } } peers { permanent_uuid: "39df6bf391664787ba97c8e166479479" member_type: VOTER last_known_addr { host: "127.13.37.131" port: 40227 } }
I20260630 12:37:41.347921 14335 raft_consensus.cc:515] T 00008cb242c7428cb2c48d6d67d662ae P 39df6bf391664787ba97c8e166479479 [term 0 FOLLOWER]: Starting pre-election with config: opid_index: -1 OBSOLETE_local: false peers { permanent_uuid: "6f2481f1c76c44b9a076478fdfee8ea5" member_type: VOTER last_known_addr { host: "127.13.37.129" port: 45469 } } peers { permanent_uuid: "59c504262700447cad9e5570554ebdc2" member_type: VOTER last_known_addr { host: "127.13.37.130" port: 41269 } } peers { permanent_uuid: "39df6bf391664787ba97c8e166479479" member_type: VOTER last_known_addr { host: "127.13.37.131" port: 40227 } }
I20260630 12:37:41.349222 14353 leader_election.cc:290] T 2432b0d8f06e467c88fdb2ee2e468ff6 P 6f2481f1c76c44b9a076478fdfee8ea5 [CANDIDATE]: Term 1 pre-election: Requested pre-vote from peers 59c504262700447cad9e5570554ebdc2 (127.13.37.130:41269), 39df6bf391664787ba97c8e166479479 (127.13.37.131:40227)
I20260630 12:37:41.347977 14329 raft_consensus.cc:385] T 223d96ccbe614c6a9a173fb769e5e2b9 P 6f2481f1c76c44b9a076478fdfee8ea5 [term 0 FOLLOWER]: Consensus starting up: Expiring failure detector timer to make a prompt election more likely
I20260630 12:37:41.349812 14329 raft_consensus.cc:740] T 223d96ccbe614c6a9a173fb769e5e2b9 P 6f2481f1c76c44b9a076478fdfee8ea5 [term 0 FOLLOWER]: Becoming Follower/Learner. State: Replica: 6f2481f1c76c44b9a076478fdfee8ea5, State: Initialized, Role: FOLLOWER
I20260630 12:37:41.350004 14335 leader_election.cc:290] T 00008cb242c7428cb2c48d6d67d662ae P 39df6bf391664787ba97c8e166479479 [CANDIDATE]: Term 1 pre-election: Requested pre-vote from peers 6f2481f1c76c44b9a076478fdfee8ea5 (127.13.37.129:45469), 59c504262700447cad9e5570554ebdc2 (127.13.37.130:41269)
I20260630 12:37:41.350493 14329 consensus_queue.cc:260] T 223d96ccbe614c6a9a173fb769e5e2b9 P 6f2481f1c76c44b9a076478fdfee8ea5 [NON_LEADER]: Queue going to NON_LEADER mode. State: All replicated index: 0, Majority replicated index: 0, Committed index: 0, Last appended: 0.0, Last appended by leader: 0, Current term: 0, Majority size: -1, State: 0, Mode: NON_LEADER, active raft config: opid_index: -1 OBSOLETE_local: false peers { permanent_uuid: "6f2481f1c76c44b9a076478fdfee8ea5" member_type: VOTER last_known_addr { host: "127.13.37.129" port: 45469 } } peers { permanent_uuid: "59c504262700447cad9e5570554ebdc2" member_type: VOTER last_known_addr { host: "127.13.37.130" port: 41269 } } peers { permanent_uuid: "39df6bf391664787ba97c8e166479479" member_type: VOTER last_known_addr { host: "127.13.37.131" port: 40227 } }
I20260630 12:37:41.351893 14210 tablet_service.cc:1917] Received RequestConsensusVote() RPC: tablet_id: "2432b0d8f06e467c88fdb2ee2e468ff6" candidate_uuid: "6f2481f1c76c44b9a076478fdfee8ea5" candidate_term: 1 candidate_status { last_received { term: 0 index: 0 } } ignore_live_leader: false dest_uuid: "59c504262700447cad9e5570554ebdc2" is_pre_election: true
I20260630 12:37:41.352783 14283 tablet_service.cc:1917] Received RequestConsensusVote() RPC: tablet_id: "2432b0d8f06e467c88fdb2ee2e468ff6" candidate_uuid: "6f2481f1c76c44b9a076478fdfee8ea5" candidate_term: 1 candidate_status { last_received { term: 0 index: 0 } } ignore_live_leader: false dest_uuid: "39df6bf391664787ba97c8e166479479" is_pre_election: true
I20260630 12:37:41.353992 14329 ts_tablet_manager.cc:1434] T 223d96ccbe614c6a9a173fb769e5e2b9 P 6f2481f1c76c44b9a076478fdfee8ea5: Time spent starting tablet: real 0.009s	user 0.002s	sys 0.006s
I20260630 12:37:41.356503 14329 tablet_bootstrap.cc:492] T a825b24534ee4a2c89131b8798187b7c P 6f2481f1c76c44b9a076478fdfee8ea5: Bootstrap starting.
I20260630 12:37:41.347373 14334 raft_consensus.cc:2804] T f36db9063a2c49e1a8b8d5e8c3528030 P 6f2481f1c76c44b9a076478fdfee8ea5 [term 1 FOLLOWER]: Leader election won for term 1
I20260630 12:37:41.357017 14334 raft_consensus.cc:697] T f36db9063a2c49e1a8b8d5e8c3528030 P 6f2481f1c76c44b9a076478fdfee8ea5 [term 1 LEADER]: Becoming Leader. State: Replica: 6f2481f1c76c44b9a076478fdfee8ea5, State: Running, Role: LEADER
I20260630 12:37:41.357832 14334 consensus_queue.cc:237] T f36db9063a2c49e1a8b8d5e8c3528030 P 6f2481f1c76c44b9a076478fdfee8ea5 [LEADER]: Queue going to LEADER mode. State: All replicated index: 0, Majority replicated index: 0, Committed index: 0, Last appended: 0.0, Last appended by leader: 0, Current term: 1, Majority size: 2, State: 0, Mode: LEADER, active raft config: opid_index: -1 OBSOLETE_local: false peers { permanent_uuid: "6f2481f1c76c44b9a076478fdfee8ea5" member_type: VOTER last_known_addr { host: "127.13.37.129" port: 45469 } } peers { permanent_uuid: "59c504262700447cad9e5570554ebdc2" member_type: VOTER last_known_addr { host: "127.13.37.130" port: 41269 } } peers { permanent_uuid: "39df6bf391664787ba97c8e166479479" member_type: VOTER last_known_addr { host: "127.13.37.131" port: 40227 } }
I20260630 12:37:41.353876 14209 tablet_service.cc:1917] Received RequestConsensusVote() RPC: tablet_id: "00008cb242c7428cb2c48d6d67d662ae" candidate_uuid: "39df6bf391664787ba97c8e166479479" candidate_term: 1 candidate_status { last_received { term: 0 index: 0 } } ignore_live_leader: false dest_uuid: "59c504262700447cad9e5570554ebdc2" is_pre_election: true
I20260630 12:37:41.353622 14210 raft_consensus.cc:2468] T 2432b0d8f06e467c88fdb2ee2e468ff6 P 59c504262700447cad9e5570554ebdc2 [term 0 FOLLOWER]: Leader pre-election vote request: Granting yes vote for candidate 6f2481f1c76c44b9a076478fdfee8ea5 in term 0.
W20260630 12:37:41.362690 14247 leader_election.cc:343] T 00008cb242c7428cb2c48d6d67d662ae P 39df6bf391664787ba97c8e166479479 [CANDIDATE]: Term 1 pre-election: Tablet error from VoteRequest() call to peer 59c504262700447cad9e5570554ebdc2 (127.13.37.130:41269): Illegal state: must be running to vote when last-logged opid is not known
I20260630 12:37:41.355247 14135 tablet_service.cc:1917] Received RequestConsensusVote() RPC: tablet_id: "00008cb242c7428cb2c48d6d67d662ae" candidate_uuid: "39df6bf391664787ba97c8e166479479" candidate_term: 1 candidate_status { last_received { term: 0 index: 0 } } ignore_live_leader: false dest_uuid: "6f2481f1c76c44b9a076478fdfee8ea5" is_pre_election: true
I20260630 12:37:41.363788 14135 raft_consensus.cc:2468] T 00008cb242c7428cb2c48d6d67d662ae P 6f2481f1c76c44b9a076478fdfee8ea5 [term 0 FOLLOWER]: Leader pre-election vote request: Granting yes vote for candidate 39df6bf391664787ba97c8e166479479 in term 0.
W20260630 12:37:41.363196 14100 leader_election.cc:343] T 2432b0d8f06e467c88fdb2ee2e468ff6 P 6f2481f1c76c44b9a076478fdfee8ea5 [CANDIDATE]: Term 1 pre-election: Tablet error from VoteRequest() call to peer 39df6bf391664787ba97c8e166479479 (127.13.37.131:40227): Illegal state: must be running to vote when last-logged opid is not known
I20260630 12:37:41.366802 14248 leader_election.cc:304] T 00008cb242c7428cb2c48d6d67d662ae P 39df6bf391664787ba97c8e166479479 [CANDIDATE]: Term 1 pre-election: Election decided. Result: candidate won. Election summary: received 3 responses out of 3 voters: 2 yes votes; 1 no votes. yes voters: 39df6bf391664787ba97c8e166479479, 6f2481f1c76c44b9a076478fdfee8ea5; no voters: 59c504262700447cad9e5570554ebdc2
I20260630 12:37:41.367892 14335 raft_consensus.cc:2804] T 00008cb242c7428cb2c48d6d67d662ae P 39df6bf391664787ba97c8e166479479 [term 0 FOLLOWER]: Leader pre-election won for term 1
I20260630 12:37:41.368237 14335 raft_consensus.cc:493] T 00008cb242c7428cb2c48d6d67d662ae P 39df6bf391664787ba97c8e166479479 [term 0 FOLLOWER]: Starting leader election (no leader contacted us within the election timeout)
I20260630 12:37:41.368497 14335 raft_consensus.cc:3060] T 00008cb242c7428cb2c48d6d67d662ae P 39df6bf391664787ba97c8e166479479 [term 0 FOLLOWER]: Advancing to term 1
I20260630 12:37:41.369068 14098 leader_election.cc:304] T 2432b0d8f06e467c88fdb2ee2e468ff6 P 6f2481f1c76c44b9a076478fdfee8ea5 [CANDIDATE]: Term 1 pre-election: Election decided. Result: candidate won. Election summary: received 3 responses out of 3 voters: 2 yes votes; 1 no votes. yes voters: 59c504262700447cad9e5570554ebdc2, 6f2481f1c76c44b9a076478fdfee8ea5; no voters: 39df6bf391664787ba97c8e166479479
I20260630 12:37:41.370690 14353 raft_consensus.cc:2804] T 2432b0d8f06e467c88fdb2ee2e468ff6 P 6f2481f1c76c44b9a076478fdfee8ea5 [term 0 FOLLOWER]: Leader pre-election won for term 1
I20260630 12:37:41.371115 14353 raft_consensus.cc:493] T 2432b0d8f06e467c88fdb2ee2e468ff6 P 6f2481f1c76c44b9a076478fdfee8ea5 [term 0 FOLLOWER]: Starting leader election (no leader contacted us within the election timeout)
I20260630 12:37:41.371549 14353 raft_consensus.cc:3060] T 2432b0d8f06e467c88fdb2ee2e468ff6 P 6f2481f1c76c44b9a076478fdfee8ea5 [term 0 FOLLOWER]: Advancing to term 1
I20260630 12:37:41.374621 14330 tablet_bootstrap.cc:492] T 849d9c5f2cec47a2bb4a1395878baf1a P 39df6bf391664787ba97c8e166479479: No bootstrap required, opened a new log
I20260630 12:37:41.375643 14330 ts_tablet_manager.cc:1403] T 849d9c5f2cec47a2bb4a1395878baf1a P 39df6bf391664787ba97c8e166479479: Time spent bootstrapping tablet: real 0.042s	user 0.013s	sys 0.017s
I20260630 12:37:41.376907 14329 tablet_bootstrap.cc:654] T a825b24534ee4a2c89131b8798187b7c P 6f2481f1c76c44b9a076478fdfee8ea5: Neither blocks nor log segments found. Creating new log.
I20260630 12:37:41.378397 14330 raft_consensus.cc:359] T 849d9c5f2cec47a2bb4a1395878baf1a P 39df6bf391664787ba97c8e166479479 [term 0 FOLLOWER]: Replica starting. Triggering 0 pending ops. Active config: opid_index: -1 OBSOLETE_local: false peers { permanent_uuid: "6f2481f1c76c44b9a076478fdfee8ea5" member_type: VOTER last_known_addr { host: "127.13.37.129" port: 45469 } } peers { permanent_uuid: "59c504262700447cad9e5570554ebdc2" member_type: VOTER last_known_addr { host: "127.13.37.130" port: 41269 } } peers { permanent_uuid: "39df6bf391664787ba97c8e166479479" member_type: VOTER last_known_addr { host: "127.13.37.131" port: 40227 } }
I20260630 12:37:41.379184 14330 raft_consensus.cc:385] T 849d9c5f2cec47a2bb4a1395878baf1a P 39df6bf391664787ba97c8e166479479 [term 0 FOLLOWER]: Consensus starting up: Expiring failure detector timer to make a prompt election more likely
I20260630 12:37:41.379492 14330 raft_consensus.cc:740] T 849d9c5f2cec47a2bb4a1395878baf1a P 39df6bf391664787ba97c8e166479479 [term 0 FOLLOWER]: Becoming Follower/Learner. State: Replica: 39df6bf391664787ba97c8e166479479, State: Initialized, Role: FOLLOWER
I20260630 12:37:41.379516 14031 catalog_manager.cc:5697] T f36db9063a2c49e1a8b8d5e8c3528030 P 6f2481f1c76c44b9a076478fdfee8ea5 reported cstate change: term changed from 0 to 1, leader changed from <none> to 6f2481f1c76c44b9a076478fdfee8ea5 (127.13.37.129). New cstate: current_term: 1 leader_uuid: "6f2481f1c76c44b9a076478fdfee8ea5" committed_config { opid_index: -1 OBSOLETE_local: false peers { permanent_uuid: "6f2481f1c76c44b9a076478fdfee8ea5" member_type: VOTER last_known_addr { host: "127.13.37.129" port: 45469 } health_report { overall_health: HEALTHY } } peers { permanent_uuid: "59c504262700447cad9e5570554ebdc2" member_type: VOTER last_known_addr { host: "127.13.37.130" port: 41269 } health_report { overall_health: UNKNOWN } } peers { permanent_uuid: "39df6bf391664787ba97c8e166479479" member_type: VOTER last_known_addr { host: "127.13.37.131" port: 40227 } health_report { overall_health: UNKNOWN } } }
I20260630 12:37:41.380412 14330 consensus_queue.cc:260] T 849d9c5f2cec47a2bb4a1395878baf1a P 39df6bf391664787ba97c8e166479479 [NON_LEADER]: Queue going to NON_LEADER mode. State: All replicated index: 0, Majority replicated index: 0, Committed index: 0, Last appended: 0.0, Last appended by leader: 0, Current term: 0, Majority size: -1, State: 0, Mode: NON_LEADER, active raft config: opid_index: -1 OBSOLETE_local: false peers { permanent_uuid: "6f2481f1c76c44b9a076478fdfee8ea5" member_type: VOTER last_known_addr { host: "127.13.37.129" port: 45469 } } peers { permanent_uuid: "59c504262700447cad9e5570554ebdc2" member_type: VOTER last_known_addr { host: "127.13.37.130" port: 41269 } } peers { permanent_uuid: "39df6bf391664787ba97c8e166479479" member_type: VOTER last_known_addr { host: "127.13.37.131" port: 40227 } }
I20260630 12:37:41.381831 14353 raft_consensus.cc:515] T 2432b0d8f06e467c88fdb2ee2e468ff6 P 6f2481f1c76c44b9a076478fdfee8ea5 [term 1 FOLLOWER]: Starting leader election with config: opid_index: -1 OBSOLETE_local: false peers { permanent_uuid: "6f2481f1c76c44b9a076478fdfee8ea5" member_type: VOTER last_known_addr { host: "127.13.37.129" port: 45469 } } peers { permanent_uuid: "59c504262700447cad9e5570554ebdc2" member_type: VOTER last_known_addr { host: "127.13.37.130" port: 41269 } } peers { permanent_uuid: "39df6bf391664787ba97c8e166479479" member_type: VOTER last_known_addr { host: "127.13.37.131" port: 40227 } }
I20260630 12:37:41.384982 14335 raft_consensus.cc:515] T 00008cb242c7428cb2c48d6d67d662ae P 39df6bf391664787ba97c8e166479479 [term 1 FOLLOWER]: Starting leader election with config: opid_index: -1 OBSOLETE_local: false peers { permanent_uuid: "6f2481f1c76c44b9a076478fdfee8ea5" member_type: VOTER last_known_addr { host: "127.13.37.129" port: 45469 } } peers { permanent_uuid: "59c504262700447cad9e5570554ebdc2" member_type: VOTER last_known_addr { host: "127.13.37.130" port: 41269 } } peers { permanent_uuid: "39df6bf391664787ba97c8e166479479" member_type: VOTER last_known_addr { host: "127.13.37.131" port: 40227 } }
I20260630 12:37:41.387423 14333 tablet_bootstrap.cc:492] T 00008cb242c7428cb2c48d6d67d662ae P 59c504262700447cad9e5570554ebdc2: No bootstrap required, opened a new log
I20260630 12:37:41.389248 14333 ts_tablet_manager.cc:1403] T 00008cb242c7428cb2c48d6d67d662ae P 59c504262700447cad9e5570554ebdc2: Time spent bootstrapping tablet: real 0.065s	user 0.021s	sys 0.009s
I20260630 12:37:41.390296 14335 leader_election.cc:290] T 00008cb242c7428cb2c48d6d67d662ae P 39df6bf391664787ba97c8e166479479 [CANDIDATE]: Term 1 election: Requested vote from peers 6f2481f1c76c44b9a076478fdfee8ea5 (127.13.37.129:45469), 59c504262700447cad9e5570554ebdc2 (127.13.37.130:41269)
I20260630 12:37:41.391121 14334 raft_consensus.cc:493] T 849d9c5f2cec47a2bb4a1395878baf1a P 6f2481f1c76c44b9a076478fdfee8ea5 [term 0 FOLLOWER]: Starting pre-election (no leader contacted us within the election timeout)
I20260630 12:37:41.391665 14334 raft_consensus.cc:515] T 849d9c5f2cec47a2bb4a1395878baf1a P 6f2481f1c76c44b9a076478fdfee8ea5 [term 0 FOLLOWER]: Starting pre-election with config: opid_index: -1 OBSOLETE_local: false peers { permanent_uuid: "6f2481f1c76c44b9a076478fdfee8ea5" member_type: VOTER last_known_addr { host: "127.13.37.129" port: 45469 } } peers { permanent_uuid: "59c504262700447cad9e5570554ebdc2" member_type: VOTER last_known_addr { host: "127.13.37.130" port: 41269 } } peers { permanent_uuid: "39df6bf391664787ba97c8e166479479" member_type: VOTER last_known_addr { host: "127.13.37.131" port: 40227 } }
I20260630 12:37:41.392030 14353 leader_election.cc:290] T 2432b0d8f06e467c88fdb2ee2e468ff6 P 6f2481f1c76c44b9a076478fdfee8ea5 [CANDIDATE]: Term 1 election: Requested vote from peers 59c504262700447cad9e5570554ebdc2 (127.13.37.130:41269), 39df6bf391664787ba97c8e166479479 (127.13.37.131:40227)
I20260630 12:37:41.391882 14333 raft_consensus.cc:359] T 00008cb242c7428cb2c48d6d67d662ae P 59c504262700447cad9e5570554ebdc2 [term 0 FOLLOWER]: Replica starting. Triggering 0 pending ops. Active config: opid_index: -1 OBSOLETE_local: false peers { permanent_uuid: "6f2481f1c76c44b9a076478fdfee8ea5" member_type: VOTER last_known_addr { host: "127.13.37.129" port: 45469 } } peers { permanent_uuid: "59c504262700447cad9e5570554ebdc2" member_type: VOTER last_known_addr { host: "127.13.37.130" port: 41269 } } peers { permanent_uuid: "39df6bf391664787ba97c8e166479479" member_type: VOTER last_known_addr { host: "127.13.37.131" port: 40227 } }
I20260630 12:37:41.392557 14333 raft_consensus.cc:385] T 00008cb242c7428cb2c48d6d67d662ae P 59c504262700447cad9e5570554ebdc2 [term 0 FOLLOWER]: Consensus starting up: Expiring failure detector timer to make a prompt election more likely
I20260630 12:37:41.392860 14333 raft_consensus.cc:740] T 00008cb242c7428cb2c48d6d67d662ae P 59c504262700447cad9e5570554ebdc2 [term 0 FOLLOWER]: Becoming Follower/Learner. State: Replica: 59c504262700447cad9e5570554ebdc2, State: Initialized, Role: FOLLOWER
I20260630 12:37:41.388120 14329 tablet_bootstrap.cc:492] T a825b24534ee4a2c89131b8798187b7c P 6f2481f1c76c44b9a076478fdfee8ea5: No bootstrap required, opened a new log
I20260630 12:37:41.393875 14330 ts_tablet_manager.cc:1434] T 849d9c5f2cec47a2bb4a1395878baf1a P 39df6bf391664787ba97c8e166479479: Time spent starting tablet: real 0.018s	user 0.005s	sys 0.007s
I20260630 12:37:41.393587 14334 leader_election.cc:290] T 849d9c5f2cec47a2bb4a1395878baf1a P 6f2481f1c76c44b9a076478fdfee8ea5 [CANDIDATE]: Term 1 pre-election: Requested pre-vote from peers 59c504262700447cad9e5570554ebdc2 (127.13.37.130:41269), 39df6bf391664787ba97c8e166479479 (127.13.37.131:40227)
I20260630 12:37:41.394397 14333 consensus_queue.cc:260] T 00008cb242c7428cb2c48d6d67d662ae P 59c504262700447cad9e5570554ebdc2 [NON_LEADER]: Queue going to NON_LEADER mode. State: All replicated index: 0, Majority replicated index: 0, Committed index: 0, Last appended: 0.0, Last appended by leader: 0, Current term: 0, Majority size: -1, State: 0, Mode: NON_LEADER, active raft config: opid_index: -1 OBSOLETE_local: false peers { permanent_uuid: "6f2481f1c76c44b9a076478fdfee8ea5" member_type: VOTER last_known_addr { host: "127.13.37.129" port: 45469 } } peers { permanent_uuid: "59c504262700447cad9e5570554ebdc2" member_type: VOTER last_known_addr { host: "127.13.37.130" port: 41269 } } peers { permanent_uuid: "39df6bf391664787ba97c8e166479479" member_type: VOTER last_known_addr { host: "127.13.37.131" port: 40227 } }
I20260630 12:37:41.394869 14330 tablet_bootstrap.cc:492] T a825b24534ee4a2c89131b8798187b7c P 39df6bf391664787ba97c8e166479479: Bootstrap starting.
I20260630 12:37:41.394754 14210 tablet_service.cc:1917] Received RequestConsensusVote() RPC: tablet_id: "00008cb242c7428cb2c48d6d67d662ae" candidate_uuid: "39df6bf391664787ba97c8e166479479" candidate_term: 1 candidate_status { last_received { term: 0 index: 0 } } ignore_live_leader: false dest_uuid: "59c504262700447cad9e5570554ebdc2"
I20260630 12:37:41.395251 14283 tablet_service.cc:1917] Received RequestConsensusVote() RPC: tablet_id: "849d9c5f2cec47a2bb4a1395878baf1a" candidate_uuid: "6f2481f1c76c44b9a076478fdfee8ea5" candidate_term: 1 candidate_status { last_received { term: 0 index: 0 } } ignore_live_leader: false dest_uuid: "39df6bf391664787ba97c8e166479479" is_pre_election: true
I20260630 12:37:41.395838 14283 raft_consensus.cc:2468] T 849d9c5f2cec47a2bb4a1395878baf1a P 39df6bf391664787ba97c8e166479479 [term 0 FOLLOWER]: Leader pre-election vote request: Granting yes vote for candidate 6f2481f1c76c44b9a076478fdfee8ea5 in term 0.
I20260630 12:37:41.395375 14210 raft_consensus.cc:3060] T 00008cb242c7428cb2c48d6d67d662ae P 59c504262700447cad9e5570554ebdc2 [term 0 FOLLOWER]: Advancing to term 1
I20260630 12:37:41.396569 14333 ts_tablet_manager.cc:1434] T 00008cb242c7428cb2c48d6d67d662ae P 59c504262700447cad9e5570554ebdc2: Time spent starting tablet: real 0.007s	user 0.005s	sys 0.000s
I20260630 12:37:41.397523 14333 tablet_bootstrap.cc:492] T 930e4779ac0d4e21834cff4c9759c128 P 59c504262700447cad9e5570554ebdc2: Bootstrap starting.
I20260630 12:37:41.397377 14100 leader_election.cc:304] T 849d9c5f2cec47a2bb4a1395878baf1a P 6f2481f1c76c44b9a076478fdfee8ea5 [CANDIDATE]: Term 1 pre-election: Election decided. Result: candidate won. Election summary: received 2 responses out of 3 voters: 2 yes votes; 0 no votes. yes voters: 39df6bf391664787ba97c8e166479479, 6f2481f1c76c44b9a076478fdfee8ea5; no voters: 
I20260630 12:37:41.398242 14334 raft_consensus.cc:2804] T 849d9c5f2cec47a2bb4a1395878baf1a P 6f2481f1c76c44b9a076478fdfee8ea5 [term 0 FOLLOWER]: Leader pre-election won for term 1
I20260630 12:37:41.398635 14334 raft_consensus.cc:493] T 849d9c5f2cec47a2bb4a1395878baf1a P 6f2481f1c76c44b9a076478fdfee8ea5 [term 0 FOLLOWER]: Starting leader election (no leader contacted us within the election timeout)
I20260630 12:37:41.399008 14334 raft_consensus.cc:3060] T 849d9c5f2cec47a2bb4a1395878baf1a P 6f2481f1c76c44b9a076478fdfee8ea5 [term 0 FOLLOWER]: Advancing to term 1
I20260630 12:37:41.401091 14330 tablet_bootstrap.cc:654] T a825b24534ee4a2c89131b8798187b7c P 39df6bf391664787ba97c8e166479479: Neither blocks nor log segments found. Creating new log.
I20260630 12:37:41.391188 14135 tablet_service.cc:1917] Received RequestConsensusVote() RPC: tablet_id: "00008cb242c7428cb2c48d6d67d662ae" candidate_uuid: "39df6bf391664787ba97c8e166479479" candidate_term: 1 candidate_status { last_received { term: 0 index: 0 } } ignore_live_leader: false dest_uuid: "6f2481f1c76c44b9a076478fdfee8ea5"
I20260630 12:37:41.394089 14329 ts_tablet_manager.cc:1403] T a825b24534ee4a2c89131b8798187b7c P 6f2481f1c76c44b9a076478fdfee8ea5: Time spent bootstrapping tablet: real 0.038s	user 0.018s	sys 0.000s
I20260630 12:37:41.401806 14135 raft_consensus.cc:3060] T 00008cb242c7428cb2c48d6d67d662ae P 6f2481f1c76c44b9a076478fdfee8ea5 [term 0 FOLLOWER]: Advancing to term 1
I20260630 12:37:41.402366 14209 tablet_service.cc:1917] Received RequestConsensusVote() RPC: tablet_id: "2432b0d8f06e467c88fdb2ee2e468ff6" candidate_uuid: "6f2481f1c76c44b9a076478fdfee8ea5" candidate_term: 1 candidate_status { last_received { term: 0 index: 0 } } ignore_live_leader: false dest_uuid: "59c504262700447cad9e5570554ebdc2"
I20260630 12:37:41.402887 14209 raft_consensus.cc:3060] T 2432b0d8f06e467c88fdb2ee2e468ff6 P 59c504262700447cad9e5570554ebdc2 [term 0 FOLLOWER]: Advancing to term 1
I20260630 12:37:41.404031 14284 tablet_service.cc:1917] Received RequestConsensusVote() RPC: tablet_id: "2432b0d8f06e467c88fdb2ee2e468ff6" candidate_uuid: "6f2481f1c76c44b9a076478fdfee8ea5" candidate_term: 1 candidate_status { last_received { term: 0 index: 0 } } ignore_live_leader: false dest_uuid: "39df6bf391664787ba97c8e166479479"
I20260630 12:37:41.405510 14208 tablet_service.cc:1917] Received RequestConsensusVote() RPC: tablet_id: "849d9c5f2cec47a2bb4a1395878baf1a" candidate_uuid: "6f2481f1c76c44b9a076478fdfee8ea5" candidate_term: 1 candidate_status { last_received { term: 0 index: 0 } } ignore_live_leader: false dest_uuid: "59c504262700447cad9e5570554ebdc2" is_pre_election: true
W20260630 12:37:41.407516 14100 leader_election.cc:343] T 2432b0d8f06e467c88fdb2ee2e468ff6 P 6f2481f1c76c44b9a076478fdfee8ea5 [CANDIDATE]: Term 1 election: Tablet error from VoteRequest() call to peer 39df6bf391664787ba97c8e166479479 (127.13.37.131:40227): Illegal state: must be running to vote when last-logged opid is not known
W20260630 12:37:41.408735 14098 leader_election.cc:343] T 849d9c5f2cec47a2bb4a1395878baf1a P 6f2481f1c76c44b9a076478fdfee8ea5 [CANDIDATE]: Term 1 pre-election: Tablet error from VoteRequest() call to peer 59c504262700447cad9e5570554ebdc2 (127.13.37.130:41269): Illegal state: must be running to vote when last-logged opid is not known
I20260630 12:37:41.412999 14333 tablet_bootstrap.cc:654] T 930e4779ac0d4e21834cff4c9759c128 P 59c504262700447cad9e5570554ebdc2: Neither blocks nor log segments found. Creating new log.
I20260630 12:37:41.414224 14329 raft_consensus.cc:359] T a825b24534ee4a2c89131b8798187b7c P 6f2481f1c76c44b9a076478fdfee8ea5 [term 0 FOLLOWER]: Replica starting. Triggering 0 pending ops. Active config: opid_index: -1 OBSOLETE_local: false peers { permanent_uuid: "6f2481f1c76c44b9a076478fdfee8ea5" member_type: VOTER last_known_addr { host: "127.13.37.129" port: 45469 } } peers { permanent_uuid: "59c504262700447cad9e5570554ebdc2" member_type: VOTER last_known_addr { host: "127.13.37.130" port: 41269 } } peers { permanent_uuid: "39df6bf391664787ba97c8e166479479" member_type: VOTER last_known_addr { host: "127.13.37.131" port: 40227 } }
I20260630 12:37:41.415807 14329 raft_consensus.cc:385] T a825b24534ee4a2c89131b8798187b7c P 6f2481f1c76c44b9a076478fdfee8ea5 [term 0 FOLLOWER]: Consensus starting up: Expiring failure detector timer to make a prompt election more likely
I20260630 12:37:41.416128 14329 raft_consensus.cc:740] T a825b24534ee4a2c89131b8798187b7c P 6f2481f1c76c44b9a076478fdfee8ea5 [term 0 FOLLOWER]: Becoming Follower/Learner. State: Replica: 6f2481f1c76c44b9a076478fdfee8ea5, State: Initialized, Role: FOLLOWER
I20260630 12:37:41.414865 14334 raft_consensus.cc:515] T 849d9c5f2cec47a2bb4a1395878baf1a P 6f2481f1c76c44b9a076478fdfee8ea5 [term 1 FOLLOWER]: Starting leader election with config: opid_index: -1 OBSOLETE_local: false peers { permanent_uuid: "6f2481f1c76c44b9a076478fdfee8ea5" member_type: VOTER last_known_addr { host: "127.13.37.129" port: 45469 } } peers { permanent_uuid: "59c504262700447cad9e5570554ebdc2" member_type: VOTER last_known_addr { host: "127.13.37.130" port: 41269 } } peers { permanent_uuid: "39df6bf391664787ba97c8e166479479" member_type: VOTER last_known_addr { host: "127.13.37.131" port: 40227 } }
I20260630 12:37:41.417513 14329 consensus_queue.cc:260] T a825b24534ee4a2c89131b8798187b7c P 6f2481f1c76c44b9a076478fdfee8ea5 [NON_LEADER]: Queue going to NON_LEADER mode. State: All replicated index: 0, Majority replicated index: 0, Committed index: 0, Last appended: 0.0, Last appended by leader: 0, Current term: 0, Majority size: -1, State: 0, Mode: NON_LEADER, active raft config: opid_index: -1 OBSOLETE_local: false peers { permanent_uuid: "6f2481f1c76c44b9a076478fdfee8ea5" member_type: VOTER last_known_addr { host: "127.13.37.129" port: 45469 } } peers { permanent_uuid: "59c504262700447cad9e5570554ebdc2" member_type: VOTER last_known_addr { host: "127.13.37.130" port: 41269 } } peers { permanent_uuid: "39df6bf391664787ba97c8e166479479" member_type: VOTER last_known_addr { host: "127.13.37.131" port: 40227 } }
I20260630 12:37:41.418708 14334 leader_election.cc:290] T 849d9c5f2cec47a2bb4a1395878baf1a P 6f2481f1c76c44b9a076478fdfee8ea5 [CANDIDATE]: Term 1 election: Requested vote from peers 59c504262700447cad9e5570554ebdc2 (127.13.37.130:41269), 39df6bf391664787ba97c8e166479479 (127.13.37.131:40227)
I20260630 12:37:41.422319 14329 ts_tablet_manager.cc:1434] T a825b24534ee4a2c89131b8798187b7c P 6f2481f1c76c44b9a076478fdfee8ea5: Time spent starting tablet: real 0.020s	user 0.006s	sys 0.004s
I20260630 12:37:41.422173 14135 raft_consensus.cc:2468] T 00008cb242c7428cb2c48d6d67d662ae P 6f2481f1c76c44b9a076478fdfee8ea5 [term 1 FOLLOWER]: Leader election vote request: Granting yes vote for candidate 39df6bf391664787ba97c8e166479479 in term 1.
I20260630 12:37:41.423337 14248 leader_election.cc:304] T 00008cb242c7428cb2c48d6d67d662ae P 39df6bf391664787ba97c8e166479479 [CANDIDATE]: Term 1 election: Election decided. Result: candidate won. Election summary: received 2 responses out of 3 voters: 2 yes votes; 0 no votes. yes voters: 39df6bf391664787ba97c8e166479479, 6f2481f1c76c44b9a076478fdfee8ea5; no voters: 
I20260630 12:37:41.423970 14335 raft_consensus.cc:2804] T 00008cb242c7428cb2c48d6d67d662ae P 39df6bf391664787ba97c8e166479479 [term 1 FOLLOWER]: Leader election won for term 1
I20260630 12:37:41.424353 14335 raft_consensus.cc:697] T 00008cb242c7428cb2c48d6d67d662ae P 39df6bf391664787ba97c8e166479479 [term 1 LEADER]: Becoming Leader. State: Replica: 39df6bf391664787ba97c8e166479479, State: Running, Role: LEADER
I20260630 12:37:41.419848 14284 tablet_service.cc:1917] Received RequestConsensusVote() RPC: tablet_id: "849d9c5f2cec47a2bb4a1395878baf1a" candidate_uuid: "6f2481f1c76c44b9a076478fdfee8ea5" candidate_term: 1 candidate_status { last_received { term: 0 index: 0 } } ignore_live_leader: false dest_uuid: "39df6bf391664787ba97c8e166479479"
I20260630 12:37:41.425004 14335 consensus_queue.cc:237] T 00008cb242c7428cb2c48d6d67d662ae P 39df6bf391664787ba97c8e166479479 [LEADER]: Queue going to LEADER mode. State: All replicated index: 0, Majority replicated index: 0, Committed index: 0, Last appended: 0.0, Last appended by leader: 0, Current term: 1, Majority size: 2, State: 0, Mode: LEADER, active raft config: opid_index: -1 OBSOLETE_local: false peers { permanent_uuid: "6f2481f1c76c44b9a076478fdfee8ea5" member_type: VOTER last_known_addr { host: "127.13.37.129" port: 45469 } } peers { permanent_uuid: "59c504262700447cad9e5570554ebdc2" member_type: VOTER last_known_addr { host: "127.13.37.130" port: 41269 } } peers { permanent_uuid: "39df6bf391664787ba97c8e166479479" member_type: VOTER last_known_addr { host: "127.13.37.131" port: 40227 } }
I20260630 12:37:41.427256 14284 raft_consensus.cc:3060] T 849d9c5f2cec47a2bb4a1395878baf1a P 39df6bf391664787ba97c8e166479479 [term 0 FOLLOWER]: Advancing to term 1
I20260630 12:37:41.422076 14210 raft_consensus.cc:2468] T 00008cb242c7428cb2c48d6d67d662ae P 59c504262700447cad9e5570554ebdc2 [term 1 FOLLOWER]: Leader election vote request: Granting yes vote for candidate 39df6bf391664787ba97c8e166479479 in term 1.
I20260630 12:37:41.440505 14284 raft_consensus.cc:2468] T 849d9c5f2cec47a2bb4a1395878baf1a P 39df6bf391664787ba97c8e166479479 [term 1 FOLLOWER]: Leader election vote request: Granting yes vote for candidate 6f2481f1c76c44b9a076478fdfee8ea5 in term 1.
I20260630 12:37:41.441351 14209 raft_consensus.cc:2468] T 2432b0d8f06e467c88fdb2ee2e468ff6 P 59c504262700447cad9e5570554ebdc2 [term 1 FOLLOWER]: Leader election vote request: Granting yes vote for candidate 6f2481f1c76c44b9a076478fdfee8ea5 in term 1.
I20260630 12:37:41.441963 14100 leader_election.cc:304] T 849d9c5f2cec47a2bb4a1395878baf1a P 6f2481f1c76c44b9a076478fdfee8ea5 [CANDIDATE]: Term 1 election: Election decided. Result: candidate won. Election summary: received 2 responses out of 3 voters: 2 yes votes; 0 no votes. yes voters: 39df6bf391664787ba97c8e166479479, 6f2481f1c76c44b9a076478fdfee8ea5; no voters: 
I20260630 12:37:41.442853 14334 raft_consensus.cc:2804] T 849d9c5f2cec47a2bb4a1395878baf1a P 6f2481f1c76c44b9a076478fdfee8ea5 [term 1 FOLLOWER]: Leader election won for term 1
I20260630 12:37:41.443411 14334 raft_consensus.cc:697] T 849d9c5f2cec47a2bb4a1395878baf1a P 6f2481f1c76c44b9a076478fdfee8ea5 [term 1 LEADER]: Becoming Leader. State: Replica: 6f2481f1c76c44b9a076478fdfee8ea5, State: Running, Role: LEADER
I20260630 12:37:41.444249 14334 consensus_queue.cc:237] T 849d9c5f2cec47a2bb4a1395878baf1a P 6f2481f1c76c44b9a076478fdfee8ea5 [LEADER]: Queue going to LEADER mode. State: All replicated index: 0, Majority replicated index: 0, Committed index: 0, Last appended: 0.0, Last appended by leader: 0, Current term: 1, Majority size: 2, State: 0, Mode: LEADER, active raft config: opid_index: -1 OBSOLETE_local: false peers { permanent_uuid: "6f2481f1c76c44b9a076478fdfee8ea5" member_type: VOTER last_known_addr { host: "127.13.37.129" port: 45469 } } peers { permanent_uuid: "59c504262700447cad9e5570554ebdc2" member_type: VOTER last_known_addr { host: "127.13.37.130" port: 41269 } } peers { permanent_uuid: "39df6bf391664787ba97c8e166479479" member_type: VOTER last_known_addr { host: "127.13.37.131" port: 40227 } }
I20260630 12:37:41.445165 14342 raft_consensus.cc:493] T 223d96ccbe614c6a9a173fb769e5e2b9 P 59c504262700447cad9e5570554ebdc2 [term 0 FOLLOWER]: Starting pre-election (no leader contacted us within the election timeout)
I20260630 12:37:41.445685 14342 raft_consensus.cc:515] T 223d96ccbe614c6a9a173fb769e5e2b9 P 59c504262700447cad9e5570554ebdc2 [term 0 FOLLOWER]: Starting pre-election with config: opid_index: -1 OBSOLETE_local: false peers { permanent_uuid: "6f2481f1c76c44b9a076478fdfee8ea5" member_type: VOTER last_known_addr { host: "127.13.37.129" port: 45469 } } peers { permanent_uuid: "59c504262700447cad9e5570554ebdc2" member_type: VOTER last_known_addr { host: "127.13.37.130" port: 41269 } } peers { permanent_uuid: "39df6bf391664787ba97c8e166479479" member_type: VOTER last_known_addr { host: "127.13.37.131" port: 40227 } }
I20260630 12:37:41.448220 14098 leader_election.cc:304] T 2432b0d8f06e467c88fdb2ee2e468ff6 P 6f2481f1c76c44b9a076478fdfee8ea5 [CANDIDATE]: Term 1 election: Election decided. Result: candidate won. Election summary: received 3 responses out of 3 voters: 2 yes votes; 1 no votes. yes voters: 59c504262700447cad9e5570554ebdc2, 6f2481f1c76c44b9a076478fdfee8ea5; no voters: 39df6bf391664787ba97c8e166479479
I20260630 12:37:41.448343 14209 tablet_service.cc:1917] Received RequestConsensusVote() RPC: tablet_id: "849d9c5f2cec47a2bb4a1395878baf1a" candidate_uuid: "6f2481f1c76c44b9a076478fdfee8ea5" candidate_term: 1 candidate_status { last_received { term: 0 index: 0 } } ignore_live_leader: false dest_uuid: "59c504262700447cad9e5570554ebdc2"
I20260630 12:37:41.451504 14353 raft_consensus.cc:2804] T 2432b0d8f06e467c88fdb2ee2e468ff6 P 6f2481f1c76c44b9a076478fdfee8ea5 [term 1 FOLLOWER]: Leader election won for term 1
I20260630 12:37:41.451749 14342 leader_election.cc:290] T 223d96ccbe614c6a9a173fb769e5e2b9 P 59c504262700447cad9e5570554ebdc2 [CANDIDATE]: Term 1 pre-election: Requested pre-vote from peers 6f2481f1c76c44b9a076478fdfee8ea5 (127.13.37.129:45469), 39df6bf391664787ba97c8e166479479 (127.13.37.131:40227)
W20260630 12:37:41.464053 14098 leader_election.cc:343] T 849d9c5f2cec47a2bb4a1395878baf1a P 6f2481f1c76c44b9a076478fdfee8ea5 [CANDIDATE]: Term 1 election: Tablet error from VoteRequest() call to peer 59c504262700447cad9e5570554ebdc2 (127.13.37.130:41269): Illegal state: must be running to vote when last-logged opid is not known
I20260630 12:37:41.464977 14330 tablet_bootstrap.cc:492] T a825b24534ee4a2c89131b8798187b7c P 39df6bf391664787ba97c8e166479479: No bootstrap required, opened a new log
I20260630 12:37:41.465435 14330 ts_tablet_manager.cc:1403] T a825b24534ee4a2c89131b8798187b7c P 39df6bf391664787ba97c8e166479479: Time spent bootstrapping tablet: real 0.071s	user 0.012s	sys 0.035s
I20260630 12:37:41.466032 14353 raft_consensus.cc:697] T 2432b0d8f06e467c88fdb2ee2e468ff6 P 6f2481f1c76c44b9a076478fdfee8ea5 [term 1 LEADER]: Becoming Leader. State: Replica: 6f2481f1c76c44b9a076478fdfee8ea5, State: Running, Role: LEADER
I20260630 12:37:41.468428 14033 catalog_manager.cc:5697] T 00008cb242c7428cb2c48d6d67d662ae P 39df6bf391664787ba97c8e166479479 reported cstate change: term changed from 0 to 1, leader changed from <none> to 39df6bf391664787ba97c8e166479479 (127.13.37.131). New cstate: current_term: 1 leader_uuid: "39df6bf391664787ba97c8e166479479" committed_config { opid_index: -1 OBSOLETE_local: false peers { permanent_uuid: "6f2481f1c76c44b9a076478fdfee8ea5" member_type: VOTER last_known_addr { host: "127.13.37.129" port: 45469 } health_report { overall_health: UNKNOWN } } peers { permanent_uuid: "59c504262700447cad9e5570554ebdc2" member_type: VOTER last_known_addr { host: "127.13.37.130" port: 41269 } health_report { overall_health: UNKNOWN } } peers { permanent_uuid: "39df6bf391664787ba97c8e166479479" member_type: VOTER last_known_addr { host: "127.13.37.131" port: 40227 } health_report { overall_health: HEALTHY } } }
I20260630 12:37:41.469687 14353 consensus_queue.cc:237] T 2432b0d8f06e467c88fdb2ee2e468ff6 P 6f2481f1c76c44b9a076478fdfee8ea5 [LEADER]: Queue going to LEADER mode. State: All replicated index: 0, Majority replicated index: 0, Committed index: 0, Last appended: 0.0, Last appended by leader: 0, Current term: 1, Majority size: 2, State: 0, Mode: LEADER, active raft config: opid_index: -1 OBSOLETE_local: false peers { permanent_uuid: "6f2481f1c76c44b9a076478fdfee8ea5" member_type: VOTER last_known_addr { host: "127.13.37.129" port: 45469 } } peers { permanent_uuid: "59c504262700447cad9e5570554ebdc2" member_type: VOTER last_known_addr { host: "127.13.37.130" port: 41269 } } peers { permanent_uuid: "39df6bf391664787ba97c8e166479479" member_type: VOTER last_known_addr { host: "127.13.37.131" port: 40227 } }
I20260630 12:37:41.471743 14342 raft_consensus.cc:493] T f36db9063a2c49e1a8b8d5e8c3528030 P 59c504262700447cad9e5570554ebdc2 [term 0 FOLLOWER]: Starting pre-election (no leader contacted us within the election timeout)
I20260630 12:37:41.472131 14342 raft_consensus.cc:515] T f36db9063a2c49e1a8b8d5e8c3528030 P 59c504262700447cad9e5570554ebdc2 [term 0 FOLLOWER]: Starting pre-election with config: opid_index: -1 OBSOLETE_local: false peers { permanent_uuid: "6f2481f1c76c44b9a076478fdfee8ea5" member_type: VOTER last_known_addr { host: "127.13.37.129" port: 45469 } } peers { permanent_uuid: "59c504262700447cad9e5570554ebdc2" member_type: VOTER last_known_addr { host: "127.13.37.130" port: 41269 } } peers { permanent_uuid: "39df6bf391664787ba97c8e166479479" member_type: VOTER last_known_addr { host: "127.13.37.131" port: 40227 } }
I20260630 12:37:41.474149 14342 leader_election.cc:290] T f36db9063a2c49e1a8b8d5e8c3528030 P 59c504262700447cad9e5570554ebdc2 [CANDIDATE]: Term 1 pre-election: Requested pre-vote from peers 6f2481f1c76c44b9a076478fdfee8ea5 (127.13.37.129:45469), 39df6bf391664787ba97c8e166479479 (127.13.37.131:40227)
I20260630 12:37:41.477548 14333 tablet_bootstrap.cc:492] T 930e4779ac0d4e21834cff4c9759c128 P 59c504262700447cad9e5570554ebdc2: No bootstrap required, opened a new log
I20260630 12:37:41.478039 14333 ts_tablet_manager.cc:1403] T 930e4779ac0d4e21834cff4c9759c128 P 59c504262700447cad9e5570554ebdc2: Time spent bootstrapping tablet: real 0.081s	user 0.011s	sys 0.008s
I20260630 12:37:41.480712 14330 raft_consensus.cc:359] T a825b24534ee4a2c89131b8798187b7c P 39df6bf391664787ba97c8e166479479 [term 0 FOLLOWER]: Replica starting. Triggering 0 pending ops. Active config: opid_index: -1 OBSOLETE_local: false peers { permanent_uuid: "6f2481f1c76c44b9a076478fdfee8ea5" member_type: VOTER last_known_addr { host: "127.13.37.129" port: 45469 } } peers { permanent_uuid: "59c504262700447cad9e5570554ebdc2" member_type: VOTER last_known_addr { host: "127.13.37.130" port: 41269 } } peers { permanent_uuid: "39df6bf391664787ba97c8e166479479" member_type: VOTER last_known_addr { host: "127.13.37.131" port: 40227 } }
I20260630 12:37:41.481683 14330 raft_consensus.cc:385] T a825b24534ee4a2c89131b8798187b7c P 39df6bf391664787ba97c8e166479479 [term 0 FOLLOWER]: Consensus starting up: Expiring failure detector timer to make a prompt election more likely
I20260630 12:37:41.482060 14330 raft_consensus.cc:740] T a825b24534ee4a2c89131b8798187b7c P 39df6bf391664787ba97c8e166479479 [term 0 FOLLOWER]: Becoming Follower/Learner. State: Replica: 39df6bf391664787ba97c8e166479479, State: Initialized, Role: FOLLOWER
I20260630 12:37:41.482236 14333 raft_consensus.cc:359] T 930e4779ac0d4e21834cff4c9759c128 P 59c504262700447cad9e5570554ebdc2 [term 0 FOLLOWER]: Replica starting. Triggering 0 pending ops. Active config: opid_index: -1 OBSOLETE_local: false peers { permanent_uuid: "6f2481f1c76c44b9a076478fdfee8ea5" member_type: VOTER last_known_addr { host: "127.13.37.129" port: 45469 } } peers { permanent_uuid: "59c504262700447cad9e5570554ebdc2" member_type: VOTER last_known_addr { host: "127.13.37.130" port: 41269 } } peers { permanent_uuid: "39df6bf391664787ba97c8e166479479" member_type: VOTER last_known_addr { host: "127.13.37.131" port: 40227 } }
I20260630 12:37:41.482836 14330 consensus_queue.cc:260] T a825b24534ee4a2c89131b8798187b7c P 39df6bf391664787ba97c8e166479479 [NON_LEADER]: Queue going to NON_LEADER mode. State: All replicated index: 0, Majority replicated index: 0, Committed index: 0, Last appended: 0.0, Last appended by leader: 0, Current term: 0, Majority size: -1, State: 0, Mode: NON_LEADER, active raft config: opid_index: -1 OBSOLETE_local: false peers { permanent_uuid: "6f2481f1c76c44b9a076478fdfee8ea5" member_type: VOTER last_known_addr { host: "127.13.37.129" port: 45469 } } peers { permanent_uuid: "59c504262700447cad9e5570554ebdc2" member_type: VOTER last_known_addr { host: "127.13.37.130" port: 41269 } } peers { permanent_uuid: "39df6bf391664787ba97c8e166479479" member_type: VOTER last_known_addr { host: "127.13.37.131" port: 40227 } }
I20260630 12:37:41.483956 14333 raft_consensus.cc:385] T 930e4779ac0d4e21834cff4c9759c128 P 59c504262700447cad9e5570554ebdc2 [term 0 FOLLOWER]: Consensus starting up: Expiring failure detector timer to make a prompt election more likely
I20260630 12:37:41.484359 14333 raft_consensus.cc:740] T 930e4779ac0d4e21834cff4c9759c128 P 59c504262700447cad9e5570554ebdc2 [term 0 FOLLOWER]: Becoming Follower/Learner. State: Replica: 59c504262700447cad9e5570554ebdc2, State: Initialized, Role: FOLLOWER
I20260630 12:37:41.484117 14032 catalog_manager.cc:5697] T 849d9c5f2cec47a2bb4a1395878baf1a P 6f2481f1c76c44b9a076478fdfee8ea5 reported cstate change: term changed from 0 to 1, leader changed from <none> to 6f2481f1c76c44b9a076478fdfee8ea5 (127.13.37.129). New cstate: current_term: 1 leader_uuid: "6f2481f1c76c44b9a076478fdfee8ea5" committed_config { opid_index: -1 OBSOLETE_local: false peers { permanent_uuid: "6f2481f1c76c44b9a076478fdfee8ea5" member_type: VOTER last_known_addr { host: "127.13.37.129" port: 45469 } health_report { overall_health: HEALTHY } } peers { permanent_uuid: "59c504262700447cad9e5570554ebdc2" member_type: VOTER last_known_addr { host: "127.13.37.130" port: 41269 } health_report { overall_health: UNKNOWN } } peers { permanent_uuid: "39df6bf391664787ba97c8e166479479" member_type: VOTER last_known_addr { host: "127.13.37.131" port: 40227 } health_report { overall_health: UNKNOWN } } }
I20260630 12:37:41.485488 14330 ts_tablet_manager.cc:1434] T a825b24534ee4a2c89131b8798187b7c P 39df6bf391664787ba97c8e166479479: Time spent starting tablet: real 0.020s	user 0.004s	sys 0.005s
I20260630 12:37:41.485423 14333 consensus_queue.cc:260] T 930e4779ac0d4e21834cff4c9759c128 P 59c504262700447cad9e5570554ebdc2 [NON_LEADER]: Queue going to NON_LEADER mode. State: All replicated index: 0, Majority replicated index: 0, Committed index: 0, Last appended: 0.0, Last appended by leader: 0, Current term: 0, Majority size: -1, State: 0, Mode: NON_LEADER, active raft config: opid_index: -1 OBSOLETE_local: false peers { permanent_uuid: "6f2481f1c76c44b9a076478fdfee8ea5" member_type: VOTER last_known_addr { host: "127.13.37.129" port: 45469 } } peers { permanent_uuid: "59c504262700447cad9e5570554ebdc2" member_type: VOTER last_known_addr { host: "127.13.37.130" port: 41269 } } peers { permanent_uuid: "39df6bf391664787ba97c8e166479479" member_type: VOTER last_known_addr { host: "127.13.37.131" port: 40227 } }
I20260630 12:37:41.487738 14330 tablet_bootstrap.cc:492] T 2432b0d8f06e467c88fdb2ee2e468ff6 P 39df6bf391664787ba97c8e166479479: Bootstrap starting.
I20260630 12:37:41.489109 14333 ts_tablet_manager.cc:1434] T 930e4779ac0d4e21834cff4c9759c128 P 59c504262700447cad9e5570554ebdc2: Time spent starting tablet: real 0.011s	user 0.004s	sys 0.002s
I20260630 12:37:41.490129 14333 tablet_bootstrap.cc:492] T 849d9c5f2cec47a2bb4a1395878baf1a P 59c504262700447cad9e5570554ebdc2: Bootstrap starting.
I20260630 12:37:41.498580 14134 tablet_service.cc:1917] Received RequestConsensusVote() RPC: tablet_id: "f36db9063a2c49e1a8b8d5e8c3528030" candidate_uuid: "59c504262700447cad9e5570554ebdc2" candidate_term: 1 candidate_status { last_received { term: 0 index: 0 } } ignore_live_leader: false dest_uuid: "6f2481f1c76c44b9a076478fdfee8ea5" is_pre_election: true
I20260630 12:37:41.500124 14330 tablet_bootstrap.cc:654] T 2432b0d8f06e467c88fdb2ee2e468ff6 P 39df6bf391664787ba97c8e166479479: Neither blocks nor log segments found. Creating new log.
I20260630 12:37:41.502296 14342 raft_consensus.cc:493] T 930e4779ac0d4e21834cff4c9759c128 P 59c504262700447cad9e5570554ebdc2 [term 0 FOLLOWER]: Starting pre-election (no leader contacted us within the election timeout)
I20260630 12:37:41.502720 14342 raft_consensus.cc:515] T 930e4779ac0d4e21834cff4c9759c128 P 59c504262700447cad9e5570554ebdc2 [term 0 FOLLOWER]: Starting pre-election with config: opid_index: -1 OBSOLETE_local: false peers { permanent_uuid: "6f2481f1c76c44b9a076478fdfee8ea5" member_type: VOTER last_known_addr { host: "127.13.37.129" port: 45469 } } peers { permanent_uuid: "59c504262700447cad9e5570554ebdc2" member_type: VOTER last_known_addr { host: "127.13.37.130" port: 41269 } } peers { permanent_uuid: "39df6bf391664787ba97c8e166479479" member_type: VOTER last_known_addr { host: "127.13.37.131" port: 40227 } }
I20260630 12:37:41.504662 14342 leader_election.cc:290] T 930e4779ac0d4e21834cff4c9759c128 P 59c504262700447cad9e5570554ebdc2 [CANDIDATE]: Term 1 pre-election: Requested pre-vote from peers 6f2481f1c76c44b9a076478fdfee8ea5 (127.13.37.129:45469), 39df6bf391664787ba97c8e166479479 (127.13.37.131:40227)
I20260630 12:37:41.506290 14134 tablet_service.cc:1917] Received RequestConsensusVote() RPC: tablet_id: "930e4779ac0d4e21834cff4c9759c128" candidate_uuid: "59c504262700447cad9e5570554ebdc2" candidate_term: 1 candidate_status { last_received { term: 0 index: 0 } } ignore_live_leader: false dest_uuid: "6f2481f1c76c44b9a076478fdfee8ea5" is_pre_election: true
I20260630 12:37:41.506873 14134 raft_consensus.cc:2468] T 930e4779ac0d4e21834cff4c9759c128 P 6f2481f1c76c44b9a076478fdfee8ea5 [term 0 FOLLOWER]: Leader pre-election vote request: Granting yes vote for candidate 59c504262700447cad9e5570554ebdc2 in term 0.
I20260630 12:37:41.508157 14174 leader_election.cc:304] T 930e4779ac0d4e21834cff4c9759c128 P 59c504262700447cad9e5570554ebdc2 [CANDIDATE]: Term 1 pre-election: Election decided. Result: candidate won. Election summary: received 2 responses out of 3 voters: 2 yes votes; 0 no votes. yes voters: 59c504262700447cad9e5570554ebdc2, 6f2481f1c76c44b9a076478fdfee8ea5; no voters: 
I20260630 12:37:41.508813 14342 raft_consensus.cc:2804] T 930e4779ac0d4e21834cff4c9759c128 P 59c504262700447cad9e5570554ebdc2 [term 0 FOLLOWER]: Leader pre-election won for term 1
I20260630 12:37:41.502264 14135 tablet_service.cc:1917] Received RequestConsensusVote() RPC: tablet_id: "223d96ccbe614c6a9a173fb769e5e2b9" candidate_uuid: "59c504262700447cad9e5570554ebdc2" candidate_term: 1 candidate_status { last_received { term: 0 index: 0 } } ignore_live_leader: false dest_uuid: "6f2481f1c76c44b9a076478fdfee8ea5" is_pre_election: true
I20260630 12:37:41.509258 14342 raft_consensus.cc:493] T 930e4779ac0d4e21834cff4c9759c128 P 59c504262700447cad9e5570554ebdc2 [term 0 FOLLOWER]: Starting leader election (no leader contacted us within the election timeout)
I20260630 12:37:41.509624 14342 raft_consensus.cc:3060] T 930e4779ac0d4e21834cff4c9759c128 P 59c504262700447cad9e5570554ebdc2 [term 0 FOLLOWER]: Advancing to term 1
I20260630 12:37:41.509654 14135 raft_consensus.cc:2468] T 223d96ccbe614c6a9a173fb769e5e2b9 P 6f2481f1c76c44b9a076478fdfee8ea5 [term 0 FOLLOWER]: Leader pre-election vote request: Granting yes vote for candidate 59c504262700447cad9e5570554ebdc2 in term 0.
I20260630 12:37:41.511015 14330 tablet_bootstrap.cc:492] T 2432b0d8f06e467c88fdb2ee2e468ff6 P 39df6bf391664787ba97c8e166479479: No bootstrap required, opened a new log
I20260630 12:37:41.510915 14174 leader_election.cc:304] T 223d96ccbe614c6a9a173fb769e5e2b9 P 59c504262700447cad9e5570554ebdc2 [CANDIDATE]: Term 1 pre-election: Election decided. Result: candidate won. Election summary: received 2 responses out of 3 voters: 2 yes votes; 0 no votes. yes voters: 59c504262700447cad9e5570554ebdc2, 6f2481f1c76c44b9a076478fdfee8ea5; no voters: 
I20260630 12:37:41.511511 14330 ts_tablet_manager.cc:1403] T 2432b0d8f06e467c88fdb2ee2e468ff6 P 39df6bf391664787ba97c8e166479479: Time spent bootstrapping tablet: real 0.024s	user 0.006s	sys 0.004s
I20260630 12:37:41.513876 14330 raft_consensus.cc:359] T 2432b0d8f06e467c88fdb2ee2e468ff6 P 39df6bf391664787ba97c8e166479479 [term 0 FOLLOWER]: Replica starting. Triggering 0 pending ops. Active config: opid_index: -1 OBSOLETE_local: false peers { permanent_uuid: "6f2481f1c76c44b9a076478fdfee8ea5" member_type: VOTER last_known_addr { host: "127.13.37.129" port: 45469 } } peers { permanent_uuid: "59c504262700447cad9e5570554ebdc2" member_type: VOTER last_known_addr { host: "127.13.37.130" port: 41269 } } peers { permanent_uuid: "39df6bf391664787ba97c8e166479479" member_type: VOTER last_known_addr { host: "127.13.37.131" port: 40227 } }
I20260630 12:37:41.514511 14330 raft_consensus.cc:385] T 2432b0d8f06e467c88fdb2ee2e468ff6 P 39df6bf391664787ba97c8e166479479 [term 0 FOLLOWER]: Consensus starting up: Expiring failure detector timer to make a prompt election more likely
I20260630 12:37:41.514799 14330 raft_consensus.cc:740] T 2432b0d8f06e467c88fdb2ee2e468ff6 P 39df6bf391664787ba97c8e166479479 [term 0 FOLLOWER]: Becoming Follower/Learner. State: Replica: 39df6bf391664787ba97c8e166479479, State: Initialized, Role: FOLLOWER
