I20260630 12:37:34.577678 13667 sys_catalog.cc:455] T 00000000000000000000000000000000 P 50b2affe865342f39311fda204defdf2 [sys.catalog]: SysCatalogTable state changed. Reason: Replicated consensus-only round. Latest consensus state: current_term: 1 leader_uuid: "c2f2b99ca7b64c0998ca20bc2d7a2b74" committed_config { opid_index: -1 OBSOLETE_local: false peers { permanent_uuid: "50b2affe865342f39311fda204defdf2" member_type: VOTER last_known_addr { host: "127.13.37.190" port: 44443 } } peers { permanent_uuid: "94ecfd212d0e478ca21275402d8c3d7a" member_type: VOTER last_known_addr { host: "127.13.37.189" port: 33677 } } peers { permanent_uuid: "c2f2b99ca7b64c0998ca20bc2d7a2b74" member_type: VOTER last_known_addr { host: "127.13.37.188" port: 46771 } } }
I20260630 12:37:34.578365 13667 sys_catalog.cc:458] T 00000000000000000000000000000000 P 50b2affe865342f39311fda204defdf2 [sys.catalog]: This master's current role is: FOLLOWER
I20260630 12:37:34.581862 13668 sys_catalog.cc:455] T 00000000000000000000000000000000 P 94ecfd212d0e478ca21275402d8c3d7a [sys.catalog]: SysCatalogTable state changed. Reason: Replicated consensus-only round. Latest consensus state: current_term: 1 leader_uuid: "c2f2b99ca7b64c0998ca20bc2d7a2b74" committed_config { opid_index: -1 OBSOLETE_local: false peers { permanent_uuid: "50b2affe865342f39311fda204defdf2" member_type: VOTER last_known_addr { host: "127.13.37.190" port: 44443 } } peers { permanent_uuid: "94ecfd212d0e478ca21275402d8c3d7a" member_type: VOTER last_known_addr { host: "127.13.37.189" port: 33677 } } peers { permanent_uuid: "c2f2b99ca7b64c0998ca20bc2d7a2b74" member_type: VOTER last_known_addr { host: "127.13.37.188" port: 46771 } } }
I20260630 12:37:34.582525 13668 sys_catalog.cc:458] T 00000000000000000000000000000000 P 94ecfd212d0e478ca21275402d8c3d7a [sys.catalog]: This master's current role is: FOLLOWER
I20260630 12:37:34.583061 13462 rpc_server.cc:307] RPC server started. Bound to: 127.13.37.129:43909
I20260630 12:37:34.583734 13763 catalog_manager.cc:1383] Generated new cluster ID: 30cfbf9149ad406eb901102c7c1f50a1
I20260630 12:37:34.584024 13763 catalog_manager.cc:1531] Initializing Kudu internal certificate authority...
I20260630 12:37:34.581864 13786 acceptor_pool.cc:272] collecting diagnostics on the listening RPC socket 127.13.37.129:43909 every 8 connection(s)
I20260630 12:37:34.606261 13462 file_cache.cc:492] Constructed file cache file cache with capacity 419430
I20260630 12:37:34.634742 13787 heartbeater.cc:344] Connected to a master server at 127.13.37.188:46771
I20260630 12:37:34.636377 13787 heartbeater.cc:461] Registering TS with master...
I20260630 12:37:34.637653 13787 heartbeater.cc:507] Master 127.13.37.188:46771 requested a full tablet report, sending...
I20260630 12:37:34.640854 13624 ts_manager.cc:194] Registered new tserver with Master: 17e709fc35f041b4a4fbd4d2312e3113 (127.13.37.129:43909)
I20260630 12:37:34.642630 13763 catalog_manager.cc:1406] Generated new certificate authority record
I20260630 12:37:34.644927 13763 catalog_manager.cc:1540] Loading token signing keys...
I20260630 12:37:34.653322 13790 heartbeater.cc:344] Connected to a master server at 127.13.37.190:44443
I20260630 12:37:34.653693 13790 heartbeater.cc:461] Registering TS with master...
I20260630 12:37:34.654618 13790 heartbeater.cc:507] Master 127.13.37.190:44443 requested a full tablet report, sending...
W20260630 12:37:34.632643 13794 instance_detector.cc:116] could not retrieve AWS instance metadata: Network error: curl error: HTTP response code said error: The requested URL returned error: 404
I20260630 12:37:34.657719 13494 ts_manager.cc:194] Registered new tserver with Master: 17e709fc35f041b4a4fbd4d2312e3113 (127.13.37.129:43909)
I20260630 12:37:34.661266 13789 heartbeater.cc:344] Connected to a master server at 127.13.37.189:33677
I20260630 12:37:34.661621 13789 heartbeater.cc:461] Registering TS with master...
I20260630 12:37:34.662494 13789 heartbeater.cc:507] Master 127.13.37.189:33677 requested a full tablet report, sending...
W20260630 12:37:34.664292 13795 instance_detector.cc:116] could not retrieve Azure instance metadata: Network error: curl error: HTTP response code said error: The requested URL returned error: 404
I20260630 12:37:34.666651 13559 ts_manager.cc:194] Registered new tserver with Master: 17e709fc35f041b4a4fbd4d2312e3113 (127.13.37.129:43909)
W20260630 12:37:34.678829 13797 instance_detector.cc:116] could not retrieve OpenStack instance metadata: Network error: curl error: HTTP response code said error: The requested URL returned error: 404
I20260630 12:37:34.681104 13763 catalog_manager.cc:6070] T 00000000000000000000000000000000 P c2f2b99ca7b64c0998ca20bc2d7a2b74: Generated new TSK 0
I20260630 12:37:34.682225 13763 catalog_manager.cc:1550] Initializing in-progress tserver states...
I20260630 12:37:34.688560 13462 server_base.cc:1061] running on GCE node
I20260630 12:37:34.689576 13462 hybrid_clock.cc:584] initializing the hybrid clock with 'system_unsync' time source
W20260630 12:37:34.689828 13462 system_unsync_time.cc:38] NTP support is disabled. Clock error bounds will not be accurate. This configuration is not suitable for distributed clusters.
I20260630 12:37:34.690029 13462 hybrid_clock.cc:648] HybridClock initialized: now 1782823054690010 us; error 0 us; skew 500 ppm
I20260630 12:37:34.690704 13462 server_base.cc:861] Flag tcmalloc_max_total_thread_cache_bytes is not working since tcmalloc is not enabled.
I20260630 12:37:34.693421 13462 webserver.cc:533] Webserver started at http://127.13.37.130:38219/ using document root <none> and password file <none>
I20260630 12:37:34.693871 13462 fs_manager.cc:362] Metadata directory not provided
I20260630 12:37:34.694042 13462 fs_manager.cc:368] Using write-ahead log directory (fs_wal_dir) as metadata directory
I20260630 12:37:34.694279 13462 server_base.cc:909] This appears to be a new deployment of Kudu; creating new FS layout
I20260630 12:37:34.695272 13462 fs_manager.cc:1068] Generated new instance metadata in path /tmp/dist-test-task4yTUjG/test-tmp/auto_rebalancer-test.0.AutoRebalancerTest.OnlyLeaderDoesAutoRebalancing.1782823052500307-13462-0/minicluster-data/ts-1-root/instance:
uuid: "df574707cd814283be7b93d73a2aca45"
format_stamp: "Formatted at 2026-06-30 12:37:34 on dist-test-slave-rw3v"
I20260630 12:37:34.699469 13462 fs_manager.cc:696] Time spent creating directory manager: real 0.004s	user 0.002s	sys 0.001s
I20260630 12:37:34.702692 13802 log_block_manager.cc:4031] Time spent loading block containers with low live blocks: real 0.000s	user 0.000s	sys 0.000s
I20260630 12:37:34.703429 13462 fs_manager.cc:730] Time spent opening block manager: real 0.002s	user 0.002s	sys 0.001s
I20260630 12:37:34.703676 13462 fs_manager.cc:647] Opened local filesystem: /tmp/dist-test-task4yTUjG/test-tmp/auto_rebalancer-test.0.AutoRebalancerTest.OnlyLeaderDoesAutoRebalancing.1782823052500307-13462-0/minicluster-data/ts-1-root
uuid: "df574707cd814283be7b93d73a2aca45"
format_stamp: "Formatted at 2026-06-30 12:37:34 on dist-test-slave-rw3v"
I20260630 12:37:34.703909 13462 fs_report.cc:389] FS layout report
--------------------
wal directory: /tmp/dist-test-task4yTUjG/test-tmp/auto_rebalancer-test.0.AutoRebalancerTest.OnlyLeaderDoesAutoRebalancing.1782823052500307-13462-0/minicluster-data/ts-1-root
metadata directory: /tmp/dist-test-task4yTUjG/test-tmp/auto_rebalancer-test.0.AutoRebalancerTest.OnlyLeaderDoesAutoRebalancing.1782823052500307-13462-0/minicluster-data/ts-1-root
1 data directories: /tmp/dist-test-task4yTUjG/test-tmp/auto_rebalancer-test.0.AutoRebalancerTest.OnlyLeaderDoesAutoRebalancing.1782823052500307-13462-0/minicluster-data/ts-1-root/data
Total live blocks: 0
Total live bytes: 0
Total live bytes (after alignment): 0
Total number of LBM containers: 0 (0 full)
Did not check for missing blocks
Did not check for orphaned blocks
Total full LBM containers with extra space: 0 (0 repaired)
Total full LBM container extra space in bytes: 0 (0 repaired)
Total incomplete LBM containers: 0 (0 repaired)
Total LBM partial records: 0 (0 repaired)
Total corrupted LBM metadata records in RocksDB: 0 (0 repaired)
I20260630 12:37:34.718003 13462 rpc_server.cc:225] running with OpenSSL 1.1.1  11 Sep 2018
I20260630 12:37:34.719107 13462 kserver.cc:163] Server-wide thread pool size limit: 3276
I20260630 12:37:34.721315 13462 txn_system_client.cc:432] TxnSystemClient initialization is disabled...
I20260630 12:37:34.724529 13462 ts_tablet_manager.cc:585] Loaded tablet metadata (0 total tablets, 0 live tablets)
I20260630 12:37:34.724699 13462 ts_tablet_manager.cc:531] Time spent load tablet metadata: real 0.000s	user 0.000s	sys 0.000s
I20260630 12:37:34.724924 13462 ts_tablet_manager.cc:616] Registered 0 tablets
I20260630 12:37:34.725070 13462 ts_tablet_manager.cc:595] Time spent register tablets: real 0.000s	user 0.000s	sys 0.000s
I20260630 12:37:34.809330 13462 rpc_server.cc:307] RPC server started. Bound to: 127.13.37.130:33175
I20260630 12:37:34.809904 13864 acceptor_pool.cc:272] collecting diagnostics on the listening RPC socket 127.13.37.130:33175 every 8 connection(s)
I20260630 12:37:34.823575 13462 file_cache.cc:492] Constructed file cache file cache with capacity 419430
I20260630 12:37:34.835466 13867 heartbeater.cc:344] Connected to a master server at 127.13.37.190:44443
I20260630 12:37:34.835882 13867 heartbeater.cc:461] Registering TS with master...
I20260630 12:37:34.836673 13867 heartbeater.cc:507] Master 127.13.37.190:44443 requested a full tablet report, sending...
I20260630 12:37:34.840010 13494 ts_manager.cc:194] Registered new tserver with Master: df574707cd814283be7b93d73a2aca45 (127.13.37.130:33175)
I20260630 12:37:34.841162 13866 heartbeater.cc:344] Connected to a master server at 127.13.37.189:33677
I20260630 12:37:34.841531 13866 heartbeater.cc:461] Registering TS with master...
I20260630 12:37:34.842340 13866 heartbeater.cc:507] Master 127.13.37.189:33677 requested a full tablet report, sending...
I20260630 12:37:34.843465 13865 heartbeater.cc:344] Connected to a master server at 127.13.37.188:46771
I20260630 12:37:34.843839 13865 heartbeater.cc:461] Registering TS with master...
I20260630 12:37:34.844558 13865 heartbeater.cc:507] Master 127.13.37.188:46771 requested a full tablet report, sending...
I20260630 12:37:34.845490 13559 ts_manager.cc:194] Registered new tserver with Master: df574707cd814283be7b93d73a2aca45 (127.13.37.130:33175)
I20260630 12:37:34.846702 13624 ts_manager.cc:194] Registered new tserver with Master: df574707cd814283be7b93d73a2aca45 (127.13.37.130:33175)
I20260630 12:37:34.849454 13624 master_service.cc:502] Signed X509 certificate for tserver {username='slave'} at 127.0.0.1:48112
W20260630 12:37:34.850814 13872 instance_detector.cc:116] could not retrieve AWS instance metadata: Network error: curl error: HTTP response code said error: The requested URL returned error: 404
W20260630 12:37:34.853259 13873 instance_detector.cc:116] could not retrieve Azure instance metadata: Network error: curl error: HTTP response code said error: The requested URL returned error: 404
I20260630 12:37:34.856519 13462 server_base.cc:1061] running on GCE node
W20260630 12:37:34.856909 13875 instance_detector.cc:116] could not retrieve OpenStack instance metadata: Network error: curl error: HTTP response code said error: The requested URL returned error: 404
I20260630 12:37:34.857895 13462 hybrid_clock.cc:584] initializing the hybrid clock with 'system_unsync' time source
W20260630 12:37:34.858152 13462 system_unsync_time.cc:38] NTP support is disabled. Clock error bounds will not be accurate. This configuration is not suitable for distributed clusters.
I20260630 12:37:34.858335 13462 hybrid_clock.cc:648] HybridClock initialized: now 1782823054858321 us; error 0 us; skew 500 ppm
I20260630 12:37:34.858960 13462 server_base.cc:861] Flag tcmalloc_max_total_thread_cache_bytes is not working since tcmalloc is not enabled.
I20260630 12:37:34.861536 13462 webserver.cc:533] Webserver started at http://127.13.37.131:45523/ using document root <none> and password file <none>
I20260630 12:37:34.862114 13462 fs_manager.cc:362] Metadata directory not provided
I20260630 12:37:34.862337 13462 fs_manager.cc:368] Using write-ahead log directory (fs_wal_dir) as metadata directory
I20260630 12:37:34.862633 13462 server_base.cc:909] This appears to be a new deployment of Kudu; creating new FS layout
I20260630 12:37:34.863952 13462 fs_manager.cc:1068] Generated new instance metadata in path /tmp/dist-test-task4yTUjG/test-tmp/auto_rebalancer-test.0.AutoRebalancerTest.OnlyLeaderDoesAutoRebalancing.1782823052500307-13462-0/minicluster-data/ts-2-root/instance:
uuid: "f5ce401c433449f3ab00f629feadaebe"
format_stamp: "Formatted at 2026-06-30 12:37:34 on dist-test-slave-rw3v"
I20260630 12:37:34.869220 13462 fs_manager.cc:696] Time spent creating directory manager: real 0.005s	user 0.000s	sys 0.005s
I20260630 12:37:34.872942 13880 log_block_manager.cc:4031] Time spent loading block containers with low live blocks: real 0.000s	user 0.000s	sys 0.000s
I20260630 12:37:34.873689 13462 fs_manager.cc:730] Time spent opening block manager: real 0.002s	user 0.001s	sys 0.000s
I20260630 12:37:34.874030 13462 fs_manager.cc:647] Opened local filesystem: /tmp/dist-test-task4yTUjG/test-tmp/auto_rebalancer-test.0.AutoRebalancerTest.OnlyLeaderDoesAutoRebalancing.1782823052500307-13462-0/minicluster-data/ts-2-root
uuid: "f5ce401c433449f3ab00f629feadaebe"
format_stamp: "Formatted at 2026-06-30 12:37:34 on dist-test-slave-rw3v"
I20260630 12:37:34.874366 13462 fs_report.cc:389] FS layout report
--------------------
wal directory: /tmp/dist-test-task4yTUjG/test-tmp/auto_rebalancer-test.0.AutoRebalancerTest.OnlyLeaderDoesAutoRebalancing.1782823052500307-13462-0/minicluster-data/ts-2-root
metadata directory: /tmp/dist-test-task4yTUjG/test-tmp/auto_rebalancer-test.0.AutoRebalancerTest.OnlyLeaderDoesAutoRebalancing.1782823052500307-13462-0/minicluster-data/ts-2-root
1 data directories: /tmp/dist-test-task4yTUjG/test-tmp/auto_rebalancer-test.0.AutoRebalancerTest.OnlyLeaderDoesAutoRebalancing.1782823052500307-13462-0/minicluster-data/ts-2-root/data
Total live blocks: 0
Total live bytes: 0
Total live bytes (after alignment): 0
Total number of LBM containers: 0 (0 full)
Did not check for missing blocks
Did not check for orphaned blocks
Total full LBM containers with extra space: 0 (0 repaired)
Total full LBM container extra space in bytes: 0 (0 repaired)
Total incomplete LBM containers: 0 (0 repaired)
Total LBM partial records: 0 (0 repaired)
Total corrupted LBM metadata records in RocksDB: 0 (0 repaired)
I20260630 12:37:34.895408 13462 rpc_server.cc:225] running with OpenSSL 1.1.1  11 Sep 2018
I20260630 12:37:34.896929 13462 kserver.cc:163] Server-wide thread pool size limit: 3276
I20260630 12:37:34.899281 13462 txn_system_client.cc:432] TxnSystemClient initialization is disabled...
I20260630 12:37:34.902797 13462 ts_tablet_manager.cc:585] Loaded tablet metadata (0 total tablets, 0 live tablets)
I20260630 12:37:34.903059 13462 ts_tablet_manager.cc:531] Time spent load tablet metadata: real 0.000s	user 0.000s	sys 0.000s
I20260630 12:37:34.903340 13462 ts_tablet_manager.cc:616] Registered 0 tablets
I20260630 12:37:34.903550 13462 ts_tablet_manager.cc:595] Time spent register tablets: real 0.000s	user 0.000s	sys 0.000s
I20260630 12:37:34.985819 13462 rpc_server.cc:307] RPC server started. Bound to: 127.13.37.131:37807
I20260630 12:37:34.986038 13942 acceptor_pool.cc:272] collecting diagnostics on the listening RPC socket 127.13.37.131:37807 every 8 connection(s)
I20260630 12:37:35.015641 13943 heartbeater.cc:344] Connected to a master server at 127.13.37.188:46771
I20260630 12:37:35.016057 13943 heartbeater.cc:461] Registering TS with master...
I20260630 12:37:35.016993 13943 heartbeater.cc:507] Master 127.13.37.188:46771 requested a full tablet report, sending...
I20260630 12:37:35.019322 13624 ts_manager.cc:194] Registered new tserver with Master: f5ce401c433449f3ab00f629feadaebe (127.13.37.131:37807)
I20260630 12:37:35.020963 13624 master_service.cc:502] Signed X509 certificate for tserver {username='slave'} at 127.0.0.1:48120
I20260630 12:37:35.021412 13945 heartbeater.cc:344] Connected to a master server at 127.13.37.190:44443
I20260630 12:37:35.021739 13945 heartbeater.cc:461] Registering TS with master...
I20260630 12:37:35.022642 13945 heartbeater.cc:507] Master 127.13.37.190:44443 requested a full tablet report, sending...
I20260630 12:37:35.023698 13944 heartbeater.cc:344] Connected to a master server at 127.13.37.189:33677
I20260630 12:37:35.024049 13944 heartbeater.cc:461] Registering TS with master...
I20260630 12:37:35.024695 13944 heartbeater.cc:507] Master 127.13.37.189:33677 requested a full tablet report, sending...
I20260630 12:37:35.025024 13494 ts_manager.cc:194] Registered new tserver with Master: f5ce401c433449f3ab00f629feadaebe (127.13.37.131:37807)
I20260630 12:37:35.027251 13559 ts_manager.cc:194] Registered new tserver with Master: f5ce401c433449f3ab00f629feadaebe (127.13.37.131:37807)
I20260630 12:37:35.027333 13462 internal_mini_cluster.cc:371] 3 TS(s) registered with all masters after 0.01432598s
I20260630 12:37:35.344547 13697 catalog_manager.cc:1295] Loaded cluster ID: 30cfbf9149ad406eb901102c7c1f50a1
I20260630 12:37:35.344885 13697 catalog_manager.cc:1588] T 00000000000000000000000000000000 P 94ecfd212d0e478ca21275402d8c3d7a: loading cluster ID for follower catalog manager: success
I20260630 12:37:35.346117 13700 catalog_manager.cc:1295] Loaded cluster ID: 30cfbf9149ad406eb901102c7c1f50a1
I20260630 12:37:35.346395 13700 catalog_manager.cc:1588] T 00000000000000000000000000000000 P 50b2affe865342f39311fda204defdf2: loading cluster ID for follower catalog manager: success
I20260630 12:37:35.351903 13697 catalog_manager.cc:1610] T 00000000000000000000000000000000 P 94ecfd212d0e478ca21275402d8c3d7a: acquiring CA information for follower catalog manager: success
I20260630 12:37:35.353124 13700 catalog_manager.cc:1610] T 00000000000000000000000000000000 P 50b2affe865342f39311fda204defdf2: acquiring CA information for follower catalog manager: success
I20260630 12:37:35.357231 13697 catalog_manager.cc:1638] T 00000000000000000000000000000000 P 94ecfd212d0e478ca21275402d8c3d7a: importing token verification keys for follower catalog manager: success; most recent TSK sequence number 0
I20260630 12:37:35.357949 13700 catalog_manager.cc:1638] T 00000000000000000000000000000000 P 50b2affe865342f39311fda204defdf2: importing token verification keys for follower catalog manager: success; most recent TSK sequence number 0
I20260630 12:37:35.645512 13624 master_service.cc:502] Signed X509 certificate for tserver {username='slave'} at 127.0.0.1:48098
I20260630 12:37:35.852797 13865 heartbeater.cc:499] Master 127.13.37.188:46771 was elected leader, sending a full tablet report...
I20260630 12:37:36.023718 13943 heartbeater.cc:499] Master 127.13.37.188:46771 was elected leader, sending a full tablet report...
I20260630 12:37:36.342456 13702 auto_leader_rebalancer.cc:515] All tables' leader rebalancing finished this round
I20260630 12:37:36.647701 13787 heartbeater.cc:499] Master 127.13.37.188:46771 was elected leader, sending a full tablet report...
I20260630 12:37:36.648329 13624 catalog_manager.cc:2283] Servicing CreateTable request from {username='slave'} at 127.0.0.1:48122:
name: "test-workload"
schema {
  columns {
    name: "key"
    type: INT32
    is_key: true
    is_nullable: false
    encoding: AUTO_ENCODING
    compression: DEFAULT_COMPRESSION
    cfile_block_size: 0
    immutable: false
  }
  columns {
    name: "int_val"
    type: INT32
    is_key: false
    is_nullable: false
    encoding: AUTO_ENCODING
    compression: DEFAULT_COMPRESSION
    cfile_block_size: 0
    immutable: false
  }
  columns {
    name: "string_val"
    type: STRING
    is_key: false
    is_nullable: true
    encoding: AUTO_ENCODING
    compression: DEFAULT_COMPRESSION
    cfile_block_size: 0
    immutable: false
  }
}
num_replicas: 1
split_rows_range_bounds {
  rows: "\004\001\000\377\377\377\037\004\001\000\376\377\377?\004\001\000\375\377\377_""\004\001\000\377\377\377\037\004\001\000\376\377\377?\004\001\000\375\377\377_"
  indirect_data: """"
}
partition_schema {
  range_schema {
    columns {
      name: "key"
    }
  }
}
I20260630 12:37:36.724439 13739 tablet_service.cc:1511] Processing CreateTablet for tablet 06fb36458d2745778a66142eea0d0a68 (DEFAULT_TABLE table=test-workload [id=8f8b7b7b76ba4750844b465809574abb]), partition=RANGE (key) PARTITION 1610612733 <= VALUES
I20260630 12:37:36.724206 13740 tablet_service.cc:1511] Processing CreateTablet for tablet 0f580ca2b5954503b4af361236c64de6 (DEFAULT_TABLE table=test-workload [id=8f8b7b7b76ba4750844b465809574abb]), partition=RANGE (key) PARTITION VALUES < 536870911
I20260630 12:37:36.724206 13830 tablet_service.cc:1511] Processing CreateTablet for tablet d688538784dd43b6808cf0f18f0c1219 (DEFAULT_TABLE table=test-workload [id=8f8b7b7b76ba4750844b465809574abb]), partition=RANGE (key) PARTITION 536870911 <= VALUES < 1073741822
I20260630 12:37:36.725775 13739 data_dirs.cc:400] Could only allocate 1 dirs of requested 3 for tablet 06fb36458d2745778a66142eea0d0a68. 1 dirs total, 0 dirs full, 0 dirs failed
I20260630 12:37:36.725777 13830 data_dirs.cc:400] Could only allocate 1 dirs of requested 3 for tablet d688538784dd43b6808cf0f18f0c1219. 1 dirs total, 0 dirs full, 0 dirs failed
I20260630 12:37:36.727273 13740 data_dirs.cc:400] Could only allocate 1 dirs of requested 3 for tablet 0f580ca2b5954503b4af361236c64de6. 1 dirs total, 0 dirs full, 0 dirs failed
I20260630 12:37:36.729307 13908 tablet_service.cc:1511] Processing CreateTablet for tablet 7bda038fe0184ff4b22b65390388ef17 (DEFAULT_TABLE table=test-workload [id=8f8b7b7b76ba4750844b465809574abb]), partition=RANGE (key) PARTITION 1073741822 <= VALUES < 1610612733
I20260630 12:37:36.730194 13908 data_dirs.cc:400] Could only allocate 1 dirs of requested 3 for tablet 7bda038fe0184ff4b22b65390388ef17. 1 dirs total, 0 dirs full, 0 dirs failed
I20260630 12:37:36.751163 13980 tablet_bootstrap.cc:492] T 7bda038fe0184ff4b22b65390388ef17 P f5ce401c433449f3ab00f629feadaebe: Bootstrap starting.
I20260630 12:37:36.756285 13978 tablet_bootstrap.cc:492] T d688538784dd43b6808cf0f18f0c1219 P df574707cd814283be7b93d73a2aca45: Bootstrap starting.
I20260630 12:37:36.757334 13980 tablet_bootstrap.cc:654] T 7bda038fe0184ff4b22b65390388ef17 P f5ce401c433449f3ab00f629feadaebe: Neither blocks nor log segments found. Creating new log.
I20260630 12:37:36.760905 13979 tablet_bootstrap.cc:492] T 06fb36458d2745778a66142eea0d0a68 P 17e709fc35f041b4a4fbd4d2312e3113: Bootstrap starting.
I20260630 12:37:36.762773 13978 tablet_bootstrap.cc:654] T d688538784dd43b6808cf0f18f0c1219 P df574707cd814283be7b93d73a2aca45: Neither blocks nor log segments found. Creating new log.
I20260630 12:37:36.763909 13980 tablet_bootstrap.cc:492] T 7bda038fe0184ff4b22b65390388ef17 P f5ce401c433449f3ab00f629feadaebe: No bootstrap required, opened a new log
I20260630 12:37:36.764369 13980 ts_tablet_manager.cc:1403] T 7bda038fe0184ff4b22b65390388ef17 P f5ce401c433449f3ab00f629feadaebe: Time spent bootstrapping tablet: real 0.013s	user 0.008s	sys 0.004s
I20260630 12:37:36.767241 13980 raft_consensus.cc:359] T 7bda038fe0184ff4b22b65390388ef17 P f5ce401c433449f3ab00f629feadaebe [term 0 FOLLOWER]: Replica starting. Triggering 0 pending ops. Active config: opid_index: -1 OBSOLETE_local: true peers { permanent_uuid: "f5ce401c433449f3ab00f629feadaebe" member_type: VOTER last_known_addr { host: "127.13.37.131" port: 37807 } }
I20260630 12:37:36.767794 13980 raft_consensus.cc:385] T 7bda038fe0184ff4b22b65390388ef17 P f5ce401c433449f3ab00f629feadaebe [term 0 FOLLOWER]: Consensus starting up: Expiring failure detector timer to make a prompt election more likely
I20260630 12:37:36.767867 13979 tablet_bootstrap.cc:654] T 06fb36458d2745778a66142eea0d0a68 P 17e709fc35f041b4a4fbd4d2312e3113: Neither blocks nor log segments found. Creating new log.
I20260630 12:37:36.768196 13980 raft_consensus.cc:740] T 7bda038fe0184ff4b22b65390388ef17 P f5ce401c433449f3ab00f629feadaebe [term 0 FOLLOWER]: Becoming Follower/Learner. State: Replica: f5ce401c433449f3ab00f629feadaebe, State: Initialized, Role: FOLLOWER
I20260630 12:37:36.769114 13978 tablet_bootstrap.cc:492] T d688538784dd43b6808cf0f18f0c1219 P df574707cd814283be7b93d73a2aca45: No bootstrap required, opened a new log
I20260630 12:37:36.768982 13980 consensus_queue.cc:260] T 7bda038fe0184ff4b22b65390388ef17 P f5ce401c433449f3ab00f629feadaebe [NON_LEADER]: Queue going to NON_LEADER mode. State: All replicated index: 0, Majority replicated index: 0, Committed index: 0, Last appended: 0.0, Last appended by leader: 0, Current term: 0, Majority size: -1, State: 0, Mode: NON_LEADER, active raft config: opid_index: -1 OBSOLETE_local: true peers { permanent_uuid: "f5ce401c433449f3ab00f629feadaebe" member_type: VOTER last_known_addr { host: "127.13.37.131" port: 37807 } }
I20260630 12:37:36.769618 13978 ts_tablet_manager.cc:1403] T d688538784dd43b6808cf0f18f0c1219 P df574707cd814283be7b93d73a2aca45: Time spent bootstrapping tablet: real 0.013s	user 0.011s	sys 0.000s
I20260630 12:37:36.769637 13980 raft_consensus.cc:399] T 7bda038fe0184ff4b22b65390388ef17 P f5ce401c433449f3ab00f629feadaebe [term 0 FOLLOWER]: Only one voter in the Raft config. Triggering election immediately
I20260630 12:37:36.770109 13980 raft_consensus.cc:493] T 7bda038fe0184ff4b22b65390388ef17 P f5ce401c433449f3ab00f629feadaebe [term 0 FOLLOWER]: Starting leader election (initial election of a single-replica configuration)
I20260630 12:37:36.770449 13980 raft_consensus.cc:3060] T 7bda038fe0184ff4b22b65390388ef17 P f5ce401c433449f3ab00f629feadaebe [term 0 FOLLOWER]: Advancing to term 1
I20260630 12:37:36.772451 13978 raft_consensus.cc:359] T d688538784dd43b6808cf0f18f0c1219 P df574707cd814283be7b93d73a2aca45 [term 0 FOLLOWER]: Replica starting. Triggering 0 pending ops. Active config: opid_index: -1 OBSOLETE_local: true peers { permanent_uuid: "df574707cd814283be7b93d73a2aca45" member_type: VOTER last_known_addr { host: "127.13.37.130" port: 33175 } }
I20260630 12:37:36.772990 13978 raft_consensus.cc:385] T d688538784dd43b6808cf0f18f0c1219 P df574707cd814283be7b93d73a2aca45 [term 0 FOLLOWER]: Consensus starting up: Expiring failure detector timer to make a prompt election more likely
I20260630 12:37:36.773355 13979 tablet_bootstrap.cc:492] T 06fb36458d2745778a66142eea0d0a68 P 17e709fc35f041b4a4fbd4d2312e3113: No bootstrap required, opened a new log
I20260630 12:37:36.773257 13978 raft_consensus.cc:740] T d688538784dd43b6808cf0f18f0c1219 P df574707cd814283be7b93d73a2aca45 [term 0 FOLLOWER]: Becoming Follower/Learner. State: Replica: df574707cd814283be7b93d73a2aca45, State: Initialized, Role: FOLLOWER
I20260630 12:37:36.773720 13979 ts_tablet_manager.cc:1403] T 06fb36458d2745778a66142eea0d0a68 P 17e709fc35f041b4a4fbd4d2312e3113: Time spent bootstrapping tablet: real 0.013s	user 0.007s	sys 0.004s
I20260630 12:37:36.773973 13978 consensus_queue.cc:260] T d688538784dd43b6808cf0f18f0c1219 P df574707cd814283be7b93d73a2aca45 [NON_LEADER]: Queue going to NON_LEADER mode. State: All replicated index: 0, Majority replicated index: 0, Committed index: 0, Last appended: 0.0, Last appended by leader: 0, Current term: 0, Majority size: -1, State: 0, Mode: NON_LEADER, active raft config: opid_index: -1 OBSOLETE_local: true peers { permanent_uuid: "df574707cd814283be7b93d73a2aca45" member_type: VOTER last_known_addr { host: "127.13.37.130" port: 33175 } }
I20260630 12:37:36.775033 13978 raft_consensus.cc:399] T d688538784dd43b6808cf0f18f0c1219 P df574707cd814283be7b93d73a2aca45 [term 0 FOLLOWER]: Only one voter in the Raft config. Triggering election immediately
I20260630 12:37:36.775354 13978 raft_consensus.cc:493] T d688538784dd43b6808cf0f18f0c1219 P df574707cd814283be7b93d73a2aca45 [term 0 FOLLOWER]: Starting leader election (initial election of a single-replica configuration)
I20260630 12:37:36.775684 13978 raft_consensus.cc:3060] T d688538784dd43b6808cf0f18f0c1219 P df574707cd814283be7b93d73a2aca45 [term 0 FOLLOWER]: Advancing to term 1
I20260630 12:37:36.776075 13979 raft_consensus.cc:359] T 06fb36458d2745778a66142eea0d0a68 P 17e709fc35f041b4a4fbd4d2312e3113 [term 0 FOLLOWER]: Replica starting. Triggering 0 pending ops. Active config: opid_index: -1 OBSOLETE_local: true peers { permanent_uuid: "17e709fc35f041b4a4fbd4d2312e3113" member_type: VOTER last_known_addr { host: "127.13.37.129" port: 43909 } }
I20260630 12:37:36.776558 13979 raft_consensus.cc:385] T 06fb36458d2745778a66142eea0d0a68 P 17e709fc35f041b4a4fbd4d2312e3113 [term 0 FOLLOWER]: Consensus starting up: Expiring failure detector timer to make a prompt election more likely
I20260630 12:37:36.776772 13979 raft_consensus.cc:740] T 06fb36458d2745778a66142eea0d0a68 P 17e709fc35f041b4a4fbd4d2312e3113 [term 0 FOLLOWER]: Becoming Follower/Learner. State: Replica: 17e709fc35f041b4a4fbd4d2312e3113, State: Initialized, Role: FOLLOWER
I20260630 12:37:36.776823 13980 raft_consensus.cc:515] T 7bda038fe0184ff4b22b65390388ef17 P f5ce401c433449f3ab00f629feadaebe [term 1 FOLLOWER]: Starting leader election with config: opid_index: -1 OBSOLETE_local: true peers { permanent_uuid: "f5ce401c433449f3ab00f629feadaebe" member_type: VOTER last_known_addr { host: "127.13.37.131" port: 37807 } }
I20260630 12:37:36.777382 13979 consensus_queue.cc:260] T 06fb36458d2745778a66142eea0d0a68 P 17e709fc35f041b4a4fbd4d2312e3113 [NON_LEADER]: Queue going to NON_LEADER mode. State: All replicated index: 0, Majority replicated index: 0, Committed index: 0, Last appended: 0.0, Last appended by leader: 0, Current term: 0, Majority size: -1, State: 0, Mode: NON_LEADER, active raft config: opid_index: -1 OBSOLETE_local: true peers { permanent_uuid: "17e709fc35f041b4a4fbd4d2312e3113" member_type: VOTER last_known_addr { host: "127.13.37.129" port: 43909 } }
I20260630 12:37:36.777580 13980 leader_election.cc:304] T 7bda038fe0184ff4b22b65390388ef17 P f5ce401c433449f3ab00f629feadaebe [CANDIDATE]: Term 1 election: Election decided. Result: candidate won. Election summary: received 1 responses out of 1 voters: 1 yes votes; 0 no votes. yes voters: f5ce401c433449f3ab00f629feadaebe; no voters: 
I20260630 12:37:36.777912 13979 raft_consensus.cc:399] T 06fb36458d2745778a66142eea0d0a68 P 17e709fc35f041b4a4fbd4d2312e3113 [term 0 FOLLOWER]: Only one voter in the Raft config. Triggering election immediately
I20260630 12:37:36.778225 13979 raft_consensus.cc:493] T 06fb36458d2745778a66142eea0d0a68 P 17e709fc35f041b4a4fbd4d2312e3113 [term 0 FOLLOWER]: Starting leader election (initial election of a single-replica configuration)
I20260630 12:37:36.778501 13979 raft_consensus.cc:3060] T 06fb36458d2745778a66142eea0d0a68 P 17e709fc35f041b4a4fbd4d2312e3113 [term 0 FOLLOWER]: Advancing to term 1
I20260630 12:37:36.781797 13978 raft_consensus.cc:515] T d688538784dd43b6808cf0f18f0c1219 P df574707cd814283be7b93d73a2aca45 [term 1 FOLLOWER]: Starting leader election with config: opid_index: -1 OBSOLETE_local: true peers { permanent_uuid: "df574707cd814283be7b93d73a2aca45" member_type: VOTER last_known_addr { host: "127.13.37.130" port: 33175 } }
I20260630 12:37:36.782557 13978 leader_election.cc:304] T d688538784dd43b6808cf0f18f0c1219 P df574707cd814283be7b93d73a2aca45 [CANDIDATE]: Term 1 election: Election decided. Result: candidate won. Election summary: received 1 responses out of 1 voters: 1 yes votes; 0 no votes. yes voters: df574707cd814283be7b93d73a2aca45; no voters: 
I20260630 12:37:36.783346 13979 raft_consensus.cc:515] T 06fb36458d2745778a66142eea0d0a68 P 17e709fc35f041b4a4fbd4d2312e3113 [term 1 FOLLOWER]: Starting leader election with config: opid_index: -1 OBSOLETE_local: true peers { permanent_uuid: "17e709fc35f041b4a4fbd4d2312e3113" member_type: VOTER last_known_addr { host: "127.13.37.129" port: 43909 } }
I20260630 12:37:36.783924 13979 leader_election.cc:304] T 06fb36458d2745778a66142eea0d0a68 P 17e709fc35f041b4a4fbd4d2312e3113 [CANDIDATE]: Term 1 election: Election decided. Result: candidate won. Election summary: received 1 responses out of 1 voters: 1 yes votes; 0 no votes. yes voters: 17e709fc35f041b4a4fbd4d2312e3113; no voters: 
I20260630 12:37:36.785554 13980 leader_election.cc:290] T 7bda038fe0184ff4b22b65390388ef17 P f5ce401c433449f3ab00f629feadaebe [CANDIDATE]: Term 1 election: Requested vote from peers 
I20260630 12:37:36.785849 13979 leader_election.cc:290] T 06fb36458d2745778a66142eea0d0a68 P 17e709fc35f041b4a4fbd4d2312e3113 [CANDIDATE]: Term 1 election: Requested vote from peers 
I20260630 12:37:36.786620 13984 raft_consensus.cc:2804] T 7bda038fe0184ff4b22b65390388ef17 P f5ce401c433449f3ab00f629feadaebe [term 1 FOLLOWER]: Leader election won for term 1
I20260630 12:37:36.786957 13986 raft_consensus.cc:2804] T 06fb36458d2745778a66142eea0d0a68 P 17e709fc35f041b4a4fbd4d2312e3113 [term 1 FOLLOWER]: Leader election won for term 1
I20260630 12:37:36.789784 13985 raft_consensus.cc:2804] T d688538784dd43b6808cf0f18f0c1219 P df574707cd814283be7b93d73a2aca45 [term 1 FOLLOWER]: Leader election won for term 1
I20260630 12:37:36.792668 13978 leader_election.cc:290] T d688538784dd43b6808cf0f18f0c1219 P df574707cd814283be7b93d73a2aca45 [CANDIDATE]: Term 1 election: Requested vote from peers 
I20260630 12:37:36.797230 13980 ts_tablet_manager.cc:1434] T 7bda038fe0184ff4b22b65390388ef17 P f5ce401c433449f3ab00f629feadaebe: Time spent starting tablet: real 0.033s	user 0.017s	sys 0.014s
I20260630 12:37:36.799259 13979 ts_tablet_manager.cc:1434] T 06fb36458d2745778a66142eea0d0a68 P 17e709fc35f041b4a4fbd4d2312e3113: Time spent starting tablet: real 0.025s	user 0.010s	sys 0.013s
I20260630 12:37:36.802134 13979 tablet_bootstrap.cc:492] T 0f580ca2b5954503b4af361236c64de6 P 17e709fc35f041b4a4fbd4d2312e3113: Bootstrap starting.
I20260630 12:37:36.804301 13978 ts_tablet_manager.cc:1434] T d688538784dd43b6808cf0f18f0c1219 P df574707cd814283be7b93d73a2aca45: Time spent starting tablet: real 0.034s	user 0.016s	sys 0.006s
I20260630 12:37:36.802676 13985 raft_consensus.cc:697] T d688538784dd43b6808cf0f18f0c1219 P df574707cd814283be7b93d73a2aca45 [term 1 LEADER]: Becoming Leader. State: Replica: df574707cd814283be7b93d73a2aca45, State: Running, Role: LEADER
I20260630 12:37:36.807179 13985 consensus_queue.cc:237] T d688538784dd43b6808cf0f18f0c1219 P df574707cd814283be7b93d73a2aca45 [LEADER]: Queue going to LEADER mode. State: All replicated index: 0, Majority replicated index: 0, Committed index: 0, Last appended: 0.0, Last appended by leader: 0, Current term: 1, Majority size: 1, State: 0, Mode: LEADER, active raft config: opid_index: -1 OBSOLETE_local: true peers { permanent_uuid: "df574707cd814283be7b93d73a2aca45" member_type: VOTER last_known_addr { host: "127.13.37.130" port: 33175 } }
I20260630 12:37:36.815994 13979 tablet_bootstrap.cc:654] T 0f580ca2b5954503b4af361236c64de6 P 17e709fc35f041b4a4fbd4d2312e3113: Neither blocks nor log segments found. Creating new log.
I20260630 12:37:36.816782 13986 raft_consensus.cc:697] T 06fb36458d2745778a66142eea0d0a68 P 17e709fc35f041b4a4fbd4d2312e3113 [term 1 LEADER]: Becoming Leader. State: Replica: 17e709fc35f041b4a4fbd4d2312e3113, State: Running, Role: LEADER
I20260630 12:37:36.820681 13986 consensus_queue.cc:237] T 06fb36458d2745778a66142eea0d0a68 P 17e709fc35f041b4a4fbd4d2312e3113 [LEADER]: Queue going to LEADER mode. State: All replicated index: 0, Majority replicated index: 0, Committed index: 0, Last appended: 0.0, Last appended by leader: 0, Current term: 1, Majority size: 1, State: 0, Mode: LEADER, active raft config: opid_index: -1 OBSOLETE_local: true peers { permanent_uuid: "17e709fc35f041b4a4fbd4d2312e3113" member_type: VOTER last_known_addr { host: "127.13.37.129" port: 43909 } }
I20260630 12:37:36.821065 13984 raft_consensus.cc:697] T 7bda038fe0184ff4b22b65390388ef17 P f5ce401c433449f3ab00f629feadaebe [term 1 LEADER]: Becoming Leader. State: Replica: f5ce401c433449f3ab00f629feadaebe, State: Running, Role: LEADER
I20260630 12:37:36.824553 13984 consensus_queue.cc:237] T 7bda038fe0184ff4b22b65390388ef17 P f5ce401c433449f3ab00f629feadaebe [LEADER]: Queue going to LEADER mode. State: All replicated index: 0, Majority replicated index: 0, Committed index: 0, Last appended: 0.0, Last appended by leader: 0, Current term: 1, Majority size: 1, State: 0, Mode: LEADER, active raft config: opid_index: -1 OBSOLETE_local: true peers { permanent_uuid: "f5ce401c433449f3ab00f629feadaebe" member_type: VOTER last_known_addr { host: "127.13.37.131" port: 37807 } }
I20260630 12:37:36.838040 13624 catalog_manager.cc:5697] T 06fb36458d2745778a66142eea0d0a68 P 17e709fc35f041b4a4fbd4d2312e3113 reported cstate change: term changed from 0 to 1, leader changed from <none> to 17e709fc35f041b4a4fbd4d2312e3113 (127.13.37.129). New cstate: current_term: 1 leader_uuid: "17e709fc35f041b4a4fbd4d2312e3113" committed_config { opid_index: -1 OBSOLETE_local: true peers { permanent_uuid: "17e709fc35f041b4a4fbd4d2312e3113" member_type: VOTER last_known_addr { host: "127.13.37.129" port: 43909 } health_report { overall_health: HEALTHY } } }
I20260630 12:37:36.838965 13979 tablet_bootstrap.cc:492] T 0f580ca2b5954503b4af361236c64de6 P 17e709fc35f041b4a4fbd4d2312e3113: No bootstrap required, opened a new log
I20260630 12:37:36.846740 13979 ts_tablet_manager.cc:1403] T 0f580ca2b5954503b4af361236c64de6 P 17e709fc35f041b4a4fbd4d2312e3113: Time spent bootstrapping tablet: real 0.045s	user 0.010s	sys 0.004s
I20260630 12:37:36.853971 13623 catalog_manager.cc:5697] T d688538784dd43b6808cf0f18f0c1219 P df574707cd814283be7b93d73a2aca45 reported cstate change: term changed from 0 to 1, leader changed from <none> to df574707cd814283be7b93d73a2aca45 (127.13.37.130). New cstate: current_term: 1 leader_uuid: "df574707cd814283be7b93d73a2aca45" committed_config { opid_index: -1 OBSOLETE_local: true peers { permanent_uuid: "df574707cd814283be7b93d73a2aca45" member_type: VOTER last_known_addr { host: "127.13.37.130" port: 33175 } health_report { overall_health: HEALTHY } } }
I20260630 12:37:36.855099 13621 catalog_manager.cc:5697] T 7bda038fe0184ff4b22b65390388ef17 P f5ce401c433449f3ab00f629feadaebe reported cstate change: term changed from 0 to 1, leader changed from <none> to f5ce401c433449f3ab00f629feadaebe (127.13.37.131). New cstate: current_term: 1 leader_uuid: "f5ce401c433449f3ab00f629feadaebe" committed_config { opid_index: -1 OBSOLETE_local: true peers { permanent_uuid: "f5ce401c433449f3ab00f629feadaebe" member_type: VOTER last_known_addr { host: "127.13.37.131" port: 37807 } health_report { overall_health: HEALTHY } } }
I20260630 12:37:36.868080 13979 raft_consensus.cc:359] T 0f580ca2b5954503b4af361236c64de6 P 17e709fc35f041b4a4fbd4d2312e3113 [term 0 FOLLOWER]: Replica starting. Triggering 0 pending ops. Active config: opid_index: -1 OBSOLETE_local: true peers { permanent_uuid: "17e709fc35f041b4a4fbd4d2312e3113" member_type: VOTER last_known_addr { host: "127.13.37.129" port: 43909 } }
I20260630 12:37:36.868520 13979 raft_consensus.cc:385] T 0f580ca2b5954503b4af361236c64de6 P 17e709fc35f041b4a4fbd4d2312e3113 [term 0 FOLLOWER]: Consensus starting up: Expiring failure detector timer to make a prompt election more likely
I20260630 12:37:36.868750 13979 raft_consensus.cc:740] T 0f580ca2b5954503b4af361236c64de6 P 17e709fc35f041b4a4fbd4d2312e3113 [term 0 FOLLOWER]: Becoming Follower/Learner. State: Replica: 17e709fc35f041b4a4fbd4d2312e3113, State: Initialized, Role: FOLLOWER
I20260630 12:37:36.870018 13979 consensus_queue.cc:260] T 0f580ca2b5954503b4af361236c64de6 P 17e709fc35f041b4a4fbd4d2312e3113 [NON_LEADER]: Queue going to NON_LEADER mode. State: All replicated index: 0, Majority replicated index: 0, Committed index: 0, Last appended: 0.0, Last appended by leader: 0, Current term: 0, Majority size: -1, State: 0, Mode: NON_LEADER, active raft config: opid_index: -1 OBSOLETE_local: true peers { permanent_uuid: "17e709fc35f041b4a4fbd4d2312e3113" member_type: VOTER last_known_addr { host: "127.13.37.129" port: 43909 } }
I20260630 12:37:36.875504 13979 raft_consensus.cc:399] T 0f580ca2b5954503b4af361236c64de6 P 17e709fc35f041b4a4fbd4d2312e3113 [term 0 FOLLOWER]: Only one voter in the Raft config. Triggering election immediately
I20260630 12:37:36.880111 13979 raft_consensus.cc:493] T 0f580ca2b5954503b4af361236c64de6 P 17e709fc35f041b4a4fbd4d2312e3113 [term 0 FOLLOWER]: Starting leader election (initial election of a single-replica configuration)
I20260630 12:37:36.880445 13979 raft_consensus.cc:3060] T 0f580ca2b5954503b4af361236c64de6 P 17e709fc35f041b4a4fbd4d2312e3113 [term 0 FOLLOWER]: Advancing to term 1
I20260630 12:37:36.887516 13979 raft_consensus.cc:515] T 0f580ca2b5954503b4af361236c64de6 P 17e709fc35f041b4a4fbd4d2312e3113 [term 1 FOLLOWER]: Starting leader election with config: opid_index: -1 OBSOLETE_local: true peers { permanent_uuid: "17e709fc35f041b4a4fbd4d2312e3113" member_type: VOTER last_known_addr { host: "127.13.37.129" port: 43909 } }
I20260630 12:37:36.888134 13979 leader_election.cc:304] T 0f580ca2b5954503b4af361236c64de6 P 17e709fc35f041b4a4fbd4d2312e3113 [CANDIDATE]: Term 1 election: Election decided. Result: candidate won. Election summary: received 1 responses out of 1 voters: 1 yes votes; 0 no votes. yes voters: 17e709fc35f041b4a4fbd4d2312e3113; no voters: 
I20260630 12:37:36.891356 13986 raft_consensus.cc:2804] T 0f580ca2b5954503b4af361236c64de6 P 17e709fc35f041b4a4fbd4d2312e3113 [term 1 FOLLOWER]: Leader election won for term 1
I20260630 12:37:36.891834 13986 raft_consensus.cc:697] T 0f580ca2b5954503b4af361236c64de6 P 17e709fc35f041b4a4fbd4d2312e3113 [term 1 LEADER]: Becoming Leader. State: Replica: 17e709fc35f041b4a4fbd4d2312e3113, State: Running, Role: LEADER
I20260630 12:37:36.892460 13986 consensus_queue.cc:237] T 0f580ca2b5954503b4af361236c64de6 P 17e709fc35f041b4a4fbd4d2312e3113 [LEADER]: Queue going to LEADER mode. State: All replicated index: 0, Majority replicated index: 0, Committed index: 0, Last appended: 0.0, Last appended by leader: 0, Current term: 1, Majority size: 1, State: 0, Mode: LEADER, active raft config: opid_index: -1 OBSOLETE_local: true peers { permanent_uuid: "17e709fc35f041b4a4fbd4d2312e3113" member_type: VOTER last_known_addr { host: "127.13.37.129" port: 43909 } }
I20260630 12:37:36.894502 13979 leader_election.cc:290] T 0f580ca2b5954503b4af361236c64de6 P 17e709fc35f041b4a4fbd4d2312e3113 [CANDIDATE]: Term 1 election: Requested vote from peers 
I20260630 12:37:36.903502 13979 ts_tablet_manager.cc:1434] T 0f580ca2b5954503b4af361236c64de6 P 17e709fc35f041b4a4fbd4d2312e3113: Time spent starting tablet: real 0.056s	user 0.008s	sys 0.007s
I20260630 12:37:36.913236 13621 catalog_manager.cc:5697] T 0f580ca2b5954503b4af361236c64de6 P 17e709fc35f041b4a4fbd4d2312e3113 reported cstate change: term changed from 0 to 1, leader changed from <none> to 17e709fc35f041b4a4fbd4d2312e3113 (127.13.37.129). New cstate: current_term: 1 leader_uuid: "17e709fc35f041b4a4fbd4d2312e3113" committed_config { opid_index: -1 OBSOLETE_local: true peers { permanent_uuid: "17e709fc35f041b4a4fbd4d2312e3113" member_type: VOTER last_known_addr { host: "127.13.37.129" port: 43909 } health_report { overall_health: HEALTHY } } }
I20260630 12:37:38.343506 13702 auto_leader_rebalancer.cc:141] leader rebalance for table test-workload
I20260630 12:37:38.345801 13702 auto_leader_rebalancer.cc:515] All tables' leader rebalancing finished this round
I20260630 12:37:38.975906 13462 tablet_server.cc:179] TabletServer@127.13.37.129:0 shutting down...
I20260630 12:37:38.991335 13462 ts_tablet_manager.cc:1507] Shutting down tablet manager...
I20260630 12:37:38.991971 13462 tablet_replica.cc:333] T 0f580ca2b5954503b4af361236c64de6 P 17e709fc35f041b4a4fbd4d2312e3113: stopping tablet replica
I20260630 12:37:38.992528 13462 raft_consensus.cc:2243] T 0f580ca2b5954503b4af361236c64de6 P 17e709fc35f041b4a4fbd4d2312e3113 [term 1 LEADER]: Raft consensus shutting down.
I20260630 12:37:38.992960 13462 raft_consensus.cc:2272] T 0f580ca2b5954503b4af361236c64de6 P 17e709fc35f041b4a4fbd4d2312e3113 [term 1 FOLLOWER]: Raft consensus is shut down!
I20260630 12:37:38.994983 13462 tablet_replica.cc:333] T 06fb36458d2745778a66142eea0d0a68 P 17e709fc35f041b4a4fbd4d2312e3113: stopping tablet replica
I20260630 12:37:38.995438 13462 raft_consensus.cc:2243] T 06fb36458d2745778a66142eea0d0a68 P 17e709fc35f041b4a4fbd4d2312e3113 [term 1 LEADER]: Raft consensus shutting down.
I20260630 12:37:38.995793 13462 raft_consensus.cc:2272] T 06fb36458d2745778a66142eea0d0a68 P 17e709fc35f041b4a4fbd4d2312e3113 [term 1 FOLLOWER]: Raft consensus is shut down!
I20260630 12:37:39.072810 13462 tablet_server.cc:196] TabletServer@127.13.37.129:0 shutdown complete.
I20260630 12:37:39.082125 13462 tablet_server.cc:179] TabletServer@127.13.37.130:0 shutting down...
I20260630 12:37:39.097559 13462 ts_tablet_manager.cc:1507] Shutting down tablet manager...
I20260630 12:37:39.098126 13462 tablet_replica.cc:333] T d688538784dd43b6808cf0f18f0c1219 P df574707cd814283be7b93d73a2aca45: stopping tablet replica
I20260630 12:37:39.098539 13462 raft_consensus.cc:2243] T d688538784dd43b6808cf0f18f0c1219 P df574707cd814283be7b93d73a2aca45 [term 1 LEADER]: Raft consensus shutting down.
I20260630 12:37:39.098943 13462 raft_consensus.cc:2272] T d688538784dd43b6808cf0f18f0c1219 P df574707cd814283be7b93d73a2aca45 [term 1 FOLLOWER]: Raft consensus is shut down!
I20260630 12:37:39.116365 13462 tablet_server.cc:196] TabletServer@127.13.37.130:0 shutdown complete.
I20260630 12:37:39.123626 13462 tablet_server.cc:179] TabletServer@127.13.37.131:0 shutting down...
I20260630 12:37:39.137365 13462 ts_tablet_manager.cc:1507] Shutting down tablet manager...
I20260630 12:37:39.137924 13462 tablet_replica.cc:333] T 7bda038fe0184ff4b22b65390388ef17 P f5ce401c433449f3ab00f629feadaebe: stopping tablet replica
I20260630 12:37:39.138376 13462 raft_consensus.cc:2243] T 7bda038fe0184ff4b22b65390388ef17 P f5ce401c433449f3ab00f629feadaebe [term 1 LEADER]: Raft consensus shutting down.
I20260630 12:37:39.138760 13462 raft_consensus.cc:2272] T 7bda038fe0184ff4b22b65390388ef17 P f5ce401c433449f3ab00f629feadaebe [term 1 FOLLOWER]: Raft consensus is shut down!
I20260630 12:37:39.155633 13462 tablet_server.cc:196] TabletServer@127.13.37.131:0 shutdown complete.
I20260630 12:37:39.162532 13462 master.cc:562] Master@127.13.37.190:44443 shutting down...
W20260630 12:37:39.167788 13611 proxy.cc:239] Call had error, refreshing address and retrying: Remote error: Service unavailable: service kudu.consensus.ConsensusService not registered on Master [suppressed 4 similar messages]
W20260630 12:37:39.171778 13611 consensus_peers.cc:597] T 00000000000000000000000000000000 P c2f2b99ca7b64c0998ca20bc2d7a2b74 -> Peer 50b2affe865342f39311fda204defdf2 (127.13.37.190:44443): Couldn't send request to peer 50b2affe865342f39311fda204defdf2. Status: Remote error: Service unavailable: service kudu.consensus.ConsensusService not registered on Master. This is attempt 1: this message will repeat every 5th retry.
I20260630 12:37:39.257407 13462 raft_consensus.cc:2243] T 00000000000000000000000000000000 P 50b2affe865342f39311fda204defdf2 [term 1 FOLLOWER]: Raft consensus shutting down.
I20260630 12:37:39.257983 13462 raft_consensus.cc:2272] T 00000000000000000000000000000000 P 50b2affe865342f39311fda204defdf2 [term 1 FOLLOWER]: Raft consensus is shut down!
I20260630 12:37:39.258283 13462 tablet_replica.cc:333] T 00000000000000000000000000000000 P 50b2affe865342f39311fda204defdf2: stopping tablet replica
I20260630 12:37:39.275748 13462 master.cc:584] Master@127.13.37.190:44443 shutdown complete.
I20260630 12:37:39.285348 13462 master.cc:562] Master@127.13.37.189:33677 shutting down...
I20260630 12:37:39.298380 13462 raft_consensus.cc:2243] T 00000000000000000000000000000000 P 94ecfd212d0e478ca21275402d8c3d7a [term 1 FOLLOWER]: Raft consensus shutting down.
I20260630 12:37:39.298870 13462 raft_consensus.cc:2272] T 00000000000000000000000000000000 P 94ecfd212d0e478ca21275402d8c3d7a [term 1 FOLLOWER]: Raft consensus is shut down!
I20260630 12:37:39.299178 13462 tablet_replica.cc:333] T 00000000000000000000000000000000 P 94ecfd212d0e478ca21275402d8c3d7a: stopping tablet replica
I20260630 12:37:39.353021 13462 master.cc:584] Master@127.13.37.189:33677 shutdown complete.
I20260630 12:37:39.362084 13462 master.cc:562] Master@127.13.37.188:46771 shutting down...
I20260630 12:37:39.375275 13462 raft_consensus.cc:2243] T 00000000000000000000000000000000 P c2f2b99ca7b64c0998ca20bc2d7a2b74 [term 1 LEADER]: Raft consensus shutting down.
I20260630 12:37:39.376116 13462 raft_consensus.cc:2272] T 00000000000000000000000000000000 P c2f2b99ca7b64c0998ca20bc2d7a2b74 [term 1 FOLLOWER]: Raft consensus is shut down!
I20260630 12:37:39.376422 13462 tablet_replica.cc:333] T 00000000000000000000000000000000 P c2f2b99ca7b64c0998ca20bc2d7a2b74: stopping tablet replica
I20260630 12:37:39.394909 13462 master.cc:584] Master@127.13.37.188:46771 shutdown complete.
[       OK ] AutoRebalancerTest.OnlyLeaderDoesAutoRebalancing (6753 ms)
[ RUN      ] AutoRebalancerTest.AutoRebalancingTurnOffAndOn
I20260630 12:37:39.419912 13462 internal_mini_cluster.cc:156] Creating distributed mini masters. Addrs: 127.13.37.190:39999
I20260630 12:37:39.420871 13462 file_cache.cc:492] Constructed file cache file cache with capacity 419430
W20260630 12:37:39.424993 14008 instance_detector.cc:116] could not retrieve AWS instance metadata: Network error: curl error: HTTP response code said error: The requested URL returned error: 404
W20260630 12:37:39.425427 14009 instance_detector.cc:116] could not retrieve Azure instance metadata: Network error: curl error: HTTP response code said error: The requested URL returned error: 404
