I20260630 12:39:27.913237 24918 consensus_queue.cc:1048] T b592c464fcd84101a09f3cc64b63f633 P 3fe31d4f538e4b66834ecf353914fae1 [LEADER]: Connected to new peer: Peer: permanent_uuid: "6aef05d0639549c993f6a16aead4584a" member_type: VOTER last_known_addr { host: "127.19.192.130" port: 36995 }, Status: LMP_MISMATCH, Last received: 0.0, Next index: 1, Last known committed idx: 0, Time since last communication: 0.000s
I20260630 12:39:27.917228 24956 raft_consensus.cc:515] T e39037b5d206416b8a958550b6ce8f16 P 6aef05d0639549c993f6a16aead4584a [term 1 FOLLOWER]: Starting leader election with config: opid_index: -1 OBSOLETE_local: false peers { permanent_uuid: "3fe31d4f538e4b66834ecf353914fae1" member_type: VOTER last_known_addr { host: "127.19.192.129" port: 46363 } } peers { permanent_uuid: "6aef05d0639549c993f6a16aead4584a" member_type: VOTER last_known_addr { host: "127.19.192.130" port: 36995 } } peers { permanent_uuid: "6327e8421f784d89b1fe8d439985c75c" member_type: VOTER last_known_addr { host: "127.19.192.131" port: 39177 } }
I20260630 12:39:27.919260 24956 leader_election.cc:290] T e39037b5d206416b8a958550b6ce8f16 P 6aef05d0639549c993f6a16aead4584a [CANDIDATE]: Term 1 election: Requested vote from peers 3fe31d4f538e4b66834ecf353914fae1 (127.19.192.129:46363), 6327e8421f784d89b1fe8d439985c75c (127.19.192.131:39177)
I20260630 12:39:27.909453 24910 tablet_bootstrap.cc:492] T 27de5ec1bff642f6a6175657293ebccf P 3fe31d4f538e4b66834ecf353914fae1: Bootstrap starting.
I20260630 12:39:27.920758 24717 tablet_service.cc:1917] Received RequestConsensusVote() RPC: tablet_id: "e39037b5d206416b8a958550b6ce8f16" candidate_uuid: "6aef05d0639549c993f6a16aead4584a" candidate_term: 1 candidate_status { last_received { term: 0 index: 0 } } ignore_live_leader: false dest_uuid: "3fe31d4f538e4b66834ecf353914fae1"
I20260630 12:39:27.921321 24717 raft_consensus.cc:3060] T e39037b5d206416b8a958550b6ce8f16 P 3fe31d4f538e4b66834ecf353914fae1 [term 0 FOLLOWER]: Advancing to term 1
I20260630 12:39:27.924997 24910 tablet_bootstrap.cc:654] T 27de5ec1bff642f6a6175657293ebccf P 3fe31d4f538e4b66834ecf353914fae1: Neither blocks nor log segments found. Creating new log.
I20260630 12:39:27.892318 24716 raft_consensus.cc:2468] T ad95b0537bd94360a4f440d3f37fe650 P 3fe31d4f538e4b66834ecf353914fae1 [term 1 FOLLOWER]: Leader election vote request: Granting yes vote for candidate 6327e8421f784d89b1fe8d439985c75c in term 1.
I20260630 12:39:27.927124 24956 raft_consensus.cc:493] T a87ba3c32d0b42b0be4bc7048a5f64f4 P 6aef05d0639549c993f6a16aead4584a [term 0 FOLLOWER]: Starting pre-election (no leader contacted us within the election timeout)
I20260630 12:39:27.924983 24615 catalog_manager.cc:5697] T ad95b0537bd94360a4f440d3f37fe650 P 6327e8421f784d89b1fe8d439985c75c reported cstate change: term changed from 0 to 1, leader changed from <none> to 6327e8421f784d89b1fe8d439985c75c (127.19.192.131). New cstate: current_term: 1 leader_uuid: "6327e8421f784d89b1fe8d439985c75c" committed_config { opid_index: -1 OBSOLETE_local: false peers { permanent_uuid: "3fe31d4f538e4b66834ecf353914fae1" member_type: VOTER last_known_addr { host: "127.19.192.129" port: 46363 } health_report { overall_health: UNKNOWN } } peers { permanent_uuid: "6aef05d0639549c993f6a16aead4584a" member_type: VOTER last_known_addr { host: "127.19.192.130" port: 36995 } health_report { overall_health: UNKNOWN } } peers { permanent_uuid: "6327e8421f784d89b1fe8d439985c75c" member_type: VOTER last_known_addr { host: "127.19.192.131" port: 39177 } health_report { overall_health: HEALTHY } } }
I20260630 12:39:27.928164 24865 tablet_service.cc:1917] Received RequestConsensusVote() RPC: tablet_id: "e39037b5d206416b8a958550b6ce8f16" candidate_uuid: "6aef05d0639549c993f6a16aead4584a" candidate_term: 1 candidate_status { last_received { term: 0 index: 0 } } ignore_live_leader: false dest_uuid: "6327e8421f784d89b1fe8d439985c75c"
I20260630 12:39:27.928398 24956 raft_consensus.cc:515] T a87ba3c32d0b42b0be4bc7048a5f64f4 P 6aef05d0639549c993f6a16aead4584a [term 0 FOLLOWER]: Starting pre-election with config: opid_index: -1 OBSOLETE_local: false peers { permanent_uuid: "3fe31d4f538e4b66834ecf353914fae1" member_type: VOTER last_known_addr { host: "127.19.192.129" port: 46363 } } peers { permanent_uuid: "6aef05d0639549c993f6a16aead4584a" member_type: VOTER last_known_addr { host: "127.19.192.130" port: 36995 } } peers { permanent_uuid: "6327e8421f784d89b1fe8d439985c75c" member_type: VOTER last_known_addr { host: "127.19.192.131" port: 39177 } }
I20260630 12:39:27.928820 24865 raft_consensus.cc:3060] T e39037b5d206416b8a958550b6ce8f16 P 6327e8421f784d89b1fe8d439985c75c [term 0 FOLLOWER]: Advancing to term 1
I20260630 12:39:27.931816 24956 leader_election.cc:290] T a87ba3c32d0b42b0be4bc7048a5f64f4 P 6aef05d0639549c993f6a16aead4584a [CANDIDATE]: Term 1 pre-election: Requested pre-vote from peers 3fe31d4f538e4b66834ecf353914fae1 (127.19.192.129:46363), 6327e8421f784d89b1fe8d439985c75c (127.19.192.131:39177)
I20260630 12:39:27.932889 24790 raft_consensus.cc:2468] T aeebeb551b4d4f298a10450fc25fe57c P 6aef05d0639549c993f6a16aead4584a [term 1 FOLLOWER]: Leader election vote request: Granting yes vote for candidate 6327e8421f784d89b1fe8d439985c75c in term 1.
I20260630 12:39:27.933732 24715 tablet_service.cc:1917] Received RequestConsensusVote() RPC: tablet_id: "a87ba3c32d0b42b0be4bc7048a5f64f4" candidate_uuid: "6aef05d0639549c993f6a16aead4584a" candidate_term: 1 candidate_status { last_received { term: 0 index: 0 } } ignore_live_leader: false dest_uuid: "3fe31d4f538e4b66834ecf353914fae1" is_pre_election: true
I20260630 12:39:27.934514 24717 raft_consensus.cc:2468] T e39037b5d206416b8a958550b6ce8f16 P 3fe31d4f538e4b66834ecf353914fae1 [term 1 FOLLOWER]: Leader election vote request: Granting yes vote for candidate 6aef05d0639549c993f6a16aead4584a in term 1.
I20260630 12:39:27.934752 24832 leader_election.cc:304] T aeebeb551b4d4f298a10450fc25fe57c P 6327e8421f784d89b1fe8d439985c75c [CANDIDATE]: Term 1 election: Election decided. Result: candidate won. Election summary: received 3 responses out of 3 voters: 2 yes votes; 1 no votes. yes voters: 6327e8421f784d89b1fe8d439985c75c, 6aef05d0639549c993f6a16aead4584a; no voters: 3fe31d4f538e4b66834ecf353914fae1
I20260630 12:39:27.935513 24916 raft_consensus.cc:2804] T aeebeb551b4d4f298a10450fc25fe57c P 6327e8421f784d89b1fe8d439985c75c [term 1 FOLLOWER]: Leader election won for term 1
I20260630 12:39:27.935588 24755 leader_election.cc:304] T e39037b5d206416b8a958550b6ce8f16 P 6aef05d0639549c993f6a16aead4584a [CANDIDATE]: Term 1 election: Election decided. Result: candidate won. Election summary: received 2 responses out of 3 voters: 2 yes votes; 0 no votes. yes voters: 3fe31d4f538e4b66834ecf353914fae1, 6aef05d0639549c993f6a16aead4584a; no voters: 
I20260630 12:39:27.935966 24916 raft_consensus.cc:697] T aeebeb551b4d4f298a10450fc25fe57c P 6327e8421f784d89b1fe8d439985c75c [term 1 LEADER]: Becoming Leader. State: Replica: 6327e8421f784d89b1fe8d439985c75c, State: Running, Role: LEADER
I20260630 12:39:27.936435 24956 raft_consensus.cc:2804] T e39037b5d206416b8a958550b6ce8f16 P 6aef05d0639549c993f6a16aead4584a [term 1 FOLLOWER]: Leader election won for term 1
I20260630 12:39:27.936486 24866 tablet_service.cc:1917] Received RequestConsensusVote() RPC: tablet_id: "a87ba3c32d0b42b0be4bc7048a5f64f4" candidate_uuid: "6aef05d0639549c993f6a16aead4584a" candidate_term: 1 candidate_status { last_received { term: 0 index: 0 } } ignore_live_leader: false dest_uuid: "6327e8421f784d89b1fe8d439985c75c" is_pre_election: true
I20260630 12:39:27.936679 24916 consensus_queue.cc:237] T aeebeb551b4d4f298a10450fc25fe57c P 6327e8421f784d89b1fe8d439985c75c [LEADER]: Queue going to LEADER mode. State: All replicated index: 0, Majority replicated index: 0, Committed index: 0, Last appended: 0.0, Last appended by leader: 0, Current term: 1, Majority size: 2, State: 0, Mode: LEADER, active raft config: opid_index: -1 OBSOLETE_local: false peers { permanent_uuid: "3fe31d4f538e4b66834ecf353914fae1" member_type: VOTER last_known_addr { host: "127.19.192.129" port: 46363 } } peers { permanent_uuid: "6aef05d0639549c993f6a16aead4584a" member_type: VOTER last_known_addr { host: "127.19.192.130" port: 36995 } } peers { permanent_uuid: "6327e8421f784d89b1fe8d439985c75c" member_type: VOTER last_known_addr { host: "127.19.192.131" port: 39177 } }
I20260630 12:39:27.937031 24956 raft_consensus.cc:697] T e39037b5d206416b8a958550b6ce8f16 P 6aef05d0639549c993f6a16aead4584a [term 1 LEADER]: Becoming Leader. State: Replica: 6aef05d0639549c993f6a16aead4584a, State: Running, Role: LEADER
I20260630 12:39:27.937136 24866 raft_consensus.cc:2468] T a87ba3c32d0b42b0be4bc7048a5f64f4 P 6327e8421f784d89b1fe8d439985c75c [term 0 FOLLOWER]: Leader pre-election vote request: Granting yes vote for candidate 6aef05d0639549c993f6a16aead4584a in term 0.
I20260630 12:39:27.934522 24715 raft_consensus.cc:2468] T a87ba3c32d0b42b0be4bc7048a5f64f4 P 3fe31d4f538e4b66834ecf353914fae1 [term 0 FOLLOWER]: Leader pre-election vote request: Granting yes vote for candidate 6aef05d0639549c993f6a16aead4584a in term 0.
I20260630 12:39:27.937954 24956 consensus_queue.cc:237] T e39037b5d206416b8a958550b6ce8f16 P 6aef05d0639549c993f6a16aead4584a [LEADER]: Queue going to LEADER mode. State: All replicated index: 0, Majority replicated index: 0, Committed index: 0, Last appended: 0.0, Last appended by leader: 0, Current term: 1, Majority size: 2, State: 0, Mode: LEADER, active raft config: opid_index: -1 OBSOLETE_local: false peers { permanent_uuid: "3fe31d4f538e4b66834ecf353914fae1" member_type: VOTER last_known_addr { host: "127.19.192.129" port: 46363 } } peers { permanent_uuid: "6aef05d0639549c993f6a16aead4584a" member_type: VOTER last_known_addr { host: "127.19.192.130" port: 36995 } } peers { permanent_uuid: "6327e8421f784d89b1fe8d439985c75c" member_type: VOTER last_known_addr { host: "127.19.192.131" port: 39177 } }
I20260630 12:39:27.938752 24755 leader_election.cc:304] T a87ba3c32d0b42b0be4bc7048a5f64f4 P 6aef05d0639549c993f6a16aead4584a [CANDIDATE]: Term 1 pre-election: Election decided. Result: candidate won. Election summary: received 2 responses out of 3 voters: 2 yes votes; 0 no votes. yes voters: 3fe31d4f538e4b66834ecf353914fae1, 6aef05d0639549c993f6a16aead4584a; no voters: 
I20260630 12:39:27.940080 24952 raft_consensus.cc:2804] T a87ba3c32d0b42b0be4bc7048a5f64f4 P 6aef05d0639549c993f6a16aead4584a [term 0 FOLLOWER]: Leader pre-election won for term 1
I20260630 12:39:27.940439 24952 raft_consensus.cc:493] T a87ba3c32d0b42b0be4bc7048a5f64f4 P 6aef05d0639549c993f6a16aead4584a [term 0 FOLLOWER]: Starting leader election (no leader contacted us within the election timeout)
I20260630 12:39:27.940768 24952 raft_consensus.cc:3060] T a87ba3c32d0b42b0be4bc7048a5f64f4 P 6aef05d0639549c993f6a16aead4584a [term 0 FOLLOWER]: Advancing to term 1
I20260630 12:39:27.946028 24865 raft_consensus.cc:2468] T e39037b5d206416b8a958550b6ce8f16 P 6327e8421f784d89b1fe8d439985c75c [term 1 FOLLOWER]: Leader election vote request: Granting yes vote for candidate 6aef05d0639549c993f6a16aead4584a in term 1.
I20260630 12:39:27.949046 24952 raft_consensus.cc:515] T a87ba3c32d0b42b0be4bc7048a5f64f4 P 6aef05d0639549c993f6a16aead4584a [term 1 FOLLOWER]: Starting leader election with config: opid_index: -1 OBSOLETE_local: false peers { permanent_uuid: "3fe31d4f538e4b66834ecf353914fae1" member_type: VOTER last_known_addr { host: "127.19.192.129" port: 46363 } } peers { permanent_uuid: "6aef05d0639549c993f6a16aead4584a" member_type: VOTER last_known_addr { host: "127.19.192.130" port: 36995 } } peers { permanent_uuid: "6327e8421f784d89b1fe8d439985c75c" member_type: VOTER last_known_addr { host: "127.19.192.131" port: 39177 } }
I20260630 12:39:27.951069 24910 tablet_bootstrap.cc:492] T 27de5ec1bff642f6a6175657293ebccf P 3fe31d4f538e4b66834ecf353914fae1: No bootstrap required, opened a new log
I20260630 12:39:27.951531 24910 ts_tablet_manager.cc:1403] T 27de5ec1bff642f6a6175657293ebccf P 3fe31d4f538e4b66834ecf353914fae1: Time spent bootstrapping tablet: real 0.042s	user 0.014s	sys 0.005s
I20260630 12:39:27.952033 24715 tablet_service.cc:1917] Received RequestConsensusVote() RPC: tablet_id: "a87ba3c32d0b42b0be4bc7048a5f64f4" candidate_uuid: "6aef05d0639549c993f6a16aead4584a" candidate_term: 1 candidate_status { last_received { term: 0 index: 0 } } ignore_live_leader: false dest_uuid: "3fe31d4f538e4b66834ecf353914fae1"
I20260630 12:39:27.952610 24715 raft_consensus.cc:3060] T a87ba3c32d0b42b0be4bc7048a5f64f4 P 3fe31d4f538e4b66834ecf353914fae1 [term 0 FOLLOWER]: Advancing to term 1
I20260630 12:39:27.952868 24865 tablet_service.cc:1917] Received RequestConsensusVote() RPC: tablet_id: "a87ba3c32d0b42b0be4bc7048a5f64f4" candidate_uuid: "6aef05d0639549c993f6a16aead4584a" candidate_term: 1 candidate_status { last_received { term: 0 index: 0 } } ignore_live_leader: false dest_uuid: "6327e8421f784d89b1fe8d439985c75c"
I20260630 12:39:27.953409 24865 raft_consensus.cc:3060] T a87ba3c32d0b42b0be4bc7048a5f64f4 P 6327e8421f784d89b1fe8d439985c75c [term 0 FOLLOWER]: Advancing to term 1
I20260630 12:39:27.954079 24910 raft_consensus.cc:359] T 27de5ec1bff642f6a6175657293ebccf P 3fe31d4f538e4b66834ecf353914fae1 [term 0 FOLLOWER]: Replica starting. Triggering 0 pending ops. Active config: opid_index: -1 OBSOLETE_local: false peers { permanent_uuid: "3fe31d4f538e4b66834ecf353914fae1" member_type: VOTER last_known_addr { host: "127.19.192.129" port: 46363 } } peers { permanent_uuid: "6aef05d0639549c993f6a16aead4584a" member_type: VOTER last_known_addr { host: "127.19.192.130" port: 36995 } } peers { permanent_uuid: "6327e8421f784d89b1fe8d439985c75c" member_type: VOTER last_known_addr { host: "127.19.192.131" port: 39177 } }
I20260630 12:39:27.954737 24910 raft_consensus.cc:385] T 27de5ec1bff642f6a6175657293ebccf P 3fe31d4f538e4b66834ecf353914fae1 [term 0 FOLLOWER]: Consensus starting up: Expiring failure detector timer to make a prompt election more likely
I20260630 12:39:27.954999 24910 raft_consensus.cc:740] T 27de5ec1bff642f6a6175657293ebccf P 3fe31d4f538e4b66834ecf353914fae1 [term 0 FOLLOWER]: Becoming Follower/Learner. State: Replica: 3fe31d4f538e4b66834ecf353914fae1, State: Initialized, Role: FOLLOWER
I20260630 12:39:27.955747 24910 consensus_queue.cc:260] T 27de5ec1bff642f6a6175657293ebccf P 3fe31d4f538e4b66834ecf353914fae1 [NON_LEADER]: Queue going to NON_LEADER mode. State: All replicated index: 0, Majority replicated index: 0, Committed index: 0, Last appended: 0.0, Last appended by leader: 0, Current term: 0, Majority size: -1, State: 0, Mode: NON_LEADER, active raft config: opid_index: -1 OBSOLETE_local: false peers { permanent_uuid: "3fe31d4f538e4b66834ecf353914fae1" member_type: VOTER last_known_addr { host: "127.19.192.129" port: 46363 } } peers { permanent_uuid: "6aef05d0639549c993f6a16aead4584a" member_type: VOTER last_known_addr { host: "127.19.192.130" port: 36995 } } peers { permanent_uuid: "6327e8421f784d89b1fe8d439985c75c" member_type: VOTER last_known_addr { host: "127.19.192.131" port: 39177 } }
I20260630 12:39:27.957921 24910 ts_tablet_manager.cc:1434] T 27de5ec1bff642f6a6175657293ebccf P 3fe31d4f538e4b66834ecf353914fae1: Time spent starting tablet: real 0.006s	user 0.005s	sys 0.000s
I20260630 12:39:27.958779 24910 tablet_bootstrap.cc:492] T aeebeb551b4d4f298a10450fc25fe57c P 3fe31d4f538e4b66834ecf353914fae1: Bootstrap starting.
I20260630 12:39:27.959249 24715 raft_consensus.cc:2468] T a87ba3c32d0b42b0be4bc7048a5f64f4 P 3fe31d4f538e4b66834ecf353914fae1 [term 1 FOLLOWER]: Leader election vote request: Granting yes vote for candidate 6aef05d0639549c993f6a16aead4584a in term 1.
I20260630 12:39:27.965025 24910 tablet_bootstrap.cc:654] T aeebeb551b4d4f298a10450fc25fe57c P 3fe31d4f538e4b66834ecf353914fae1: Neither blocks nor log segments found. Creating new log.
I20260630 12:39:27.951254 24952 leader_election.cc:290] T a87ba3c32d0b42b0be4bc7048a5f64f4 P 6aef05d0639549c993f6a16aead4584a [CANDIDATE]: Term 1 election: Requested vote from peers 3fe31d4f538e4b66834ecf353914fae1 (127.19.192.129:46363), 6327e8421f784d89b1fe8d439985c75c (127.19.192.131:39177)
I20260630 12:39:27.965875 24755 leader_election.cc:304] T a87ba3c32d0b42b0be4bc7048a5f64f4 P 6aef05d0639549c993f6a16aead4584a [CANDIDATE]: Term 1 election: Election decided. Result: candidate won. Election summary: received 2 responses out of 3 voters: 2 yes votes; 0 no votes. yes voters: 3fe31d4f538e4b66834ecf353914fae1, 6aef05d0639549c993f6a16aead4584a; no voters: 
I20260630 12:39:27.966758 24952 raft_consensus.cc:2804] T a87ba3c32d0b42b0be4bc7048a5f64f4 P 6aef05d0639549c993f6a16aead4584a [term 1 FOLLOWER]: Leader election won for term 1
I20260630 12:39:27.967535 24952 raft_consensus.cc:697] T a87ba3c32d0b42b0be4bc7048a5f64f4 P 6aef05d0639549c993f6a16aead4584a [term 1 LEADER]: Becoming Leader. State: Replica: 6aef05d0639549c993f6a16aead4584a, State: Running, Role: LEADER
I20260630 12:39:27.968606 24952 consensus_queue.cc:237] T a87ba3c32d0b42b0be4bc7048a5f64f4 P 6aef05d0639549c993f6a16aead4584a [LEADER]: Queue going to LEADER mode. State: All replicated index: 0, Majority replicated index: 0, Committed index: 0, Last appended: 0.0, Last appended by leader: 0, Current term: 1, Majority size: 2, State: 0, Mode: LEADER, active raft config: opid_index: -1 OBSOLETE_local: false peers { permanent_uuid: "3fe31d4f538e4b66834ecf353914fae1" member_type: VOTER last_known_addr { host: "127.19.192.129" port: 46363 } } peers { permanent_uuid: "6aef05d0639549c993f6a16aead4584a" member_type: VOTER last_known_addr { host: "127.19.192.130" port: 36995 } } peers { permanent_uuid: "6327e8421f784d89b1fe8d439985c75c" member_type: VOTER last_known_addr { host: "127.19.192.131" port: 39177 } }
I20260630 12:39:27.969132 24613 catalog_manager.cc:5697] T e39037b5d206416b8a958550b6ce8f16 P 6aef05d0639549c993f6a16aead4584a reported cstate change: term changed from 0 to 1, leader changed from <none> to 6aef05d0639549c993f6a16aead4584a (127.19.192.130). New cstate: current_term: 1 leader_uuid: "6aef05d0639549c993f6a16aead4584a" committed_config { opid_index: -1 OBSOLETE_local: false peers { permanent_uuid: "3fe31d4f538e4b66834ecf353914fae1" member_type: VOTER last_known_addr { host: "127.19.192.129" port: 46363 } health_report { overall_health: UNKNOWN } } peers { permanent_uuid: "6aef05d0639549c993f6a16aead4584a" member_type: VOTER last_known_addr { host: "127.19.192.130" port: 36995 } health_report { overall_health: HEALTHY } } peers { permanent_uuid: "6327e8421f784d89b1fe8d439985c75c" member_type: VOTER last_known_addr { host: "127.19.192.131" port: 39177 } health_report { overall_health: UNKNOWN } } }
I20260630 12:39:27.961702 24612 catalog_manager.cc:5697] T aeebeb551b4d4f298a10450fc25fe57c P 6327e8421f784d89b1fe8d439985c75c reported cstate change: term changed from 0 to 1, leader changed from <none> to 6327e8421f784d89b1fe8d439985c75c (127.19.192.131). New cstate: current_term: 1 leader_uuid: "6327e8421f784d89b1fe8d439985c75c" committed_config { opid_index: -1 OBSOLETE_local: false peers { permanent_uuid: "3fe31d4f538e4b66834ecf353914fae1" member_type: VOTER last_known_addr { host: "127.19.192.129" port: 46363 } health_report { overall_health: UNKNOWN } } peers { permanent_uuid: "6aef05d0639549c993f6a16aead4584a" member_type: VOTER last_known_addr { host: "127.19.192.130" port: 36995 } health_report { overall_health: UNKNOWN } } peers { permanent_uuid: "6327e8421f784d89b1fe8d439985c75c" member_type: VOTER last_known_addr { host: "127.19.192.131" port: 39177 } health_report { overall_health: HEALTHY } } }
I20260630 12:39:27.960186 24865 raft_consensus.cc:2468] T a87ba3c32d0b42b0be4bc7048a5f64f4 P 6327e8421f784d89b1fe8d439985c75c [term 1 FOLLOWER]: Leader election vote request: Granting yes vote for candidate 6aef05d0639549c993f6a16aead4584a in term 1.
I20260630 12:39:27.978478 24910 tablet_bootstrap.cc:492] T aeebeb551b4d4f298a10450fc25fe57c P 3fe31d4f538e4b66834ecf353914fae1: No bootstrap required, opened a new log
I20260630 12:39:27.978926 24910 ts_tablet_manager.cc:1403] T aeebeb551b4d4f298a10450fc25fe57c P 3fe31d4f538e4b66834ecf353914fae1: Time spent bootstrapping tablet: real 0.020s	user 0.005s	sys 0.013s
I20260630 12:39:27.981226 24910 raft_consensus.cc:359] T aeebeb551b4d4f298a10450fc25fe57c P 3fe31d4f538e4b66834ecf353914fae1 [term 0 FOLLOWER]: Replica starting. Triggering 0 pending ops. Active config: opid_index: -1 OBSOLETE_local: false peers { permanent_uuid: "3fe31d4f538e4b66834ecf353914fae1" member_type: VOTER last_known_addr { host: "127.19.192.129" port: 46363 } } peers { permanent_uuid: "6aef05d0639549c993f6a16aead4584a" member_type: VOTER last_known_addr { host: "127.19.192.130" port: 36995 } } peers { permanent_uuid: "6327e8421f784d89b1fe8d439985c75c" member_type: VOTER last_known_addr { host: "127.19.192.131" port: 39177 } }
I20260630 12:39:27.981851 24910 raft_consensus.cc:385] T aeebeb551b4d4f298a10450fc25fe57c P 3fe31d4f538e4b66834ecf353914fae1 [term 0 FOLLOWER]: Consensus starting up: Expiring failure detector timer to make a prompt election more likely
I20260630 12:39:27.982138 24910 raft_consensus.cc:740] T aeebeb551b4d4f298a10450fc25fe57c P 3fe31d4f538e4b66834ecf353914fae1 [term 0 FOLLOWER]: Becoming Follower/Learner. State: Replica: 3fe31d4f538e4b66834ecf353914fae1, State: Initialized, Role: FOLLOWER
I20260630 12:39:27.982776 24910 consensus_queue.cc:260] T aeebeb551b4d4f298a10450fc25fe57c P 3fe31d4f538e4b66834ecf353914fae1 [NON_LEADER]: Queue going to NON_LEADER mode. State: All replicated index: 0, Majority replicated index: 0, Committed index: 0, Last appended: 0.0, Last appended by leader: 0, Current term: 0, Majority size: -1, State: 0, Mode: NON_LEADER, active raft config: opid_index: -1 OBSOLETE_local: false peers { permanent_uuid: "3fe31d4f538e4b66834ecf353914fae1" member_type: VOTER last_known_addr { host: "127.19.192.129" port: 46363 } } peers { permanent_uuid: "6aef05d0639549c993f6a16aead4584a" member_type: VOTER last_known_addr { host: "127.19.192.130" port: 36995 } } peers { permanent_uuid: "6327e8421f784d89b1fe8d439985c75c" member_type: VOTER last_known_addr { host: "127.19.192.131" port: 39177 } }
I20260630 12:39:27.984973 24910 ts_tablet_manager.cc:1434] T aeebeb551b4d4f298a10450fc25fe57c P 3fe31d4f538e4b66834ecf353914fae1: Time spent starting tablet: real 0.006s	user 0.003s	sys 0.003s
I20260630 12:39:27.985806 24910 tablet_bootstrap.cc:492] T 36bb76b3efac48828f8d74d469f32afb P 3fe31d4f538e4b66834ecf353914fae1: Bootstrap starting.
I20260630 12:39:27.986538 24613 catalog_manager.cc:5697] T a87ba3c32d0b42b0be4bc7048a5f64f4 P 6aef05d0639549c993f6a16aead4584a reported cstate change: term changed from 0 to 1, leader changed from <none> to 6aef05d0639549c993f6a16aead4584a (127.19.192.130). New cstate: current_term: 1 leader_uuid: "6aef05d0639549c993f6a16aead4584a" committed_config { opid_index: -1 OBSOLETE_local: false peers { permanent_uuid: "3fe31d4f538e4b66834ecf353914fae1" member_type: VOTER last_known_addr { host: "127.19.192.129" port: 46363 } health_report { overall_health: UNKNOWN } } peers { permanent_uuid: "6aef05d0639549c993f6a16aead4584a" member_type: VOTER last_known_addr { host: "127.19.192.130" port: 36995 } health_report { overall_health: HEALTHY } } peers { permanent_uuid: "6327e8421f784d89b1fe8d439985c75c" member_type: VOTER last_known_addr { host: "127.19.192.131" port: 39177 } health_report { overall_health: UNKNOWN } } }
I20260630 12:39:27.990549 24910 tablet_bootstrap.cc:654] T 36bb76b3efac48828f8d74d469f32afb P 3fe31d4f538e4b66834ecf353914fae1: Neither blocks nor log segments found. Creating new log.
I20260630 12:39:27.995077 24910 tablet_bootstrap.cc:492] T 36bb76b3efac48828f8d74d469f32afb P 3fe31d4f538e4b66834ecf353914fae1: No bootstrap required, opened a new log
I20260630 12:39:27.995525 24910 ts_tablet_manager.cc:1403] T 36bb76b3efac48828f8d74d469f32afb P 3fe31d4f538e4b66834ecf353914fae1: Time spent bootstrapping tablet: real 0.010s	user 0.005s	sys 0.004s
I20260630 12:39:27.997704 24910 raft_consensus.cc:359] T 36bb76b3efac48828f8d74d469f32afb P 3fe31d4f538e4b66834ecf353914fae1 [term 0 FOLLOWER]: Replica starting. Triggering 0 pending ops. Active config: opid_index: -1 OBSOLETE_local: false peers { permanent_uuid: "3fe31d4f538e4b66834ecf353914fae1" member_type: VOTER last_known_addr { host: "127.19.192.129" port: 46363 } } peers { permanent_uuid: "6aef05d0639549c993f6a16aead4584a" member_type: VOTER last_known_addr { host: "127.19.192.130" port: 36995 } } peers { permanent_uuid: "6327e8421f784d89b1fe8d439985c75c" member_type: VOTER last_known_addr { host: "127.19.192.131" port: 39177 } }
I20260630 12:39:27.998149 24910 raft_consensus.cc:385] T 36bb76b3efac48828f8d74d469f32afb P 3fe31d4f538e4b66834ecf353914fae1 [term 0 FOLLOWER]: Consensus starting up: Expiring failure detector timer to make a prompt election more likely
I20260630 12:39:27.998314 24910 raft_consensus.cc:740] T 36bb76b3efac48828f8d74d469f32afb P 3fe31d4f538e4b66834ecf353914fae1 [term 0 FOLLOWER]: Becoming Follower/Learner. State: Replica: 3fe31d4f538e4b66834ecf353914fae1, State: Initialized, Role: FOLLOWER
I20260630 12:39:27.998728 24910 consensus_queue.cc:260] T 36bb76b3efac48828f8d74d469f32afb P 3fe31d4f538e4b66834ecf353914fae1 [NON_LEADER]: Queue going to NON_LEADER mode. State: All replicated index: 0, Majority replicated index: 0, Committed index: 0, Last appended: 0.0, Last appended by leader: 0, Current term: 0, Majority size: -1, State: 0, Mode: NON_LEADER, active raft config: opid_index: -1 OBSOLETE_local: false peers { permanent_uuid: "3fe31d4f538e4b66834ecf353914fae1" member_type: VOTER last_known_addr { host: "127.19.192.129" port: 46363 } } peers { permanent_uuid: "6aef05d0639549c993f6a16aead4584a" member_type: VOTER last_known_addr { host: "127.19.192.130" port: 36995 } } peers { permanent_uuid: "6327e8421f784d89b1fe8d439985c75c" member_type: VOTER last_known_addr { host: "127.19.192.131" port: 39177 } }
I20260630 12:39:28.000111 24910 ts_tablet_manager.cc:1434] T 36bb76b3efac48828f8d74d469f32afb P 3fe31d4f538e4b66834ecf353914fae1: Time spent starting tablet: real 0.004s	user 0.004s	sys 0.000s
I20260630 12:39:28.000953 24918 raft_consensus.cc:493] T 7c7808dea6dd4870be644d0d433db781 P 3fe31d4f538e4b66834ecf353914fae1 [term 0 FOLLOWER]: Starting pre-election (no leader contacted us within the election timeout)
I20260630 12:39:28.001427 24918 raft_consensus.cc:515] T 7c7808dea6dd4870be644d0d433db781 P 3fe31d4f538e4b66834ecf353914fae1 [term 0 FOLLOWER]: Starting pre-election with config: opid_index: -1 OBSOLETE_local: false peers { permanent_uuid: "3fe31d4f538e4b66834ecf353914fae1" member_type: VOTER last_known_addr { host: "127.19.192.129" port: 46363 } } peers { permanent_uuid: "6aef05d0639549c993f6a16aead4584a" member_type: VOTER last_known_addr { host: "127.19.192.130" port: 36995 } } peers { permanent_uuid: "6327e8421f784d89b1fe8d439985c75c" member_type: VOTER last_known_addr { host: "127.19.192.131" port: 39177 } }
I20260630 12:39:28.003062 24918 leader_election.cc:290] T 7c7808dea6dd4870be644d0d433db781 P 3fe31d4f538e4b66834ecf353914fae1 [CANDIDATE]: Term 1 pre-election: Requested pre-vote from peers 6aef05d0639549c993f6a16aead4584a (127.19.192.130:36995), 6327e8421f784d89b1fe8d439985c75c (127.19.192.131:39177)
I20260630 12:39:28.003719 24790 tablet_service.cc:1917] Received RequestConsensusVote() RPC: tablet_id: "7c7808dea6dd4870be644d0d433db781" candidate_uuid: "3fe31d4f538e4b66834ecf353914fae1" candidate_term: 1 candidate_status { last_received { term: 0 index: 0 } } ignore_live_leader: false dest_uuid: "6aef05d0639549c993f6a16aead4584a" is_pre_election: true
I20260630 12:39:28.004443 24865 tablet_service.cc:1917] Received RequestConsensusVote() RPC: tablet_id: "7c7808dea6dd4870be644d0d433db781" candidate_uuid: "3fe31d4f538e4b66834ecf353914fae1" candidate_term: 1 candidate_status { last_received { term: 0 index: 0 } } ignore_live_leader: false dest_uuid: "6327e8421f784d89b1fe8d439985c75c" is_pre_election: true
I20260630 12:39:28.005072 24865 raft_consensus.cc:2393] T 7c7808dea6dd4870be644d0d433db781 P 6327e8421f784d89b1fe8d439985c75c [term 1 FOLLOWER]: Leader pre-election vote request: Denying vote to candidate 3fe31d4f538e4b66834ecf353914fae1 in current term 1: Already voted for candidate 6aef05d0639549c993f6a16aead4584a in this term.
I20260630 12:39:28.005823 24680 leader_election.cc:304] T 7c7808dea6dd4870be644d0d433db781 P 3fe31d4f538e4b66834ecf353914fae1 [CANDIDATE]: Term 1 pre-election: Election decided. Result: candidate lost. Election summary: received 3 responses out of 3 voters: 1 yes votes; 2 no votes. yes voters: 3fe31d4f538e4b66834ecf353914fae1; no voters: 6327e8421f784d89b1fe8d439985c75c, 6aef05d0639549c993f6a16aead4584a
I20260630 12:39:28.006474 24918 raft_consensus.cc:3060] T 7c7808dea6dd4870be644d0d433db781 P 3fe31d4f538e4b66834ecf353914fae1 [term 0 FOLLOWER]: Advancing to term 1
I20260630 12:39:28.008267 24952 raft_consensus.cc:493] T 27de5ec1bff642f6a6175657293ebccf P 6aef05d0639549c993f6a16aead4584a [term 0 FOLLOWER]: Starting pre-election (no leader contacted us within the election timeout)
I20260630 12:39:28.008724 24952 raft_consensus.cc:515] T 27de5ec1bff642f6a6175657293ebccf P 6aef05d0639549c993f6a16aead4584a [term 0 FOLLOWER]: Starting pre-election with config: opid_index: -1 OBSOLETE_local: false peers { permanent_uuid: "3fe31d4f538e4b66834ecf353914fae1" member_type: VOTER last_known_addr { host: "127.19.192.129" port: 46363 } } peers { permanent_uuid: "6aef05d0639549c993f6a16aead4584a" member_type: VOTER last_known_addr { host: "127.19.192.130" port: 36995 } } peers { permanent_uuid: "6327e8421f784d89b1fe8d439985c75c" member_type: VOTER last_known_addr { host: "127.19.192.131" port: 39177 } }
I20260630 12:39:28.010663 24952 leader_election.cc:290] T 27de5ec1bff642f6a6175657293ebccf P 6aef05d0639549c993f6a16aead4584a [CANDIDATE]: Term 1 pre-election: Requested pre-vote from peers 3fe31d4f538e4b66834ecf353914fae1 (127.19.192.129:46363), 6327e8421f784d89b1fe8d439985c75c (127.19.192.131:39177)
I20260630 12:39:28.011229 24715 tablet_service.cc:1917] Received RequestConsensusVote() RPC: tablet_id: "27de5ec1bff642f6a6175657293ebccf" candidate_uuid: "6aef05d0639549c993f6a16aead4584a" candidate_term: 1 candidate_status { last_received { term: 0 index: 0 } } ignore_live_leader: false dest_uuid: "3fe31d4f538e4b66834ecf353914fae1" is_pre_election: true
I20260630 12:39:28.011554 24865 tablet_service.cc:1917] Received RequestConsensusVote() RPC: tablet_id: "27de5ec1bff642f6a6175657293ebccf" candidate_uuid: "6aef05d0639549c993f6a16aead4584a" candidate_term: 1 candidate_status { last_received { term: 0 index: 0 } } ignore_live_leader: false dest_uuid: "6327e8421f784d89b1fe8d439985c75c" is_pre_election: true
I20260630 12:39:28.011968 24715 raft_consensus.cc:2468] T 27de5ec1bff642f6a6175657293ebccf P 3fe31d4f538e4b66834ecf353914fae1 [term 0 FOLLOWER]: Leader pre-election vote request: Granting yes vote for candidate 6aef05d0639549c993f6a16aead4584a in term 0.
I20260630 12:39:28.012123 24865 raft_consensus.cc:2468] T 27de5ec1bff642f6a6175657293ebccf P 6327e8421f784d89b1fe8d439985c75c [term 0 FOLLOWER]: Leader pre-election vote request: Granting yes vote for candidate 6aef05d0639549c993f6a16aead4584a in term 0.
I20260630 12:39:28.012305 24918 raft_consensus.cc:2749] T 7c7808dea6dd4870be644d0d433db781 P 3fe31d4f538e4b66834ecf353914fae1 [term 1 FOLLOWER]: Leader pre-election lost for term 1. Reason: could not achieve majority
I20260630 12:39:28.013078 24755 leader_election.cc:304] T 27de5ec1bff642f6a6175657293ebccf P 6aef05d0639549c993f6a16aead4584a [CANDIDATE]: Term 1 pre-election: Election decided. Result: candidate won. Election summary: received 2 responses out of 3 voters: 2 yes votes; 0 no votes. yes voters: 6327e8421f784d89b1fe8d439985c75c, 6aef05d0639549c993f6a16aead4584a; no voters: 
I20260630 12:39:28.013626 24952 raft_consensus.cc:2804] T 27de5ec1bff642f6a6175657293ebccf P 6aef05d0639549c993f6a16aead4584a [term 0 FOLLOWER]: Leader pre-election won for term 1
I20260630 12:39:28.013895 24952 raft_consensus.cc:493] T 27de5ec1bff642f6a6175657293ebccf P 6aef05d0639549c993f6a16aead4584a [term 0 FOLLOWER]: Starting leader election (no leader contacted us within the election timeout)
I20260630 12:39:28.014129 24952 raft_consensus.cc:3060] T 27de5ec1bff642f6a6175657293ebccf P 6aef05d0639549c993f6a16aead4584a [term 0 FOLLOWER]: Advancing to term 1
I20260630 12:39:28.018342 24952 raft_consensus.cc:515] T 27de5ec1bff642f6a6175657293ebccf P 6aef05d0639549c993f6a16aead4584a [term 1 FOLLOWER]: Starting leader election with config: opid_index: -1 OBSOLETE_local: false peers { permanent_uuid: "3fe31d4f538e4b66834ecf353914fae1" member_type: VOTER last_known_addr { host: "127.19.192.129" port: 46363 } } peers { permanent_uuid: "6aef05d0639549c993f6a16aead4584a" member_type: VOTER last_known_addr { host: "127.19.192.130" port: 36995 } } peers { permanent_uuid: "6327e8421f784d89b1fe8d439985c75c" member_type: VOTER last_known_addr { host: "127.19.192.131" port: 39177 } }
I20260630 12:39:28.019734 24952 leader_election.cc:290] T 27de5ec1bff642f6a6175657293ebccf P 6aef05d0639549c993f6a16aead4584a [CANDIDATE]: Term 1 election: Requested vote from peers 3fe31d4f538e4b66834ecf353914fae1 (127.19.192.129:46363), 6327e8421f784d89b1fe8d439985c75c (127.19.192.131:39177)
I20260630 12:39:28.020428 24715 tablet_service.cc:1917] Received RequestConsensusVote() RPC: tablet_id: "27de5ec1bff642f6a6175657293ebccf" candidate_uuid: "6aef05d0639549c993f6a16aead4584a" candidate_term: 1 candidate_status { last_received { term: 0 index: 0 } } ignore_live_leader: false dest_uuid: "3fe31d4f538e4b66834ecf353914fae1"
I20260630 12:39:28.020678 24865 tablet_service.cc:1917] Received RequestConsensusVote() RPC: tablet_id: "27de5ec1bff642f6a6175657293ebccf" candidate_uuid: "6aef05d0639549c993f6a16aead4584a" candidate_term: 1 candidate_status { last_received { term: 0 index: 0 } } ignore_live_leader: false dest_uuid: "6327e8421f784d89b1fe8d439985c75c"
I20260630 12:39:28.020884 24715 raft_consensus.cc:3060] T 27de5ec1bff642f6a6175657293ebccf P 3fe31d4f538e4b66834ecf353914fae1 [term 0 FOLLOWER]: Advancing to term 1
I20260630 12:39:28.021160 24865 raft_consensus.cc:3060] T 27de5ec1bff642f6a6175657293ebccf P 6327e8421f784d89b1fe8d439985c75c [term 0 FOLLOWER]: Advancing to term 1
I20260630 12:39:28.025154 24715 raft_consensus.cc:2468] T 27de5ec1bff642f6a6175657293ebccf P 3fe31d4f538e4b66834ecf353914fae1 [term 1 FOLLOWER]: Leader election vote request: Granting yes vote for candidate 6aef05d0639549c993f6a16aead4584a in term 1.
I20260630 12:39:28.025390 24865 raft_consensus.cc:2468] T 27de5ec1bff642f6a6175657293ebccf P 6327e8421f784d89b1fe8d439985c75c [term 1 FOLLOWER]: Leader election vote request: Granting yes vote for candidate 6aef05d0639549c993f6a16aead4584a in term 1.
I20260630 12:39:28.026054 24755 leader_election.cc:304] T 27de5ec1bff642f6a6175657293ebccf P 6aef05d0639549c993f6a16aead4584a [CANDIDATE]: Term 1 election: Election decided. Result: candidate won. Election summary: received 2 responses out of 3 voters: 2 yes votes; 0 no votes. yes voters: 3fe31d4f538e4b66834ecf353914fae1, 6aef05d0639549c993f6a16aead4584a; no voters: 
I20260630 12:39:28.026696 24952 raft_consensus.cc:2804] T 27de5ec1bff642f6a6175657293ebccf P 6aef05d0639549c993f6a16aead4584a [term 1 FOLLOWER]: Leader election won for term 1
I20260630 12:39:28.027140 24952 raft_consensus.cc:697] T 27de5ec1bff642f6a6175657293ebccf P 6aef05d0639549c993f6a16aead4584a [term 1 LEADER]: Becoming Leader. State: Replica: 6aef05d0639549c993f6a16aead4584a, State: Running, Role: LEADER
I20260630 12:39:28.027784 24952 consensus_queue.cc:237] T 27de5ec1bff642f6a6175657293ebccf P 6aef05d0639549c993f6a16aead4584a [LEADER]: Queue going to LEADER mode. State: All replicated index: 0, Majority replicated index: 0, Committed index: 0, Last appended: 0.0, Last appended by leader: 0, Current term: 1, Majority size: 2, State: 0, Mode: LEADER, active raft config: opid_index: -1 OBSOLETE_local: false peers { permanent_uuid: "3fe31d4f538e4b66834ecf353914fae1" member_type: VOTER last_known_addr { host: "127.19.192.129" port: 46363 } } peers { permanent_uuid: "6aef05d0639549c993f6a16aead4584a" member_type: VOTER last_known_addr { host: "127.19.192.130" port: 36995 } } peers { permanent_uuid: "6327e8421f784d89b1fe8d439985c75c" member_type: VOTER last_known_addr { host: "127.19.192.131" port: 39177 } }
I20260630 12:39:28.034592 24615 catalog_manager.cc:5697] T 27de5ec1bff642f6a6175657293ebccf P 6aef05d0639549c993f6a16aead4584a reported cstate change: term changed from 0 to 1, leader changed from <none> to 6aef05d0639549c993f6a16aead4584a (127.19.192.130). New cstate: current_term: 1 leader_uuid: "6aef05d0639549c993f6a16aead4584a" committed_config { opid_index: -1 OBSOLETE_local: false peers { permanent_uuid: "3fe31d4f538e4b66834ecf353914fae1" member_type: VOTER last_known_addr { host: "127.19.192.129" port: 46363 } health_report { overall_health: UNKNOWN } } peers { permanent_uuid: "6aef05d0639549c993f6a16aead4584a" member_type: VOTER last_known_addr { host: "127.19.192.130" port: 36995 } health_report { overall_health: HEALTHY } } peers { permanent_uuid: "6327e8421f784d89b1fe8d439985c75c" member_type: VOTER last_known_addr { host: "127.19.192.131" port: 39177 } health_report { overall_health: UNKNOWN } } }
I20260630 12:39:28.086788 24952 raft_consensus.cc:493] T 36bb76b3efac48828f8d74d469f32afb P 6aef05d0639549c993f6a16aead4584a [term 0 FOLLOWER]: Starting pre-election (no leader contacted us within the election timeout)
I20260630 12:39:28.087241 24952 raft_consensus.cc:515] T 36bb76b3efac48828f8d74d469f32afb P 6aef05d0639549c993f6a16aead4584a [term 0 FOLLOWER]: Starting pre-election with config: opid_index: -1 OBSOLETE_local: false peers { permanent_uuid: "3fe31d4f538e4b66834ecf353914fae1" member_type: VOTER last_known_addr { host: "127.19.192.129" port: 46363 } } peers { permanent_uuid: "6aef05d0639549c993f6a16aead4584a" member_type: VOTER last_known_addr { host: "127.19.192.130" port: 36995 } } peers { permanent_uuid: "6327e8421f784d89b1fe8d439985c75c" member_type: VOTER last_known_addr { host: "127.19.192.131" port: 39177 } }
I20260630 12:39:28.088955 24952 leader_election.cc:290] T 36bb76b3efac48828f8d74d469f32afb P 6aef05d0639549c993f6a16aead4584a [CANDIDATE]: Term 1 pre-election: Requested pre-vote from peers 3fe31d4f538e4b66834ecf353914fae1 (127.19.192.129:46363), 6327e8421f784d89b1fe8d439985c75c (127.19.192.131:39177)
I20260630 12:39:28.089639 24715 tablet_service.cc:1917] Received RequestConsensusVote() RPC: tablet_id: "36bb76b3efac48828f8d74d469f32afb" candidate_uuid: "6aef05d0639549c993f6a16aead4584a" candidate_term: 1 candidate_status { last_received { term: 0 index: 0 } } ignore_live_leader: false dest_uuid: "3fe31d4f538e4b66834ecf353914fae1" is_pre_election: true
I20260630 12:39:28.089864 24865 tablet_service.cc:1917] Received RequestConsensusVote() RPC: tablet_id: "36bb76b3efac48828f8d74d469f32afb" candidate_uuid: "6aef05d0639549c993f6a16aead4584a" candidate_term: 1 candidate_status { last_received { term: 0 index: 0 } } ignore_live_leader: false dest_uuid: "6327e8421f784d89b1fe8d439985c75c" is_pre_election: true
I20260630 12:39:28.090173 24715 raft_consensus.cc:2468] T 36bb76b3efac48828f8d74d469f32afb P 3fe31d4f538e4b66834ecf353914fae1 [term 0 FOLLOWER]: Leader pre-election vote request: Granting yes vote for candidate 6aef05d0639549c993f6a16aead4584a in term 0.
I20260630 12:39:28.090411 24865 raft_consensus.cc:2468] T 36bb76b3efac48828f8d74d469f32afb P 6327e8421f784d89b1fe8d439985c75c [term 0 FOLLOWER]: Leader pre-election vote request: Granting yes vote for candidate 6aef05d0639549c993f6a16aead4584a in term 0.
I20260630 12:39:28.091121 24755 leader_election.cc:304] T 36bb76b3efac48828f8d74d469f32afb P 6aef05d0639549c993f6a16aead4584a [CANDIDATE]: Term 1 pre-election: Election decided. Result: candidate won. Election summary: received 2 responses out of 3 voters: 2 yes votes; 0 no votes. yes voters: 3fe31d4f538e4b66834ecf353914fae1, 6aef05d0639549c993f6a16aead4584a; no voters: 
I20260630 12:39:28.091861 24952 raft_consensus.cc:2804] T 36bb76b3efac48828f8d74d469f32afb P 6aef05d0639549c993f6a16aead4584a [term 0 FOLLOWER]: Leader pre-election won for term 1
I20260630 12:39:28.092196 24952 raft_consensus.cc:493] T 36bb76b3efac48828f8d74d469f32afb P 6aef05d0639549c993f6a16aead4584a [term 0 FOLLOWER]: Starting leader election (no leader contacted us within the election timeout)
I20260630 12:39:28.092471 24952 raft_consensus.cc:3060] T 36bb76b3efac48828f8d74d469f32afb P 6aef05d0639549c993f6a16aead4584a [term 0 FOLLOWER]: Advancing to term 1
I20260630 12:39:28.096822 24952 raft_consensus.cc:515] T 36bb76b3efac48828f8d74d469f32afb P 6aef05d0639549c993f6a16aead4584a [term 1 FOLLOWER]: Starting leader election with config: opid_index: -1 OBSOLETE_local: false peers { permanent_uuid: "3fe31d4f538e4b66834ecf353914fae1" member_type: VOTER last_known_addr { host: "127.19.192.129" port: 46363 } } peers { permanent_uuid: "6aef05d0639549c993f6a16aead4584a" member_type: VOTER last_known_addr { host: "127.19.192.130" port: 36995 } } peers { permanent_uuid: "6327e8421f784d89b1fe8d439985c75c" member_type: VOTER last_known_addr { host: "127.19.192.131" port: 39177 } }
I20260630 12:39:28.098307 24952 leader_election.cc:290] T 36bb76b3efac48828f8d74d469f32afb P 6aef05d0639549c993f6a16aead4584a [CANDIDATE]: Term 1 election: Requested vote from peers 3fe31d4f538e4b66834ecf353914fae1 (127.19.192.129:46363), 6327e8421f784d89b1fe8d439985c75c (127.19.192.131:39177)
I20260630 12:39:28.098982 24715 tablet_service.cc:1917] Received RequestConsensusVote() RPC: tablet_id: "36bb76b3efac48828f8d74d469f32afb" candidate_uuid: "6aef05d0639549c993f6a16aead4584a" candidate_term: 1 candidate_status { last_received { term: 0 index: 0 } } ignore_live_leader: false dest_uuid: "3fe31d4f538e4b66834ecf353914fae1"
I20260630 12:39:28.099294 24865 tablet_service.cc:1917] Received RequestConsensusVote() RPC: tablet_id: "36bb76b3efac48828f8d74d469f32afb" candidate_uuid: "6aef05d0639549c993f6a16aead4584a" candidate_term: 1 candidate_status { last_received { term: 0 index: 0 } } ignore_live_leader: false dest_uuid: "6327e8421f784d89b1fe8d439985c75c"
I20260630 12:39:28.099491 24715 raft_consensus.cc:3060] T 36bb76b3efac48828f8d74d469f32afb P 3fe31d4f538e4b66834ecf353914fae1 [term 0 FOLLOWER]: Advancing to term 1
I20260630 12:39:28.099777 24865 raft_consensus.cc:3060] T 36bb76b3efac48828f8d74d469f32afb P 6327e8421f784d89b1fe8d439985c75c [term 0 FOLLOWER]: Advancing to term 1
I20260630 12:39:28.103699 24715 raft_consensus.cc:2468] T 36bb76b3efac48828f8d74d469f32afb P 3fe31d4f538e4b66834ecf353914fae1 [term 1 FOLLOWER]: Leader election vote request: Granting yes vote for candidate 6aef05d0639549c993f6a16aead4584a in term 1.
I20260630 12:39:28.103917 24865 raft_consensus.cc:2468] T 36bb76b3efac48828f8d74d469f32afb P 6327e8421f784d89b1fe8d439985c75c [term 1 FOLLOWER]: Leader election vote request: Granting yes vote for candidate 6aef05d0639549c993f6a16aead4584a in term 1.
I20260630 12:39:28.104610 24755 leader_election.cc:304] T 36bb76b3efac48828f8d74d469f32afb P 6aef05d0639549c993f6a16aead4584a [CANDIDATE]: Term 1 election: Election decided. Result: candidate won. Election summary: received 2 responses out of 3 voters: 2 yes votes; 0 no votes. yes voters: 3fe31d4f538e4b66834ecf353914fae1, 6aef05d0639549c993f6a16aead4584a; no voters: 
I20260630 12:39:28.105168 24952 raft_consensus.cc:2804] T 36bb76b3efac48828f8d74d469f32afb P 6aef05d0639549c993f6a16aead4584a [term 1 FOLLOWER]: Leader election won for term 1
I20260630 12:39:28.105620 24952 raft_consensus.cc:697] T 36bb76b3efac48828f8d74d469f32afb P 6aef05d0639549c993f6a16aead4584a [term 1 LEADER]: Becoming Leader. State: Replica: 6aef05d0639549c993f6a16aead4584a, State: Running, Role: LEADER
I20260630 12:39:28.106177 24952 consensus_queue.cc:237] T 36bb76b3efac48828f8d74d469f32afb P 6aef05d0639549c993f6a16aead4584a [LEADER]: Queue going to LEADER mode. State: All replicated index: 0, Majority replicated index: 0, Committed index: 0, Last appended: 0.0, Last appended by leader: 0, Current term: 1, Majority size: 2, State: 0, Mode: LEADER, active raft config: opid_index: -1 OBSOLETE_local: false peers { permanent_uuid: "3fe31d4f538e4b66834ecf353914fae1" member_type: VOTER last_known_addr { host: "127.19.192.129" port: 46363 } } peers { permanent_uuid: "6aef05d0639549c993f6a16aead4584a" member_type: VOTER last_known_addr { host: "127.19.192.130" port: 36995 } } peers { permanent_uuid: "6327e8421f784d89b1fe8d439985c75c" member_type: VOTER last_known_addr { host: "127.19.192.131" port: 39177 } }
I20260630 12:39:28.112718 24615 catalog_manager.cc:5697] T 36bb76b3efac48828f8d74d469f32afb P 6aef05d0639549c993f6a16aead4584a reported cstate change: term changed from 0 to 1, leader changed from <none> to 6aef05d0639549c993f6a16aead4584a (127.19.192.130). New cstate: current_term: 1 leader_uuid: "6aef05d0639549c993f6a16aead4584a" committed_config { opid_index: -1 OBSOLETE_local: false peers { permanent_uuid: "3fe31d4f538e4b66834ecf353914fae1" member_type: VOTER last_known_addr { host: "127.19.192.129" port: 46363 } health_report { overall_health: UNKNOWN } } peers { permanent_uuid: "6aef05d0639549c993f6a16aead4584a" member_type: VOTER last_known_addr { host: "127.19.192.130" port: 36995 } health_report { overall_health: HEALTHY } } peers { permanent_uuid: "6327e8421f784d89b1fe8d439985c75c" member_type: VOTER last_known_addr { host: "127.19.192.131" port: 39177 } health_report { overall_health: UNKNOWN } } }
I20260630 12:39:28.123112 24952 consensus_queue.cc:1048] T 7c7808dea6dd4870be644d0d433db781 P 6aef05d0639549c993f6a16aead4584a [LEADER]: Connected to new peer: Peer: permanent_uuid: "6327e8421f784d89b1fe8d439985c75c" member_type: VOTER last_known_addr { host: "127.19.192.131" port: 39177 }, Status: LMP_MISMATCH, Last received: 0.0, Next index: 1, Last known committed idx: 0, Time since last communication: 0.000s
I20260630 12:39:28.133643 24952 consensus_queue.cc:1048] T 7c7808dea6dd4870be644d0d433db781 P 6aef05d0639549c993f6a16aead4584a [LEADER]: Connected to new peer: Peer: permanent_uuid: "3fe31d4f538e4b66834ecf353914fae1" member_type: VOTER last_known_addr { host: "127.19.192.129" port: 46363 }, Status: LMP_MISMATCH, Last received: 0.0, Next index: 1, Last known committed idx: 0, Time since last communication: 0.000s
I20260630 12:39:28.134423 24918 raft_consensus.cc:493] T aeebeb551b4d4f298a10450fc25fe57c P 3fe31d4f538e4b66834ecf353914fae1 [term 0 FOLLOWER]: Starting pre-election (no leader contacted us within the election timeout)
I20260630 12:39:28.134912 24918 raft_consensus.cc:515] T aeebeb551b4d4f298a10450fc25fe57c P 3fe31d4f538e4b66834ecf353914fae1 [term 0 FOLLOWER]: Starting pre-election with config: opid_index: -1 OBSOLETE_local: false peers { permanent_uuid: "3fe31d4f538e4b66834ecf353914fae1" member_type: VOTER last_known_addr { host: "127.19.192.129" port: 46363 } } peers { permanent_uuid: "6aef05d0639549c993f6a16aead4584a" member_type: VOTER last_known_addr { host: "127.19.192.130" port: 36995 } } peers { permanent_uuid: "6327e8421f784d89b1fe8d439985c75c" member_type: VOTER last_known_addr { host: "127.19.192.131" port: 39177 } }
I20260630 12:39:28.137040 24918 leader_election.cc:290] T aeebeb551b4d4f298a10450fc25fe57c P 3fe31d4f538e4b66834ecf353914fae1 [CANDIDATE]: Term 1 pre-election: Requested pre-vote from peers 6aef05d0639549c993f6a16aead4584a (127.19.192.130:36995), 6327e8421f784d89b1fe8d439985c75c (127.19.192.131:39177)
I20260630 12:39:28.138195 24916 consensus_queue.cc:1048] T 86b863f03a3c4dd281ebb20363a6669c P 6327e8421f784d89b1fe8d439985c75c [LEADER]: Connected to new peer: Peer: permanent_uuid: "6aef05d0639549c993f6a16aead4584a" member_type: VOTER last_known_addr { host: "127.19.192.130" port: 36995 }, Status: LMP_MISMATCH, Last received: 0.0, Next index: 1, Last known committed idx: 0, Time since last communication: 0.000s
I20260630 12:39:28.140105 24865 tablet_service.cc:1917] Received RequestConsensusVote() RPC: tablet_id: "aeebeb551b4d4f298a10450fc25fe57c" candidate_uuid: "3fe31d4f538e4b66834ecf353914fae1" candidate_term: 1 candidate_status { last_received { term: 0 index: 0 } } ignore_live_leader: false dest_uuid: "6327e8421f784d89b1fe8d439985c75c" is_pre_election: true
I20260630 12:39:28.142096 24790 tablet_service.cc:1917] Received RequestConsensusVote() RPC: tablet_id: "aeebeb551b4d4f298a10450fc25fe57c" candidate_uuid: "3fe31d4f538e4b66834ecf353914fae1" candidate_term: 1 candidate_status { last_received { term: 0 index: 0 } } ignore_live_leader: false dest_uuid: "6aef05d0639549c993f6a16aead4584a" is_pre_election: true
I20260630 12:39:28.142834 24790 raft_consensus.cc:2393] T aeebeb551b4d4f298a10450fc25fe57c P 6aef05d0639549c993f6a16aead4584a [term 1 FOLLOWER]: Leader pre-election vote request: Denying vote to candidate 3fe31d4f538e4b66834ecf353914fae1 in current term 1: Already voted for candidate 6327e8421f784d89b1fe8d439985c75c in this term.
I20260630 12:39:28.143999 24683 leader_election.cc:304] T aeebeb551b4d4f298a10450fc25fe57c P 3fe31d4f538e4b66834ecf353914fae1 [CANDIDATE]: Term 1 pre-election: Election decided. Result: candidate lost. Election summary: received 3 responses out of 3 voters: 1 yes votes; 2 no votes. yes voters: 3fe31d4f538e4b66834ecf353914fae1; no voters: 6327e8421f784d89b1fe8d439985c75c, 6aef05d0639549c993f6a16aead4584a
I20260630 12:39:28.144759 24918 raft_consensus.cc:3060] T aeebeb551b4d4f298a10450fc25fe57c P 3fe31d4f538e4b66834ecf353914fae1 [term 0 FOLLOWER]: Advancing to term 1
I20260630 12:39:28.155611 24918 raft_consensus.cc:2749] T aeebeb551b4d4f298a10450fc25fe57c P 3fe31d4f538e4b66834ecf353914fae1 [term 1 FOLLOWER]: Leader pre-election lost for term 1. Reason: could not achieve majority
