I20260630 12:11:04.463268  8610 consensus_queue.cc:237] T 96c9c5a419824db88f3bea3b28828f11 P 38064e9720cf4975b6bfa04b9462c17a [LEADER]: Queue going to LEADER mode. State: All replicated index: 0, Majority replicated index: 1, Committed index: 1, Last appended: 1.1, Last appended by leader: 1, Current term: 2, Majority size: 2, State: 0, Mode: LEADER, active raft config: opid_index: -1 OBSOLETE_local: false peers { permanent_uuid: "f7cd92be941d4b2d8a4916395c57900c" member_type: VOTER last_known_addr { host: "127.7.107.1" port: 33213 } } peers { permanent_uuid: "38064e9720cf4975b6bfa04b9462c17a" member_type: VOTER last_known_addr { host: "127.7.107.2" port: 45499 } } peers { permanent_uuid: "df0caa60c4244330a4b85e41c3945da5" member_type: VOTER last_known_addr { host: "127.7.107.3" port: 44137 } }
I20260630 12:11:04.471707  8162 catalog_manager.cc:5697] T 96c9c5a419824db88f3bea3b28828f11 P 38064e9720cf4975b6bfa04b9462c17a reported cstate change: term changed from 1 to 2, leader changed from f7cd92be941d4b2d8a4916395c57900c (127.7.107.1) to 38064e9720cf4975b6bfa04b9462c17a (127.7.107.2). New cstate: current_term: 2 leader_uuid: "38064e9720cf4975b6bfa04b9462c17a" committed_config { opid_index: -1 OBSOLETE_local: false peers { permanent_uuid: "f7cd92be941d4b2d8a4916395c57900c" member_type: VOTER last_known_addr { host: "127.7.107.1" port: 33213 } health_report { overall_health: UNKNOWN } } peers { permanent_uuid: "38064e9720cf4975b6bfa04b9462c17a" member_type: VOTER last_known_addr { host: "127.7.107.2" port: 45499 } health_report { overall_health: HEALTHY } } peers { permanent_uuid: "df0caa60c4244330a4b85e41c3945da5" member_type: VOTER last_known_addr { host: "127.7.107.3" port: 44137 } health_report { overall_health: UNKNOWN } } }
I20260630 12:11:04.604803  8496 raft_consensus.cc:993] T 96df40949fe84a73bcd41130765941d3 P f7cd92be941d4b2d8a4916395c57900c: : Instructing follower 38064e9720cf4975b6bfa04b9462c17a to start an election
I20260630 12:11:04.605247  8613 raft_consensus.cc:1081] T 96df40949fe84a73bcd41130765941d3 P f7cd92be941d4b2d8a4916395c57900c [term 1 LEADER]: Signalling peer 38064e9720cf4975b6bfa04b9462c17a to start an election
I20260630 12:11:04.606637  8339 tablet_service.cc:2044] Received Run Leader Election RPC: tablet_id: "96df40949fe84a73bcd41130765941d3"
dest_uuid: "38064e9720cf4975b6bfa04b9462c17a"
 from {username='slave'} at 127.0.0.1:45686
I20260630 12:11:04.607131  8339 raft_consensus.cc:493] T 96df40949fe84a73bcd41130765941d3 P 38064e9720cf4975b6bfa04b9462c17a [term 1 FOLLOWER]: Starting forced leader election (received explicit request)
I20260630 12:11:04.607424  8339 raft_consensus.cc:3060] T 96df40949fe84a73bcd41130765941d3 P 38064e9720cf4975b6bfa04b9462c17a [term 1 FOLLOWER]: Advancing to term 2
I20260630 12:11:04.611619  8339 raft_consensus.cc:515] T 96df40949fe84a73bcd41130765941d3 P 38064e9720cf4975b6bfa04b9462c17a [term 2 FOLLOWER]: Starting forced leader election with config: opid_index: -1 OBSOLETE_local: false peers { permanent_uuid: "f7cd92be941d4b2d8a4916395c57900c" member_type: VOTER last_known_addr { host: "127.7.107.1" port: 33213 } } peers { permanent_uuid: "38064e9720cf4975b6bfa04b9462c17a" member_type: VOTER last_known_addr { host: "127.7.107.2" port: 45499 } } peers { permanent_uuid: "df0caa60c4244330a4b85e41c3945da5" member_type: VOTER last_known_addr { host: "127.7.107.3" port: 44137 } }
I20260630 12:11:04.613145  8339 leader_election.cc:290] T 96df40949fe84a73bcd41130765941d3 P 38064e9720cf4975b6bfa04b9462c17a [CANDIDATE]: Term 2 election: Requested vote from peers f7cd92be941d4b2d8a4916395c57900c (127.7.107.1:33213), df0caa60c4244330a4b85e41c3945da5 (127.7.107.3:44137)
I20260630 12:11:04.614343  8412 tablet_service.cc:1917] Received RequestConsensusVote() RPC: tablet_id: "96df40949fe84a73bcd41130765941d3" candidate_uuid: "38064e9720cf4975b6bfa04b9462c17a" candidate_term: 2 candidate_status { last_received { term: 1 index: 1 } } ignore_live_leader: true dest_uuid: "df0caa60c4244330a4b85e41c3945da5"
I20260630 12:11:04.614374  8265 tablet_service.cc:1917] Received RequestConsensusVote() RPC: tablet_id: "96df40949fe84a73bcd41130765941d3" candidate_uuid: "38064e9720cf4975b6bfa04b9462c17a" candidate_term: 2 candidate_status { last_received { term: 1 index: 1 } } ignore_live_leader: true dest_uuid: "f7cd92be941d4b2d8a4916395c57900c"
I20260630 12:11:04.614894  8412 raft_consensus.cc:3060] T 96df40949fe84a73bcd41130765941d3 P df0caa60c4244330a4b85e41c3945da5 [term 1 FOLLOWER]: Advancing to term 2
I20260630 12:11:04.615198  8265 raft_consensus.cc:3055] T 96df40949fe84a73bcd41130765941d3 P f7cd92be941d4b2d8a4916395c57900c [term 1 LEADER]: Stepping down as leader of term 1
I20260630 12:11:04.615576  8265 raft_consensus.cc:740] T 96df40949fe84a73bcd41130765941d3 P f7cd92be941d4b2d8a4916395c57900c [term 1 LEADER]: Becoming Follower/Learner. State: Replica: f7cd92be941d4b2d8a4916395c57900c, State: Running, Role: LEADER
I20260630 12:11:04.616454  8265 consensus_queue.cc:260] T 96df40949fe84a73bcd41130765941d3 P f7cd92be941d4b2d8a4916395c57900c [NON_LEADER]: Queue going to NON_LEADER mode. State: All replicated index: 0, Majority replicated index: 1, Committed index: 1, Last appended: 1.1, Last appended by leader: 1, Current term: 1, Majority size: -1, State: 0, Mode: NON_LEADER, active raft config: opid_index: -1 OBSOLETE_local: false peers { permanent_uuid: "f7cd92be941d4b2d8a4916395c57900c" member_type: VOTER last_known_addr { host: "127.7.107.1" port: 33213 } } peers { permanent_uuid: "38064e9720cf4975b6bfa04b9462c17a" member_type: VOTER last_known_addr { host: "127.7.107.2" port: 45499 } } peers { permanent_uuid: "df0caa60c4244330a4b85e41c3945da5" member_type: VOTER last_known_addr { host: "127.7.107.3" port: 44137 } }
I20260630 12:11:04.617372  8265 raft_consensus.cc:3060] T 96df40949fe84a73bcd41130765941d3 P f7cd92be941d4b2d8a4916395c57900c [term 1 FOLLOWER]: Advancing to term 2
I20260630 12:11:04.619347  8412 raft_consensus.cc:2468] T 96df40949fe84a73bcd41130765941d3 P df0caa60c4244330a4b85e41c3945da5 [term 2 FOLLOWER]: Leader election vote request: Granting yes vote for candidate 38064e9720cf4975b6bfa04b9462c17a in term 2.
I20260630 12:11:04.620575  8306 leader_election.cc:304] T 96df40949fe84a73bcd41130765941d3 P 38064e9720cf4975b6bfa04b9462c17a [CANDIDATE]: Term 2 election: Election decided. Result: candidate won. Election summary: received 2 responses out of 3 voters: 2 yes votes; 0 no votes. yes voters: 38064e9720cf4975b6bfa04b9462c17a, df0caa60c4244330a4b85e41c3945da5; no voters: 
I20260630 12:11:04.621299  8610 raft_consensus.cc:2804] T 96df40949fe84a73bcd41130765941d3 P 38064e9720cf4975b6bfa04b9462c17a [term 2 FOLLOWER]: Leader election won for term 2
I20260630 12:11:04.621775  8610 raft_consensus.cc:697] T 96df40949fe84a73bcd41130765941d3 P 38064e9720cf4975b6bfa04b9462c17a [term 2 LEADER]: Becoming Leader. State: Replica: 38064e9720cf4975b6bfa04b9462c17a, State: Running, Role: LEADER
I20260630 12:11:04.621939  8265 raft_consensus.cc:2468] T 96df40949fe84a73bcd41130765941d3 P f7cd92be941d4b2d8a4916395c57900c [term 2 FOLLOWER]: Leader election vote request: Granting yes vote for candidate 38064e9720cf4975b6bfa04b9462c17a in term 2.
I20260630 12:11:04.622592  8610 consensus_queue.cc:237] T 96df40949fe84a73bcd41130765941d3 P 38064e9720cf4975b6bfa04b9462c17a [LEADER]: Queue going to LEADER mode. State: All replicated index: 0, Majority replicated index: 1, Committed index: 1, Last appended: 1.1, Last appended by leader: 1, Current term: 2, Majority size: 2, State: 0, Mode: LEADER, active raft config: opid_index: -1 OBSOLETE_local: false peers { permanent_uuid: "f7cd92be941d4b2d8a4916395c57900c" member_type: VOTER last_known_addr { host: "127.7.107.1" port: 33213 } } peers { permanent_uuid: "38064e9720cf4975b6bfa04b9462c17a" member_type: VOTER last_known_addr { host: "127.7.107.2" port: 45499 } } peers { permanent_uuid: "df0caa60c4244330a4b85e41c3945da5" member_type: VOTER last_known_addr { host: "127.7.107.3" port: 44137 } }
I20260630 12:11:04.629249  8162 catalog_manager.cc:5697] T 96df40949fe84a73bcd41130765941d3 P 38064e9720cf4975b6bfa04b9462c17a reported cstate change: term changed from 1 to 2, leader changed from f7cd92be941d4b2d8a4916395c57900c (127.7.107.1) to 38064e9720cf4975b6bfa04b9462c17a (127.7.107.2). New cstate: current_term: 2 leader_uuid: "38064e9720cf4975b6bfa04b9462c17a" committed_config { opid_index: -1 OBSOLETE_local: false peers { permanent_uuid: "f7cd92be941d4b2d8a4916395c57900c" member_type: VOTER last_known_addr { host: "127.7.107.1" port: 33213 } health_report { overall_health: UNKNOWN } } peers { permanent_uuid: "38064e9720cf4975b6bfa04b9462c17a" member_type: VOTER last_known_addr { host: "127.7.107.2" port: 45499 } health_report { overall_health: HEALTHY } } peers { permanent_uuid: "df0caa60c4244330a4b85e41c3945da5" member_type: VOTER last_known_addr { host: "127.7.107.3" port: 44137 } health_report { overall_health: UNKNOWN } } }
I20260630 12:11:04.916729  8412 raft_consensus.cc:1275] T 96c9c5a419824db88f3bea3b28828f11 P df0caa60c4244330a4b85e41c3945da5 [term 2 FOLLOWER]: Refusing update from remote peer 38064e9720cf4975b6bfa04b9462c17a: Log matching property violated. Preceding OpId in replica: term: 1 index: 1. Preceding OpId from leader: term: 2 index: 2. (index mismatch)
I20260630 12:11:04.917938  8610 consensus_queue.cc:1048] T 96c9c5a419824db88f3bea3b28828f11 P 38064e9720cf4975b6bfa04b9462c17a [LEADER]: Connected to new peer: Peer: permanent_uuid: "df0caa60c4244330a4b85e41c3945da5" member_type: VOTER last_known_addr { host: "127.7.107.3" port: 44137 }, Status: LMP_MISMATCH, Last received: 0.0, Next index: 2, Last known committed idx: 1, Time since last communication: 0.000s
I20260630 12:11:04.927495  8265 raft_consensus.cc:1275] T 96c9c5a419824db88f3bea3b28828f11 P f7cd92be941d4b2d8a4916395c57900c [term 2 FOLLOWER]: Refusing update from remote peer 38064e9720cf4975b6bfa04b9462c17a: Log matching property violated. Preceding OpId in replica: term: 1 index: 1. Preceding OpId from leader: term: 2 index: 2. (index mismatch)
I20260630 12:11:04.929368  8623 consensus_queue.cc:1048] T 96c9c5a419824db88f3bea3b28828f11 P 38064e9720cf4975b6bfa04b9462c17a [LEADER]: Connected to new peer: Peer: permanent_uuid: "f7cd92be941d4b2d8a4916395c57900c" member_type: VOTER last_known_addr { host: "127.7.107.1" port: 33213 }, Status: LMP_MISMATCH, Last received: 0.0, Next index: 2, Last known committed idx: 1, Time since last communication: 0.001s
I20260630 12:11:05.038404  8412 raft_consensus.cc:1275] T 96df40949fe84a73bcd41130765941d3 P df0caa60c4244330a4b85e41c3945da5 [term 2 FOLLOWER]: Refusing update from remote peer 38064e9720cf4975b6bfa04b9462c17a: Log matching property violated. Preceding OpId in replica: term: 1 index: 1. Preceding OpId from leader: term: 2 index: 2. (index mismatch)
I20260630 12:11:05.039702  8623 consensus_queue.cc:1048] T 96df40949fe84a73bcd41130765941d3 P 38064e9720cf4975b6bfa04b9462c17a [LEADER]: Connected to new peer: Peer: permanent_uuid: "df0caa60c4244330a4b85e41c3945da5" member_type: VOTER last_known_addr { host: "127.7.107.3" port: 44137 }, Status: LMP_MISMATCH, Last received: 0.0, Next index: 2, Last known committed idx: 1, Time since last communication: 0.000s
I20260630 12:11:05.049852  8265 raft_consensus.cc:1275] T 96df40949fe84a73bcd41130765941d3 P f7cd92be941d4b2d8a4916395c57900c [term 2 FOLLOWER]: Refusing update from remote peer 38064e9720cf4975b6bfa04b9462c17a: Log matching property violated. Preceding OpId in replica: term: 1 index: 1. Preceding OpId from leader: term: 2 index: 2. (index mismatch)
I20260630 12:11:05.051239  8614 consensus_queue.cc:1048] T 96df40949fe84a73bcd41130765941d3 P 38064e9720cf4975b6bfa04b9462c17a [LEADER]: Connected to new peer: Peer: permanent_uuid: "f7cd92be941d4b2d8a4916395c57900c" member_type: VOTER last_known_addr { host: "127.7.107.1" port: 33213 }, Status: LMP_MISMATCH, Last received: 0.0, Next index: 2, Last known committed idx: 1, Time since last communication: 0.000s
I20260630 12:11:06.417680  8216 auto_leader_rebalancer.cc:141] leader rebalance for table test-workload
I20260630 12:11:06.423025  8216 auto_leader_rebalancer.cc:440] table: test-workload, leader rebalance finish, leader transfer count: 0
I20260630 12:11:06.423377  8216 auto_leader_rebalancer.cc:515] All tables' leader rebalancing finished this round
I20260630 12:11:08.406340  8265 consensus_queue.cc:237] T 90e11b28623e4ff7baed9a7077086bb9 P f7cd92be941d4b2d8a4916395c57900c [LEADER]: Queue going to LEADER mode. State: All replicated index: 0, Majority replicated index: 1, Committed index: 1, Last appended: 1.1, Last appended by leader: 0, Current term: 1, Majority size: 2, State: 0, Mode: LEADER, active raft config: opid_index: 2 OBSOLETE_local: false peers { permanent_uuid: "f7cd92be941d4b2d8a4916395c57900c" member_type: VOTER last_known_addr { host: "127.7.107.1" port: 33213 } } peers { permanent_uuid: "38064e9720cf4975b6bfa04b9462c17a" member_type: VOTER last_known_addr { host: "127.7.107.2" port: 45499 } attrs { replace: true } } peers { permanent_uuid: "df0caa60c4244330a4b85e41c3945da5" member_type: VOTER last_known_addr { host: "127.7.107.3" port: 44137 } } peers { permanent_uuid: "ed3b33d88e8b44a0bf27f74c02e07195" member_type: NON_VOTER last_known_addr { host: "127.7.107.4" port: 34387 } attrs { promote: true } }
I20260630 12:11:08.415131  8339 raft_consensus.cc:1275] T 90e11b28623e4ff7baed9a7077086bb9 P 38064e9720cf4975b6bfa04b9462c17a [term 1 FOLLOWER]: Refusing update from remote peer f7cd92be941d4b2d8a4916395c57900c: Log matching property violated. Preceding OpId in replica: term: 1 index: 1. Preceding OpId from leader: term: 1 index: 2. (index mismatch)
I20260630 12:11:08.415674  8412 raft_consensus.cc:1275] T 90e11b28623e4ff7baed9a7077086bb9 P df0caa60c4244330a4b85e41c3945da5 [term 1 FOLLOWER]: Refusing update from remote peer f7cd92be941d4b2d8a4916395c57900c: Log matching property violated. Preceding OpId in replica: term: 1 index: 1. Preceding OpId from leader: term: 1 index: 2. (index mismatch)
I20260630 12:11:08.416899  8632 consensus_queue.cc:1048] T 90e11b28623e4ff7baed9a7077086bb9 P f7cd92be941d4b2d8a4916395c57900c [LEADER]: Connected to new peer: Peer: permanent_uuid: "38064e9720cf4975b6bfa04b9462c17a" member_type: VOTER last_known_addr { host: "127.7.107.2" port: 45499 } attrs { replace: true }, Status: LMP_MISMATCH, Last received: 0.0, Next index: 2, Last known committed idx: 1, Time since last communication: 0.001s
I20260630 12:11:08.417915  8613 consensus_queue.cc:1048] T 90e11b28623e4ff7baed9a7077086bb9 P f7cd92be941d4b2d8a4916395c57900c [LEADER]: Connected to new peer: Peer: permanent_uuid: "df0caa60c4244330a4b85e41c3945da5" member_type: VOTER last_known_addr { host: "127.7.107.3" port: 44137 }, Status: LMP_MISMATCH, Last received: 0.0, Next index: 2, Last known committed idx: 1, Time since last communication: 0.001s
I20260630 12:11:08.424358  8216 auto_leader_rebalancer.cc:141] leader rebalance for table test-workload
I20260630 12:11:08.427915  8613 raft_consensus.cc:2955] T 90e11b28623e4ff7baed9a7077086bb9 P f7cd92be941d4b2d8a4916395c57900c [term 1 LEADER]: Committing config change with OpId 1.2: config changed from index -1 to 2, NON_VOTER ed3b33d88e8b44a0bf27f74c02e07195 (127.7.107.4) added. New config: { opid_index: 2 OBSOLETE_local: false peers { permanent_uuid: "f7cd92be941d4b2d8a4916395c57900c" member_type: VOTER last_known_addr { host: "127.7.107.1" port: 33213 } } peers { permanent_uuid: "38064e9720cf4975b6bfa04b9462c17a" member_type: VOTER last_known_addr { host: "127.7.107.2" port: 45499 } attrs { replace: true } } peers { permanent_uuid: "df0caa60c4244330a4b85e41c3945da5" member_type: VOTER last_known_addr { host: "127.7.107.3" port: 44137 } } peers { permanent_uuid: "ed3b33d88e8b44a0bf27f74c02e07195" member_type: NON_VOTER last_known_addr { host: "127.7.107.4" port: 34387 } attrs { promote: true } } }
W20260630 12:11:08.429728  8231 consensus_peers.cc:597] T 90e11b28623e4ff7baed9a7077086bb9 P f7cd92be941d4b2d8a4916395c57900c -> Peer ed3b33d88e8b44a0bf27f74c02e07195 (127.7.107.4:34387): Couldn't send request to peer ed3b33d88e8b44a0bf27f74c02e07195. Error code: TABLET_NOT_FOUND (6). Status: Not found: Tablet not found: 90e11b28623e4ff7baed9a7077086bb9. This is attempt 1: this message will repeat every 5th retry.
I20260630 12:11:08.432921  8216 auto_leader_rebalancer.cc:440] table: test-workload, leader rebalance finish, leader transfer count: 0
I20260630 12:11:08.433487  8216 auto_leader_rebalancer.cc:515] All tables' leader rebalancing finished this round
I20260630 12:11:08.431794  8412 raft_consensus.cc:2955] T 90e11b28623e4ff7baed9a7077086bb9 P df0caa60c4244330a4b85e41c3945da5 [term 1 FOLLOWER]: Committing config change with OpId 1.2: config changed from index -1 to 2, NON_VOTER ed3b33d88e8b44a0bf27f74c02e07195 (127.7.107.4) added. New config: { opid_index: 2 OBSOLETE_local: false peers { permanent_uuid: "f7cd92be941d4b2d8a4916395c57900c" member_type: VOTER last_known_addr { host: "127.7.107.1" port: 33213 } } peers { permanent_uuid: "38064e9720cf4975b6bfa04b9462c17a" member_type: VOTER last_known_addr { host: "127.7.107.2" port: 45499 } attrs { replace: true } } peers { permanent_uuid: "df0caa60c4244330a4b85e41c3945da5" member_type: VOTER last_known_addr { host: "127.7.107.3" port: 44137 } } peers { permanent_uuid: "ed3b33d88e8b44a0bf27f74c02e07195" member_type: NON_VOTER last_known_addr { host: "127.7.107.4" port: 34387 } attrs { promote: true } } }
I20260630 12:11:08.440929  8339 raft_consensus.cc:2955] T 90e11b28623e4ff7baed9a7077086bb9 P 38064e9720cf4975b6bfa04b9462c17a [term 1 FOLLOWER]: Committing config change with OpId 1.2: config changed from index -1 to 2, NON_VOTER ed3b33d88e8b44a0bf27f74c02e07195 (127.7.107.4) added. New config: { opid_index: 2 OBSOLETE_local: false peers { permanent_uuid: "f7cd92be941d4b2d8a4916395c57900c" member_type: VOTER last_known_addr { host: "127.7.107.1" port: 33213 } } peers { permanent_uuid: "38064e9720cf4975b6bfa04b9462c17a" member_type: VOTER last_known_addr { host: "127.7.107.2" port: 45499 } attrs { replace: true } } peers { permanent_uuid: "df0caa60c4244330a4b85e41c3945da5" member_type: VOTER last_known_addr { host: "127.7.107.3" port: 44137 } } peers { permanent_uuid: "ed3b33d88e8b44a0bf27f74c02e07195" member_type: NON_VOTER last_known_addr { host: "127.7.107.4" port: 34387 } attrs { promote: true } } }
I20260630 12:11:08.443802  8162 catalog_manager.cc:5697] T 90e11b28623e4ff7baed9a7077086bb9 P f7cd92be941d4b2d8a4916395c57900c reported cstate change: config changed from index -1 to 2, NON_VOTER ed3b33d88e8b44a0bf27f74c02e07195 (127.7.107.4) added. New cstate: current_term: 1 leader_uuid: "f7cd92be941d4b2d8a4916395c57900c" committed_config { opid_index: 2 OBSOLETE_local: false peers { permanent_uuid: "f7cd92be941d4b2d8a4916395c57900c" member_type: VOTER last_known_addr { host: "127.7.107.1" port: 33213 } health_report { overall_health: HEALTHY } } peers { permanent_uuid: "38064e9720cf4975b6bfa04b9462c17a" member_type: VOTER last_known_addr { host: "127.7.107.2" port: 45499 } attrs { replace: true } health_report { overall_health: HEALTHY } } peers { permanent_uuid: "df0caa60c4244330a4b85e41c3945da5" member_type: VOTER last_known_addr { host: "127.7.107.3" port: 44137 } health_report { overall_health: HEALTHY } } peers { permanent_uuid: "ed3b33d88e8b44a0bf27f74c02e07195" member_type: NON_VOTER last_known_addr { host: "127.7.107.4" port: 34387 } attrs { promote: true } health_report { overall_health: UNKNOWN } } }
I20260630 12:11:08.445472  8265 consensus_queue.cc:237] T a6dded99a9514147aa152bffb8a74359 P f7cd92be941d4b2d8a4916395c57900c [LEADER]: Queue going to LEADER mode. State: All replicated index: 0, Majority replicated index: 1, Committed index: 1, Last appended: 1.1, Last appended by leader: 0, Current term: 1, Majority size: 2, State: 0, Mode: LEADER, active raft config: opid_index: 2 OBSOLETE_local: false peers { permanent_uuid: "f7cd92be941d4b2d8a4916395c57900c" member_type: VOTER last_known_addr { host: "127.7.107.1" port: 33213 } } peers { permanent_uuid: "38064e9720cf4975b6bfa04b9462c17a" member_type: VOTER last_known_addr { host: "127.7.107.2" port: 45499 } } peers { permanent_uuid: "df0caa60c4244330a4b85e41c3945da5" member_type: VOTER last_known_addr { host: "127.7.107.3" port: 44137 } attrs { replace: true } } peers { permanent_uuid: "ed3b33d88e8b44a0bf27f74c02e07195" member_type: NON_VOTER last_known_addr { host: "127.7.107.4" port: 34387 } attrs { promote: true } }
I20260630 12:11:08.455549  8412 raft_consensus.cc:1275] T a6dded99a9514147aa152bffb8a74359 P df0caa60c4244330a4b85e41c3945da5 [term 1 FOLLOWER]: Refusing update from remote peer f7cd92be941d4b2d8a4916395c57900c: Log matching property violated. Preceding OpId in replica: term: 1 index: 1. Preceding OpId from leader: term: 1 index: 2. (index mismatch)
W20260630 12:11:08.455997  8231 consensus_peers.cc:597] T a6dded99a9514147aa152bffb8a74359 P f7cd92be941d4b2d8a4916395c57900c -> Peer ed3b33d88e8b44a0bf27f74c02e07195 (127.7.107.4:34387): Couldn't send request to peer ed3b33d88e8b44a0bf27f74c02e07195. Error code: TABLET_NOT_FOUND (6). Status: Not found: Tablet not found: a6dded99a9514147aa152bffb8a74359. This is attempt 1: this message will repeat every 5th retry.
I20260630 12:11:08.456970  8339 raft_consensus.cc:1275] T a6dded99a9514147aa152bffb8a74359 P 38064e9720cf4975b6bfa04b9462c17a [term 1 FOLLOWER]: Refusing update from remote peer f7cd92be941d4b2d8a4916395c57900c: Log matching property violated. Preceding OpId in replica: term: 1 index: 1. Preceding OpId from leader: term: 1 index: 2. (index mismatch)
I20260630 12:11:08.457203  8632 consensus_queue.cc:1048] T a6dded99a9514147aa152bffb8a74359 P f7cd92be941d4b2d8a4916395c57900c [LEADER]: Connected to new peer: Peer: permanent_uuid: "df0caa60c4244330a4b85e41c3945da5" member_type: VOTER last_known_addr { host: "127.7.107.3" port: 44137 } attrs { replace: true }, Status: LMP_MISMATCH, Last received: 0.0, Next index: 2, Last known committed idx: 1, Time since last communication: 0.000s
I20260630 12:11:08.458559  8613 consensus_queue.cc:1048] T a6dded99a9514147aa152bffb8a74359 P f7cd92be941d4b2d8a4916395c57900c [LEADER]: Connected to new peer: Peer: permanent_uuid: "38064e9720cf4975b6bfa04b9462c17a" member_type: VOTER last_known_addr { host: "127.7.107.2" port: 45499 }, Status: LMP_MISMATCH, Last received: 0.0, Next index: 2, Last known committed idx: 1, Time since last communication: 0.000s
I20260630 12:11:08.466231  8632 raft_consensus.cc:2955] T a6dded99a9514147aa152bffb8a74359 P f7cd92be941d4b2d8a4916395c57900c [term 1 LEADER]: Committing config change with OpId 1.2: config changed from index -1 to 2, NON_VOTER ed3b33d88e8b44a0bf27f74c02e07195 (127.7.107.4) added. New config: { opid_index: 2 OBSOLETE_local: false peers { permanent_uuid: "f7cd92be941d4b2d8a4916395c57900c" member_type: VOTER last_known_addr { host: "127.7.107.1" port: 33213 } } peers { permanent_uuid: "38064e9720cf4975b6bfa04b9462c17a" member_type: VOTER last_known_addr { host: "127.7.107.2" port: 45499 } } peers { permanent_uuid: "df0caa60c4244330a4b85e41c3945da5" member_type: VOTER last_known_addr { host: "127.7.107.3" port: 44137 } attrs { replace: true } } peers { permanent_uuid: "ed3b33d88e8b44a0bf27f74c02e07195" member_type: NON_VOTER last_known_addr { host: "127.7.107.4" port: 34387 } attrs { promote: true } } }
I20260630 12:11:08.467980  8412 raft_consensus.cc:2955] T a6dded99a9514147aa152bffb8a74359 P df0caa60c4244330a4b85e41c3945da5 [term 1 FOLLOWER]: Committing config change with OpId 1.2: config changed from index -1 to 2, NON_VOTER ed3b33d88e8b44a0bf27f74c02e07195 (127.7.107.4) added. New config: { opid_index: 2 OBSOLETE_local: false peers { permanent_uuid: "f7cd92be941d4b2d8a4916395c57900c" member_type: VOTER last_known_addr { host: "127.7.107.1" port: 33213 } } peers { permanent_uuid: "38064e9720cf4975b6bfa04b9462c17a" member_type: VOTER last_known_addr { host: "127.7.107.2" port: 45499 } } peers { permanent_uuid: "df0caa60c4244330a4b85e41c3945da5" member_type: VOTER last_known_addr { host: "127.7.107.3" port: 44137 } attrs { replace: true } } peers { permanent_uuid: "ed3b33d88e8b44a0bf27f74c02e07195" member_type: NON_VOTER last_known_addr { host: "127.7.107.4" port: 34387 } attrs { promote: true } } }
I20260630 12:11:08.484704  8161 catalog_manager.cc:5697] T a6dded99a9514147aa152bffb8a74359 P df0caa60c4244330a4b85e41c3945da5 reported cstate change: config changed from index -1 to 2, NON_VOTER ed3b33d88e8b44a0bf27f74c02e07195 (127.7.107.4) added. New cstate: current_term: 1 leader_uuid: "f7cd92be941d4b2d8a4916395c57900c" committed_config { opid_index: 2 OBSOLETE_local: false peers { permanent_uuid: "f7cd92be941d4b2d8a4916395c57900c" member_type: VOTER last_known_addr { host: "127.7.107.1" port: 33213 } } peers { permanent_uuid: "38064e9720cf4975b6bfa04b9462c17a" member_type: VOTER last_known_addr { host: "127.7.107.2" port: 45499 } } peers { permanent_uuid: "df0caa60c4244330a4b85e41c3945da5" member_type: VOTER last_known_addr { host: "127.7.107.3" port: 44137 } attrs { replace: true } } peers { permanent_uuid: "ed3b33d88e8b44a0bf27f74c02e07195" member_type: NON_VOTER last_known_addr { host: "127.7.107.4" port: 34387 } attrs { promote: true } } }
I20260630 12:11:08.487345  8339 raft_consensus.cc:2955] T a6dded99a9514147aa152bffb8a74359 P 38064e9720cf4975b6bfa04b9462c17a [term 1 FOLLOWER]: Committing config change with OpId 1.2: config changed from index -1 to 2, NON_VOTER ed3b33d88e8b44a0bf27f74c02e07195 (127.7.107.4) added. New config: { opid_index: 2 OBSOLETE_local: false peers { permanent_uuid: "f7cd92be941d4b2d8a4916395c57900c" member_type: VOTER last_known_addr { host: "127.7.107.1" port: 33213 } } peers { permanent_uuid: "38064e9720cf4975b6bfa04b9462c17a" member_type: VOTER last_known_addr { host: "127.7.107.2" port: 45499 } } peers { permanent_uuid: "df0caa60c4244330a4b85e41c3945da5" member_type: VOTER last_known_addr { host: "127.7.107.3" port: 44137 } attrs { replace: true } } peers { permanent_uuid: "ed3b33d88e8b44a0bf27f74c02e07195" member_type: NON_VOTER last_known_addr { host: "127.7.107.4" port: 34387 } attrs { promote: true } } }
I20260630 12:11:08.508162  8339 consensus_queue.cc:237] T 96c9c5a419824db88f3bea3b28828f11 P 38064e9720cf4975b6bfa04b9462c17a [LEADER]: Queue going to LEADER mode. State: All replicated index: 0, Majority replicated index: 2, Committed index: 2, Last appended: 2.2, Last appended by leader: 1, Current term: 2, Majority size: 2, State: 0, Mode: LEADER, active raft config: opid_index: 3 OBSOLETE_local: false peers { permanent_uuid: "f7cd92be941d4b2d8a4916395c57900c" member_type: VOTER last_known_addr { host: "127.7.107.1" port: 33213 } attrs { replace: true } } peers { permanent_uuid: "38064e9720cf4975b6bfa04b9462c17a" member_type: VOTER last_known_addr { host: "127.7.107.2" port: 45499 } } peers { permanent_uuid: "df0caa60c4244330a4b85e41c3945da5" member_type: VOTER last_known_addr { host: "127.7.107.3" port: 44137 } } peers { permanent_uuid: "ed3b33d88e8b44a0bf27f74c02e07195" member_type: NON_VOTER last_known_addr { host: "127.7.107.4" port: 34387 } attrs { promote: true } }
I20260630 12:11:08.516152  8265 raft_consensus.cc:1275] T 96c9c5a419824db88f3bea3b28828f11 P f7cd92be941d4b2d8a4916395c57900c [term 2 FOLLOWER]: Refusing update from remote peer 38064e9720cf4975b6bfa04b9462c17a: Log matching property violated. Preceding OpId in replica: term: 2 index: 2. Preceding OpId from leader: term: 2 index: 3. (index mismatch)
I20260630 12:11:08.518069  8647 consensus_queue.cc:1048] T 96c9c5a419824db88f3bea3b28828f11 P 38064e9720cf4975b6bfa04b9462c17a [LEADER]: Connected to new peer: Peer: permanent_uuid: "f7cd92be941d4b2d8a4916395c57900c" member_type: VOTER last_known_addr { host: "127.7.107.1" port: 33213 } attrs { replace: true }, Status: LMP_MISMATCH, Last received: 0.0, Next index: 3, Last known committed idx: 2, Time since last communication: 0.000s
I20260630 12:11:08.518415  8412 raft_consensus.cc:1275] T 96c9c5a419824db88f3bea3b28828f11 P df0caa60c4244330a4b85e41c3945da5 [term 2 FOLLOWER]: Refusing update from remote peer 38064e9720cf4975b6bfa04b9462c17a: Log matching property violated. Preceding OpId in replica: term: 2 index: 2. Preceding OpId from leader: term: 2 index: 3. (index mismatch)
I20260630 12:11:08.519922  8646 consensus_queue.cc:1048] T 96c9c5a419824db88f3bea3b28828f11 P 38064e9720cf4975b6bfa04b9462c17a [LEADER]: Connected to new peer: Peer: permanent_uuid: "df0caa60c4244330a4b85e41c3945da5" member_type: VOTER last_known_addr { host: "127.7.107.3" port: 44137 }, Status: LMP_MISMATCH, Last received: 0.0, Next index: 3, Last known committed idx: 2, Time since last communication: 0.000s
I20260630 12:11:08.526906  8623 raft_consensus.cc:2955] T 96c9c5a419824db88f3bea3b28828f11 P 38064e9720cf4975b6bfa04b9462c17a [term 2 LEADER]: Committing config change with OpId 2.3: config changed from index -1 to 3, NON_VOTER ed3b33d88e8b44a0bf27f74c02e07195 (127.7.107.4) added. New config: { opid_index: 3 OBSOLETE_local: false peers { permanent_uuid: "f7cd92be941d4b2d8a4916395c57900c" member_type: VOTER last_known_addr { host: "127.7.107.1" port: 33213 } attrs { replace: true } } peers { permanent_uuid: "38064e9720cf4975b6bfa04b9462c17a" member_type: VOTER last_known_addr { host: "127.7.107.2" port: 45499 } } peers { permanent_uuid: "df0caa60c4244330a4b85e41c3945da5" member_type: VOTER last_known_addr { host: "127.7.107.3" port: 44137 } } peers { permanent_uuid: "ed3b33d88e8b44a0bf27f74c02e07195" member_type: NON_VOTER last_known_addr { host: "127.7.107.4" port: 34387 } attrs { promote: true } } }
W20260630 12:11:08.528535  8306 consensus_peers.cc:597] T 96c9c5a419824db88f3bea3b28828f11 P 38064e9720cf4975b6bfa04b9462c17a -> Peer ed3b33d88e8b44a0bf27f74c02e07195 (127.7.107.4:34387): Couldn't send request to peer ed3b33d88e8b44a0bf27f74c02e07195. Error code: TABLET_NOT_FOUND (6). Status: Not found: Tablet not found: 96c9c5a419824db88f3bea3b28828f11. This is attempt 1: this message will repeat every 5th retry.
I20260630 12:11:08.528594  8265 raft_consensus.cc:2955] T 96c9c5a419824db88f3bea3b28828f11 P f7cd92be941d4b2d8a4916395c57900c [term 2 FOLLOWER]: Committing config change with OpId 2.3: config changed from index -1 to 3, NON_VOTER ed3b33d88e8b44a0bf27f74c02e07195 (127.7.107.4) added. New config: { opid_index: 3 OBSOLETE_local: false peers { permanent_uuid: "f7cd92be941d4b2d8a4916395c57900c" member_type: VOTER last_known_addr { host: "127.7.107.1" port: 33213 } attrs { replace: true } } peers { permanent_uuid: "38064e9720cf4975b6bfa04b9462c17a" member_type: VOTER last_known_addr { host: "127.7.107.2" port: 45499 } } peers { permanent_uuid: "df0caa60c4244330a4b85e41c3945da5" member_type: VOTER last_known_addr { host: "127.7.107.3" port: 44137 } } peers { permanent_uuid: "ed3b33d88e8b44a0bf27f74c02e07195" member_type: NON_VOTER last_known_addr { host: "127.7.107.4" port: 34387 } attrs { promote: true } } }
I20260630 12:11:08.530378  8412 raft_consensus.cc:2955] T 96c9c5a419824db88f3bea3b28828f11 P df0caa60c4244330a4b85e41c3945da5 [term 2 FOLLOWER]: Committing config change with OpId 2.3: config changed from index -1 to 3, NON_VOTER ed3b33d88e8b44a0bf27f74c02e07195 (127.7.107.4) added. New config: { opid_index: 3 OBSOLETE_local: false peers { permanent_uuid: "f7cd92be941d4b2d8a4916395c57900c" member_type: VOTER last_known_addr { host: "127.7.107.1" port: 33213 } attrs { replace: true } } peers { permanent_uuid: "38064e9720cf4975b6bfa04b9462c17a" member_type: VOTER last_known_addr { host: "127.7.107.2" port: 45499 } } peers { permanent_uuid: "df0caa60c4244330a4b85e41c3945da5" member_type: VOTER last_known_addr { host: "127.7.107.3" port: 44137 } } peers { permanent_uuid: "ed3b33d88e8b44a0bf27f74c02e07195" member_type: NON_VOTER last_known_addr { host: "127.7.107.4" port: 34387 } attrs { promote: true } } }
I20260630 12:11:08.539597  8264 consensus_queue.cc:237] T 66ec61f37b154233aa732055062d9dce P f7cd92be941d4b2d8a4916395c57900c [LEADER]: Queue going to LEADER mode. State: All replicated index: 0, Majority replicated index: 1, Committed index: 1, Last appended: 1.1, Last appended by leader: 0, Current term: 1, Majority size: 2, State: 0, Mode: LEADER, active raft config: opid_index: 2 OBSOLETE_local: false peers { permanent_uuid: "f7cd92be941d4b2d8a4916395c57900c" member_type: VOTER last_known_addr { host: "127.7.107.1" port: 33213 } } peers { permanent_uuid: "38064e9720cf4975b6bfa04b9462c17a" member_type: VOTER last_known_addr { host: "127.7.107.2" port: 45499 } } peers { permanent_uuid: "df0caa60c4244330a4b85e41c3945da5" member_type: VOTER last_known_addr { host: "127.7.107.3" port: 44137 } attrs { replace: true } } peers { permanent_uuid: "ed3b33d88e8b44a0bf27f74c02e07195" member_type: NON_VOTER last_known_addr { host: "127.7.107.4" port: 34387 } attrs { promote: true } }
I20260630 12:11:08.541685  8163 catalog_manager.cc:5697] T 96c9c5a419824db88f3bea3b28828f11 P 38064e9720cf4975b6bfa04b9462c17a reported cstate change: config changed from index -1 to 3, NON_VOTER ed3b33d88e8b44a0bf27f74c02e07195 (127.7.107.4) added. New cstate: current_term: 2 leader_uuid: "38064e9720cf4975b6bfa04b9462c17a" committed_config { opid_index: 3 OBSOLETE_local: false peers { permanent_uuid: "f7cd92be941d4b2d8a4916395c57900c" member_type: VOTER last_known_addr { host: "127.7.107.1" port: 33213 } attrs { replace: true } health_report { overall_health: HEALTHY } } peers { permanent_uuid: "38064e9720cf4975b6bfa04b9462c17a" member_type: VOTER last_known_addr { host: "127.7.107.2" port: 45499 } health_report { overall_health: HEALTHY } } peers { permanent_uuid: "df0caa60c4244330a4b85e41c3945da5" member_type: VOTER last_known_addr { host: "127.7.107.3" port: 44137 } health_report { overall_health: HEALTHY } } peers { permanent_uuid: "ed3b33d88e8b44a0bf27f74c02e07195" member_type: NON_VOTER last_known_addr { host: "127.7.107.4" port: 34387 } attrs { promote: true } health_report { overall_health: UNKNOWN } } }
W20260630 12:11:08.557102  8231 consensus_peers.cc:597] T 66ec61f37b154233aa732055062d9dce P f7cd92be941d4b2d8a4916395c57900c -> Peer ed3b33d88e8b44a0bf27f74c02e07195 (127.7.107.4:34387): Couldn't send request to peer ed3b33d88e8b44a0bf27f74c02e07195. Error code: TABLET_NOT_FOUND (6). Status: Not found: Tablet not found: 66ec61f37b154233aa732055062d9dce. This is attempt 1: this message will repeat every 5th retry.
I20260630 12:11:08.557188  8412 raft_consensus.cc:1275] T 66ec61f37b154233aa732055062d9dce P df0caa60c4244330a4b85e41c3945da5 [term 1 FOLLOWER]: Refusing update from remote peer f7cd92be941d4b2d8a4916395c57900c: Log matching property violated. Preceding OpId in replica: term: 1 index: 1. Preceding OpId from leader: term: 1 index: 2. (index mismatch)
I20260630 12:11:08.562150  8632 consensus_queue.cc:1048] T 66ec61f37b154233aa732055062d9dce P f7cd92be941d4b2d8a4916395c57900c [LEADER]: Connected to new peer: Peer: permanent_uuid: "df0caa60c4244330a4b85e41c3945da5" member_type: VOTER last_known_addr { host: "127.7.107.3" port: 44137 } attrs { replace: true }, Status: LMP_MISMATCH, Last received: 0.0, Next index: 2, Last known committed idx: 1, Time since last communication: 0.000s
I20260630 12:11:08.567160  8339 raft_consensus.cc:1275] T 66ec61f37b154233aa732055062d9dce P 38064e9720cf4975b6bfa04b9462c17a [term 1 FOLLOWER]: Refusing update from remote peer f7cd92be941d4b2d8a4916395c57900c: Log matching property violated. Preceding OpId in replica: term: 1 index: 1. Preceding OpId from leader: term: 1 index: 2. (index mismatch)
I20260630 12:11:08.568780  8613 consensus_queue.cc:1048] T 66ec61f37b154233aa732055062d9dce P f7cd92be941d4b2d8a4916395c57900c [LEADER]: Connected to new peer: Peer: permanent_uuid: "38064e9720cf4975b6bfa04b9462c17a" member_type: VOTER last_known_addr { host: "127.7.107.2" port: 45499 }, Status: LMP_MISMATCH, Last received: 0.0, Next index: 2, Last known committed idx: 1, Time since last communication: 0.000s
I20260630 12:11:08.576040  8652 raft_consensus.cc:2955] T 66ec61f37b154233aa732055062d9dce P f7cd92be941d4b2d8a4916395c57900c [term 1 LEADER]: Committing config change with OpId 1.2: config changed from index -1 to 2, NON_VOTER ed3b33d88e8b44a0bf27f74c02e07195 (127.7.107.4) added. New config: { opid_index: 2 OBSOLETE_local: false peers { permanent_uuid: "f7cd92be941d4b2d8a4916395c57900c" member_type: VOTER last_known_addr { host: "127.7.107.1" port: 33213 } } peers { permanent_uuid: "38064e9720cf4975b6bfa04b9462c17a" member_type: VOTER last_known_addr { host: "127.7.107.2" port: 45499 } } peers { permanent_uuid: "df0caa60c4244330a4b85e41c3945da5" member_type: VOTER last_known_addr { host: "127.7.107.3" port: 44137 } attrs { replace: true } } peers { permanent_uuid: "ed3b33d88e8b44a0bf27f74c02e07195" member_type: NON_VOTER last_known_addr { host: "127.7.107.4" port: 34387 } attrs { promote: true } } }
I20260630 12:11:08.577769  8412 raft_consensus.cc:2955] T 66ec61f37b154233aa732055062d9dce P df0caa60c4244330a4b85e41c3945da5 [term 1 FOLLOWER]: Committing config change with OpId 1.2: config changed from index -1 to 2, NON_VOTER ed3b33d88e8b44a0bf27f74c02e07195 (127.7.107.4) added. New config: { opid_index: 2 OBSOLETE_local: false peers { permanent_uuid: "f7cd92be941d4b2d8a4916395c57900c" member_type: VOTER last_known_addr { host: "127.7.107.1" port: 33213 } } peers { permanent_uuid: "38064e9720cf4975b6bfa04b9462c17a" member_type: VOTER last_known_addr { host: "127.7.107.2" port: 45499 } } peers { permanent_uuid: "df0caa60c4244330a4b85e41c3945da5" member_type: VOTER last_known_addr { host: "127.7.107.3" port: 44137 } attrs { replace: true } } peers { permanent_uuid: "ed3b33d88e8b44a0bf27f74c02e07195" member_type: NON_VOTER last_known_addr { host: "127.7.107.4" port: 34387 } attrs { promote: true } } }
I20260630 12:11:08.580044  8339 raft_consensus.cc:2955] T 66ec61f37b154233aa732055062d9dce P 38064e9720cf4975b6bfa04b9462c17a [term 1 FOLLOWER]: Committing config change with OpId 1.2: config changed from index -1 to 2, NON_VOTER ed3b33d88e8b44a0bf27f74c02e07195 (127.7.107.4) added. New config: { opid_index: 2 OBSOLETE_local: false peers { permanent_uuid: "f7cd92be941d4b2d8a4916395c57900c" member_type: VOTER last_known_addr { host: "127.7.107.1" port: 33213 } } peers { permanent_uuid: "38064e9720cf4975b6bfa04b9462c17a" member_type: VOTER last_known_addr { host: "127.7.107.2" port: 45499 } } peers { permanent_uuid: "df0caa60c4244330a4b85e41c3945da5" member_type: VOTER last_known_addr { host: "127.7.107.3" port: 44137 } attrs { replace: true } } peers { permanent_uuid: "ed3b33d88e8b44a0bf27f74c02e07195" member_type: NON_VOTER last_known_addr { host: "127.7.107.4" port: 34387 } attrs { promote: true } } }
I20260630 12:11:08.589027  8162 catalog_manager.cc:5697] T 66ec61f37b154233aa732055062d9dce P df0caa60c4244330a4b85e41c3945da5 reported cstate change: config changed from index -1 to 2, NON_VOTER ed3b33d88e8b44a0bf27f74c02e07195 (127.7.107.4) added. New cstate: current_term: 1 leader_uuid: "f7cd92be941d4b2d8a4916395c57900c" committed_config { opid_index: 2 OBSOLETE_local: false peers { permanent_uuid: "f7cd92be941d4b2d8a4916395c57900c" member_type: VOTER last_known_addr { host: "127.7.107.1" port: 33213 } } peers { permanent_uuid: "38064e9720cf4975b6bfa04b9462c17a" member_type: VOTER last_known_addr { host: "127.7.107.2" port: 45499 } } peers { permanent_uuid: "df0caa60c4244330a4b85e41c3945da5" member_type: VOTER last_known_addr { host: "127.7.107.3" port: 44137 } attrs { replace: true } } peers { permanent_uuid: "ed3b33d88e8b44a0bf27f74c02e07195" member_type: NON_VOTER last_known_addr { host: "127.7.107.4" port: 34387 } attrs { promote: true } } }
I20260630 12:11:08.961925  7596 tablet_server.cc:179] TabletServer@127.7.107.1:0 shutting down...
W20260630 12:11:08.972680  8304 proxy.cc:239] Call had error, refreshing address and retrying: Remote error: Service unavailable: service kudu.consensus.ConsensusService not registered on TabletServer [suppressed 5 similar messages]
I20260630 12:11:08.983783  8655 ts_tablet_manager.cc:933] T 90e11b28623e4ff7baed9a7077086bb9 P ed3b33d88e8b44a0bf27f74c02e07195: Initiating tablet copy from peer f7cd92be941d4b2d8a4916395c57900c (127.7.107.1:33213)
I20260630 12:11:08.991422  8658 ts_tablet_manager.cc:933] T a6dded99a9514147aa152bffb8a74359 P ed3b33d88e8b44a0bf27f74c02e07195: Initiating tablet copy from peer f7cd92be941d4b2d8a4916395c57900c (127.7.107.1:33213)
W20260630 12:11:08.993135  8304 consensus_peers.cc:597] T 2faf2df68e32471aba61a6b06582a4b2 P 38064e9720cf4975b6bfa04b9462c17a -> Peer f7cd92be941d4b2d8a4916395c57900c (127.7.107.1:33213): Couldn't send request to peer f7cd92be941d4b2d8a4916395c57900c. Status: Remote error: Service unavailable: service kudu.consensus.ConsensusService not registered on TabletServer. This is attempt 1: this message will repeat every 5th retry.
I20260630 12:11:08.995064  8657 ts_tablet_manager.cc:933] T 66ec61f37b154233aa732055062d9dce P ed3b33d88e8b44a0bf27f74c02e07195: Initiating tablet copy from peer f7cd92be941d4b2d8a4916395c57900c (127.7.107.1:33213)
I20260630 12:11:08.997457  8655 tablet_copy_client.cc:323] T 90e11b28623e4ff7baed9a7077086bb9 P ed3b33d88e8b44a0bf27f74c02e07195: tablet copy: Beginning tablet copy session from remote peer at address 127.7.107.1:33213
I20260630 12:11:09.020804  8658 tablet_copy_client.cc:323] T a6dded99a9514147aa152bffb8a74359 P ed3b33d88e8b44a0bf27f74c02e07195: tablet copy: Beginning tablet copy session from remote peer at address 127.7.107.1:33213
I20260630 12:11:09.049662  7596 ts_tablet_manager.cc:1507] Shutting down tablet manager...
I20260630 12:11:09.050858  7596 tablet_replica.cc:333] T 2faf2df68e32471aba61a6b06582a4b2 P f7cd92be941d4b2d8a4916395c57900c: stopping tablet replica
I20260630 12:11:09.051676  7596 raft_consensus.cc:2243] T 2faf2df68e32471aba61a6b06582a4b2 P f7cd92be941d4b2d8a4916395c57900c [term 1 FOLLOWER]: Raft consensus shutting down.
I20260630 12:11:09.052211  7596 raft_consensus.cc:2272] T 2faf2df68e32471aba61a6b06582a4b2 P f7cd92be941d4b2d8a4916395c57900c [term 1 FOLLOWER]: Raft consensus is shut down!
I20260630 12:11:09.052670  8657 tablet_copy_client.cc:323] T 66ec61f37b154233aa732055062d9dce P ed3b33d88e8b44a0bf27f74c02e07195: tablet copy: Beginning tablet copy session from remote peer at address 127.7.107.1:33213
I20260630 12:11:09.054824  7596 tablet_replica.cc:333] T 6ca59581db7440b6a508ddf9cf1b70c4 P f7cd92be941d4b2d8a4916395c57900c: stopping tablet replica
I20260630 12:11:09.055685  7596 raft_consensus.cc:2243] T 6ca59581db7440b6a508ddf9cf1b70c4 P f7cd92be941d4b2d8a4916395c57900c [term 1 FOLLOWER]: Raft consensus shutting down.
I20260630 12:11:09.056227  7596 raft_consensus.cc:2272] T 6ca59581db7440b6a508ddf9cf1b70c4 P f7cd92be941d4b2d8a4916395c57900c [term 1 FOLLOWER]: Raft consensus is shut down!
I20260630 12:11:09.058555  7596 tablet_replica.cc:333] T 96df40949fe84a73bcd41130765941d3 P f7cd92be941d4b2d8a4916395c57900c: stopping tablet replica
I20260630 12:11:09.059263  7596 raft_consensus.cc:2243] T 96df40949fe84a73bcd41130765941d3 P f7cd92be941d4b2d8a4916395c57900c [term 2 FOLLOWER]: Raft consensus shutting down.
I20260630 12:11:09.059706  7596 raft_consensus.cc:2272] T 96df40949fe84a73bcd41130765941d3 P f7cd92be941d4b2d8a4916395c57900c [term 2 FOLLOWER]: Raft consensus is shut down!
I20260630 12:11:09.061975  7596 tablet_replica.cc:333] T 96c9c5a419824db88f3bea3b28828f11 P f7cd92be941d4b2d8a4916395c57900c: stopping tablet replica
I20260630 12:11:09.062659  7596 raft_consensus.cc:2243] T 96c9c5a419824db88f3bea3b28828f11 P f7cd92be941d4b2d8a4916395c57900c [term 2 FOLLOWER]: Raft consensus shutting down.
I20260630 12:11:09.063210  7596 raft_consensus.cc:2272] T 96c9c5a419824db88f3bea3b28828f11 P f7cd92be941d4b2d8a4916395c57900c [term 2 FOLLOWER]: Raft consensus is shut down!
I20260630 12:11:09.065864  7596 tablet_replica.cc:333] T e62abb4f6b7c41cba977998f39f30ed6 P f7cd92be941d4b2d8a4916395c57900c: stopping tablet replica
I20260630 12:11:09.066506  7596 raft_consensus.cc:2243] T e62abb4f6b7c41cba977998f39f30ed6 P f7cd92be941d4b2d8a4916395c57900c [term 1 FOLLOWER]: Raft consensus shutting down.
I20260630 12:11:09.066967  7596 raft_consensus.cc:2272] T e62abb4f6b7c41cba977998f39f30ed6 P f7cd92be941d4b2d8a4916395c57900c [term 1 FOLLOWER]: Raft consensus is shut down!
I20260630 12:11:09.069247  7596 tablet_replica.cc:333] T a6dded99a9514147aa152bffb8a74359 P f7cd92be941d4b2d8a4916395c57900c: stopping tablet replica
I20260630 12:11:09.069855  7596 raft_consensus.cc:2243] T a6dded99a9514147aa152bffb8a74359 P f7cd92be941d4b2d8a4916395c57900c [term 1 LEADER]: Raft consensus shutting down.
I20260630 12:11:09.070832  7596 raft_consensus.cc:2272] T a6dded99a9514147aa152bffb8a74359 P f7cd92be941d4b2d8a4916395c57900c [term 1 FOLLOWER]: Raft consensus is shut down!
I20260630 12:11:09.074231  7596 tablet_replica.cc:333] T 66ec61f37b154233aa732055062d9dce P f7cd92be941d4b2d8a4916395c57900c: stopping tablet replica
I20260630 12:11:09.074882  7596 raft_consensus.cc:2243] T 66ec61f37b154233aa732055062d9dce P f7cd92be941d4b2d8a4916395c57900c [term 1 LEADER]: Raft consensus shutting down.
I20260630 12:11:09.075933  7596 raft_consensus.cc:2272] T 66ec61f37b154233aa732055062d9dce P f7cd92be941d4b2d8a4916395c57900c [term 1 FOLLOWER]: Raft consensus is shut down!
W20260630 12:11:09.077262  8304 consensus_peers.cc:597] T 96c9c5a419824db88f3bea3b28828f11 P 38064e9720cf4975b6bfa04b9462c17a -> Peer f7cd92be941d4b2d8a4916395c57900c (127.7.107.1:33213): Couldn't send request to peer f7cd92be941d4b2d8a4916395c57900c. Status: Remote error: Service unavailable: service kudu.consensus.ConsensusService not registered on TabletServer. This is attempt 1: this message will repeat every 5th retry.
I20260630 12:11:09.079710  7596 tablet_replica.cc:333] T 90e11b28623e4ff7baed9a7077086bb9 P f7cd92be941d4b2d8a4916395c57900c: stopping tablet replica
I20260630 12:11:09.080521  7596 raft_consensus.cc:2243] T 90e11b28623e4ff7baed9a7077086bb9 P f7cd92be941d4b2d8a4916395c57900c [term 1 LEADER]: Raft consensus shutting down.
I20260630 12:11:09.081632  7596 raft_consensus.cc:2272] T 90e11b28623e4ff7baed9a7077086bb9 P f7cd92be941d4b2d8a4916395c57900c [term 1 FOLLOWER]: Raft consensus is shut down!
W20260630 12:11:09.083461  8378 consensus_peers.cc:597] T 6ca59581db7440b6a508ddf9cf1b70c4 P df0caa60c4244330a4b85e41c3945da5 -> Peer f7cd92be941d4b2d8a4916395c57900c (127.7.107.1:33213): Couldn't send request to peer f7cd92be941d4b2d8a4916395c57900c. Status: Remote error: Service unavailable: service kudu.consensus.ConsensusService not registered on TabletServer. This is attempt 1: this message will repeat every 5th retry.
W20260630 12:11:09.105466  8524 connection.cc:466] server connection from 127.0.0.1:59464 torn down before Call kudu.consensus.ConsensusService.StartTabletCopy from 127.0.0.1:59464 (request call id 5) could send its response
W20260630 12:11:09.108021  8524 connection.cc:466] server connection from 127.0.0.1:59464 torn down before Call kudu.consensus.ConsensusService.StartTabletCopy from 127.0.0.1:59464 (request call id 3) could send its response
I20260630 12:11:09.117137  7596 tablet_server.cc:196] TabletServer@127.7.107.1:0 shutdown complete.
I20260630 12:11:09.133800  8655 ts_tablet_manager.cc:933] T 96c9c5a419824db88f3bea3b28828f11 P ed3b33d88e8b44a0bf27f74c02e07195: Initiating tablet copy from peer 38064e9720cf4975b6bfa04b9462c17a (127.7.107.2:45499)
I20260630 12:11:09.136857  8655 tablet_copy_client.cc:323] T 96c9c5a419824db88f3bea3b28828f11 P ed3b33d88e8b44a0bf27f74c02e07195: tablet copy: Beginning tablet copy session from remote peer at address 127.7.107.2:45499
I20260630 12:11:09.139618  7596 tablet_server.cc:179] TabletServer@127.7.107.2:0 shutting down...
W20260630 12:11:09.167419  8524 connection.cc:466] server connection from 127.0.0.1:59464 torn down before Call kudu.consensus.ConsensusService.StartTabletCopy from 127.0.0.1:59464 (request call id 4) could send its response
I20260630 12:11:09.182904  7596 ts_tablet_manager.cc:1507] Shutting down tablet manager...
I20260630 12:11:09.185117  7596 tablet_replica.cc:333] T 6ca59581db7440b6a508ddf9cf1b70c4 P 38064e9720cf4975b6bfa04b9462c17a: stopping tablet replica
I20260630 12:11:09.185967  7596 raft_consensus.cc:2243] T 6ca59581db7440b6a508ddf9cf1b70c4 P 38064e9720cf4975b6bfa04b9462c17a [term 1 FOLLOWER]: Raft consensus shutting down.
I20260630 12:11:09.186594  7596 raft_consensus.cc:2272] T 6ca59581db7440b6a508ddf9cf1b70c4 P 38064e9720cf4975b6bfa04b9462c17a [term 1 FOLLOWER]: Raft consensus is shut down!
W20260630 12:11:09.186569  8380 consensus_peers.cc:597] T e62abb4f6b7c41cba977998f39f30ed6 P df0caa60c4244330a4b85e41c3945da5 -> Peer 38064e9720cf4975b6bfa04b9462c17a (127.7.107.2:45499): Couldn't send request to peer 38064e9720cf4975b6bfa04b9462c17a. Status: Remote error: Service unavailable: service kudu.consensus.ConsensusService not registered on TabletServer. This is attempt 1: this message will repeat every 5th retry.
I20260630 12:11:09.188761  7596 tablet_replica.cc:333] T 96c9c5a419824db88f3bea3b28828f11 P 38064e9720cf4975b6bfa04b9462c17a: stopping tablet replica
I20260630 12:11:09.189330  7596 raft_consensus.cc:2243] T 96c9c5a419824db88f3bea3b28828f11 P 38064e9720cf4975b6bfa04b9462c17a [term 2 LEADER]: Raft consensus shutting down.
I20260630 12:11:09.190076  7596 raft_consensus.cc:2272] T 96c9c5a419824db88f3bea3b28828f11 P 38064e9720cf4975b6bfa04b9462c17a [term 2 FOLLOWER]: Raft consensus is shut down!
I20260630 12:11:09.193809  7596 tablet_replica.cc:333] T 96df40949fe84a73bcd41130765941d3 P 38064e9720cf4975b6bfa04b9462c17a: stopping tablet replica
I20260630 12:11:09.194411  7596 raft_consensus.cc:2243] T 96df40949fe84a73bcd41130765941d3 P 38064e9720cf4975b6bfa04b9462c17a [term 2 LEADER]: Raft consensus shutting down.
