I20260630 12:12:32.778617  3542 raft_consensus.cc:2955] T 6452faa523b84165bf592c107e920177 P e600c299df054484bda7da1f6eca05a3 [term 1 FOLLOWER]: Committing config change with OpId 1.4: config changed from index 3 to 4, VOTER 8d9cef92a1344697aed4f4e7e4bc3cc9 (127.0.107.196) evicted. New config: { opid_index: 4 OBSOLETE_local: false peers { permanent_uuid: "e600c299df054484bda7da1f6eca05a3" member_type: VOTER last_known_addr { host: "127.0.107.195" port: 33025 } } peers { permanent_uuid: "a452d2597d3e416795580952e76607a7" member_type: VOTER last_known_addr { host: "127.0.107.193" port: 36207 } } peers { permanent_uuid: "7174eb8ed82f4cc39c74b07b1a6b95cb" member_type: VOTER last_known_addr { host: "127.0.107.194" port: 41355 } attrs { promote: false } } }
I20260630 12:12:32.782111  3960 log.cc:1199] T 9de152c9c8674dc2b0c6560cf3d48ff2 P 7174eb8ed82f4cc39c74b07b1a6b95cb: Deleting WAL directory at /tmp/dist-test-taskz8lt1Z/test-tmp/auto_rebalancer-test.0.AutoRebalancerTest.RangeAwareRebalancesNewRangeReplicas.1782821464351749-431-0/minicluster-data/ts-1-root/wals/9de152c9c8674dc2b0c6560cf3d48ff2
I20260630 12:12:32.783826  3277 catalog_manager.cc:5028] TS 7174eb8ed82f4cc39c74b07b1a6b95cb (127.0.107.194:41355): tablet 9de152c9c8674dc2b0c6560cf3d48ff2 (table range_aware_rebalance_new_range [id=19390556711b4bb3873d57c1f717f055]) successfully deleted
I20260630 12:12:32.784407  3292 catalog_manager.cc:5697] T 6452faa523b84165bf592c107e920177 P 7174eb8ed82f4cc39c74b07b1a6b95cb reported cstate change: config changed from index 3 to 4, VOTER 8d9cef92a1344697aed4f4e7e4bc3cc9 (127.0.107.196) evicted. New cstate: current_term: 1 leader_uuid: "a452d2597d3e416795580952e76607a7" committed_config { opid_index: 4 OBSOLETE_local: false peers { permanent_uuid: "e600c299df054484bda7da1f6eca05a3" member_type: VOTER last_known_addr { host: "127.0.107.195" port: 33025 } } peers { permanent_uuid: "a452d2597d3e416795580952e76607a7" member_type: VOTER last_known_addr { host: "127.0.107.193" port: 36207 } } peers { permanent_uuid: "7174eb8ed82f4cc39c74b07b1a6b95cb" member_type: VOTER last_known_addr { host: "127.0.107.194" port: 41355 } attrs { promote: false } } }
I20260630 12:12:32.794108  3676 tablet_service.cc:1558] Processing DeleteTablet for tablet 6452faa523b84165bf592c107e920177 with delete_type TABLET_DATA_TOMBSTONED (TS 8d9cef92a1344697aed4f4e7e4bc3cc9 not found in new config with opid_index 4) from {username='slave'} at 127.0.0.1:39874
I20260630 12:12:32.794970  3954 tablet_replica.cc:333] T 6452faa523b84165bf592c107e920177 P 8d9cef92a1344697aed4f4e7e4bc3cc9: stopping tablet replica
I20260630 12:12:32.796253  3954 raft_consensus.cc:2243] T 6452faa523b84165bf592c107e920177 P 8d9cef92a1344697aed4f4e7e4bc3cc9 [term 1 FOLLOWER]: Raft consensus shutting down.
I20260630 12:12:32.796854  3954 raft_consensus.cc:2272] T 6452faa523b84165bf592c107e920177 P 8d9cef92a1344697aed4f4e7e4bc3cc9 [term 1 FOLLOWER]: Raft consensus is shut down!
I20260630 12:12:32.799332  3954 ts_tablet_manager.cc:1916] T 6452faa523b84165bf592c107e920177 P 8d9cef92a1344697aed4f4e7e4bc3cc9: Deleting tablet data with delete state TABLET_DATA_TOMBSTONED
I20260630 12:12:32.808866  3954 ts_tablet_manager.cc:1929] T 6452faa523b84165bf592c107e920177 P 8d9cef92a1344697aed4f4e7e4bc3cc9: tablet deleted with delete type TABLET_DATA_TOMBSTONED: last-logged OpId 1.3
I20260630 12:12:32.809139  3954 log.cc:1199] T 6452faa523b84165bf592c107e920177 P 8d9cef92a1344697aed4f4e7e4bc3cc9: Deleting WAL directory at /tmp/dist-test-taskz8lt1Z/test-tmp/auto_rebalancer-test.0.AutoRebalancerTest.RangeAwareRebalancesNewRangeReplicas.1782821464351749-431-0/minicluster-data/ts-3-root/wals/6452faa523b84165bf592c107e920177
I20260630 12:12:32.810225  3277 catalog_manager.cc:5028] TS 8d9cef92a1344697aed4f4e7e4bc3cc9 (127.0.107.196:38021): tablet 6452faa523b84165bf592c107e920177 (table range_aware_rebalance_new_range [id=19390556711b4bb3873d57c1f717f055]) successfully deleted
I20260630 12:12:33.813447  3469 consensus_queue.cc:237] T fa12a3596ca84fb4865b586242c202fe P 7174eb8ed82f4cc39c74b07b1a6b95cb [LEADER]: Queue going to LEADER mode. State: All replicated index: 0, Majority replicated index: 1, Committed index: 1, Last appended: 1.1, Last appended by leader: 0, Current term: 1, Majority size: 2, State: 0, Mode: LEADER, active raft config: opid_index: 2 OBSOLETE_local: false peers { permanent_uuid: "7174eb8ed82f4cc39c74b07b1a6b95cb" member_type: VOTER last_known_addr { host: "127.0.107.194" port: 41355 } } peers { permanent_uuid: "a452d2597d3e416795580952e76607a7" member_type: VOTER last_known_addr { host: "127.0.107.193" port: 36207 } } peers { permanent_uuid: "e600c299df054484bda7da1f6eca05a3" member_type: VOTER last_known_addr { host: "127.0.107.195" port: 33025 } attrs { replace: true } } peers { permanent_uuid: "8d9cef92a1344697aed4f4e7e4bc3cc9" member_type: NON_VOTER last_known_addr { host: "127.0.107.196" port: 38021 } attrs { promote: true } }
I20260630 12:12:33.818892  3542 raft_consensus.cc:1275] T fa12a3596ca84fb4865b586242c202fe P e600c299df054484bda7da1f6eca05a3 [term 1 FOLLOWER]: Refusing update from remote peer 7174eb8ed82f4cc39c74b07b1a6b95cb: Log matching property violated. Preceding OpId in replica: term: 1 index: 1. Preceding OpId from leader: term: 1 index: 2. (index mismatch)
W20260630 12:12:33.819439  3433 consensus_peers.cc:597] T fa12a3596ca84fb4865b586242c202fe P 7174eb8ed82f4cc39c74b07b1a6b95cb -> Peer 8d9cef92a1344697aed4f4e7e4bc3cc9 (127.0.107.196:38021): Couldn't send request to peer 8d9cef92a1344697aed4f4e7e4bc3cc9. Error code: TABLET_NOT_FOUND (6). Status: Not found: Tablet not found: fa12a3596ca84fb4865b586242c202fe. This is attempt 1: this message will repeat every 5th retry.
I20260630 12:12:33.819470  3393 raft_consensus.cc:1275] T fa12a3596ca84fb4865b586242c202fe P a452d2597d3e416795580952e76607a7 [term 1 FOLLOWER]: Refusing update from remote peer 7174eb8ed82f4cc39c74b07b1a6b95cb: Log matching property violated. Preceding OpId in replica: term: 1 index: 1. Preceding OpId from leader: term: 1 index: 2. (index mismatch)
I20260630 12:12:33.820106  3963 consensus_queue.cc:1048] T fa12a3596ca84fb4865b586242c202fe P 7174eb8ed82f4cc39c74b07b1a6b95cb [LEADER]: Connected to new peer: Peer: permanent_uuid: "e600c299df054484bda7da1f6eca05a3" member_type: VOTER last_known_addr { host: "127.0.107.195" port: 33025 } attrs { replace: true }, Status: LMP_MISMATCH, Last received: 0.0, Next index: 2, Last known committed idx: 1, Time since last communication: 0.000s
I20260630 12:12:33.820861  3964 consensus_queue.cc:1048] T fa12a3596ca84fb4865b586242c202fe P 7174eb8ed82f4cc39c74b07b1a6b95cb [LEADER]: Connected to new peer: Peer: permanent_uuid: "a452d2597d3e416795580952e76607a7" member_type: VOTER last_known_addr { host: "127.0.107.193" port: 36207 }, Status: LMP_MISMATCH, Last received: 0.0, Next index: 2, Last known committed idx: 1, Time since last communication: 0.000s
I20260630 12:12:33.827951  3963 raft_consensus.cc:2955] T fa12a3596ca84fb4865b586242c202fe P 7174eb8ed82f4cc39c74b07b1a6b95cb [term 1 LEADER]: Committing config change with OpId 1.2: config changed from index -1 to 2, NON_VOTER 8d9cef92a1344697aed4f4e7e4bc3cc9 (127.0.107.196) added. New config: { opid_index: 2 OBSOLETE_local: false peers { permanent_uuid: "7174eb8ed82f4cc39c74b07b1a6b95cb" member_type: VOTER last_known_addr { host: "127.0.107.194" port: 41355 } } peers { permanent_uuid: "a452d2597d3e416795580952e76607a7" member_type: VOTER last_known_addr { host: "127.0.107.193" port: 36207 } } peers { permanent_uuid: "e600c299df054484bda7da1f6eca05a3" member_type: VOTER last_known_addr { host: "127.0.107.195" port: 33025 } attrs { replace: true } } peers { permanent_uuid: "8d9cef92a1344697aed4f4e7e4bc3cc9" member_type: NON_VOTER last_known_addr { host: "127.0.107.196" port: 38021 } attrs { promote: true } } }
I20260630 12:12:33.830341  3393 raft_consensus.cc:2955] T fa12a3596ca84fb4865b586242c202fe P a452d2597d3e416795580952e76607a7 [term 1 FOLLOWER]: Committing config change with OpId 1.2: config changed from index -1 to 2, NON_VOTER 8d9cef92a1344697aed4f4e7e4bc3cc9 (127.0.107.196) added. New config: { opid_index: 2 OBSOLETE_local: false peers { permanent_uuid: "7174eb8ed82f4cc39c74b07b1a6b95cb" member_type: VOTER last_known_addr { host: "127.0.107.194" port: 41355 } } peers { permanent_uuid: "a452d2597d3e416795580952e76607a7" member_type: VOTER last_known_addr { host: "127.0.107.193" port: 36207 } } peers { permanent_uuid: "e600c299df054484bda7da1f6eca05a3" member_type: VOTER last_known_addr { host: "127.0.107.195" port: 33025 } attrs { replace: true } } peers { permanent_uuid: "8d9cef92a1344697aed4f4e7e4bc3cc9" member_type: NON_VOTER last_known_addr { host: "127.0.107.196" port: 38021 } attrs { promote: true } } }
I20260630 12:12:33.832188  3542 raft_consensus.cc:2955] T fa12a3596ca84fb4865b586242c202fe P e600c299df054484bda7da1f6eca05a3 [term 1 FOLLOWER]: Committing config change with OpId 1.2: config changed from index -1 to 2, NON_VOTER 8d9cef92a1344697aed4f4e7e4bc3cc9 (127.0.107.196) added. New config: { opid_index: 2 OBSOLETE_local: false peers { permanent_uuid: "7174eb8ed82f4cc39c74b07b1a6b95cb" member_type: VOTER last_known_addr { host: "127.0.107.194" port: 41355 } } peers { permanent_uuid: "a452d2597d3e416795580952e76607a7" member_type: VOTER last_known_addr { host: "127.0.107.193" port: 36207 } } peers { permanent_uuid: "e600c299df054484bda7da1f6eca05a3" member_type: VOTER last_known_addr { host: "127.0.107.195" port: 33025 } attrs { replace: true } } peers { permanent_uuid: "8d9cef92a1344697aed4f4e7e4bc3cc9" member_type: NON_VOTER last_known_addr { host: "127.0.107.196" port: 38021 } attrs { promote: true } } }
I20260630 12:12:33.842990  3292 catalog_manager.cc:5697] T fa12a3596ca84fb4865b586242c202fe P e600c299df054484bda7da1f6eca05a3 reported cstate change: config changed from index -1 to 2, NON_VOTER 8d9cef92a1344697aed4f4e7e4bc3cc9 (127.0.107.196) added. New cstate: current_term: 1 leader_uuid: "7174eb8ed82f4cc39c74b07b1a6b95cb" committed_config { opid_index: 2 OBSOLETE_local: false peers { permanent_uuid: "7174eb8ed82f4cc39c74b07b1a6b95cb" member_type: VOTER last_known_addr { host: "127.0.107.194" port: 41355 } } peers { permanent_uuid: "a452d2597d3e416795580952e76607a7" member_type: VOTER last_known_addr { host: "127.0.107.193" port: 36207 } } peers { permanent_uuid: "e600c299df054484bda7da1f6eca05a3" member_type: VOTER last_known_addr { host: "127.0.107.195" port: 33025 } attrs { replace: true } } peers { permanent_uuid: "8d9cef92a1344697aed4f4e7e4bc3cc9" member_type: NON_VOTER last_known_addr { host: "127.0.107.196" port: 38021 } attrs { promote: true } } }
I20260630 12:12:33.939360  3346 auto_leader_rebalancer.cc:141] leader rebalance for table range_aware_rebalance_new_range
I20260630 12:12:33.951566  3346 auto_leader_rebalancer.cc:440] table: range_aware_rebalance_new_range, leader rebalance finish, leader transfer count: 0
I20260630 12:12:33.952104  3346 auto_leader_rebalancer.cc:515] All tables' leader rebalancing finished this round
I20260630 12:12:34.382222  3973 ts_tablet_manager.cc:933] T fa12a3596ca84fb4865b586242c202fe P 8d9cef92a1344697aed4f4e7e4bc3cc9: Initiating tablet copy from peer 7174eb8ed82f4cc39c74b07b1a6b95cb (127.0.107.194:41355)
I20260630 12:12:34.383720  3973 tablet_copy_client.cc:323] T fa12a3596ca84fb4865b586242c202fe P 8d9cef92a1344697aed4f4e7e4bc3cc9: tablet copy: Beginning tablet copy session from remote peer at address 127.0.107.194:41355
I20260630 12:12:34.385141  3480 tablet_copy_service.cc:140] P 7174eb8ed82f4cc39c74b07b1a6b95cb: Received BeginTabletCopySession request for tablet fa12a3596ca84fb4865b586242c202fe from peer 8d9cef92a1344697aed4f4e7e4bc3cc9 ({username='slave'} at 127.0.0.1:51876)
I20260630 12:12:34.385651  3480 tablet_copy_service.cc:161] P 7174eb8ed82f4cc39c74b07b1a6b95cb: Beginning new tablet copy session on tablet fa12a3596ca84fb4865b586242c202fe from peer 8d9cef92a1344697aed4f4e7e4bc3cc9 at {username='slave'} at 127.0.0.1:51876: session id = 8d9cef92a1344697aed4f4e7e4bc3cc9-fa12a3596ca84fb4865b586242c202fe
I20260630 12:12:34.392623  3480 tablet_copy_source_session.cc:215] T fa12a3596ca84fb4865b586242c202fe P 7174eb8ed82f4cc39c74b07b1a6b95cb: Tablet Copy: opened 0 blocks and 1 log segments
I20260630 12:12:34.395274  3973 data_dirs.cc:400] Could only allocate 1 dirs of requested 3 for tablet fa12a3596ca84fb4865b586242c202fe. 1 dirs total, 0 dirs full, 0 dirs failed
I20260630 12:12:34.406243  3973 tablet_copy_client.cc:806] T fa12a3596ca84fb4865b586242c202fe P 8d9cef92a1344697aed4f4e7e4bc3cc9: tablet copy: Starting download of 0 data blocks...
I20260630 12:12:34.406755  3973 tablet_copy_client.cc:670] T fa12a3596ca84fb4865b586242c202fe P 8d9cef92a1344697aed4f4e7e4bc3cc9: tablet copy: Starting download of 1 WAL segments...
I20260630 12:12:34.409806  3973 tablet_copy_client.cc:538] T fa12a3596ca84fb4865b586242c202fe P 8d9cef92a1344697aed4f4e7e4bc3cc9: tablet copy: Tablet Copy complete. Replacing tablet superblock.
I20260630 12:12:34.415688  3973 tablet_bootstrap.cc:492] T fa12a3596ca84fb4865b586242c202fe P 8d9cef92a1344697aed4f4e7e4bc3cc9: Bootstrap starting.
I20260630 12:12:34.431911  3973 tablet_bootstrap.cc:492] T fa12a3596ca84fb4865b586242c202fe P 8d9cef92a1344697aed4f4e7e4bc3cc9: Bootstrap replayed 1/1 log segments. Stats: ops{read=2 overwritten=0 applied=2 ignored=0} inserts{seen=0 ignored=0} mutations{seen=0 ignored=0} orphaned_commits=0. Pending: 0 replicates
I20260630 12:12:34.432778  3973 tablet_bootstrap.cc:492] T fa12a3596ca84fb4865b586242c202fe P 8d9cef92a1344697aed4f4e7e4bc3cc9: Bootstrap complete.
I20260630 12:12:34.433400  3973 ts_tablet_manager.cc:1403] T fa12a3596ca84fb4865b586242c202fe P 8d9cef92a1344697aed4f4e7e4bc3cc9: Time spent bootstrapping tablet: real 0.018s	user 0.015s	sys 0.004s
I20260630 12:12:34.436200  3973 raft_consensus.cc:359] T fa12a3596ca84fb4865b586242c202fe P 8d9cef92a1344697aed4f4e7e4bc3cc9 [term 1 LEARNER]: Replica starting. Triggering 0 pending ops. Active config: opid_index: 2 OBSOLETE_local: false peers { permanent_uuid: "7174eb8ed82f4cc39c74b07b1a6b95cb" member_type: VOTER last_known_addr { host: "127.0.107.194" port: 41355 } } peers { permanent_uuid: "a452d2597d3e416795580952e76607a7" member_type: VOTER last_known_addr { host: "127.0.107.193" port: 36207 } } peers { permanent_uuid: "e600c299df054484bda7da1f6eca05a3" member_type: VOTER last_known_addr { host: "127.0.107.195" port: 33025 } attrs { replace: true } } peers { permanent_uuid: "8d9cef92a1344697aed4f4e7e4bc3cc9" member_type: NON_VOTER last_known_addr { host: "127.0.107.196" port: 38021 } attrs { promote: true } }
I20260630 12:12:34.437057  3973 raft_consensus.cc:740] T fa12a3596ca84fb4865b586242c202fe P 8d9cef92a1344697aed4f4e7e4bc3cc9 [term 1 LEARNER]: Becoming Follower/Learner. State: Replica: 8d9cef92a1344697aed4f4e7e4bc3cc9, State: Initialized, Role: LEARNER
I20260630 12:12:34.437700  3973 consensus_queue.cc:260] T fa12a3596ca84fb4865b586242c202fe P 8d9cef92a1344697aed4f4e7e4bc3cc9 [NON_LEADER]: Queue going to NON_LEADER mode. State: All replicated index: 0, Majority replicated index: 0, Committed index: 2, Last appended: 1.2, Last appended by leader: 2, Current term: 0, Majority size: -1, State: 0, Mode: NON_LEADER, active raft config: opid_index: 2 OBSOLETE_local: false peers { permanent_uuid: "7174eb8ed82f4cc39c74b07b1a6b95cb" member_type: VOTER last_known_addr { host: "127.0.107.194" port: 41355 } } peers { permanent_uuid: "a452d2597d3e416795580952e76607a7" member_type: VOTER last_known_addr { host: "127.0.107.193" port: 36207 } } peers { permanent_uuid: "e600c299df054484bda7da1f6eca05a3" member_type: VOTER last_known_addr { host: "127.0.107.195" port: 33025 } attrs { replace: true } } peers { permanent_uuid: "8d9cef92a1344697aed4f4e7e4bc3cc9" member_type: NON_VOTER last_known_addr { host: "127.0.107.196" port: 38021 } attrs { promote: true } }
I20260630 12:12:34.440137  3973 ts_tablet_manager.cc:1434] T fa12a3596ca84fb4865b586242c202fe P 8d9cef92a1344697aed4f4e7e4bc3cc9: Time spent starting tablet: real 0.006s	user 0.004s	sys 0.000s
I20260630 12:12:34.441754  3480 tablet_copy_service.cc:342] P 7174eb8ed82f4cc39c74b07b1a6b95cb: Request end of tablet copy session 8d9cef92a1344697aed4f4e7e4bc3cc9-fa12a3596ca84fb4865b586242c202fe received from {username='slave'} at 127.0.0.1:51876
I20260630 12:12:34.442147  3480 tablet_copy_service.cc:434] P 7174eb8ed82f4cc39c74b07b1a6b95cb: ending tablet copy session 8d9cef92a1344697aed4f4e7e4bc3cc9-fa12a3596ca84fb4865b586242c202fe on tablet fa12a3596ca84fb4865b586242c202fe with peer 8d9cef92a1344697aed4f4e7e4bc3cc9
I20260630 12:12:34.964439  3691 raft_consensus.cc:1217] T fa12a3596ca84fb4865b586242c202fe P 8d9cef92a1344697aed4f4e7e4bc3cc9 [term 1 LEARNER]: Deduplicated request from leader. Original: 1.1->[1.2-1.2]   Dedup: 1.2->[]
I20260630 12:12:35.380535  3979 raft_consensus.cc:1064] T fa12a3596ca84fb4865b586242c202fe P 7174eb8ed82f4cc39c74b07b1a6b95cb: attempting to promote NON_VOTER 8d9cef92a1344697aed4f4e7e4bc3cc9 to VOTER
I20260630 12:12:35.384014  3979 consensus_queue.cc:237] T fa12a3596ca84fb4865b586242c202fe P 7174eb8ed82f4cc39c74b07b1a6b95cb [LEADER]: Queue going to LEADER mode. State: All replicated index: 0, Majority replicated index: 2, Committed index: 2, Last appended: 1.2, Last appended by leader: 0, Current term: 1, Majority size: 3, State: 0, Mode: LEADER, active raft config: opid_index: 3 OBSOLETE_local: false peers { permanent_uuid: "7174eb8ed82f4cc39c74b07b1a6b95cb" member_type: VOTER last_known_addr { host: "127.0.107.194" port: 41355 } } peers { permanent_uuid: "a452d2597d3e416795580952e76607a7" member_type: VOTER last_known_addr { host: "127.0.107.193" port: 36207 } } peers { permanent_uuid: "e600c299df054484bda7da1f6eca05a3" member_type: VOTER last_known_addr { host: "127.0.107.195" port: 33025 } attrs { replace: true } } peers { permanent_uuid: "8d9cef92a1344697aed4f4e7e4bc3cc9" member_type: VOTER last_known_addr { host: "127.0.107.196" port: 38021 } attrs { promote: false } }
I20260630 12:12:35.391328  3541 raft_consensus.cc:1275] T fa12a3596ca84fb4865b586242c202fe P e600c299df054484bda7da1f6eca05a3 [term 1 FOLLOWER]: Refusing update from remote peer 7174eb8ed82f4cc39c74b07b1a6b95cb: Log matching property violated. Preceding OpId in replica: term: 1 index: 2. Preceding OpId from leader: term: 1 index: 3. (index mismatch)
I20260630 12:12:35.392184  3691 raft_consensus.cc:1275] T fa12a3596ca84fb4865b586242c202fe P 8d9cef92a1344697aed4f4e7e4bc3cc9 [term 1 LEARNER]: Refusing update from remote peer 7174eb8ed82f4cc39c74b07b1a6b95cb: Log matching property violated. Preceding OpId in replica: term: 1 index: 2. Preceding OpId from leader: term: 1 index: 3. (index mismatch)
I20260630 12:12:35.392791  3393 raft_consensus.cc:1275] T fa12a3596ca84fb4865b586242c202fe P a452d2597d3e416795580952e76607a7 [term 1 FOLLOWER]: Refusing update from remote peer 7174eb8ed82f4cc39c74b07b1a6b95cb: Log matching property violated. Preceding OpId in replica: term: 1 index: 2. Preceding OpId from leader: term: 1 index: 3. (index mismatch)
I20260630 12:12:35.392920  3981 consensus_queue.cc:1048] T fa12a3596ca84fb4865b586242c202fe P 7174eb8ed82f4cc39c74b07b1a6b95cb [LEADER]: Connected to new peer: Peer: permanent_uuid: "e600c299df054484bda7da1f6eca05a3" member_type: VOTER last_known_addr { host: "127.0.107.195" port: 33025 } attrs { replace: true }, Status: LMP_MISMATCH, Last received: 0.0, Next index: 3, Last known committed idx: 2, Time since last communication: 0.001s
I20260630 12:12:35.394305  3964 consensus_queue.cc:1048] T fa12a3596ca84fb4865b586242c202fe P 7174eb8ed82f4cc39c74b07b1a6b95cb [LEADER]: Connected to new peer: Peer: permanent_uuid: "8d9cef92a1344697aed4f4e7e4bc3cc9" member_type: VOTER last_known_addr { host: "127.0.107.196" port: 38021 } attrs { promote: false }, Status: LMP_MISMATCH, Last received: 0.0, Next index: 3, Last known committed idx: 2, Time since last communication: 0.001s
I20260630 12:12:35.395212  3979 consensus_queue.cc:1048] T fa12a3596ca84fb4865b586242c202fe P 7174eb8ed82f4cc39c74b07b1a6b95cb [LEADER]: Connected to new peer: Peer: permanent_uuid: "a452d2597d3e416795580952e76607a7" member_type: VOTER last_known_addr { host: "127.0.107.193" port: 36207 }, Status: LMP_MISMATCH, Last received: 0.0, Next index: 3, Last known committed idx: 2, Time since last communication: 0.000s
I20260630 12:12:35.408963  3979 raft_consensus.cc:2955] T fa12a3596ca84fb4865b586242c202fe P 7174eb8ed82f4cc39c74b07b1a6b95cb [term 1 LEADER]: Committing config change with OpId 1.3: config changed from index 2 to 3, 8d9cef92a1344697aed4f4e7e4bc3cc9 (127.0.107.196) changed from NON_VOTER to VOTER. New config: { opid_index: 3 OBSOLETE_local: false peers { permanent_uuid: "7174eb8ed82f4cc39c74b07b1a6b95cb" member_type: VOTER last_known_addr { host: "127.0.107.194" port: 41355 } } peers { permanent_uuid: "a452d2597d3e416795580952e76607a7" member_type: VOTER last_known_addr { host: "127.0.107.193" port: 36207 } } peers { permanent_uuid: "e600c299df054484bda7da1f6eca05a3" member_type: VOTER last_known_addr { host: "127.0.107.195" port: 33025 } attrs { replace: true } } peers { permanent_uuid: "8d9cef92a1344697aed4f4e7e4bc3cc9" member_type: VOTER last_known_addr { host: "127.0.107.196" port: 38021 } attrs { promote: false } } }
I20260630 12:12:35.410640  3393 raft_consensus.cc:2955] T fa12a3596ca84fb4865b586242c202fe P a452d2597d3e416795580952e76607a7 [term 1 FOLLOWER]: Committing config change with OpId 1.3: config changed from index 2 to 3, 8d9cef92a1344697aed4f4e7e4bc3cc9 (127.0.107.196) changed from NON_VOTER to VOTER. New config: { opid_index: 3 OBSOLETE_local: false peers { permanent_uuid: "7174eb8ed82f4cc39c74b07b1a6b95cb" member_type: VOTER last_known_addr { host: "127.0.107.194" port: 41355 } } peers { permanent_uuid: "a452d2597d3e416795580952e76607a7" member_type: VOTER last_known_addr { host: "127.0.107.193" port: 36207 } } peers { permanent_uuid: "e600c299df054484bda7da1f6eca05a3" member_type: VOTER last_known_addr { host: "127.0.107.195" port: 33025 } attrs { replace: true } } peers { permanent_uuid: "8d9cef92a1344697aed4f4e7e4bc3cc9" member_type: VOTER last_known_addr { host: "127.0.107.196" port: 38021 } attrs { promote: false } } }
I20260630 12:12:35.416335  3542 raft_consensus.cc:2955] T fa12a3596ca84fb4865b586242c202fe P e600c299df054484bda7da1f6eca05a3 [term 1 FOLLOWER]: Committing config change with OpId 1.3: config changed from index 2 to 3, 8d9cef92a1344697aed4f4e7e4bc3cc9 (127.0.107.196) changed from NON_VOTER to VOTER. New config: { opid_index: 3 OBSOLETE_local: false peers { permanent_uuid: "7174eb8ed82f4cc39c74b07b1a6b95cb" member_type: VOTER last_known_addr { host: "127.0.107.194" port: 41355 } } peers { permanent_uuid: "a452d2597d3e416795580952e76607a7" member_type: VOTER last_known_addr { host: "127.0.107.193" port: 36207 } } peers { permanent_uuid: "e600c299df054484bda7da1f6eca05a3" member_type: VOTER last_known_addr { host: "127.0.107.195" port: 33025 } attrs { replace: true } } peers { permanent_uuid: "8d9cef92a1344697aed4f4e7e4bc3cc9" member_type: VOTER last_known_addr { host: "127.0.107.196" port: 38021 } attrs { promote: false } } }
I20260630 12:12:35.422643  3691 raft_consensus.cc:2955] T fa12a3596ca84fb4865b586242c202fe P 8d9cef92a1344697aed4f4e7e4bc3cc9 [term 1 FOLLOWER]: Committing config change with OpId 1.3: config changed from index 2 to 3, 8d9cef92a1344697aed4f4e7e4bc3cc9 (127.0.107.196) changed from NON_VOTER to VOTER. New config: { opid_index: 3 OBSOLETE_local: false peers { permanent_uuid: "7174eb8ed82f4cc39c74b07b1a6b95cb" member_type: VOTER last_known_addr { host: "127.0.107.194" port: 41355 } } peers { permanent_uuid: "a452d2597d3e416795580952e76607a7" member_type: VOTER last_known_addr { host: "127.0.107.193" port: 36207 } } peers { permanent_uuid: "e600c299df054484bda7da1f6eca05a3" member_type: VOTER last_known_addr { host: "127.0.107.195" port: 33025 } attrs { replace: true } } peers { permanent_uuid: "8d9cef92a1344697aed4f4e7e4bc3cc9" member_type: VOTER last_known_addr { host: "127.0.107.196" port: 38021 } attrs { promote: false } } }
I20260630 12:12:35.423611  3289 catalog_manager.cc:5697] T fa12a3596ca84fb4865b586242c202fe P 7174eb8ed82f4cc39c74b07b1a6b95cb reported cstate change: config changed from index 2 to 3, 8d9cef92a1344697aed4f4e7e4bc3cc9 (127.0.107.196) changed from NON_VOTER to VOTER. New cstate: current_term: 1 leader_uuid: "7174eb8ed82f4cc39c74b07b1a6b95cb" committed_config { opid_index: 3 OBSOLETE_local: false peers { permanent_uuid: "7174eb8ed82f4cc39c74b07b1a6b95cb" member_type: VOTER last_known_addr { host: "127.0.107.194" port: 41355 } health_report { overall_health: HEALTHY } } peers { permanent_uuid: "a452d2597d3e416795580952e76607a7" member_type: VOTER last_known_addr { host: "127.0.107.193" port: 36207 } health_report { overall_health: HEALTHY } } peers { permanent_uuid: "e600c299df054484bda7da1f6eca05a3" member_type: VOTER last_known_addr { host: "127.0.107.195" port: 33025 } attrs { replace: true } health_report { overall_health: HEALTHY } } peers { permanent_uuid: "8d9cef92a1344697aed4f4e7e4bc3cc9" member_type: VOTER last_known_addr { host: "127.0.107.196" port: 38021 } attrs { promote: false } health_report { overall_health: HEALTHY } } }
I20260630 12:12:35.449465  3469 consensus_queue.cc:237] T fa12a3596ca84fb4865b586242c202fe P 7174eb8ed82f4cc39c74b07b1a6b95cb [LEADER]: Queue going to LEADER mode. State: All replicated index: 0, Majority replicated index: 3, Committed index: 3, Last appended: 1.3, Last appended by leader: 0, Current term: 1, Majority size: 2, State: 0, Mode: LEADER, active raft config: opid_index: 4 OBSOLETE_local: false peers { permanent_uuid: "7174eb8ed82f4cc39c74b07b1a6b95cb" member_type: VOTER last_known_addr { host: "127.0.107.194" port: 41355 } } peers { permanent_uuid: "a452d2597d3e416795580952e76607a7" member_type: VOTER last_known_addr { host: "127.0.107.193" port: 36207 } } peers { permanent_uuid: "8d9cef92a1344697aed4f4e7e4bc3cc9" member_type: VOTER last_known_addr { host: "127.0.107.196" port: 38021 } attrs { promote: false } }
I20260630 12:12:35.455236  3691 raft_consensus.cc:1275] T fa12a3596ca84fb4865b586242c202fe P 8d9cef92a1344697aed4f4e7e4bc3cc9 [term 1 FOLLOWER]: Refusing update from remote peer 7174eb8ed82f4cc39c74b07b1a6b95cb: Log matching property violated. Preceding OpId in replica: term: 1 index: 3. Preceding OpId from leader: term: 1 index: 4. (index mismatch)
I20260630 12:12:35.456089  3393 raft_consensus.cc:1275] T fa12a3596ca84fb4865b586242c202fe P a452d2597d3e416795580952e76607a7 [term 1 FOLLOWER]: Refusing update from remote peer 7174eb8ed82f4cc39c74b07b1a6b95cb: Log matching property violated. Preceding OpId in replica: term: 1 index: 3. Preceding OpId from leader: term: 1 index: 4. (index mismatch)
I20260630 12:12:35.456444  3981 consensus_queue.cc:1048] T fa12a3596ca84fb4865b586242c202fe P 7174eb8ed82f4cc39c74b07b1a6b95cb [LEADER]: Connected to new peer: Peer: permanent_uuid: "8d9cef92a1344697aed4f4e7e4bc3cc9" member_type: VOTER last_known_addr { host: "127.0.107.196" port: 38021 } attrs { promote: false }, Status: LMP_MISMATCH, Last received: 0.0, Next index: 4, Last known committed idx: 3, Time since last communication: 0.000s
I20260630 12:12:35.457291  3979 consensus_queue.cc:1048] T fa12a3596ca84fb4865b586242c202fe P 7174eb8ed82f4cc39c74b07b1a6b95cb [LEADER]: Connected to new peer: Peer: permanent_uuid: "a452d2597d3e416795580952e76607a7" member_type: VOTER last_known_addr { host: "127.0.107.193" port: 36207 }, Status: LMP_MISMATCH, Last received: 0.0, Next index: 4, Last known committed idx: 3, Time since last communication: 0.000s
I20260630 12:12:35.462986  3979 raft_consensus.cc:2955] T fa12a3596ca84fb4865b586242c202fe P 7174eb8ed82f4cc39c74b07b1a6b95cb [term 1 LEADER]: Committing config change with OpId 1.4: config changed from index 3 to 4, VOTER e600c299df054484bda7da1f6eca05a3 (127.0.107.195) evicted. New config: { opid_index: 4 OBSOLETE_local: false peers { permanent_uuid: "7174eb8ed82f4cc39c74b07b1a6b95cb" member_type: VOTER last_known_addr { host: "127.0.107.194" port: 41355 } } peers { permanent_uuid: "a452d2597d3e416795580952e76607a7" member_type: VOTER last_known_addr { host: "127.0.107.193" port: 36207 } } peers { permanent_uuid: "8d9cef92a1344697aed4f4e7e4bc3cc9" member_type: VOTER last_known_addr { host: "127.0.107.196" port: 38021 } attrs { promote: false } } }
I20260630 12:12:35.464761  3393 raft_consensus.cc:2955] T fa12a3596ca84fb4865b586242c202fe P a452d2597d3e416795580952e76607a7 [term 1 FOLLOWER]: Committing config change with OpId 1.4: config changed from index 3 to 4, VOTER e600c299df054484bda7da1f6eca05a3 (127.0.107.195) evicted. New config: { opid_index: 4 OBSOLETE_local: false peers { permanent_uuid: "7174eb8ed82f4cc39c74b07b1a6b95cb" member_type: VOTER last_known_addr { host: "127.0.107.194" port: 41355 } } peers { permanent_uuid: "a452d2597d3e416795580952e76607a7" member_type: VOTER last_known_addr { host: "127.0.107.193" port: 36207 } } peers { permanent_uuid: "8d9cef92a1344697aed4f4e7e4bc3cc9" member_type: VOTER last_known_addr { host: "127.0.107.196" port: 38021 } attrs { promote: false } } }
I20260630 12:12:35.467094  3691 raft_consensus.cc:2955] T fa12a3596ca84fb4865b586242c202fe P 8d9cef92a1344697aed4f4e7e4bc3cc9 [term 1 FOLLOWER]: Committing config change with OpId 1.4: config changed from index 3 to 4, VOTER e600c299df054484bda7da1f6eca05a3 (127.0.107.195) evicted. New config: { opid_index: 4 OBSOLETE_local: false peers { permanent_uuid: "7174eb8ed82f4cc39c74b07b1a6b95cb" member_type: VOTER last_known_addr { host: "127.0.107.194" port: 41355 } } peers { permanent_uuid: "a452d2597d3e416795580952e76607a7" member_type: VOTER last_known_addr { host: "127.0.107.193" port: 36207 } } peers { permanent_uuid: "8d9cef92a1344697aed4f4e7e4bc3cc9" member_type: VOTER last_known_addr { host: "127.0.107.196" port: 38021 } attrs { promote: false } } }
I20260630 12:12:35.481029  3293 catalog_manager.cc:5697] T fa12a3596ca84fb4865b586242c202fe P a452d2597d3e416795580952e76607a7 reported cstate change: config changed from index 3 to 4, VOTER e600c299df054484bda7da1f6eca05a3 (127.0.107.195) evicted. New cstate: current_term: 1 leader_uuid: "7174eb8ed82f4cc39c74b07b1a6b95cb" committed_config { opid_index: 4 OBSOLETE_local: false peers { permanent_uuid: "7174eb8ed82f4cc39c74b07b1a6b95cb" member_type: VOTER last_known_addr { host: "127.0.107.194" port: 41355 } } peers { permanent_uuid: "a452d2597d3e416795580952e76607a7" member_type: VOTER last_known_addr { host: "127.0.107.193" port: 36207 } } peers { permanent_uuid: "8d9cef92a1344697aed4f4e7e4bc3cc9" member_type: VOTER last_known_addr { host: "127.0.107.196" port: 38021 } attrs { promote: false } } }
I20260630 12:12:35.483608  3277 catalog_manager.cc:5210] ChangeConfig:REMOVE_PEER RPC for tablet fa12a3596ca84fb4865b586242c202fe with cas_config_opid_index 3: ChangeConfig:REMOVE_PEER succeeded (attempt 1)
I20260630 12:12:35.492842  3527 tablet_service.cc:1558] Processing DeleteTablet for tablet fa12a3596ca84fb4865b586242c202fe with delete_type TABLET_DATA_TOMBSTONED (TS e600c299df054484bda7da1f6eca05a3 not found in new config with opid_index 4) from {username='slave'} at 127.0.0.1:51452
I20260630 12:12:35.500921  3991 tablet_replica.cc:333] T fa12a3596ca84fb4865b586242c202fe P e600c299df054484bda7da1f6eca05a3: stopping tablet replica
I20260630 12:12:35.501605  3991 raft_consensus.cc:2243] T fa12a3596ca84fb4865b586242c202fe P e600c299df054484bda7da1f6eca05a3 [term 1 FOLLOWER]: Raft consensus shutting down.
I20260630 12:12:35.502142  3991 raft_consensus.cc:2272] T fa12a3596ca84fb4865b586242c202fe P e600c299df054484bda7da1f6eca05a3 [term 1 FOLLOWER]: Raft consensus is shut down!
I20260630 12:12:35.505226  3991 ts_tablet_manager.cc:1916] T fa12a3596ca84fb4865b586242c202fe P e600c299df054484bda7da1f6eca05a3: Deleting tablet data with delete state TABLET_DATA_TOMBSTONED
I20260630 12:12:35.515286  3991 ts_tablet_manager.cc:1929] T fa12a3596ca84fb4865b586242c202fe P e600c299df054484bda7da1f6eca05a3: tablet deleted with delete type TABLET_DATA_TOMBSTONED: last-logged OpId 1.3
I20260630 12:12:35.515642  3991 log.cc:1199] T fa12a3596ca84fb4865b586242c202fe P e600c299df054484bda7da1f6eca05a3: Deleting WAL directory at /tmp/dist-test-taskz8lt1Z/test-tmp/auto_rebalancer-test.0.AutoRebalancerTest.RangeAwareRebalancesNewRangeReplicas.1782821464351749-431-0/minicluster-data/ts-2-root/wals/fa12a3596ca84fb4865b586242c202fe
I20260630 12:12:35.517498  3278 catalog_manager.cc:5028] TS e600c299df054484bda7da1f6eca05a3 (127.0.107.195:33025): tablet fa12a3596ca84fb4865b586242c202fe (table range_aware_rebalance_new_range [id=19390556711b4bb3873d57c1f717f055]) successfully deleted
I20260630 12:12:35.775961   431 tablet_server.cc:179] TabletServer@127.0.107.193:0 shutting down...
I20260630 12:12:35.801909   431 ts_tablet_manager.cc:1507] Shutting down tablet manager...
I20260630 12:12:35.802667   431 tablet_replica.cc:333] T 362e1da567c848848406dd948b9d083e P a452d2597d3e416795580952e76607a7: stopping tablet replica
I20260630 12:12:35.803591   431 raft_consensus.cc:2243] T 362e1da567c848848406dd948b9d083e P a452d2597d3e416795580952e76607a7 [term 1 FOLLOWER]: Raft consensus shutting down.
I20260630 12:12:35.804112   431 raft_consensus.cc:2272] T 362e1da567c848848406dd948b9d083e P a452d2597d3e416795580952e76607a7 [term 1 FOLLOWER]: Raft consensus is shut down!
I20260630 12:12:35.806345   431 tablet_replica.cc:333] T 36ed1f41622d4276b391977ac262971b P a452d2597d3e416795580952e76607a7: stopping tablet replica
I20260630 12:12:35.806984   431 raft_consensus.cc:2243] T 36ed1f41622d4276b391977ac262971b P a452d2597d3e416795580952e76607a7 [term 1 FOLLOWER]: Raft consensus shutting down.
I20260630 12:12:35.807546   431 raft_consensus.cc:2272] T 36ed1f41622d4276b391977ac262971b P a452d2597d3e416795580952e76607a7 [term 1 FOLLOWER]: Raft consensus is shut down!
I20260630 12:12:35.809762   431 tablet_replica.cc:333] T b3a03b97f8794499a4a212fa96c09cce P a452d2597d3e416795580952e76607a7: stopping tablet replica
I20260630 12:12:35.810232   431 raft_consensus.cc:2243] T b3a03b97f8794499a4a212fa96c09cce P a452d2597d3e416795580952e76607a7 [term 2 FOLLOWER]: Raft consensus shutting down.
I20260630 12:12:35.810572   431 raft_consensus.cc:2272] T b3a03b97f8794499a4a212fa96c09cce P a452d2597d3e416795580952e76607a7 [term 2 FOLLOWER]: Raft consensus is shut down!
I20260630 12:12:35.812105   431 tablet_replica.cc:333] T 4926c4371777469382780c0fd7e7f207 P a452d2597d3e416795580952e76607a7: stopping tablet replica
I20260630 12:12:35.812569   431 raft_consensus.cc:2243] T 4926c4371777469382780c0fd7e7f207 P a452d2597d3e416795580952e76607a7 [term 1 LEADER]: Raft consensus shutting down.
I20260630 12:12:35.813352   431 raft_consensus.cc:2272] T 4926c4371777469382780c0fd7e7f207 P a452d2597d3e416795580952e76607a7 [term 1 FOLLOWER]: Raft consensus is shut down!
W20260630 12:12:35.814641  3510 proxy.cc:239] Call had error, refreshing address and retrying: Remote error: Service unavailable: service kudu.consensus.ConsensusService not registered on TabletServer [suppressed 3 similar messages]
I20260630 12:12:35.815265   431 tablet_replica.cc:333] T 6452faa523b84165bf592c107e920177 P a452d2597d3e416795580952e76607a7: stopping tablet replica
I20260630 12:12:35.815810   431 raft_consensus.cc:2243] T 6452faa523b84165bf592c107e920177 P a452d2597d3e416795580952e76607a7 [term 1 LEADER]: Raft consensus shutting down.
I20260630 12:12:35.816555   431 raft_consensus.cc:2272] T 6452faa523b84165bf592c107e920177 P a452d2597d3e416795580952e76607a7 [term 1 FOLLOWER]: Raft consensus is shut down!
W20260630 12:12:35.817692  3510 consensus_peers.cc:597] T adb5f8e6b4254d6497211b185a8e4543 P e600c299df054484bda7da1f6eca05a3 -> Peer a452d2597d3e416795580952e76607a7 (127.0.107.193:36207): Couldn't send request to peer a452d2597d3e416795580952e76607a7. Status: Remote error: Service unavailable: service kudu.consensus.ConsensusService not registered on TabletServer. This is attempt 1: this message will repeat every 5th retry.
I20260630 12:12:35.818405   431 tablet_replica.cc:333] T 45441b6b3b674924b2883418ebbea818 P a452d2597d3e416795580952e76607a7: stopping tablet replica
I20260630 12:12:35.818917   431 raft_consensus.cc:2243] T 45441b6b3b674924b2883418ebbea818 P a452d2597d3e416795580952e76607a7 [term 1 FOLLOWER]: Raft consensus shutting down.
I20260630 12:12:35.819293   431 raft_consensus.cc:2272] T 45441b6b3b674924b2883418ebbea818 P a452d2597d3e416795580952e76607a7 [term 1 FOLLOWER]: Raft consensus is shut down!
I20260630 12:12:35.821153   431 tablet_replica.cc:333] T adb5f8e6b4254d6497211b185a8e4543 P a452d2597d3e416795580952e76607a7: stopping tablet replica
I20260630 12:12:35.821655   431 raft_consensus.cc:2243] T adb5f8e6b4254d6497211b185a8e4543 P a452d2597d3e416795580952e76607a7 [term 1 FOLLOWER]: Raft consensus shutting down.
I20260630 12:12:35.822041   431 raft_consensus.cc:2272] T adb5f8e6b4254d6497211b185a8e4543 P a452d2597d3e416795580952e76607a7 [term 1 FOLLOWER]: Raft consensus is shut down!
I20260630 12:12:35.823808   431 tablet_replica.cc:333] T 7c6d551ca81d4cb3b4ea31e7eae39103 P a452d2597d3e416795580952e76607a7: stopping tablet replica
I20260630 12:12:35.824270   431 raft_consensus.cc:2243] T 7c6d551ca81d4cb3b4ea31e7eae39103 P a452d2597d3e416795580952e76607a7 [term 1 FOLLOWER]: Raft consensus shutting down.
I20260630 12:12:35.824733   431 raft_consensus.cc:2272] T 7c6d551ca81d4cb3b4ea31e7eae39103 P a452d2597d3e416795580952e76607a7 [term 1 FOLLOWER]: Raft consensus is shut down!
I20260630 12:12:35.826578   431 tablet_replica.cc:333] T 71d90f66281b4785977b9971b6ed459f P a452d2597d3e416795580952e76607a7: stopping tablet replica
I20260630 12:12:35.827107   431 raft_consensus.cc:2243] T 71d90f66281b4785977b9971b6ed459f P a452d2597d3e416795580952e76607a7 [term 2 FOLLOWER]: Raft consensus shutting down.
I20260630 12:12:35.827623   431 raft_consensus.cc:2272] T 71d90f66281b4785977b9971b6ed459f P a452d2597d3e416795580952e76607a7 [term 2 FOLLOWER]: Raft consensus is shut down!
I20260630 12:12:35.829380   431 tablet_replica.cc:333] T 9d2a2b606a9b4dcbbbbabec34250f42f P a452d2597d3e416795580952e76607a7: stopping tablet replica
I20260630 12:12:35.829855   431 raft_consensus.cc:2243] T 9d2a2b606a9b4dcbbbbabec34250f42f P a452d2597d3e416795580952e76607a7 [term 1 LEADER]: Raft consensus shutting down.
I20260630 12:12:35.830518   431 raft_consensus.cc:2272] T 9d2a2b606a9b4dcbbbbabec34250f42f P a452d2597d3e416795580952e76607a7 [term 1 FOLLOWER]: Raft consensus is shut down!
I20260630 12:12:35.832253   431 tablet_replica.cc:333] T fa12a3596ca84fb4865b586242c202fe P a452d2597d3e416795580952e76607a7: stopping tablet replica
I20260630 12:12:35.832756   431 raft_consensus.cc:2243] T fa12a3596ca84fb4865b586242c202fe P a452d2597d3e416795580952e76607a7 [term 1 FOLLOWER]: Raft consensus shutting down.
I20260630 12:12:35.833254   431 raft_consensus.cc:2272] T fa12a3596ca84fb4865b586242c202fe P a452d2597d3e416795580952e76607a7 [term 1 FOLLOWER]: Raft consensus is shut down!
I20260630 12:12:35.835180   431 tablet_replica.cc:333] T 9de152c9c8674dc2b0c6560cf3d48ff2 P a452d2597d3e416795580952e76607a7: stopping tablet replica
I20260630 12:12:35.835662   431 raft_consensus.cc:2243] T 9de152c9c8674dc2b0c6560cf3d48ff2 P a452d2597d3e416795580952e76607a7 [term 2 LEADER]: Raft consensus shutting down.
I20260630 12:12:35.836359   431 raft_consensus.cc:2272] T 9de152c9c8674dc2b0c6560cf3d48ff2 P a452d2597d3e416795580952e76607a7 [term 2 FOLLOWER]: Raft consensus is shut down!
W20260630 12:12:35.866226  3657 consensus_peers.cc:597] T b3a03b97f8794499a4a212fa96c09cce P 8d9cef92a1344697aed4f4e7e4bc3cc9 -> Peer a452d2597d3e416795580952e76607a7 (127.0.107.193:36207): Couldn't send request to peer a452d2597d3e416795580952e76607a7. Status: Network error: Client connection negotiation failed: client connection to 127.0.107.193:36207: connect: Connection refused (error 111). This is attempt 1: this message will repeat every 5th retry.
I20260630 12:12:35.868508   431 tablet_server.cc:196] TabletServer@127.0.107.193:0 shutdown complete.
I20260630 12:12:35.895255   431 tablet_server.cc:179] TabletServer@127.0.107.194:0 shutting down...
I20260630 12:12:35.919826   431 ts_tablet_manager.cc:1507] Shutting down tablet manager...
I20260630 12:12:35.920454   431 tablet_replica.cc:333] T 6452faa523b84165bf592c107e920177 P 7174eb8ed82f4cc39c74b07b1a6b95cb: stopping tablet replica
I20260630 12:12:35.921155   431 raft_consensus.cc:2243] T 6452faa523b84165bf592c107e920177 P 7174eb8ed82f4cc39c74b07b1a6b95cb [term 1 FOLLOWER]: Raft consensus shutting down.
I20260630 12:12:35.921762   431 raft_consensus.cc:2272] T 6452faa523b84165bf592c107e920177 P 7174eb8ed82f4cc39c74b07b1a6b95cb [term 1 FOLLOWER]: Raft consensus is shut down!
I20260630 12:12:35.923859   431 tablet_replica.cc:333] T 45441b6b3b674924b2883418ebbea818 P 7174eb8ed82f4cc39c74b07b1a6b95cb: stopping tablet replica
I20260630 12:12:35.924575   431 raft_consensus.cc:2243] T 45441b6b3b674924b2883418ebbea818 P 7174eb8ed82f4cc39c74b07b1a6b95cb [term 1 FOLLOWER]: Raft consensus shutting down.
I20260630 12:12:35.925036   431 raft_consensus.cc:2272] T 45441b6b3b674924b2883418ebbea818 P 7174eb8ed82f4cc39c74b07b1a6b95cb [term 1 FOLLOWER]: Raft consensus is shut down!
I20260630 12:12:35.927201   431 tablet_replica.cc:333] T 90ed9bc9fdc94b5e9d59d69cfd42cb68 P 7174eb8ed82f4cc39c74b07b1a6b95cb: stopping tablet replica
W20260630 12:12:35.927744  3510 consensus_peers.cc:597] T 7c6d551ca81d4cb3b4ea31e7eae39103 P e600c299df054484bda7da1f6eca05a3 -> Peer a452d2597d3e416795580952e76607a7 (127.0.107.193:36207): Couldn't send request to peer a452d2597d3e416795580952e76607a7. Status: Network error: Client connection negotiation failed: client connection to 127.0.107.193:36207: connect: Connection refused (error 111). This is attempt 1: this message will repeat every 5th retry.
I20260630 12:12:35.927824   431 raft_consensus.cc:2243] T 90ed9bc9fdc94b5e9d59d69cfd42cb68 P 7174eb8ed82f4cc39c74b07b1a6b95cb [term 2 LEADER]: Raft consensus shutting down.
I20260630 12:12:35.928900   431 raft_consensus.cc:2272] T 90ed9bc9fdc94b5e9d59d69cfd42cb68 P 7174eb8ed82f4cc39c74b07b1a6b95cb [term 2 FOLLOWER]: Raft consensus is shut down!
I20260630 12:12:35.930541   431 tablet_replica.cc:333] T 71d90f66281b4785977b9971b6ed459f P 7174eb8ed82f4cc39c74b07b1a6b95cb: stopping tablet replica
I20260630 12:12:35.930977   431 raft_consensus.cc:2243] T 71d90f66281b4785977b9971b6ed459f P 7174eb8ed82f4cc39c74b07b1a6b95cb [term 2 FOLLOWER]: Raft consensus shutting down.
I20260630 12:12:35.931331   431 raft_consensus.cc:2272] T 71d90f66281b4785977b9971b6ed459f P 7174eb8ed82f4cc39c74b07b1a6b95cb [term 2 FOLLOWER]: Raft consensus is shut down!
I20260630 12:12:35.933096   431 tablet_replica.cc:333] T 7c6d551ca81d4cb3b4ea31e7eae39103 P 7174eb8ed82f4cc39c74b07b1a6b95cb: stopping tablet replica
I20260630 12:12:35.933542   431 raft_consensus.cc:2243] T 7c6d551ca81d4cb3b4ea31e7eae39103 P 7174eb8ed82f4cc39c74b07b1a6b95cb [term 1 FOLLOWER]: Raft consensus shutting down.
I20260630 12:12:35.933882   431 raft_consensus.cc:2272] T 7c6d551ca81d4cb3b4ea31e7eae39103 P 7174eb8ed82f4cc39c74b07b1a6b95cb [term 1 FOLLOWER]: Raft consensus is shut down!
I20260630 12:12:35.935575   431 tablet_replica.cc:333] T adb5f8e6b4254d6497211b185a8e4543 P 7174eb8ed82f4cc39c74b07b1a6b95cb: stopping tablet replica
I20260630 12:12:35.935982   431 raft_consensus.cc:2243] T adb5f8e6b4254d6497211b185a8e4543 P 7174eb8ed82f4cc39c74b07b1a6b95cb [term 1 FOLLOWER]: Raft consensus shutting down.
I20260630 12:12:35.936314   431 raft_consensus.cc:2272] T adb5f8e6b4254d6497211b185a8e4543 P 7174eb8ed82f4cc39c74b07b1a6b95cb [term 1 FOLLOWER]: Raft consensus is shut down!
I20260630 12:12:35.937971   431 tablet_replica.cc:333] T fa12a3596ca84fb4865b586242c202fe P 7174eb8ed82f4cc39c74b07b1a6b95cb: stopping tablet replica
I20260630 12:12:35.938421   431 raft_consensus.cc:2243] T fa12a3596ca84fb4865b586242c202fe P 7174eb8ed82f4cc39c74b07b1a6b95cb [term 1 LEADER]: Raft consensus shutting down.
I20260630 12:12:35.939013   431 raft_consensus.cc:2272] T fa12a3596ca84fb4865b586242c202fe P 7174eb8ed82f4cc39c74b07b1a6b95cb [term 1 FOLLOWER]: Raft consensus is shut down!
I20260630 12:12:35.941201   431 tablet_replica.cc:333] T b3a03b97f8794499a4a212fa96c09cce P 7174eb8ed82f4cc39c74b07b1a6b95cb: stopping tablet replica
I20260630 12:12:35.941728   431 raft_consensus.cc:2243] T b3a03b97f8794499a4a212fa96c09cce P 7174eb8ed82f4cc39c74b07b1a6b95cb [term 2 FOLLOWER]: Raft consensus shutting down.
I20260630 12:12:35.942123   431 raft_consensus.cc:2272] T b3a03b97f8794499a4a212fa96c09cce P 7174eb8ed82f4cc39c74b07b1a6b95cb [term 2 FOLLOWER]: Raft consensus is shut down!
I20260630 12:12:35.943724   431 tablet_replica.cc:333] T 4926c4371777469382780c0fd7e7f207 P 7174eb8ed82f4cc39c74b07b1a6b95cb: stopping tablet replica
I20260630 12:12:35.944109   431 raft_consensus.cc:2243] T 4926c4371777469382780c0fd7e7f207 P 7174eb8ed82f4cc39c74b07b1a6b95cb [term 1 FOLLOWER]: Raft consensus shutting down.
I20260630 12:12:35.944540   431 raft_consensus.cc:2272] T 4926c4371777469382780c0fd7e7f207 P 7174eb8ed82f4cc39c74b07b1a6b95cb [term 1 FOLLOWER]: Raft consensus is shut down!
I20260630 12:12:35.946098   431 tablet_replica.cc:333] T ff6c2815bce74672b6b3952939f39236 P 7174eb8ed82f4cc39c74b07b1a6b95cb: stopping tablet replica
I20260630 12:12:35.946511   431 raft_consensus.cc:2243] T ff6c2815bce74672b6b3952939f39236 P 7174eb8ed82f4cc39c74b07b1a6b95cb [term 1 LEADER]: Raft consensus shutting down.
I20260630 12:12:35.947144   431 raft_consensus.cc:2272] T ff6c2815bce74672b6b3952939f39236 P 7174eb8ed82f4cc39c74b07b1a6b95cb [term 1 FOLLOWER]: Raft consensus is shut down!
I20260630 12:12:35.948866   431 tablet_replica.cc:333] T c8d1e9f67e3448d0ab98609275c94356 P 7174eb8ed82f4cc39c74b07b1a6b95cb: stopping tablet replica
I20260630 12:12:35.949270   431 raft_consensus.cc:2243] T c8d1e9f67e3448d0ab98609275c94356 P 7174eb8ed82f4cc39c74b07b1a6b95cb [term 1 LEADER]: Raft consensus shutting down.
I20260630 12:12:35.949887   431 raft_consensus.cc:2272] T c8d1e9f67e3448d0ab98609275c94356 P 7174eb8ed82f4cc39c74b07b1a6b95cb [term 1 FOLLOWER]: Raft consensus is shut down!
I20260630 12:12:35.951306   431 tablet_replica.cc:333] T ee153a0600bd4fc7a770e3af0d145207 P 7174eb8ed82f4cc39c74b07b1a6b95cb: stopping tablet replica
I20260630 12:12:35.951668   431 raft_consensus.cc:2243] T ee153a0600bd4fc7a770e3af0d145207 P 7174eb8ed82f4cc39c74b07b1a6b95cb [term 1 FOLLOWER]: Raft consensus shutting down.
I20260630 12:12:35.952118   431 raft_consensus.cc:2272] T ee153a0600bd4fc7a770e3af0d145207 P 7174eb8ed82f4cc39c74b07b1a6b95cb [term 1 FOLLOWER]: Raft consensus is shut down!
I20260630 12:12:35.953243  3346 auto_leader_rebalancer.cc:141] leader rebalance for table range_aware_rebalance_new_range
I20260630 12:12:35.964257  3346 auto_leader_rebalancer.cc:440] table: range_aware_rebalance_new_range, leader rebalance finish, leader transfer count: 0
I20260630 12:12:35.964771  3346 auto_leader_rebalancer.cc:515] All tables' leader rebalancing finished this round
I20260630 12:12:35.984387   431 tablet_server.cc:196] TabletServer@127.0.107.194:0 shutdown complete.
I20260630 12:12:36.008945   431 tablet_server.cc:179] TabletServer@127.0.107.195:0 shutting down...
W20260630 12:12:36.028306  3507 consensus_peers.cc:597] T 7c6d551ca81d4cb3b4ea31e7eae39103 P e600c299df054484bda7da1f6eca05a3 -> Peer 7174eb8ed82f4cc39c74b07b1a6b95cb (127.0.107.194:41355): Couldn't send request to peer 7174eb8ed82f4cc39c74b07b1a6b95cb. Status: Network error: Client connection negotiation failed: client connection to 127.0.107.194:41355: connect: Connection refused (error 111). This is attempt 1: this message will repeat every 5th retry.
I20260630 12:12:36.031433   431 ts_tablet_manager.cc:1507] Shutting down tablet manager...
I20260630 12:12:36.032104   431 tablet_replica.cc:333] T 362e1da567c848848406dd948b9d083e P e600c299df054484bda7da1f6eca05a3: stopping tablet replica
I20260630 12:12:36.032639   431 raft_consensus.cc:2243] T 362e1da567c848848406dd948b9d083e P e600c299df054484bda7da1f6eca05a3 [term 1 LEADER]: Raft consensus shutting down.
I20260630 12:12:36.033398   431 raft_consensus.cc:2272] T 362e1da567c848848406dd948b9d083e P e600c299df054484bda7da1f6eca05a3 [term 1 FOLLOWER]: Raft consensus is shut down!
I20260630 12:12:36.035215   431 tablet_replica.cc:333] T 90ed9bc9fdc94b5e9d59d69cfd42cb68 P e600c299df054484bda7da1f6eca05a3: stopping tablet replica
I20260630 12:12:36.035720   431 raft_consensus.cc:2243] T 90ed9bc9fdc94b5e9d59d69cfd42cb68 P e600c299df054484bda7da1f6eca05a3 [term 2 FOLLOWER]: Raft consensus shutting down.
I20260630 12:12:36.036084   431 raft_consensus.cc:2272] T 90ed9bc9fdc94b5e9d59d69cfd42cb68 P e600c299df054484bda7da1f6eca05a3 [term 2 FOLLOWER]: Raft consensus is shut down!
I20260630 12:12:36.037694   431 tablet_replica.cc:333] T 6452faa523b84165bf592c107e920177 P e600c299df054484bda7da1f6eca05a3: stopping tablet replica
I20260630 12:12:36.038146   431 raft_consensus.cc:2243] T 6452faa523b84165bf592c107e920177 P e600c299df054484bda7da1f6eca05a3 [term 1 FOLLOWER]: Raft consensus shutting down.
I20260630 12:12:36.038697   431 raft_consensus.cc:2272] T 6452faa523b84165bf592c107e920177 P e600c299df054484bda7da1f6eca05a3 [term 1 FOLLOWER]: Raft consensus is shut down!
I20260630 12:12:36.040321   431 tablet_replica.cc:333] T 4926c4371777469382780c0fd7e7f207 P e600c299df054484bda7da1f6eca05a3: stopping tablet replica
I20260630 12:12:36.040810   431 raft_consensus.cc:2243] T 4926c4371777469382780c0fd7e7f207 P e600c299df054484bda7da1f6eca05a3 [term 1 FOLLOWER]: Raft consensus shutting down.
I20260630 12:12:36.041291   431 raft_consensus.cc:2272] T 4926c4371777469382780c0fd7e7f207 P e600c299df054484bda7da1f6eca05a3 [term 1 FOLLOWER]: Raft consensus is shut down!
