W20260630 12:38:54.939414 16570 consensus_peers.cc:597] T 38b0fe395ecb447eb7c660b9933e2233 P e0c27d25d66d458ea6f0db9a9ba8f64f -> Peer c7cac2e5f1f245d6bb39d6f07f8f169b (127.13.4.65:43323): Couldn't send request to peer c7cac2e5f1f245d6bb39d6f07f8f169b. Status: Network error: Client connection negotiation failed: client connection to 127.13.4.65:43323: connect: Connection refused (error 111). This is attempt 1: this message will repeat every 5th retry.
W20260630 12:38:54.951925 16418 consensus_peers.cc:597] T a8aa898d325641bab50bc1d0059fcbf6 P 467ce696163c45d1bcc8dec93216bddc -> Peer ba792e0e22004e1a8f61a0fb48c4ed6e (127.13.4.66:34379): Couldn't send request to peer ba792e0e22004e1a8f61a0fb48c4ed6e. Status: Remote error: Service unavailable: service kudu.consensus.ConsensusService not registered on TabletServer. This is attempt 1: this message will repeat every 5th retry.
W20260630 12:38:54.977286 16570 consensus_peers.cc:597] T 353cd269eb824e5eb5732311016d8e54 P e0c27d25d66d458ea6f0db9a9ba8f64f -> Peer c7cac2e5f1f245d6bb39d6f07f8f169b (127.13.4.65:43323): Couldn't send request to peer c7cac2e5f1f245d6bb39d6f07f8f169b. Status: Network error: Client connection negotiation failed: client connection to 127.13.4.65:43323: connect: Connection refused (error 111). This is attempt 1: this message will repeat every 5th retry.
I20260630 12:38:54.980569 13329 tablet_server.cc:196] TabletServer@127.13.4.66:0 shutdown complete.
I20260630 12:38:55.012264 13329 tablet_server.cc:179] TabletServer@127.13.4.67:0 shutting down...
W20260630 12:38:55.020336 16418 consensus_peers.cc:597] T 34ef89be2da94ef3945abd709d27e46c P 467ce696163c45d1bcc8dec93216bddc -> Peer ba792e0e22004e1a8f61a0fb48c4ed6e (127.13.4.66:34379): Couldn't send request to peer ba792e0e22004e1a8f61a0fb48c4ed6e. Status: Network error: Client connection negotiation failed: client connection to 127.13.4.66:34379: connect: Connection refused (error 111). This is attempt 1: this message will repeat every 5th retry.
W20260630 12:38:55.027344 16569 consensus_peers.cc:597] T 4f2517fc28a242f7ad2ddcb2cd069929 P e0c27d25d66d458ea6f0db9a9ba8f64f -> Peer 467ce696163c45d1bcc8dec93216bddc (127.13.4.67:46411): Couldn't send request to peer 467ce696163c45d1bcc8dec93216bddc. Status: Remote error: Service unavailable: service kudu.consensus.ConsensusService not registered on TabletServer. This is attempt 1: this message will repeat every 5th retry.
I20260630 12:38:55.058190 13329 ts_tablet_manager.cc:1507] Shutting down tablet manager...
I20260630 12:38:55.058960 13329 tablet_replica.cc:333] T 951749db04f14cd4bd737e51c222151f P 467ce696163c45d1bcc8dec93216bddc: stopping tablet replica
I20260630 12:38:55.059841 13329 raft_consensus.cc:2243] T 951749db04f14cd4bd737e51c222151f P 467ce696163c45d1bcc8dec93216bddc [term 1 FOLLOWER]: Raft consensus shutting down.
I20260630 12:38:55.060470 13329 raft_consensus.cc:2272] T 951749db04f14cd4bd737e51c222151f P 467ce696163c45d1bcc8dec93216bddc [term 1 FOLLOWER]: Raft consensus is shut down!
I20260630 12:38:55.062392 13329 tablet_replica.cc:333] T 4f2517fc28a242f7ad2ddcb2cd069929 P 467ce696163c45d1bcc8dec93216bddc: stopping tablet replica
I20260630 12:38:55.062953 13329 raft_consensus.cc:2243] T 4f2517fc28a242f7ad2ddcb2cd069929 P 467ce696163c45d1bcc8dec93216bddc [term 1 FOLLOWER]: Raft consensus shutting down.
I20260630 12:38:55.063424 13329 raft_consensus.cc:2272] T 4f2517fc28a242f7ad2ddcb2cd069929 P 467ce696163c45d1bcc8dec93216bddc [term 1 FOLLOWER]: Raft consensus is shut down!
I20260630 12:38:55.065474 13329 tablet_replica.cc:333] T 38b0fe395ecb447eb7c660b9933e2233 P 467ce696163c45d1bcc8dec93216bddc: stopping tablet replica
I20260630 12:38:55.066012 13329 raft_consensus.cc:2243] T 38b0fe395ecb447eb7c660b9933e2233 P 467ce696163c45d1bcc8dec93216bddc [term 1 FOLLOWER]: Raft consensus shutting down.
I20260630 12:38:55.066428 13329 raft_consensus.cc:2272] T 38b0fe395ecb447eb7c660b9933e2233 P 467ce696163c45d1bcc8dec93216bddc [term 1 FOLLOWER]: Raft consensus is shut down!
I20260630 12:38:55.068204 13329 tablet_replica.cc:333] T 3d7311e307d845349df43b1bc8b97697 P 467ce696163c45d1bcc8dec93216bddc: stopping tablet replica
I20260630 12:38:55.068704 13329 raft_consensus.cc:2243] T 3d7311e307d845349df43b1bc8b97697 P 467ce696163c45d1bcc8dec93216bddc [term 4 FOLLOWER]: Raft consensus shutting down.
I20260630 12:38:55.069083 13329 raft_consensus.cc:2272] T 3d7311e307d845349df43b1bc8b97697 P 467ce696163c45d1bcc8dec93216bddc [term 4 FOLLOWER]: Raft consensus is shut down!
I20260630 12:38:55.071295 13329 tablet_replica.cc:333] T f812b652c1a94ada8d7076e34dba4d35 P 467ce696163c45d1bcc8dec93216bddc: stopping tablet replica
I20260630 12:38:55.072168 13329 raft_consensus.cc:2243] T f812b652c1a94ada8d7076e34dba4d35 P 467ce696163c45d1bcc8dec93216bddc [term 1 FOLLOWER]: Raft consensus shutting down.
I20260630 12:38:55.072710 13329 raft_consensus.cc:2272] T f812b652c1a94ada8d7076e34dba4d35 P 467ce696163c45d1bcc8dec93216bddc [term 1 FOLLOWER]: Raft consensus is shut down!
I20260630 12:38:55.075268 13329 tablet_replica.cc:333] T a0126be1951f4ede86ecc05bd7f41171 P 467ce696163c45d1bcc8dec93216bddc: stopping tablet replica
I20260630 12:38:55.076030 13329 raft_consensus.cc:2243] T a0126be1951f4ede86ecc05bd7f41171 P 467ce696163c45d1bcc8dec93216bddc [term 1 LEADER]: Raft consensus shutting down.
I20260630 12:38:55.077173 13329 raft_consensus.cc:2272] T a0126be1951f4ede86ecc05bd7f41171 P 467ce696163c45d1bcc8dec93216bddc [term 1 FOLLOWER]: Raft consensus is shut down!
W20260630 12:38:55.077960 16569 consensus_peers.cc:597] T 38b0fe395ecb447eb7c660b9933e2233 P e0c27d25d66d458ea6f0db9a9ba8f64f -> Peer 467ce696163c45d1bcc8dec93216bddc (127.13.4.67:46411): Couldn't send request to peer 467ce696163c45d1bcc8dec93216bddc. Status: Remote error: Service unavailable: service kudu.consensus.ConsensusService not registered on TabletServer. This is attempt 1: this message will repeat every 5th retry.
I20260630 12:38:55.080178 13329 tablet_replica.cc:333] T a8aa898d325641bab50bc1d0059fcbf6 P 467ce696163c45d1bcc8dec93216bddc: stopping tablet replica
I20260630 12:38:55.080956 13329 raft_consensus.cc:2243] T a8aa898d325641bab50bc1d0059fcbf6 P 467ce696163c45d1bcc8dec93216bddc [term 3 LEADER]: Raft consensus shutting down.
I20260630 12:38:55.081990 13329 raft_consensus.cc:2272] T a8aa898d325641bab50bc1d0059fcbf6 P 467ce696163c45d1bcc8dec93216bddc [term 3 FOLLOWER]: Raft consensus is shut down!
I20260630 12:38:55.084702 13329 tablet_replica.cc:333] T 34ef89be2da94ef3945abd709d27e46c P 467ce696163c45d1bcc8dec93216bddc: stopping tablet replica
W20260630 12:38:55.085322 16568 consensus_peers.cc:597] T 1ad47a7a09f84b9991d8aa213146be59 P e0c27d25d66d458ea6f0db9a9ba8f64f -> Peer ba792e0e22004e1a8f61a0fb48c4ed6e (127.13.4.66:34379): Couldn't send request to peer ba792e0e22004e1a8f61a0fb48c4ed6e. Status: Network error: Client connection negotiation failed: client connection to 127.13.4.66:34379: connect: Connection refused (error 111). This is attempt 1: this message will repeat every 5th retry.
I20260630 12:38:55.085480 13329 raft_consensus.cc:2243] T 34ef89be2da94ef3945abd709d27e46c P 467ce696163c45d1bcc8dec93216bddc [term 2 LEADER]: Raft consensus shutting down.
I20260630 12:38:55.086376 13329 raft_consensus.cc:2272] T 34ef89be2da94ef3945abd709d27e46c P 467ce696163c45d1bcc8dec93216bddc [term 2 FOLLOWER]: Raft consensus is shut down!
I20260630 12:38:55.088405 13329 tablet_replica.cc:333] T f679abd90e2a42a49ed6fd5f4d9b585a P 467ce696163c45d1bcc8dec93216bddc: stopping tablet replica
I20260630 12:38:55.088914 13329 raft_consensus.cc:2243] T f679abd90e2a42a49ed6fd5f4d9b585a P 467ce696163c45d1bcc8dec93216bddc [term 1 FOLLOWER]: Raft consensus shutting down.
I20260630 12:38:55.089308 13329 raft_consensus.cc:2272] T f679abd90e2a42a49ed6fd5f4d9b585a P 467ce696163c45d1bcc8dec93216bddc [term 1 FOLLOWER]: Raft consensus is shut down!
I20260630 12:38:55.091284 13329 tablet_replica.cc:333] T 9836c642c47f4ff2a9b61fc486c16db5 P 467ce696163c45d1bcc8dec93216bddc: stopping tablet replica
I20260630 12:38:55.091781 13329 raft_consensus.cc:2243] T 9836c642c47f4ff2a9b61fc486c16db5 P 467ce696163c45d1bcc8dec93216bddc [term 1 FOLLOWER]: Raft consensus shutting down.
I20260630 12:38:55.092406 13329 raft_consensus.cc:2272] T 9836c642c47f4ff2a9b61fc486c16db5 P 467ce696163c45d1bcc8dec93216bddc [term 1 FOLLOWER]: Raft consensus is shut down!
I20260630 12:38:55.094358 13329 tablet_replica.cc:333] T 5cff7af08cd2426bbc6bd948ebf08ef7 P 467ce696163c45d1bcc8dec93216bddc: stopping tablet replica
I20260630 12:38:55.094846 13329 raft_consensus.cc:2243] T 5cff7af08cd2426bbc6bd948ebf08ef7 P 467ce696163c45d1bcc8dec93216bddc [term 3 FOLLOWER]: Raft consensus shutting down.
I20260630 12:38:55.095255 13329 raft_consensus.cc:2272] T 5cff7af08cd2426bbc6bd948ebf08ef7 P 467ce696163c45d1bcc8dec93216bddc [term 3 FOLLOWER]: Raft consensus is shut down!
I20260630 12:38:55.097184 13329 tablet_replica.cc:333] T f92c3a99cb024d42a4268a4edfab9bae P 467ce696163c45d1bcc8dec93216bddc: stopping tablet replica
I20260630 12:38:55.097661 13329 raft_consensus.cc:2243] T f92c3a99cb024d42a4268a4edfab9bae P 467ce696163c45d1bcc8dec93216bddc [term 1 LEADER]: Raft consensus shutting down.
I20260630 12:38:55.098412 13329 raft_consensus.cc:2272] T f92c3a99cb024d42a4268a4edfab9bae P 467ce696163c45d1bcc8dec93216bddc [term 1 FOLLOWER]: Raft consensus is shut down!
W20260630 12:38:55.122892 16570 consensus_peers.cc:597] T 1ad47a7a09f84b9991d8aa213146be59 P e0c27d25d66d458ea6f0db9a9ba8f64f -> Peer c7cac2e5f1f245d6bb39d6f07f8f169b (127.13.4.65:43323): Couldn't send request to peer c7cac2e5f1f245d6bb39d6f07f8f169b. Status: Network error: Client connection negotiation failed: client connection to 127.13.4.65:43323: connect: Connection refused (error 111). This is attempt 1: this message will repeat every 5th retry.
W20260630 12:38:55.260321 16568 consensus_peers.cc:597] T 353cd269eb824e5eb5732311016d8e54 P e0c27d25d66d458ea6f0db9a9ba8f64f -> Peer ba792e0e22004e1a8f61a0fb48c4ed6e (127.13.4.66:34379): Couldn't send request to peer ba792e0e22004e1a8f61a0fb48c4ed6e. Status: Network error: Client connection negotiation failed: client connection to 127.13.4.66:34379: connect: Connection refused (error 111). This is attempt 1: this message will repeat every 5th retry.
I20260630 12:38:55.750489 16257 auto_leader_rebalancer.cc:141] leader rebalance for table range_aware_rebalance_new_range
W20260630 12:38:55.764441 16257 auto_leader_rebalancer.cc:524] the master instance isn't leader: Network error: Client connection negotiation failed: client connection to 127.13.4.66:34379: connect: Connection refused (error 111)
I20260630 12:38:55.888613 16891 raft_consensus.cc:493] T 5cff7af08cd2426bbc6bd948ebf08ef7 P e0c27d25d66d458ea6f0db9a9ba8f64f [term 3 FOLLOWER]: Starting pre-election (detected failure of leader c7cac2e5f1f245d6bb39d6f07f8f169b)
I20260630 12:38:55.889202 16891 raft_consensus.cc:515] T 5cff7af08cd2426bbc6bd948ebf08ef7 P e0c27d25d66d458ea6f0db9a9ba8f64f [term 3 FOLLOWER]: Starting pre-election with config: opid_index: 4 OBSOLETE_local: false peers { permanent_uuid: "c7cac2e5f1f245d6bb39d6f07f8f169b" member_type: VOTER last_known_addr { host: "127.13.4.65" port: 43323 } } peers { permanent_uuid: "467ce696163c45d1bcc8dec93216bddc" member_type: VOTER last_known_addr { host: "127.13.4.67" port: 46411 } } peers { permanent_uuid: "e0c27d25d66d458ea6f0db9a9ba8f64f" member_type: VOTER last_known_addr { host: "127.13.4.68" port: 33307 } attrs { promote: false } }
I20260630 12:38:55.891021 16891 leader_election.cc:290] T 5cff7af08cd2426bbc6bd948ebf08ef7 P e0c27d25d66d458ea6f0db9a9ba8f64f [CANDIDATE]: Term 4 pre-election: Requested pre-vote from peers c7cac2e5f1f245d6bb39d6f07f8f169b (127.13.4.65:43323), 467ce696163c45d1bcc8dec93216bddc (127.13.4.67:46411)
W20260630 12:38:55.896106 16570 leader_election.cc:336] T 5cff7af08cd2426bbc6bd948ebf08ef7 P e0c27d25d66d458ea6f0db9a9ba8f64f [CANDIDATE]: Term 4 pre-election: RPC error from VoteRequest() call to peer c7cac2e5f1f245d6bb39d6f07f8f169b (127.13.4.65:43323): Network error: Client connection negotiation failed: client connection to 127.13.4.65:43323: connect: Connection refused (error 111)
W20260630 12:38:55.897737 16569 leader_election.cc:336] T 5cff7af08cd2426bbc6bd948ebf08ef7 P e0c27d25d66d458ea6f0db9a9ba8f64f [CANDIDATE]: Term 4 pre-election: RPC error from VoteRequest() call to peer 467ce696163c45d1bcc8dec93216bddc (127.13.4.67:46411): Network error: Client connection negotiation failed: client connection to 127.13.4.67:46411: connect: Connection refused (error 111)
I20260630 12:38:55.898105 16569 leader_election.cc:304] T 5cff7af08cd2426bbc6bd948ebf08ef7 P e0c27d25d66d458ea6f0db9a9ba8f64f [CANDIDATE]: Term 4 pre-election: Election decided. Result: candidate lost. Election summary: received 3 responses out of 3 voters: 1 yes votes; 2 no votes. yes voters: e0c27d25d66d458ea6f0db9a9ba8f64f; no voters: 467ce696163c45d1bcc8dec93216bddc, c7cac2e5f1f245d6bb39d6f07f8f169b
I20260630 12:38:55.898736 16891 raft_consensus.cc:2749] T 5cff7af08cd2426bbc6bd948ebf08ef7 P e0c27d25d66d458ea6f0db9a9ba8f64f [term 3 FOLLOWER]: Leader pre-election lost for term 4. Reason: could not achieve majority
I20260630 12:38:55.950380 16891 raft_consensus.cc:493] T 3d7311e307d845349df43b1bc8b97697 P e0c27d25d66d458ea6f0db9a9ba8f64f [term 4 FOLLOWER]: Starting pre-election (detected failure of leader ba792e0e22004e1a8f61a0fb48c4ed6e)
I20260630 12:38:55.950954 16891 raft_consensus.cc:515] T 3d7311e307d845349df43b1bc8b97697 P e0c27d25d66d458ea6f0db9a9ba8f64f [term 4 FOLLOWER]: Starting pre-election with config: opid_index: -1 OBSOLETE_local: false peers { permanent_uuid: "ba792e0e22004e1a8f61a0fb48c4ed6e" member_type: VOTER last_known_addr { host: "127.13.4.66" port: 34379 } } peers { permanent_uuid: "467ce696163c45d1bcc8dec93216bddc" member_type: VOTER last_known_addr { host: "127.13.4.67" port: 46411 } } peers { permanent_uuid: "e0c27d25d66d458ea6f0db9a9ba8f64f" member_type: VOTER last_known_addr { host: "127.13.4.68" port: 33307 } }
I20260630 12:38:55.953244 16891 leader_election.cc:290] T 3d7311e307d845349df43b1bc8b97697 P e0c27d25d66d458ea6f0db9a9ba8f64f [CANDIDATE]: Term 5 pre-election: Requested pre-vote from peers ba792e0e22004e1a8f61a0fb48c4ed6e (127.13.4.66:34379), 467ce696163c45d1bcc8dec93216bddc (127.13.4.67:46411)
W20260630 12:38:55.957031 16568 leader_election.cc:336] T 3d7311e307d845349df43b1bc8b97697 P e0c27d25d66d458ea6f0db9a9ba8f64f [CANDIDATE]: Term 5 pre-election: RPC error from VoteRequest() call to peer ba792e0e22004e1a8f61a0fb48c4ed6e (127.13.4.66:34379): Network error: Client connection negotiation failed: client connection to 127.13.4.66:34379: connect: Connection refused (error 111)
W20260630 12:38:55.958310 16569 leader_election.cc:336] T 3d7311e307d845349df43b1bc8b97697 P e0c27d25d66d458ea6f0db9a9ba8f64f [CANDIDATE]: Term 5 pre-election: RPC error from VoteRequest() call to peer 467ce696163c45d1bcc8dec93216bddc (127.13.4.67:46411): Network error: Client connection negotiation failed: client connection to 127.13.4.67:46411: connect: Connection refused (error 111)
I20260630 12:38:55.958717 16569 leader_election.cc:304] T 3d7311e307d845349df43b1bc8b97697 P e0c27d25d66d458ea6f0db9a9ba8f64f [CANDIDATE]: Term 5 pre-election: Election decided. Result: candidate lost. Election summary: received 3 responses out of 3 voters: 1 yes votes; 2 no votes. yes voters: e0c27d25d66d458ea6f0db9a9ba8f64f; no voters: 467ce696163c45d1bcc8dec93216bddc, ba792e0e22004e1a8f61a0fb48c4ed6e
I20260630 12:38:55.959409 16891 raft_consensus.cc:2749] T 3d7311e307d845349df43b1bc8b97697 P e0c27d25d66d458ea6f0db9a9ba8f64f [term 4 FOLLOWER]: Leader pre-election lost for term 5. Reason: could not achieve majority
I20260630 12:38:56.007153 16891 raft_consensus.cc:493] T 9836c642c47f4ff2a9b61fc486c16db5 P e0c27d25d66d458ea6f0db9a9ba8f64f [term 1 FOLLOWER]: Starting pre-election (detected failure of leader c7cac2e5f1f245d6bb39d6f07f8f169b)
I20260630 12:38:56.007710 16891 raft_consensus.cc:515] T 9836c642c47f4ff2a9b61fc486c16db5 P e0c27d25d66d458ea6f0db9a9ba8f64f [term 1 FOLLOWER]: Starting pre-election with config: opid_index: 4 OBSOLETE_local: false peers { permanent_uuid: "c7cac2e5f1f245d6bb39d6f07f8f169b" member_type: VOTER last_known_addr { host: "127.13.4.65" port: 43323 } } peers { permanent_uuid: "467ce696163c45d1bcc8dec93216bddc" member_type: VOTER last_known_addr { host: "127.13.4.67" port: 46411 } } peers { permanent_uuid: "e0c27d25d66d458ea6f0db9a9ba8f64f" member_type: VOTER last_known_addr { host: "127.13.4.68" port: 33307 } attrs { promote: false } }
I20260630 12:38:56.009640 16891 leader_election.cc:290] T 9836c642c47f4ff2a9b61fc486c16db5 P e0c27d25d66d458ea6f0db9a9ba8f64f [CANDIDATE]: Term 2 pre-election: Requested pre-vote from peers c7cac2e5f1f245d6bb39d6f07f8f169b (127.13.4.65:43323), 467ce696163c45d1bcc8dec93216bddc (127.13.4.67:46411)
W20260630 12:38:56.013850 16569 leader_election.cc:336] T 9836c642c47f4ff2a9b61fc486c16db5 P e0c27d25d66d458ea6f0db9a9ba8f64f [CANDIDATE]: Term 2 pre-election: RPC error from VoteRequest() call to peer 467ce696163c45d1bcc8dec93216bddc (127.13.4.67:46411): Network error: Client connection negotiation failed: client connection to 127.13.4.67:46411: connect: Connection refused (error 111)
W20260630 12:38:56.014374 16570 leader_election.cc:336] T 9836c642c47f4ff2a9b61fc486c16db5 P e0c27d25d66d458ea6f0db9a9ba8f64f [CANDIDATE]: Term 2 pre-election: RPC error from VoteRequest() call to peer c7cac2e5f1f245d6bb39d6f07f8f169b (127.13.4.65:43323): Network error: Client connection negotiation failed: client connection to 127.13.4.65:43323: connect: Connection refused (error 111)
I20260630 12:38:56.014756 16570 leader_election.cc:304] T 9836c642c47f4ff2a9b61fc486c16db5 P e0c27d25d66d458ea6f0db9a9ba8f64f [CANDIDATE]: Term 2 pre-election: Election decided. Result: candidate lost. Election summary: received 3 responses out of 3 voters: 1 yes votes; 2 no votes. yes voters: e0c27d25d66d458ea6f0db9a9ba8f64f; no voters: 467ce696163c45d1bcc8dec93216bddc, c7cac2e5f1f245d6bb39d6f07f8f169b
I20260630 12:38:56.015354 16891 raft_consensus.cc:2749] T 9836c642c47f4ff2a9b61fc486c16db5 P e0c27d25d66d458ea6f0db9a9ba8f64f [term 1 FOLLOWER]: Leader pre-election lost for term 2. Reason: could not achieve majority
W20260630 12:38:56.123039 13329 thread.cc:527] Waited for 1000ms trying to join with diag-logger (tid 16476)
I20260630 12:38:56.180258 16891 raft_consensus.cc:493] T 469b0a1586fb4d0ca769ffda936ae911 P e0c27d25d66d458ea6f0db9a9ba8f64f [term 5 FOLLOWER]: Starting pre-election (detected failure of leader ba792e0e22004e1a8f61a0fb48c4ed6e)
I20260630 12:38:56.180927 16891 raft_consensus.cc:515] T 469b0a1586fb4d0ca769ffda936ae911 P e0c27d25d66d458ea6f0db9a9ba8f64f [term 5 FOLLOWER]: Starting pre-election with config: opid_index: 6 OBSOLETE_local: false peers { permanent_uuid: "ba792e0e22004e1a8f61a0fb48c4ed6e" member_type: VOTER last_known_addr { host: "127.13.4.66" port: 34379 } } peers { permanent_uuid: "c7cac2e5f1f245d6bb39d6f07f8f169b" member_type: VOTER last_known_addr { host: "127.13.4.65" port: 43323 } } peers { permanent_uuid: "e0c27d25d66d458ea6f0db9a9ba8f64f" member_type: VOTER last_known_addr { host: "127.13.4.68" port: 33307 } attrs { promote: false } }
I20260630 12:38:56.182961 16891 leader_election.cc:290] T 469b0a1586fb4d0ca769ffda936ae911 P e0c27d25d66d458ea6f0db9a9ba8f64f [CANDIDATE]: Term 6 pre-election: Requested pre-vote from peers ba792e0e22004e1a8f61a0fb48c4ed6e (127.13.4.66:34379), c7cac2e5f1f245d6bb39d6f07f8f169b (127.13.4.65:43323)
W20260630 12:38:56.186916 16568 leader_election.cc:336] T 469b0a1586fb4d0ca769ffda936ae911 P e0c27d25d66d458ea6f0db9a9ba8f64f [CANDIDATE]: Term 6 pre-election: RPC error from VoteRequest() call to peer ba792e0e22004e1a8f61a0fb48c4ed6e (127.13.4.66:34379): Network error: Client connection negotiation failed: client connection to 127.13.4.66:34379: connect: Connection refused (error 111)
W20260630 12:38:56.188133 16570 leader_election.cc:336] T 469b0a1586fb4d0ca769ffda936ae911 P e0c27d25d66d458ea6f0db9a9ba8f64f [CANDIDATE]: Term 6 pre-election: RPC error from VoteRequest() call to peer c7cac2e5f1f245d6bb39d6f07f8f169b (127.13.4.65:43323): Network error: Client connection negotiation failed: client connection to 127.13.4.65:43323: connect: Connection refused (error 111)
I20260630 12:38:56.188583 16570 leader_election.cc:304] T 469b0a1586fb4d0ca769ffda936ae911 P e0c27d25d66d458ea6f0db9a9ba8f64f [CANDIDATE]: Term 6 pre-election: Election decided. Result: candidate lost. Election summary: received 3 responses out of 3 voters: 1 yes votes; 2 no votes. yes voters: e0c27d25d66d458ea6f0db9a9ba8f64f; no voters: ba792e0e22004e1a8f61a0fb48c4ed6e, c7cac2e5f1f245d6bb39d6f07f8f169b
I20260630 12:38:56.189294 16891 raft_consensus.cc:2749] T 469b0a1586fb4d0ca769ffda936ae911 P e0c27d25d66d458ea6f0db9a9ba8f64f [term 5 FOLLOWER]: Leader pre-election lost for term 6. Reason: could not achieve majority
I20260630 12:38:56.271380 16891 raft_consensus.cc:493] T 103d360d78904e048043617b44c97395 P e0c27d25d66d458ea6f0db9a9ba8f64f [term 4 FOLLOWER]: Starting pre-election (detected failure of leader ba792e0e22004e1a8f61a0fb48c4ed6e)
I20260630 12:38:56.271939 16891 raft_consensus.cc:515] T 103d360d78904e048043617b44c97395 P e0c27d25d66d458ea6f0db9a9ba8f64f [term 4 FOLLOWER]: Starting pre-election with config: opid_index: 6 OBSOLETE_local: false peers { permanent_uuid: "ba792e0e22004e1a8f61a0fb48c4ed6e" member_type: VOTER last_known_addr { host: "127.13.4.66" port: 34379 } } peers { permanent_uuid: "c7cac2e5f1f245d6bb39d6f07f8f169b" member_type: VOTER last_known_addr { host: "127.13.4.65" port: 43323 } } peers { permanent_uuid: "e0c27d25d66d458ea6f0db9a9ba8f64f" member_type: VOTER last_known_addr { host: "127.13.4.68" port: 33307 } attrs { promote: false } }
I20260630 12:38:56.273944 16891 leader_election.cc:290] T 103d360d78904e048043617b44c97395 P e0c27d25d66d458ea6f0db9a9ba8f64f [CANDIDATE]: Term 5 pre-election: Requested pre-vote from peers ba792e0e22004e1a8f61a0fb48c4ed6e (127.13.4.66:34379), c7cac2e5f1f245d6bb39d6f07f8f169b (127.13.4.65:43323)
W20260630 12:38:56.278174 16568 leader_election.cc:336] T 103d360d78904e048043617b44c97395 P e0c27d25d66d458ea6f0db9a9ba8f64f [CANDIDATE]: Term 5 pre-election: RPC error from VoteRequest() call to peer ba792e0e22004e1a8f61a0fb48c4ed6e (127.13.4.66:34379): Network error: Client connection negotiation failed: client connection to 127.13.4.66:34379: connect: Connection refused (error 111)
W20260630 12:38:56.278673 16570 leader_election.cc:336] T 103d360d78904e048043617b44c97395 P e0c27d25d66d458ea6f0db9a9ba8f64f [CANDIDATE]: Term 5 pre-election: RPC error from VoteRequest() call to peer c7cac2e5f1f245d6bb39d6f07f8f169b (127.13.4.65:43323): Network error: Client connection negotiation failed: client connection to 127.13.4.65:43323: connect: Connection refused (error 111)
I20260630 12:38:56.279055 16570 leader_election.cc:304] T 103d360d78904e048043617b44c97395 P e0c27d25d66d458ea6f0db9a9ba8f64f [CANDIDATE]: Term 5 pre-election: Election decided. Result: candidate lost. Election summary: received 3 responses out of 3 voters: 1 yes votes; 2 no votes. yes voters: e0c27d25d66d458ea6f0db9a9ba8f64f; no voters: ba792e0e22004e1a8f61a0fb48c4ed6e, c7cac2e5f1f245d6bb39d6f07f8f169b
I20260630 12:38:56.279646 16891 raft_consensus.cc:2749] T 103d360d78904e048043617b44c97395 P e0c27d25d66d458ea6f0db9a9ba8f64f [term 4 FOLLOWER]: Leader pre-election lost for term 5. Reason: could not achieve majority
I20260630 12:38:56.344954 16891 raft_consensus.cc:493] T f812b652c1a94ada8d7076e34dba4d35 P e0c27d25d66d458ea6f0db9a9ba8f64f [term 1 FOLLOWER]: Starting pre-election (detected failure of leader ba792e0e22004e1a8f61a0fb48c4ed6e)
I20260630 12:38:56.345458 16891 raft_consensus.cc:515] T f812b652c1a94ada8d7076e34dba4d35 P e0c27d25d66d458ea6f0db9a9ba8f64f [term 1 FOLLOWER]: Starting pre-election with config: opid_index: -1 OBSOLETE_local: false peers { permanent_uuid: "467ce696163c45d1bcc8dec93216bddc" member_type: VOTER last_known_addr { host: "127.13.4.67" port: 46411 } } peers { permanent_uuid: "e0c27d25d66d458ea6f0db9a9ba8f64f" member_type: VOTER last_known_addr { host: "127.13.4.68" port: 33307 } } peers { permanent_uuid: "ba792e0e22004e1a8f61a0fb48c4ed6e" member_type: VOTER last_known_addr { host: "127.13.4.66" port: 34379 } }
I20260630 12:38:56.347802 16891 leader_election.cc:290] T f812b652c1a94ada8d7076e34dba4d35 P e0c27d25d66d458ea6f0db9a9ba8f64f [CANDIDATE]: Term 2 pre-election: Requested pre-vote from peers 467ce696163c45d1bcc8dec93216bddc (127.13.4.67:46411), ba792e0e22004e1a8f61a0fb48c4ed6e (127.13.4.66:34379)
W20260630 12:38:56.351490 16569 leader_election.cc:336] T f812b652c1a94ada8d7076e34dba4d35 P e0c27d25d66d458ea6f0db9a9ba8f64f [CANDIDATE]: Term 2 pre-election: RPC error from VoteRequest() call to peer 467ce696163c45d1bcc8dec93216bddc (127.13.4.67:46411): Network error: Client connection negotiation failed: client connection to 127.13.4.67:46411: connect: Connection refused (error 111)
W20260630 12:38:56.352233 16568 leader_election.cc:336] T f812b652c1a94ada8d7076e34dba4d35 P e0c27d25d66d458ea6f0db9a9ba8f64f [CANDIDATE]: Term 2 pre-election: RPC error from VoteRequest() call to peer ba792e0e22004e1a8f61a0fb48c4ed6e (127.13.4.66:34379): Network error: Client connection negotiation failed: client connection to 127.13.4.66:34379: connect: Connection refused (error 111)
I20260630 12:38:56.352612 16568 leader_election.cc:304] T f812b652c1a94ada8d7076e34dba4d35 P e0c27d25d66d458ea6f0db9a9ba8f64f [CANDIDATE]: Term 2 pre-election: Election decided. Result: candidate lost. Election summary: received 3 responses out of 3 voters: 1 yes votes; 2 no votes. yes voters: e0c27d25d66d458ea6f0db9a9ba8f64f; no voters: 467ce696163c45d1bcc8dec93216bddc, ba792e0e22004e1a8f61a0fb48c4ed6e
I20260630 12:38:56.353227 16891 raft_consensus.cc:2749] T f812b652c1a94ada8d7076e34dba4d35 P e0c27d25d66d458ea6f0db9a9ba8f64f [term 1 FOLLOWER]: Leader pre-election lost for term 2. Reason: could not achieve majority
I20260630 12:38:56.441535 16891 raft_consensus.cc:493] T 34ef89be2da94ef3945abd709d27e46c P e0c27d25d66d458ea6f0db9a9ba8f64f [term 2 FOLLOWER]: Starting pre-election (detected failure of leader 467ce696163c45d1bcc8dec93216bddc)
I20260630 12:38:56.442214 16891 raft_consensus.cc:515] T 34ef89be2da94ef3945abd709d27e46c P e0c27d25d66d458ea6f0db9a9ba8f64f [term 2 FOLLOWER]: Starting pre-election with config: opid_index: 4 OBSOLETE_local: false peers { permanent_uuid: "ba792e0e22004e1a8f61a0fb48c4ed6e" member_type: VOTER last_known_addr { host: "127.13.4.66" port: 34379 } } peers { permanent_uuid: "467ce696163c45d1bcc8dec93216bddc" member_type: VOTER last_known_addr { host: "127.13.4.67" port: 46411 } } peers { permanent_uuid: "e0c27d25d66d458ea6f0db9a9ba8f64f" member_type: VOTER last_known_addr { host: "127.13.4.68" port: 33307 } attrs { promote: false } }
I20260630 12:38:56.444761 16891 leader_election.cc:290] T 34ef89be2da94ef3945abd709d27e46c P e0c27d25d66d458ea6f0db9a9ba8f64f [CANDIDATE]: Term 3 pre-election: Requested pre-vote from peers ba792e0e22004e1a8f61a0fb48c4ed6e (127.13.4.66:34379), 467ce696163c45d1bcc8dec93216bddc (127.13.4.67:46411)
W20260630 12:38:56.448997 16568 leader_election.cc:336] T 34ef89be2da94ef3945abd709d27e46c P e0c27d25d66d458ea6f0db9a9ba8f64f [CANDIDATE]: Term 3 pre-election: RPC error from VoteRequest() call to peer ba792e0e22004e1a8f61a0fb48c4ed6e (127.13.4.66:34379): Network error: Client connection negotiation failed: client connection to 127.13.4.66:34379: connect: Connection refused (error 111)
W20260630 12:38:56.449529 16569 leader_election.cc:336] T 34ef89be2da94ef3945abd709d27e46c P e0c27d25d66d458ea6f0db9a9ba8f64f [CANDIDATE]: Term 3 pre-election: RPC error from VoteRequest() call to peer 467ce696163c45d1bcc8dec93216bddc (127.13.4.67:46411): Network error: Client connection negotiation failed: client connection to 127.13.4.67:46411: connect: Connection refused (error 111)
I20260630 12:38:56.449869 16569 leader_election.cc:304] T 34ef89be2da94ef3945abd709d27e46c P e0c27d25d66d458ea6f0db9a9ba8f64f [CANDIDATE]: Term 3 pre-election: Election decided. Result: candidate lost. Election summary: received 3 responses out of 3 voters: 1 yes votes; 2 no votes. yes voters: e0c27d25d66d458ea6f0db9a9ba8f64f; no voters: 467ce696163c45d1bcc8dec93216bddc, ba792e0e22004e1a8f61a0fb48c4ed6e
I20260630 12:38:56.450421 16891 raft_consensus.cc:2749] T 34ef89be2da94ef3945abd709d27e46c P e0c27d25d66d458ea6f0db9a9ba8f64f [term 2 FOLLOWER]: Leader pre-election lost for term 3. Reason: could not achieve majority
I20260630 12:38:56.537745 16891 raft_consensus.cc:493] T a8aa898d325641bab50bc1d0059fcbf6 P e0c27d25d66d458ea6f0db9a9ba8f64f [term 3 FOLLOWER]: Starting pre-election (detected failure of leader 467ce696163c45d1bcc8dec93216bddc)
I20260630 12:38:56.538272 16891 raft_consensus.cc:515] T a8aa898d325641bab50bc1d0059fcbf6 P e0c27d25d66d458ea6f0db9a9ba8f64f [term 3 FOLLOWER]: Starting pre-election with config: opid_index: 4 OBSOLETE_local: false peers { permanent_uuid: "ba792e0e22004e1a8f61a0fb48c4ed6e" member_type: VOTER last_known_addr { host: "127.13.4.66" port: 34379 } } peers { permanent_uuid: "467ce696163c45d1bcc8dec93216bddc" member_type: VOTER last_known_addr { host: "127.13.4.67" port: 46411 } } peers { permanent_uuid: "e0c27d25d66d458ea6f0db9a9ba8f64f" member_type: VOTER last_known_addr { host: "127.13.4.68" port: 33307 } attrs { promote: false } }
I20260630 12:38:56.540072 16891 leader_election.cc:290] T a8aa898d325641bab50bc1d0059fcbf6 P e0c27d25d66d458ea6f0db9a9ba8f64f [CANDIDATE]: Term 4 pre-election: Requested pre-vote from peers ba792e0e22004e1a8f61a0fb48c4ed6e (127.13.4.66:34379), 467ce696163c45d1bcc8dec93216bddc (127.13.4.67:46411)
W20260630 12:38:56.544235 16568 leader_election.cc:336] T a8aa898d325641bab50bc1d0059fcbf6 P e0c27d25d66d458ea6f0db9a9ba8f64f [CANDIDATE]: Term 4 pre-election: RPC error from VoteRequest() call to peer ba792e0e22004e1a8f61a0fb48c4ed6e (127.13.4.66:34379): Network error: Client connection negotiation failed: client connection to 127.13.4.66:34379: connect: Connection refused (error 111)
W20260630 12:38:56.544706 16569 leader_election.cc:336] T a8aa898d325641bab50bc1d0059fcbf6 P e0c27d25d66d458ea6f0db9a9ba8f64f [CANDIDATE]: Term 4 pre-election: RPC error from VoteRequest() call to peer 467ce696163c45d1bcc8dec93216bddc (127.13.4.67:46411): Network error: Client connection negotiation failed: client connection to 127.13.4.67:46411: connect: Connection refused (error 111)
I20260630 12:38:56.545092 16569 leader_election.cc:304] T a8aa898d325641bab50bc1d0059fcbf6 P e0c27d25d66d458ea6f0db9a9ba8f64f [CANDIDATE]: Term 4 pre-election: Election decided. Result: candidate lost. Election summary: received 3 responses out of 3 voters: 1 yes votes; 2 no votes. yes voters: e0c27d25d66d458ea6f0db9a9ba8f64f; no voters: 467ce696163c45d1bcc8dec93216bddc, ba792e0e22004e1a8f61a0fb48c4ed6e
I20260630 12:38:56.545619 16891 raft_consensus.cc:2749] T a8aa898d325641bab50bc1d0059fcbf6 P e0c27d25d66d458ea6f0db9a9ba8f64f [term 3 FOLLOWER]: Leader pre-election lost for term 4. Reason: could not achieve majority
I20260630 12:38:56.667291 13329 tablet_server.cc:196] TabletServer@127.13.4.67:0 shutdown complete.
I20260630 12:38:56.701352 13329 tablet_server.cc:179] TabletServer@127.13.4.68:0 shutting down...
I20260630 12:38:56.723863 13329 ts_tablet_manager.cc:1507] Shutting down tablet manager...
I20260630 12:38:56.724583 13329 tablet_replica.cc:333] T 103d360d78904e048043617b44c97395 P e0c27d25d66d458ea6f0db9a9ba8f64f: stopping tablet replica
I20260630 12:38:56.725221 13329 raft_consensus.cc:2243] T 103d360d78904e048043617b44c97395 P e0c27d25d66d458ea6f0db9a9ba8f64f [term 4 FOLLOWER]: Raft consensus shutting down.
I20260630 12:38:56.725785 13329 raft_consensus.cc:2272] T 103d360d78904e048043617b44c97395 P e0c27d25d66d458ea6f0db9a9ba8f64f [term 4 FOLLOWER]: Raft consensus is shut down!
I20260630 12:38:56.727763 13329 tablet_replica.cc:333] T 9836c642c47f4ff2a9b61fc486c16db5 P e0c27d25d66d458ea6f0db9a9ba8f64f: stopping tablet replica
I20260630 12:38:56.728314 13329 raft_consensus.cc:2243] T 9836c642c47f4ff2a9b61fc486c16db5 P e0c27d25d66d458ea6f0db9a9ba8f64f [term 1 FOLLOWER]: Raft consensus shutting down.
I20260630 12:38:56.728833 13329 raft_consensus.cc:2272] T 9836c642c47f4ff2a9b61fc486c16db5 P e0c27d25d66d458ea6f0db9a9ba8f64f [term 1 FOLLOWER]: Raft consensus is shut down!
I20260630 12:38:56.730454 13329 tablet_replica.cc:333] T 34ef89be2da94ef3945abd709d27e46c P e0c27d25d66d458ea6f0db9a9ba8f64f: stopping tablet replica
I20260630 12:38:56.730952 13329 raft_consensus.cc:2243] T 34ef89be2da94ef3945abd709d27e46c P e0c27d25d66d458ea6f0db9a9ba8f64f [term 2 FOLLOWER]: Raft consensus shutting down.
I20260630 12:38:56.731415 13329 raft_consensus.cc:2272] T 34ef89be2da94ef3945abd709d27e46c P e0c27d25d66d458ea6f0db9a9ba8f64f [term 2 FOLLOWER]: Raft consensus is shut down!
I20260630 12:38:56.733220 13329 tablet_replica.cc:333] T 469b0a1586fb4d0ca769ffda936ae911 P e0c27d25d66d458ea6f0db9a9ba8f64f: stopping tablet replica
I20260630 12:38:56.733748 13329 raft_consensus.cc:2243] T 469b0a1586fb4d0ca769ffda936ae911 P e0c27d25d66d458ea6f0db9a9ba8f64f [term 5 FOLLOWER]: Raft consensus shutting down.
I20260630 12:38:56.734146 13329 raft_consensus.cc:2272] T 469b0a1586fb4d0ca769ffda936ae911 P e0c27d25d66d458ea6f0db9a9ba8f64f [term 5 FOLLOWER]: Raft consensus is shut down!
I20260630 12:38:56.735805 13329 tablet_replica.cc:333] T 5cff7af08cd2426bbc6bd948ebf08ef7 P e0c27d25d66d458ea6f0db9a9ba8f64f: stopping tablet replica
I20260630 12:38:56.736282 13329 raft_consensus.cc:2243] T 5cff7af08cd2426bbc6bd948ebf08ef7 P e0c27d25d66d458ea6f0db9a9ba8f64f [term 3 FOLLOWER]: Raft consensus shutting down.
I20260630 12:38:56.736740 13329 raft_consensus.cc:2272] T 5cff7af08cd2426bbc6bd948ebf08ef7 P e0c27d25d66d458ea6f0db9a9ba8f64f [term 3 FOLLOWER]: Raft consensus is shut down!
I20260630 12:38:56.738493 13329 tablet_replica.cc:333] T 3d7311e307d845349df43b1bc8b97697 P e0c27d25d66d458ea6f0db9a9ba8f64f: stopping tablet replica
I20260630 12:38:56.739034 13329 raft_consensus.cc:2243] T 3d7311e307d845349df43b1bc8b97697 P e0c27d25d66d458ea6f0db9a9ba8f64f [term 4 FOLLOWER]: Raft consensus shutting down.
I20260630 12:38:56.739460 13329 raft_consensus.cc:2272] T 3d7311e307d845349df43b1bc8b97697 P e0c27d25d66d458ea6f0db9a9ba8f64f [term 4 FOLLOWER]: Raft consensus is shut down!
I20260630 12:38:56.741153 13329 tablet_replica.cc:333] T f812b652c1a94ada8d7076e34dba4d35 P e0c27d25d66d458ea6f0db9a9ba8f64f: stopping tablet replica
I20260630 12:38:56.741608 13329 raft_consensus.cc:2243] T f812b652c1a94ada8d7076e34dba4d35 P e0c27d25d66d458ea6f0db9a9ba8f64f [term 1 FOLLOWER]: Raft consensus shutting down.
I20260630 12:38:56.741930 13329 raft_consensus.cc:2272] T f812b652c1a94ada8d7076e34dba4d35 P e0c27d25d66d458ea6f0db9a9ba8f64f [term 1 FOLLOWER]: Raft consensus is shut down!
I20260630 12:38:56.743459 13329 tablet_replica.cc:333] T 4f2517fc28a242f7ad2ddcb2cd069929 P e0c27d25d66d458ea6f0db9a9ba8f64f: stopping tablet replica
I20260630 12:38:56.743907 13329 raft_consensus.cc:2243] T 4f2517fc28a242f7ad2ddcb2cd069929 P e0c27d25d66d458ea6f0db9a9ba8f64f [term 1 LEADER]: Raft consensus shutting down.
I20260630 12:38:56.744635 13329 raft_consensus.cc:2272] T 4f2517fc28a242f7ad2ddcb2cd069929 P e0c27d25d66d458ea6f0db9a9ba8f64f [term 1 FOLLOWER]: Raft consensus is shut down!
I20260630 12:38:56.746341 13329 tablet_replica.cc:333] T 353cd269eb824e5eb5732311016d8e54 P e0c27d25d66d458ea6f0db9a9ba8f64f: stopping tablet replica
I20260630 12:38:56.746791 13329 raft_consensus.cc:2243] T 353cd269eb824e5eb5732311016d8e54 P e0c27d25d66d458ea6f0db9a9ba8f64f [term 4 LEADER]: Raft consensus shutting down.
I20260630 12:38:56.747537 13329 raft_consensus.cc:2272] T 353cd269eb824e5eb5732311016d8e54 P e0c27d25d66d458ea6f0db9a9ba8f64f [term 4 FOLLOWER]: Raft consensus is shut down!
I20260630 12:38:56.749131 13329 tablet_replica.cc:333] T a8aa898d325641bab50bc1d0059fcbf6 P e0c27d25d66d458ea6f0db9a9ba8f64f: stopping tablet replica
I20260630 12:38:56.749571 13329 raft_consensus.cc:2243] T a8aa898d325641bab50bc1d0059fcbf6 P e0c27d25d66d458ea6f0db9a9ba8f64f [term 3 FOLLOWER]: Raft consensus shutting down.
I20260630 12:38:56.749915 13329 raft_consensus.cc:2272] T a8aa898d325641bab50bc1d0059fcbf6 P e0c27d25d66d458ea6f0db9a9ba8f64f [term 3 FOLLOWER]: Raft consensus is shut down!
I20260630 12:38:56.751559 13329 tablet_replica.cc:333] T 1ad47a7a09f84b9991d8aa213146be59 P e0c27d25d66d458ea6f0db9a9ba8f64f: stopping tablet replica
I20260630 12:38:56.752029 13329 raft_consensus.cc:2243] T 1ad47a7a09f84b9991d8aa213146be59 P e0c27d25d66d458ea6f0db9a9ba8f64f [term 2 LEADER]: Raft consensus shutting down.
I20260630 12:38:56.752764 13329 raft_consensus.cc:2272] T 1ad47a7a09f84b9991d8aa213146be59 P e0c27d25d66d458ea6f0db9a9ba8f64f [term 2 FOLLOWER]: Raft consensus is shut down!
I20260630 12:38:56.754475 13329 tablet_replica.cc:333] T 38b0fe395ecb447eb7c660b9933e2233 P e0c27d25d66d458ea6f0db9a9ba8f64f: stopping tablet replica
I20260630 12:38:56.754905 13329 raft_consensus.cc:2243] T 38b0fe395ecb447eb7c660b9933e2233 P e0c27d25d66d458ea6f0db9a9ba8f64f [term 1 LEADER]: Raft consensus shutting down.
I20260630 12:38:56.755697 13329 raft_consensus.cc:2272] T 38b0fe395ecb447eb7c660b9933e2233 P e0c27d25d66d458ea6f0db9a9ba8f64f [term 1 FOLLOWER]: Raft consensus is shut down!
I20260630 12:38:56.789448 13329 tablet_server.cc:196] TabletServer@127.13.4.68:0 shutdown complete.
I20260630 12:38:56.816926 13329 master.cc:562] Master@127.13.4.126:38003 shutting down...
I20260630 12:38:56.840510 13329 raft_consensus.cc:2243] T 00000000000000000000000000000000 P 2ae8280166cc4e1f8f473f1812884f21 [term 1 LEADER]: Raft consensus shutting down.
I20260630 12:38:56.841156 13329 raft_consensus.cc:2272] T 00000000000000000000000000000000 P 2ae8280166cc4e1f8f473f1812884f21 [term 1 FOLLOWER]: Raft consensus is shut down!
I20260630 12:38:56.841521 13329 tablet_replica.cc:333] T 00000000000000000000000000000000 P 2ae8280166cc4e1f8f473f1812884f21: stopping tablet replica
I20260630 12:38:56.862310 13329 master.cc:584] Master@127.13.4.126:38003 shutdown complete.
[       OK ] AutoRebalancerTest.RangeAwareRebalancesNewRangeReplicas (16144 ms)
[ RUN      ] AutoRebalancerTest.NoReplicaMovesIfLocationLoadSkewedByOne
I20260630 12:38:56.918423 13329 internal_mini_cluster.cc:156] Creating distributed mini masters. Addrs: 127.13.4.126:33485
I20260630 12:38:56.919693 13329 file_cache.cc:492] Constructed file cache file cache with capacity 419430
W20260630 12:38:56.925550 16966 instance_detector.cc:116] could not retrieve AWS instance metadata: Network error: curl error: HTTP response code said error: The requested URL returned error: 404
W20260630 12:38:56.925822 16967 instance_detector.cc:116] could not retrieve Azure instance metadata: Network error: curl error: HTTP response code said error: The requested URL returned error: 404
W20260630 12:38:56.926208 16969 instance_detector.cc:116] could not retrieve OpenStack instance metadata: Network error: curl error: HTTP response code said error: The requested URL returned error: 404
I20260630 12:38:56.928470 13329 server_base.cc:1061] running on GCE node
I20260630 12:38:56.930405 13329 hybrid_clock.cc:584] initializing the hybrid clock with 'system_unsync' time source
W20260630 12:38:56.930588 13329 system_unsync_time.cc:38] NTP support is disabled. Clock error bounds will not be accurate. This configuration is not suitable for distributed clusters.
I20260630 12:38:56.930704 13329 hybrid_clock.cc:648] HybridClock initialized: now 1782823136930693 us; error 0 us; skew 500 ppm
I20260630 12:38:56.931257 13329 server_base.cc:861] Flag tcmalloc_max_total_thread_cache_bytes is not working since tcmalloc is not enabled.
I20260630 12:38:56.933640 13329 webserver.cc:533] Webserver started at http://127.13.4.126:45799/ using document root <none> and password file <none>
I20260630 12:38:56.934113 13329 fs_manager.cc:362] Metadata directory not provided
I20260630 12:38:56.934267 13329 fs_manager.cc:368] Using write-ahead log directory (fs_wal_dir) as metadata directory
I20260630 12:38:56.934504 13329 server_base.cc:909] This appears to be a new deployment of Kudu; creating new FS layout
I20260630 12:38:56.936317 13329 fs_manager.cc:1068] Generated new instance metadata in path /tmp/dist-test-taskFcbrAO/test-tmp/auto_rebalancer-test.0.AutoRebalancerTest.NoReplicaMovesIfLocationLoadSkewedByOne.1782823040343362-13329-0/minicluster-data/master-0-root/instance:
uuid: "6ea7fe373db1474ca399dabed9d5317d"
format_stamp: "Formatted at 2026-06-30 12:38:56 on dist-test-slave-zxq3"
I20260630 12:38:56.940771 13329 fs_manager.cc:696] Time spent creating directory manager: real 0.004s	user 0.004s	sys 0.000s
I20260630 12:38:56.944111 16974 log_block_manager.cc:4031] Time spent loading block containers with low live blocks: real 0.000s	user 0.000s	sys 0.000s
I20260630 12:38:56.944957 13329 fs_manager.cc:730] Time spent opening block manager: real 0.002s	user 0.003s	sys 0.000s
I20260630 12:38:56.945248 13329 fs_manager.cc:647] Opened local filesystem: /tmp/dist-test-taskFcbrAO/test-tmp/auto_rebalancer-test.0.AutoRebalancerTest.NoReplicaMovesIfLocationLoadSkewedByOne.1782823040343362-13329-0/minicluster-data/master-0-root
uuid: "6ea7fe373db1474ca399dabed9d5317d"
format_stamp: "Formatted at 2026-06-30 12:38:56 on dist-test-slave-zxq3"
I20260630 12:38:56.945528 13329 fs_report.cc:389] FS layout report
--------------------
wal directory: /tmp/dist-test-taskFcbrAO/test-tmp/auto_rebalancer-test.0.AutoRebalancerTest.NoReplicaMovesIfLocationLoadSkewedByOne.1782823040343362-13329-0/minicluster-data/master-0-root
metadata directory: /tmp/dist-test-taskFcbrAO/test-tmp/auto_rebalancer-test.0.AutoRebalancerTest.NoReplicaMovesIfLocationLoadSkewedByOne.1782823040343362-13329-0/minicluster-data/master-0-root
1 data directories: /tmp/dist-test-taskFcbrAO/test-tmp/auto_rebalancer-test.0.AutoRebalancerTest.NoReplicaMovesIfLocationLoadSkewedByOne.1782823040343362-13329-0/minicluster-data/master-0-root/data
Total live blocks: 0
Total live bytes: 0
Total live bytes (after alignment): 0
Total number of LBM containers: 0 (0 full)
Did not check for missing blocks
Did not check for orphaned blocks
Total full LBM containers with extra space: 0 (0 repaired)
Total full LBM container extra space in bytes: 0 (0 repaired)
Total incomplete LBM containers: 0 (0 repaired)
Total LBM partial records: 0 (0 repaired)
Total corrupted LBM metadata records in RocksDB: 0 (0 repaired)
I20260630 12:38:56.956284 13329 rpc_server.cc:225] running with OpenSSL 1.1.1  11 Sep 2018
I20260630 12:38:56.957453 13329 kserver.cc:163] Server-wide thread pool size limit: 3276
I20260630 12:38:57.000073 13329 rpc_server.cc:307] RPC server started. Bound to: 127.13.4.126:33485
I20260630 12:38:57.000203 17025 acceptor_pool.cc:272] collecting diagnostics on the listening RPC socket 127.13.4.126:33485 every 8 connection(s)
I20260630 12:38:57.004349 17026 data_dirs.cc:400] Could only allocate 1 dirs of requested 3 for tablet 00000000000000000000000000000000. 1 dirs total, 0 dirs full, 0 dirs failed
I20260630 12:38:57.015952 17026 tablet_bootstrap.cc:492] T 00000000000000000000000000000000 P 6ea7fe373db1474ca399dabed9d5317d: Bootstrap starting.
I20260630 12:38:57.020982 17026 tablet_bootstrap.cc:654] T 00000000000000000000000000000000 P 6ea7fe373db1474ca399dabed9d5317d: Neither blocks nor log segments found. Creating new log.
I20260630 12:38:57.025410 17026 tablet_bootstrap.cc:492] T 00000000000000000000000000000000 P 6ea7fe373db1474ca399dabed9d5317d: No bootstrap required, opened a new log
I20260630 12:38:57.027716 17026 raft_consensus.cc:359] T 00000000000000000000000000000000 P 6ea7fe373db1474ca399dabed9d5317d [term 0 FOLLOWER]: Replica starting. Triggering 0 pending ops. Active config: opid_index: -1 OBSOLETE_local: true peers { permanent_uuid: "6ea7fe373db1474ca399dabed9d5317d" member_type: VOTER }
I20260630 12:38:57.028138 17026 raft_consensus.cc:385] T 00000000000000000000000000000000 P 6ea7fe373db1474ca399dabed9d5317d [term 0 FOLLOWER]: Consensus starting up: Expiring failure detector timer to make a prompt election more likely
I20260630 12:38:57.028373 17026 raft_consensus.cc:740] T 00000000000000000000000000000000 P 6ea7fe373db1474ca399dabed9d5317d [term 0 FOLLOWER]: Becoming Follower/Learner. State: Replica: 6ea7fe373db1474ca399dabed9d5317d, State: Initialized, Role: FOLLOWER
I20260630 12:38:57.028995 17026 consensus_queue.cc:260] T 00000000000000000000000000000000 P 6ea7fe373db1474ca399dabed9d5317d [NON_LEADER]: Queue going to NON_LEADER mode. State: All replicated index: 0, Majority replicated index: 0, Committed index: 0, Last appended: 0.0, Last appended by leader: 0, Current term: 0, Majority size: -1, State: 0, Mode: NON_LEADER, active raft config: opid_index: -1 OBSOLETE_local: true peers { permanent_uuid: "6ea7fe373db1474ca399dabed9d5317d" member_type: VOTER }
I20260630 12:38:57.029448 17026 raft_consensus.cc:399] T 00000000000000000000000000000000 P 6ea7fe373db1474ca399dabed9d5317d [term 0 FOLLOWER]: Only one voter in the Raft config. Triggering election immediately
I20260630 12:38:57.029709 17026 raft_consensus.cc:493] T 00000000000000000000000000000000 P 6ea7fe373db1474ca399dabed9d5317d [term 0 FOLLOWER]: Starting leader election (initial election of a single-replica configuration)
I20260630 12:38:57.029968 17026 raft_consensus.cc:3060] T 00000000000000000000000000000000 P 6ea7fe373db1474ca399dabed9d5317d [term 0 FOLLOWER]: Advancing to term 1
I20260630 12:38:57.034907 17026 raft_consensus.cc:515] T 00000000000000000000000000000000 P 6ea7fe373db1474ca399dabed9d5317d [term 1 FOLLOWER]: Starting leader election with config: opid_index: -1 OBSOLETE_local: true peers { permanent_uuid: "6ea7fe373db1474ca399dabed9d5317d" member_type: VOTER }
I20260630 12:38:57.035444 17026 leader_election.cc:304] T 00000000000000000000000000000000 P 6ea7fe373db1474ca399dabed9d5317d [CANDIDATE]: Term 1 election: Election decided. Result: candidate won. Election summary: received 1 responses out of 1 voters: 1 yes votes; 0 no votes. yes voters: 6ea7fe373db1474ca399dabed9d5317d; no voters: 
I20260630 12:38:57.036641 17026 leader_election.cc:290] T 00000000000000000000000000000000 P 6ea7fe373db1474ca399dabed9d5317d [CANDIDATE]: Term 1 election: Requested vote from peers 
I20260630 12:38:57.036962 17029 raft_consensus.cc:2804] T 00000000000000000000000000000000 P 6ea7fe373db1474ca399dabed9d5317d [term 1 FOLLOWER]: Leader election won for term 1
I20260630 12:38:57.038287 17029 raft_consensus.cc:697] T 00000000000000000000000000000000 P 6ea7fe373db1474ca399dabed9d5317d [term 1 LEADER]: Becoming Leader. State: Replica: 6ea7fe373db1474ca399dabed9d5317d, State: Running, Role: LEADER
I20260630 12:38:57.038925 17029 consensus_queue.cc:237] T 00000000000000000000000000000000 P 6ea7fe373db1474ca399dabed9d5317d [LEADER]: Queue going to LEADER mode. State: All replicated index: 0, Majority replicated index: 0, Committed index: 0, Last appended: 0.0, Last appended by leader: 0, Current term: 1, Majority size: 1, State: 0, Mode: LEADER, active raft config: opid_index: -1 OBSOLETE_local: true peers { permanent_uuid: "6ea7fe373db1474ca399dabed9d5317d" member_type: VOTER }
I20260630 12:38:57.039600 17026 sys_catalog.cc:565] T 00000000000000000000000000000000 P 6ea7fe373db1474ca399dabed9d5317d [sys.catalog]: configured and running, proceeding with master startup.
I20260630 12:38:57.043265 17031 sys_catalog.cc:455] T 00000000000000000000000000000000 P 6ea7fe373db1474ca399dabed9d5317d [sys.catalog]: SysCatalogTable state changed. Reason: New leader 6ea7fe373db1474ca399dabed9d5317d. Latest consensus state: current_term: 1 leader_uuid: "6ea7fe373db1474ca399dabed9d5317d" committed_config { opid_index: -1 OBSOLETE_local: true peers { permanent_uuid: "6ea7fe373db1474ca399dabed9d5317d" member_type: VOTER } }
I20260630 12:38:57.044106 17031 sys_catalog.cc:458] T 00000000000000000000000000000000 P 6ea7fe373db1474ca399dabed9d5317d [sys.catalog]: This master's current role is: LEADER
I20260630 12:38:57.043912 17030 sys_catalog.cc:455] T 00000000000000000000000000000000 P 6ea7fe373db1474ca399dabed9d5317d [sys.catalog]: SysCatalogTable state changed. Reason: RaftConsensus started. Latest consensus state: current_term: 1 leader_uuid: "6ea7fe373db1474ca399dabed9d5317d" committed_config { opid_index: -1 OBSOLETE_local: true peers { permanent_uuid: "6ea7fe373db1474ca399dabed9d5317d" member_type: VOTER } }
I20260630 12:38:57.044557 17030 sys_catalog.cc:458] T 00000000000000000000000000000000 P 6ea7fe373db1474ca399dabed9d5317d [sys.catalog]: This master's current role is: LEADER
I20260630 12:38:57.057637 17035 catalog_manager.cc:1511] Loading table and tablet metadata into memory...
I20260630 12:38:57.062852 17035 catalog_manager.cc:1520] Initializing Kudu cluster ID...
I20260630 12:38:57.063973 13329 internal_mini_cluster.cc:184] Waiting to initialize catalog manager on master 0
I20260630 12:38:57.072117 17035 catalog_manager.cc:1383] Generated new cluster ID: a77e23dc1c754418ba67729a40f640c8
I20260630 12:38:57.072381 17035 catalog_manager.cc:1531] Initializing Kudu internal certificate authority...
I20260630 12:38:57.086333 17035 catalog_manager.cc:1406] Generated new certificate authority record
I20260630 12:38:57.087651 17035 catalog_manager.cc:1540] Loading token signing keys...
I20260630 12:38:57.101640 17035 catalog_manager.cc:6070] T 00000000000000000000000000000000 P 6ea7fe373db1474ca399dabed9d5317d: Generated new TSK 0
I20260630 12:38:57.102180 17035 catalog_manager.cc:1550] Initializing in-progress tserver states...
I20260630 12:38:57.130374 13329 file_cache.cc:492] Constructed file cache file cache with capacity 419430
