0630 12:39:14.471883 (+ 75678us) spinlock_profiling.cc:243] Waited 30.6 ms on lock 0x7b34001a4c78. stack: 00007f7ae62f0983 00007f7ae62f0880 00007f7ae5c801d4 000000000042d824 000000000042d7b9 00007f7ae76c0171 00007f7ae77069ae 00007f7ae771a4fe 00007f7aee3f3e51 00007f7aece463ad 00007f7aece45b53 00007f7aece49d61 00007f7aece49d19 00007f7aece49ca9 00007f7aece49c71 00007f7aece48e9d
Metrics: {"spinlock_wait_cycles":51964160,"child_traces":[["op",{"apply.queue_time_us":208,"num_ops":3,"prepare.queue_time_us":375695,"prepare.run_cpu_time_us":2360,"prepare.run_wall_time_us":5881,"raft.queue_time_us":5558,"raft.run_cpu_time_us":2716,"raft.run_wall_time_us":33707,"replication_time_us":241531,"spinlock_wait_cycles":73203968}]]}
I20260630 12:39:14.511942 24260 rpcz_store.cc:275] Call kudu.tserver.TabletServerService.Write from 127.0.0.1:55620 (ReqId={client: 0d5cac313d41406caf29451757924980, seq_no=34, attempt_no=0}) took 1069 ms. Trace:
I20260630 12:39:14.512667 24297 rpcz_store.cc:275] Call kudu.tserver.TabletServerService.Write from 127.0.0.1:55620 (ReqId={client: 0d5cac313d41406caf29451757924980, seq_no=39, attempt_no=0}) took 1062 ms. Trace:
I20260630 12:39:14.513295 24297 rpcz_store.cc:276] 0630 12:39:13.450110 (+     0us) service_pool.cc:167] Inserting onto call queue
0630 12:39:13.450325 (+   215us) service_pool.cc:224] Handling call
0630 12:39:13.862253 (+411928us) spinlock_profiling.cc:243] Waited 31.6 ms on lock 0x7b3400184138. stack: 00007f7ae62f0983 00007f7ae62f0880 00007f7ae5c801d4 000000000042d824 000000000042d7b9 00007f7ae76c0171 00007f7ae770518c 00007f7ae774a1d1 00007f7ae774d4cf 00007f7ae774e821 00007f7ae774e7d9 00007f7ae774e769 00007f7ae774e731 00007f7ae774da2d 000000000043f3c4 000000000043f209
0630 12:39:14.512466 (+650213us) inbound_call.cc:177] Queueing success response
Related trace 'op':
0630 12:39:14.159467 (+     0us) write_op.cc:183] PREPARE: starting on tablet 84182deccbd44778b0bd163412e85e74
0630 12:39:14.159971 (+   504us) write_op.cc:432] Acquiring schema lock in shared mode
0630 12:39:14.160003 (+    32us) write_op.cc:435] Acquired schema lock
0630 12:39:14.160022 (+    19us) tablet.cc:662] Decoding operations
0630 12:39:14.160301 (+   279us) write_op.cc:620] Acquiring the partition lock for write op
0630 12:39:14.160345 (+    44us) write_op.cc:641] Partition lock acquired for write op
0630 12:39:14.160370 (+    25us) tablet.cc:685] Acquiring locks for 1 operations
0630 12:39:14.160500 (+   130us) tablet.cc:701] Row locks acquired
0630 12:39:14.160517 (+    17us) write_op.cc:260] PREPARE: finished
0630 12:39:14.160684 (+   167us) write_op.cc:270] Start()
0630 12:39:14.160772 (+    88us) write_op.cc:276] Timestamp: P: 1782823154160644 usec, L: 0
0630 12:39:14.160788 (+    16us) op_driver.cc:348] REPLICATION: starting
0630 12:39:14.161357 (+   569us) log.cc:844] Serialized 345 byte log entry
0630 12:39:14.509422 (+348065us) op_driver.cc:464] REPLICATION: finished
0630 12:39:14.509779 (+   357us) write_op.cc:301] APPLY: starting
0630 12:39:14.509867 (+    88us) tablet.cc:1367] starting BulkCheckPresence
0630 12:39:14.509963 (+    96us) tablet.cc:1370] finished BulkCheckPresence
0630 12:39:14.510062 (+    99us) tablet.cc:1372] starting ApplyRowOperation cycle
0630 12:39:14.510359 (+   297us) tablet.cc:1383] finished ApplyRowOperation cycle
0630 12:39:14.510510 (+   151us) tablet_metrics.cc:581] ProbeStats: bloom_lookups=0,key_file_lookups=0,delta_file_lookups=0,mrs_lookups=0
0630 12:39:14.510559 (+    49us) write_op.cc:312] APPLY: finished
0630 12:39:14.510737 (+   178us) log.cc:844] Serialized 22 byte log entry
0630 12:39:14.511999 (+  1262us) write_op.cc:489] Releasing partition, row and schema locks
0630 12:39:14.512080 (+    81us) write_op.cc:454] Released schema lock
0630 12:39:14.512122 (+    42us) write_op.cc:341] FINISH: Updating metrics
Metrics: {"spinlock_wait_cycles":72707840,"child_traces":[["op",{"apply.queue_time_us":197,"num_ops":1,"prepare.queue_time_us":264112,"prepare.run_cpu_time_us":2119,"prepare.run_wall_time_us":3081,"replication_time_us":348524}]]}
I20260630 12:39:14.512403 24260 rpcz_store.cc:276] 0630 12:39:13.449089 (+     0us) service_pool.cc:167] Inserting onto call queue
0630 12:39:13.450071 (+   982us) service_pool.cc:224] Handling call
0630 12:39:13.522984 (+ 72913us) spinlock_profiling.cc:243] Waited 28.1 ms on lock 0x7b3400184138. stack: 00007f7ae62f0983 00007f7ae62f0880 00007f7ae5c801d4 000000000042d824 000000000042d7b9 00007f7ae76c0171 00007f7ae770518c 00007f7ae774a1d1 00007f7ae774d4cf 00007f7ae774e821 00007f7ae774e7d9 00007f7ae774e769 00007f7ae774e731 00007f7ae774da2d 000000000043f3c4 000000000043f209
0630 12:39:14.511722 (+988738us) inbound_call.cc:177] Queueing success response
Related trace 'op':
0630 12:39:13.735812 (+     0us) write_op.cc:183] PREPARE: starting on tablet 84182deccbd44778b0bd163412e85e74
0630 12:39:13.736328 (+   516us) write_op.cc:432] Acquiring schema lock in shared mode
0630 12:39:13.736368 (+    40us) write_op.cc:435] Acquired schema lock
0630 12:39:13.736381 (+    13us) tablet.cc:662] Decoding operations
0630 12:39:13.736867 (+   486us) write_op.cc:620] Acquiring the partition lock for write op
0630 12:39:13.736914 (+    47us) write_op.cc:641] Partition lock acquired for write op
0630 12:39:13.736939 (+    25us) tablet.cc:685] Acquiring locks for 5 operations
0630 12:39:13.737329 (+   390us) tablet.cc:701] Row locks acquired
0630 12:39:13.737343 (+    14us) write_op.cc:260] PREPARE: finished
0630 12:39:13.742919 (+  5576us) write_op.cc:270] Start()
0630 12:39:13.743062 (+   143us) write_op.cc:276] Timestamp: P: 1782823153742000 usec, L: 0
0630 12:39:13.743076 (+    14us) op_driver.cc:348] REPLICATION: starting
0630 12:39:14.158470 (+415394us) spinlock_profiling.cc:243] Waited 7.26 ms on lock 0x7b54002e6420. stack: 00007f7ae62f0983 00007f7ae62f0880 00007f7ae5c801d4 000000000042d824 000000000042d7b9 00007f7ae9377571 00007f7ae938b520 00007f7ae9414b42 00007f7ae9409f67 00007f7ae9409da4 00007f7aece44581 00007f7aece43d58 00007f7aece489f1 00007f7aece489a9 00007f7aece48939 00007f7aece48901
0630 12:39:14.159058 (+   588us) log.cc:844] Serialized 519 byte log entry
0630 12:39:14.509085 (+350027us) op_driver.cc:464] REPLICATION: finished
0630 12:39:14.509363 (+   278us) write_op.cc:301] APPLY: starting
0630 12:39:14.509437 (+    74us) tablet.cc:1367] starting BulkCheckPresence
0630 12:39:14.509584 (+   147us) tablet.cc:1370] finished BulkCheckPresence
0630 12:39:14.509604 (+    20us) tablet.cc:1372] starting ApplyRowOperation cycle
0630 12:39:14.510693 (+  1089us) tablet.cc:1383] finished ApplyRowOperation cycle
0630 12:39:14.510892 (+   199us) tablet_metrics.cc:581] ProbeStats: bloom_lookups=0,key_file_lookups=0,delta_file_lookups=0,mrs_lookups=0
0630 12:39:14.510941 (+    49us) write_op.cc:312] APPLY: finished
0630 12:39:14.511132 (+   191us) log.cc:844] Serialized 46 byte log entry
0630 12:39:14.511291 (+   159us) write_op.cc:489] Releasing partition, row and schema locks
0630 12:39:14.511380 (+    89us) write_op.cc:454] Released schema lock
0630 12:39:14.511419 (+    39us) write_op.cc:341] FINISH: Updating metrics
Metrics: {"spinlock_wait_cycles":64616832,"child_traces":[["op",{"apply.queue_time_us":98,"num_ops":5,"prepare.queue_time_us":211753,"prepare.run_cpu_time_us":15546,"prepare.run_wall_time_us":423504,"replication_time_us":765889,"spinlock_wait_cycles":16691584}]]}
I20260630 12:39:14.586652 24263 rpcz_store.cc:275] Call kudu.tserver.TabletServerService.Write from 127.0.0.1:55620 (ReqId={client: 0d5cac313d41406caf29451757924980, seq_no=33, attempt_no=0}) took 1169 ms. Trace:
I20260630 12:39:14.587110 24263 rpcz_store.cc:276] 0630 12:39:13.419096 (+     0us) service_pool.cc:167] Inserting onto call queue
0630 12:39:13.421527 (+  2431us) service_pool.cc:224] Handling call
0630 12:39:14.586454 (+1164927us) inbound_call.cc:177] Queueing success response
Related trace 'op':
0630 12:39:14.224145 (+     0us) write_op.cc:183] PREPARE: starting on tablet aaa29d4cc205407f8b0871a605b6837b
0630 12:39:14.224637 (+   492us) write_op.cc:432] Acquiring schema lock in shared mode
0630 12:39:14.224665 (+    28us) write_op.cc:435] Acquired schema lock
0630 12:39:14.224681 (+    16us) tablet.cc:662] Decoding operations
0630 12:39:14.227364 (+  2683us) write_op.cc:620] Acquiring the partition lock for write op
0630 12:39:14.227413 (+    49us) write_op.cc:641] Partition lock acquired for write op
0630 12:39:14.227441 (+    28us) tablet.cc:685] Acquiring locks for 6 operations
0630 12:39:14.227850 (+   409us) tablet.cc:701] Row locks acquired
0630 12:39:14.227867 (+    17us) write_op.cc:260] PREPARE: finished
0630 12:39:14.228032 (+   165us) write_op.cc:270] Start()
0630 12:39:14.228145 (+   113us) write_op.cc:276] Timestamp: P: 1782823154227994 usec, L: 0
0630 12:39:14.228166 (+    21us) op_driver.cc:348] REPLICATION: starting
0630 12:39:14.232803 (+  4637us) log.cc:844] Serialized 562 byte log entry
0630 12:39:14.569801 (+336998us) op_driver.cc:464] REPLICATION: finished
0630 12:39:14.570491 (+   690us) write_op.cc:301] APPLY: starting
0630 12:39:14.570563 (+    72us) tablet.cc:1367] starting BulkCheckPresence
0630 12:39:14.570723 (+   160us) tablet.cc:1370] finished BulkCheckPresence
0630 12:39:14.570807 (+    84us) tablet.cc:1372] starting ApplyRowOperation cycle
0630 12:39:14.571623 (+   816us) tablet.cc:1383] finished ApplyRowOperation cycle
0630 12:39:14.571801 (+   178us) tablet_metrics.cc:581] ProbeStats: bloom_lookups=0,key_file_lookups=0,delta_file_lookups=0,mrs_lookups=0
0630 12:39:14.571843 (+    42us) write_op.cc:312] APPLY: finished
0630 12:39:14.572062 (+   219us) log.cc:844] Serialized 52 byte log entry
0630 12:39:14.572263 (+   201us) write_op.cc:489] Releasing partition, row and schema locks
0630 12:39:14.572364 (+   101us) write_op.cc:454] Released schema lock
0630 12:39:14.572410 (+    46us) write_op.cc:341] FINISH: Updating metrics
0630 12:39:14.586290 (+ 13880us) spinlock_profiling.cc:243] Waited 13 ms on lock 0x7b3400184138. stack: 00007f7ae62f0983 00007f7ae62f0880 00007f7ae5c801d4 000000000042d824 000000000042d7b9 00007f7ae76c0171 00007f7ae77069ae 00007f7ae771a4fe 00007f7aee3f3e51 00007f7aece463ad 00007f7aece45b53 00007f7aece49d61 00007f7aece49d19 00007f7aece49ca9 00007f7aece49c71 00007f7aece48e9d
Metrics: {"child_traces":[["op",{"apply.queue_time_us":514,"num_ops":6,"prepare.queue_time_us":731721,"prepare.run_cpu_time_us":3127,"prepare.run_wall_time_us":10020,"replication_time_us":341498,"spinlock_wait_cycles":29865728}]]}
I20260630 12:39:14.676124 24297 rpcz_store.cc:275] Call kudu.tserver.TabletServerService.Write from 127.0.0.1:55620 (ReqId={client: 0d5cac313d41406caf29451757924980, seq_no=35, attempt_no=0}) took 1226 ms. Trace:
I20260630 12:39:14.679450 24297 rpcz_store.cc:276] 0630 12:39:13.449706 (+     0us) service_pool.cc:167] Inserting onto call queue
0630 12:39:13.449841 (+   135us) service_pool.cc:224] Handling call
0630 12:39:13.850531 (+400690us) spinlock_profiling.cc:243] Waited 16.6 ms on lock 0x7b3400184138. stack: 00007f7ae62f0983 00007f7ae62f0880 00007f7ae5c801d4 000000000042d824 000000000042d7b9 00007f7ae76c0171 00007f7ae770518c 00007f7ae774a1d1 00007f7ae774d4cf 00007f7ae774e821 00007f7ae774e7d9 00007f7ae774e769 00007f7ae774e731 00007f7ae774da2d 000000000043f3c4 000000000043f209
0630 12:39:14.676063 (+825532us) inbound_call.cc:177] Queueing success response
Related trace 'op':
0630 12:39:14.234383 (+     0us) write_op.cc:183] PREPARE: starting on tablet aaa29d4cc205407f8b0871a605b6837b
0630 12:39:14.234846 (+   463us) write_op.cc:432] Acquiring schema lock in shared mode
0630 12:39:14.234873 (+    27us) write_op.cc:435] Acquired schema lock
0630 12:39:14.234890 (+    17us) tablet.cc:662] Decoding operations
0630 12:39:14.235381 (+   491us) write_op.cc:620] Acquiring the partition lock for write op
0630 12:39:14.235424 (+    43us) write_op.cc:641] Partition lock acquired for write op
0630 12:39:14.235451 (+    27us) tablet.cc:685] Acquiring locks for 6 operations
0630 12:39:14.237005 (+  1554us) tablet.cc:701] Row locks acquired
0630 12:39:14.237020 (+    15us) write_op.cc:260] PREPARE: finished
0630 12:39:14.237184 (+   164us) write_op.cc:270] Start()
0630 12:39:14.237303 (+   119us) write_op.cc:276] Timestamp: P: 1782823154237139 usec, L: 0
0630 12:39:14.237323 (+    20us) op_driver.cc:348] REPLICATION: starting
0630 12:39:14.237938 (+   615us) log.cc:844] Serialized 562 byte log entry
0630 12:39:14.570096 (+332158us) op_driver.cc:464] REPLICATION: finished
0630 12:39:14.580964 (+ 10868us) write_op.cc:301] APPLY: starting
0630 12:39:14.581035 (+    71us) tablet.cc:1367] starting BulkCheckPresence
0630 12:39:14.581191 (+   156us) tablet.cc:1370] finished BulkCheckPresence
0630 12:39:14.581283 (+    92us) tablet.cc:1372] starting ApplyRowOperation cycle
0630 12:39:14.588298 (+  7015us) tablet.cc:1383] finished ApplyRowOperation cycle
0630 12:39:14.635746 (+ 47448us) tablet_metrics.cc:581] ProbeStats: bloom_lookups=0,key_file_lookups=0,delta_file_lookups=0,mrs_lookups=0
0630 12:39:14.636237 (+   491us) write_op.cc:312] APPLY: finished
0630 12:39:14.636500 (+   263us) log.cc:844] Serialized 52 byte log entry
0630 12:39:14.637235 (+   735us) write_op.cc:489] Releasing partition, row and schema locks
0630 12:39:14.640291 (+  3056us) write_op.cc:454] Released schema lock
0630 12:39:14.641640 (+  1349us) write_op.cc:341] FINISH: Updating metrics
0630 12:39:14.675969 (+ 34329us) spinlock_profiling.cc:243] Waited 3.7 ms on lock 0x7b3400184138. stack: 00007f7ae62f0983 00007f7ae62f0880 00007f7ae5c801d4 000000000042d824 000000000042d7b9 00007f7ae76c0171 00007f7ae77069ae 00007f7ae771a4fe 00007f7aee3f3e51 00007f7aece463ad 00007f7aece45b53 00007f7aece49d61 00007f7aece49d19 00007f7aece49ca9 00007f7aece49c71 00007f7aece48e9d
Metrics: {"spinlock_wait_cycles":38168832,"child_traces":[["op",{"apply.queue_time_us":10686,"num_ops":6,"prepare.queue_time_us":344515,"prepare.run_cpu_time_us":2737,"prepare.run_wall_time_us":6034,"replication_time_us":332666,"spinlock_wait_cycles":8503552}]]}
W20260630 12:39:16.235332 24227 meta_cache.cc:1261] Time spent looking up entry by key: real 0.127s	user 0.002s	sys 0.000s
W20260630 12:39:16.725414 24052 outbound_call.cc:321] RPC callback for RPC call kudu.consensus.ConsensusService.UpdateConsensus -> {remote=127.19.6.2:36767, user_credentials={real_user=slave}} blocked reactor thread for 64281.2us
I20260630 12:39:17.335927 19480 file_cache.cc:492] Constructed file cache file cache with capacity 419430
W20260630 12:39:17.347730 24328 instance_detector.cc:116] could not retrieve AWS instance metadata: Network error: curl error: HTTP response code said error: The requested URL returned error: 404
W20260630 12:39:17.348300 24329 instance_detector.cc:116] could not retrieve Azure instance metadata: Network error: curl error: HTTP response code said error: The requested URL returned error: 404
W20260630 12:39:17.350383 24331 instance_detector.cc:116] could not retrieve OpenStack instance metadata: Network error: curl error: HTTP response code said error: The requested URL returned error: 404
I20260630 12:39:17.351066 19480 server_base.cc:1061] running on GCE node
I20260630 12:39:17.353399 19480 hybrid_clock.cc:584] initializing the hybrid clock with 'system_unsync' time source
W20260630 12:39:17.353650 19480 system_unsync_time.cc:38] NTP support is disabled. Clock error bounds will not be accurate. This configuration is not suitable for distributed clusters.
I20260630 12:39:17.353848 19480 hybrid_clock.cc:648] HybridClock initialized: now 1782823157353831 us; error 0 us; skew 500 ppm
I20260630 12:39:17.354458 19480 server_base.cc:861] Flag tcmalloc_max_total_thread_cache_bytes is not working since tcmalloc is not enabled.
I20260630 12:39:17.357366 19480 webserver.cc:533] Webserver started at http://127.19.6.4:46589/ using document root <none> and password file <none>
I20260630 12:39:17.357874 19480 fs_manager.cc:362] Metadata directory not provided
I20260630 12:39:17.358098 19480 fs_manager.cc:368] Using write-ahead log directory (fs_wal_dir) as metadata directory
I20260630 12:39:17.358460 19480 server_base.cc:909] This appears to be a new deployment of Kudu; creating new FS layout
I20260630 12:39:17.359688 19480 fs_manager.cc:1068] Generated new instance metadata in path /tmp/dist-test-taskkoZPg7/test-tmp/auto_rebalancer-test.0.AutoRebalancerTest.TestMaxMovesPerServer.1782823031847729-19480-0/minicluster-data/ts-3-root/instance:
uuid: "e459866f9b604ca08d35eed7b5ba58c5"
format_stamp: "Formatted at 2026-06-30 12:39:17 on dist-test-slave-zz34"
I20260630 12:39:17.364415 19480 fs_manager.cc:696] Time spent creating directory manager: real 0.004s	user 0.005s	sys 0.000s
I20260630 12:39:17.368016 24336 log_block_manager.cc:4031] Time spent loading block containers with low live blocks: real 0.000s	user 0.000s	sys 0.000s
I20260630 12:39:17.368839 19480 fs_manager.cc:730] Time spent opening block manager: real 0.002s	user 0.001s	sys 0.000s
I20260630 12:39:17.369158 19480 fs_manager.cc:647] Opened local filesystem: /tmp/dist-test-taskkoZPg7/test-tmp/auto_rebalancer-test.0.AutoRebalancerTest.TestMaxMovesPerServer.1782823031847729-19480-0/minicluster-data/ts-3-root
uuid: "e459866f9b604ca08d35eed7b5ba58c5"
format_stamp: "Formatted at 2026-06-30 12:39:17 on dist-test-slave-zz34"
I20260630 12:39:17.369477 19480 fs_report.cc:389] FS layout report
--------------------
wal directory: /tmp/dist-test-taskkoZPg7/test-tmp/auto_rebalancer-test.0.AutoRebalancerTest.TestMaxMovesPerServer.1782823031847729-19480-0/minicluster-data/ts-3-root
metadata directory: /tmp/dist-test-taskkoZPg7/test-tmp/auto_rebalancer-test.0.AutoRebalancerTest.TestMaxMovesPerServer.1782823031847729-19480-0/minicluster-data/ts-3-root
1 data directories: /tmp/dist-test-taskkoZPg7/test-tmp/auto_rebalancer-test.0.AutoRebalancerTest.TestMaxMovesPerServer.1782823031847729-19480-0/minicluster-data/ts-3-root/data
Total live blocks: 0
Total live bytes: 0
Total live bytes (after alignment): 0
Total number of LBM containers: 0 (0 full)
Did not check for missing blocks
Did not check for orphaned blocks
Total full LBM containers with extra space: 0 (0 repaired)
Total full LBM container extra space in bytes: 0 (0 repaired)
Total incomplete LBM containers: 0 (0 repaired)
Total LBM partial records: 0 (0 repaired)
Total corrupted LBM metadata records in RocksDB: 0 (0 repaired)
I20260630 12:39:17.392050 19480 rpc_server.cc:225] running with OpenSSL 1.1.1  11 Sep 2018
I20260630 12:39:17.393234 19480 kserver.cc:163] Server-wide thread pool size limit: 3276
I20260630 12:39:17.394737 19480 txn_system_client.cc:432] TxnSystemClient initialization is disabled...
I20260630 12:39:17.397609 19480 ts_tablet_manager.cc:585] Loaded tablet metadata (0 total tablets, 0 live tablets)
I20260630 12:39:17.397889 19480 ts_tablet_manager.cc:531] Time spent load tablet metadata: real 0.000s	user 0.000s	sys 0.000s
I20260630 12:39:17.398108 19480 ts_tablet_manager.cc:616] Registered 0 tablets
I20260630 12:39:17.398309 19480 ts_tablet_manager.cc:595] Time spent register tablets: real 0.000s	user 0.001s	sys 0.000s
I20260630 12:39:17.444972 19480 rpc_server.cc:307] RPC server started. Bound to: 127.19.6.4:41827
I20260630 12:39:17.445106 24398 acceptor_pool.cc:272] collecting diagnostics on the listening RPC socket 127.19.6.4:41827 every 8 connection(s)
I20260630 12:39:17.450573 19480 file_cache.cc:492] Constructed file cache file cache with capacity 419430
W20260630 12:39:17.457113 24403 instance_detector.cc:116] could not retrieve AWS instance metadata: Network error: curl error: HTTP response code said error: The requested URL returned error: 404
W20260630 12:39:17.458041 24404 instance_detector.cc:116] could not retrieve Azure instance metadata: Network error: curl error: HTTP response code said error: The requested URL returned error: 404
W20260630 12:39:17.461172 24406 instance_detector.cc:116] could not retrieve OpenStack instance metadata: Network error: curl error: HTTP response code said error: The requested URL returned error: 404
I20260630 12:39:17.462612 19480 server_base.cc:1061] running on GCE node
I20260630 12:39:17.463331 24399 heartbeater.cc:344] Connected to a master server at 127.19.6.62:42449
I20260630 12:39:17.463790 24399 heartbeater.cc:461] Registering TS with master...
I20260630 12:39:17.464805 24399 heartbeater.cc:507] Master 127.19.6.62:42449 requested a full tablet report, sending...
I20260630 12:39:17.466769 19480 hybrid_clock.cc:584] initializing the hybrid clock with 'system_unsync' time source
W20260630 12:39:17.467062 19480 system_unsync_time.cc:38] NTP support is disabled. Clock error bounds will not be accurate. This configuration is not suitable for distributed clusters.
I20260630 12:39:17.467263 19480 hybrid_clock.cc:648] HybridClock initialized: now 1782823157467249 us; error 0 us; skew 500 ppm
I20260630 12:39:17.467429 23827 ts_manager.cc:194] Registered new tserver with Master: e459866f9b604ca08d35eed7b5ba58c5 (127.19.6.4:41827)
I20260630 12:39:17.467866 19480 server_base.cc:861] Flag tcmalloc_max_total_thread_cache_bytes is not working since tcmalloc is not enabled.
I20260630 12:39:17.469192 23827 master_service.cc:502] Signed X509 certificate for tserver {username='slave'} at 127.0.0.1:50356
I20260630 12:39:17.470851 19480 webserver.cc:533] Webserver started at http://127.19.6.5:39485/ using document root <none> and password file <none>
I20260630 12:39:17.471510 19480 fs_manager.cc:362] Metadata directory not provided
I20260630 12:39:17.471752 19480 fs_manager.cc:368] Using write-ahead log directory (fs_wal_dir) as metadata directory
I20260630 12:39:17.472008 19480 server_base.cc:909] This appears to be a new deployment of Kudu; creating new FS layout
I20260630 12:39:17.473042 19480 fs_manager.cc:1068] Generated new instance metadata in path /tmp/dist-test-taskkoZPg7/test-tmp/auto_rebalancer-test.0.AutoRebalancerTest.TestMaxMovesPerServer.1782823031847729-19480-0/minicluster-data/ts-4-root/instance:
uuid: "5450490be4f54f76b3379f1a4209842c"
format_stamp: "Formatted at 2026-06-30 12:39:17 on dist-test-slave-zz34"
I20260630 12:39:17.477360 19480 fs_manager.cc:696] Time spent creating directory manager: real 0.004s	user 0.000s	sys 0.006s
I20260630 12:39:17.481477 24411 log_block_manager.cc:4031] Time spent loading block containers with low live blocks: real 0.000s	user 0.000s	sys 0.000s
I20260630 12:39:17.482364 19480 fs_manager.cc:730] Time spent opening block manager: real 0.002s	user 0.003s	sys 0.000s
I20260630 12:39:17.482719 19480 fs_manager.cc:647] Opened local filesystem: /tmp/dist-test-taskkoZPg7/test-tmp/auto_rebalancer-test.0.AutoRebalancerTest.TestMaxMovesPerServer.1782823031847729-19480-0/minicluster-data/ts-4-root
uuid: "5450490be4f54f76b3379f1a4209842c"
format_stamp: "Formatted at 2026-06-30 12:39:17 on dist-test-slave-zz34"
I20260630 12:39:17.483048 19480 fs_report.cc:389] FS layout report
--------------------
wal directory: /tmp/dist-test-taskkoZPg7/test-tmp/auto_rebalancer-test.0.AutoRebalancerTest.TestMaxMovesPerServer.1782823031847729-19480-0/minicluster-data/ts-4-root
metadata directory: /tmp/dist-test-taskkoZPg7/test-tmp/auto_rebalancer-test.0.AutoRebalancerTest.TestMaxMovesPerServer.1782823031847729-19480-0/minicluster-data/ts-4-root
1 data directories: /tmp/dist-test-taskkoZPg7/test-tmp/auto_rebalancer-test.0.AutoRebalancerTest.TestMaxMovesPerServer.1782823031847729-19480-0/minicluster-data/ts-4-root/data
Total live blocks: 0
Total live bytes: 0
Total live bytes (after alignment): 0
Total number of LBM containers: 0 (0 full)
Did not check for missing blocks
Did not check for orphaned blocks
Total full LBM containers with extra space: 0 (0 repaired)
Total full LBM container extra space in bytes: 0 (0 repaired)
Total incomplete LBM containers: 0 (0 repaired)
Total LBM partial records: 0 (0 repaired)
Total corrupted LBM metadata records in RocksDB: 0 (0 repaired)
I20260630 12:39:17.497426 19480 rpc_server.cc:225] running with OpenSSL 1.1.1  11 Sep 2018
I20260630 12:39:17.498716 19480 kserver.cc:163] Server-wide thread pool size limit: 3276
I20260630 12:39:17.500330 19480 txn_system_client.cc:432] TxnSystemClient initialization is disabled...
I20260630 12:39:17.502509 19480 ts_tablet_manager.cc:585] Loaded tablet metadata (0 total tablets, 0 live tablets)
I20260630 12:39:17.502735 19480 ts_tablet_manager.cc:531] Time spent load tablet metadata: real 0.000s	user 0.000s	sys 0.000s
I20260630 12:39:17.502969 19480 ts_tablet_manager.cc:616] Registered 0 tablets
I20260630 12:39:17.503141 19480 ts_tablet_manager.cc:595] Time spent register tablets: real 0.000s	user 0.000s	sys 0.000s
I20260630 12:39:17.564524 19480 rpc_server.cc:307] RPC server started. Bound to: 127.19.6.5:34457
I20260630 12:39:17.564615 24473 acceptor_pool.cc:272] collecting diagnostics on the listening RPC socket 127.19.6.5:34457 every 8 connection(s)
I20260630 12:39:17.570940 19480 file_cache.cc:492] Constructed file cache file cache with capacity 419430
W20260630 12:39:17.580103 24478 instance_detector.cc:116] could not retrieve Azure instance metadata: Network error: curl error: HTTP response code said error: The requested URL returned error: 404
I20260630 12:39:17.582196 24474 heartbeater.cc:344] Connected to a master server at 127.19.6.62:42449
W20260630 12:39:17.582316 24477 instance_detector.cc:116] could not retrieve AWS instance metadata: Network error: curl error: HTTP response code said error: The requested URL returned error: 404
I20260630 12:39:17.582718 24474 heartbeater.cc:461] Registering TS with master...
I20260630 12:39:17.583663 24474 heartbeater.cc:507] Master 127.19.6.62:42449 requested a full tablet report, sending...
W20260630 12:39:17.584658 24480 instance_detector.cc:116] could not retrieve OpenStack instance metadata: Network error: curl error: HTTP response code said error: The requested URL returned error: 404
I20260630 12:39:17.586098 19480 server_base.cc:1061] running on GCE node
I20260630 12:39:17.586215 23827 ts_manager.cc:194] Registered new tserver with Master: 5450490be4f54f76b3379f1a4209842c (127.19.6.5:34457)
I20260630 12:39:17.587182 19480 hybrid_clock.cc:584] initializing the hybrid clock with 'system_unsync' time source
W20260630 12:39:17.587437 19480 system_unsync_time.cc:38] NTP support is disabled. Clock error bounds will not be accurate. This configuration is not suitable for distributed clusters.
I20260630 12:39:17.587641 19480 hybrid_clock.cc:648] HybridClock initialized: now 1782823157587620 us; error 0 us; skew 500 ppm
I20260630 12:39:17.588009 23827 master_service.cc:502] Signed X509 certificate for tserver {username='slave'} at 127.0.0.1:50372
I20260630 12:39:17.588193 19480 server_base.cc:861] Flag tcmalloc_max_total_thread_cache_bytes is not working since tcmalloc is not enabled.
I20260630 12:39:17.591150 19480 webserver.cc:533] Webserver started at http://127.19.6.6:43479/ using document root <none> and password file <none>
I20260630 12:39:17.591617 19480 fs_manager.cc:362] Metadata directory not provided
I20260630 12:39:17.591826 19480 fs_manager.cc:368] Using write-ahead log directory (fs_wal_dir) as metadata directory
I20260630 12:39:17.592105 19480 server_base.cc:909] This appears to be a new deployment of Kudu; creating new FS layout
I20260630 12:39:17.593209 19480 fs_manager.cc:1068] Generated new instance metadata in path /tmp/dist-test-taskkoZPg7/test-tmp/auto_rebalancer-test.0.AutoRebalancerTest.TestMaxMovesPerServer.1782823031847729-19480-0/minicluster-data/ts-5-root/instance:
uuid: "021f16dbd40c44d49149add8ea29b564"
format_stamp: "Formatted at 2026-06-30 12:39:17 on dist-test-slave-zz34"
I20260630 12:39:17.598001 19480 fs_manager.cc:696] Time spent creating directory manager: real 0.004s	user 0.006s	sys 0.000s
I20260630 12:39:17.601186 24485 log_block_manager.cc:4031] Time spent loading block containers with low live blocks: real 0.000s	user 0.000s	sys 0.000s
I20260630 12:39:17.601961 19480 fs_manager.cc:730] Time spent opening block manager: real 0.002s	user 0.003s	sys 0.000s
I20260630 12:39:17.602283 19480 fs_manager.cc:647] Opened local filesystem: /tmp/dist-test-taskkoZPg7/test-tmp/auto_rebalancer-test.0.AutoRebalancerTest.TestMaxMovesPerServer.1782823031847729-19480-0/minicluster-data/ts-5-root
uuid: "021f16dbd40c44d49149add8ea29b564"
format_stamp: "Formatted at 2026-06-30 12:39:17 on dist-test-slave-zz34"
I20260630 12:39:17.602548 19480 fs_report.cc:389] FS layout report
--------------------
wal directory: /tmp/dist-test-taskkoZPg7/test-tmp/auto_rebalancer-test.0.AutoRebalancerTest.TestMaxMovesPerServer.1782823031847729-19480-0/minicluster-data/ts-5-root
metadata directory: /tmp/dist-test-taskkoZPg7/test-tmp/auto_rebalancer-test.0.AutoRebalancerTest.TestMaxMovesPerServer.1782823031847729-19480-0/minicluster-data/ts-5-root
1 data directories: /tmp/dist-test-taskkoZPg7/test-tmp/auto_rebalancer-test.0.AutoRebalancerTest.TestMaxMovesPerServer.1782823031847729-19480-0/minicluster-data/ts-5-root/data
Total live blocks: 0
Total live bytes: 0
Total live bytes (after alignment): 0
Total number of LBM containers: 0 (0 full)
Did not check for missing blocks
Did not check for orphaned blocks
Total full LBM containers with extra space: 0 (0 repaired)
Total full LBM container extra space in bytes: 0 (0 repaired)
Total incomplete LBM containers: 0 (0 repaired)
Total LBM partial records: 0 (0 repaired)
Total corrupted LBM metadata records in RocksDB: 0 (0 repaired)
I20260630 12:39:17.620846 19480 rpc_server.cc:225] running with OpenSSL 1.1.1  11 Sep 2018
I20260630 12:39:17.622046 19480 kserver.cc:163] Server-wide thread pool size limit: 3276
I20260630 12:39:17.623996 19480 txn_system_client.cc:432] TxnSystemClient initialization is disabled...
I20260630 12:39:17.626711 19480 ts_tablet_manager.cc:585] Loaded tablet metadata (0 total tablets, 0 live tablets)
I20260630 12:39:17.626964 19480 ts_tablet_manager.cc:531] Time spent load tablet metadata: real 0.000s	user 0.000s	sys 0.000s
I20260630 12:39:17.627203 19480 ts_tablet_manager.cc:616] Registered 0 tablets
I20260630 12:39:17.627341 19480 ts_tablet_manager.cc:595] Time spent register tablets: real 0.000s	user 0.000s	sys 0.000s
I20260630 12:39:17.703616 19480 rpc_server.cc:307] RPC server started. Bound to: 127.19.6.6:41309
I20260630 12:39:17.704223 24547 acceptor_pool.cc:272] collecting diagnostics on the listening RPC socket 127.19.6.6:41309 every 8 connection(s)
I20260630 12:39:17.718708 24548 heartbeater.cc:344] Connected to a master server at 127.19.6.62:42449
I20260630 12:39:17.719117 24548 heartbeater.cc:461] Registering TS with master...
I20260630 12:39:17.719905 24548 heartbeater.cc:507] Master 127.19.6.62:42449 requested a full tablet report, sending...
I20260630 12:39:17.721709 23827 ts_manager.cc:194] Registered new tserver with Master: 021f16dbd40c44d49149add8ea29b564 (127.19.6.6:41309)
I20260630 12:39:17.723081 23827 master_service.cc:502] Signed X509 certificate for tserver {username='slave'} at 127.0.0.1:50376
I20260630 12:39:18.453536 24081 consensus_queue.cc:237] T 5dbcd348029942c7aecceb6acdebb88e P 385dcf9158e04754accbb1f16d901d38 [LEADER]: Queue going to LEADER mode. State: All replicated index: 0, Majority replicated index: 25, Committed index: 25, Last appended: 1.25, Last appended by leader: 0, Current term: 1, Majority size: 2, State: 0, Mode: LEADER, active raft config: opid_index: 26 OBSOLETE_local: false peers { permanent_uuid: "385dcf9158e04754accbb1f16d901d38" member_type: VOTER last_known_addr { host: "127.19.6.3" port: 46379 } } peers { permanent_uuid: "1c0d885bf68d4d19ba42f1742c0665e0" member_type: VOTER last_known_addr { host: "127.19.6.2" port: 36767 } } peers { permanent_uuid: "c1ab20f175ad4c45a160eb1ee1237e48" member_type: VOTER last_known_addr { host: "127.19.6.1" port: 40783 } attrs { replace: true } } peers { permanent_uuid: "021f16dbd40c44d49149add8ea29b564" member_type: NON_VOTER last_known_addr { host: "127.19.6.6" port: 41309 } attrs { promote: true } }
I20260630 12:39:18.460810 23932 raft_consensus.cc:1275] T 5dbcd348029942c7aecceb6acdebb88e P c1ab20f175ad4c45a160eb1ee1237e48 [term 1 FOLLOWER]: Refusing update from remote peer 385dcf9158e04754accbb1f16d901d38: Log matching property violated. Preceding OpId in replica: term: 1 index: 25. Preceding OpId from leader: term: 1 index: 26. (index mismatch)
I20260630 12:39:18.462229 24009 raft_consensus.cc:1275] T 5dbcd348029942c7aecceb6acdebb88e P 1c0d885bf68d4d19ba42f1742c0665e0 [term 1 FOLLOWER]: Refusing update from remote peer 385dcf9158e04754accbb1f16d901d38: Log matching property violated. Preceding OpId in replica: term: 1 index: 25. Preceding OpId from leader: term: 1 index: 26. (index mismatch)
I20260630 12:39:18.462320 24556 consensus_queue.cc:1048] T 5dbcd348029942c7aecceb6acdebb88e P 385dcf9158e04754accbb1f16d901d38 [LEADER]: Connected to new peer: Peer: permanent_uuid: "c1ab20f175ad4c45a160eb1ee1237e48" member_type: VOTER last_known_addr { host: "127.19.6.1" port: 40783 } attrs { replace: true }, Status: LMP_MISMATCH, Last received: 0.0, Next index: 26, Last known committed idx: 25, Time since last communication: 0.001s
I20260630 12:39:18.464344 24326 consensus_queue.cc:1048] T 5dbcd348029942c7aecceb6acdebb88e P 385dcf9158e04754accbb1f16d901d38 [LEADER]: Connected to new peer: Peer: permanent_uuid: "1c0d885bf68d4d19ba42f1742c0665e0" member_type: VOTER last_known_addr { host: "127.19.6.2" port: 36767 }, Status: LMP_MISMATCH, Last received: 0.0, Next index: 26, Last known committed idx: 25, Time since last communication: 0.000s
I20260630 12:39:18.472020 24399 heartbeater.cc:499] Master 127.19.6.62:42449 was elected leader, sending a full tablet report...
I20260630 12:39:18.474319 24326 raft_consensus.cc:2955] T 5dbcd348029942c7aecceb6acdebb88e P 385dcf9158e04754accbb1f16d901d38 [term 1 LEADER]: Committing config change with OpId 1.26: config changed from index -1 to 26, NON_VOTER 021f16dbd40c44d49149add8ea29b564 (127.19.6.6) added. New config: { opid_index: 26 OBSOLETE_local: false peers { permanent_uuid: "385dcf9158e04754accbb1f16d901d38" member_type: VOTER last_known_addr { host: "127.19.6.3" port: 46379 } } peers { permanent_uuid: "1c0d885bf68d4d19ba42f1742c0665e0" member_type: VOTER last_known_addr { host: "127.19.6.2" port: 36767 } } peers { permanent_uuid: "c1ab20f175ad4c45a160eb1ee1237e48" member_type: VOTER last_known_addr { host: "127.19.6.1" port: 40783 } attrs { replace: true } } peers { permanent_uuid: "021f16dbd40c44d49149add8ea29b564" member_type: NON_VOTER last_known_addr { host: "127.19.6.6" port: 41309 } attrs { promote: true } } }
I20260630 12:39:18.475420 24009 raft_consensus.cc:2955] T 5dbcd348029942c7aecceb6acdebb88e P 1c0d885bf68d4d19ba42f1742c0665e0 [term 1 FOLLOWER]: Committing config change with OpId 1.26: config changed from index -1 to 26, NON_VOTER 021f16dbd40c44d49149add8ea29b564 (127.19.6.6) added. New config: { opid_index: 26 OBSOLETE_local: false peers { permanent_uuid: "385dcf9158e04754accbb1f16d901d38" member_type: VOTER last_known_addr { host: "127.19.6.3" port: 46379 } } peers { permanent_uuid: "1c0d885bf68d4d19ba42f1742c0665e0" member_type: VOTER last_known_addr { host: "127.19.6.2" port: 36767 } } peers { permanent_uuid: "c1ab20f175ad4c45a160eb1ee1237e48" member_type: VOTER last_known_addr { host: "127.19.6.1" port: 40783 } attrs { replace: true } } peers { permanent_uuid: "021f16dbd40c44d49149add8ea29b564" member_type: NON_VOTER last_known_addr { host: "127.19.6.6" port: 41309 } attrs { promote: true } } }
W20260630 12:39:18.478739 24052 consensus_peers.cc:597] T 5dbcd348029942c7aecceb6acdebb88e P 385dcf9158e04754accbb1f16d901d38 -> Peer 021f16dbd40c44d49149add8ea29b564 (127.19.6.6:41309): Couldn't send request to peer 021f16dbd40c44d49149add8ea29b564. Error code: TABLET_NOT_FOUND (6). Status: Not found: Tablet not found: 5dbcd348029942c7aecceb6acdebb88e. This is attempt 1: this message will repeat every 5th retry.
I20260630 12:39:18.479094 23932 raft_consensus.cc:2955] T 5dbcd348029942c7aecceb6acdebb88e P c1ab20f175ad4c45a160eb1ee1237e48 [term 1 FOLLOWER]: Committing config change with OpId 1.26: config changed from index -1 to 26, NON_VOTER 021f16dbd40c44d49149add8ea29b564 (127.19.6.6) added. New config: { opid_index: 26 OBSOLETE_local: false peers { permanent_uuid: "385dcf9158e04754accbb1f16d901d38" member_type: VOTER last_known_addr { host: "127.19.6.3" port: 46379 } } peers { permanent_uuid: "1c0d885bf68d4d19ba42f1742c0665e0" member_type: VOTER last_known_addr { host: "127.19.6.2" port: 36767 } } peers { permanent_uuid: "c1ab20f175ad4c45a160eb1ee1237e48" member_type: VOTER last_known_addr { host: "127.19.6.1" port: 40783 } attrs { replace: true } } peers { permanent_uuid: "021f16dbd40c44d49149add8ea29b564" member_type: NON_VOTER last_known_addr { host: "127.19.6.6" port: 41309 } attrs { promote: true } } }
I20260630 12:39:18.490186 23827 catalog_manager.cc:5697] T 5dbcd348029942c7aecceb6acdebb88e P 1c0d885bf68d4d19ba42f1742c0665e0 reported cstate change: config changed from index -1 to 26, NON_VOTER 021f16dbd40c44d49149add8ea29b564 (127.19.6.6) added. New cstate: current_term: 1 leader_uuid: "385dcf9158e04754accbb1f16d901d38" committed_config { opid_index: 26 OBSOLETE_local: false peers { permanent_uuid: "385dcf9158e04754accbb1f16d901d38" member_type: VOTER last_known_addr { host: "127.19.6.3" port: 46379 } } peers { permanent_uuid: "1c0d885bf68d4d19ba42f1742c0665e0" member_type: VOTER last_known_addr { host: "127.19.6.2" port: 36767 } } peers { permanent_uuid: "c1ab20f175ad4c45a160eb1ee1237e48" member_type: VOTER last_known_addr { host: "127.19.6.1" port: 40783 } attrs { replace: true } } peers { permanent_uuid: "021f16dbd40c44d49149add8ea29b564" member_type: NON_VOTER last_known_addr { host: "127.19.6.6" port: 41309 } attrs { promote: true } } }
I20260630 12:39:18.497073 24081 consensus_queue.cc:237] T 278d53be172142eb9f58310e56033a1d P 385dcf9158e04754accbb1f16d901d38 [LEADER]: Queue going to LEADER mode. State: All replicated index: 0, Majority replicated index: 25, Committed index: 25, Last appended: 1.25, Last appended by leader: 0, Current term: 1, Majority size: 2, State: 0, Mode: LEADER, active raft config: opid_index: 26 OBSOLETE_local: false peers { permanent_uuid: "c1ab20f175ad4c45a160eb1ee1237e48" member_type: VOTER last_known_addr { host: "127.19.6.1" port: 40783 } } peers { permanent_uuid: "1c0d885bf68d4d19ba42f1742c0665e0" member_type: VOTER last_known_addr { host: "127.19.6.2" port: 36767 } attrs { replace: true } } peers { permanent_uuid: "385dcf9158e04754accbb1f16d901d38" member_type: VOTER last_known_addr { host: "127.19.6.3" port: 46379 } } peers { permanent_uuid: "e459866f9b604ca08d35eed7b5ba58c5" member_type: NON_VOTER last_known_addr { host: "127.19.6.4" port: 41827 } attrs { promote: true } }
I20260630 12:39:18.509089 24009 raft_consensus.cc:1275] T 278d53be172142eb9f58310e56033a1d P 1c0d885bf68d4d19ba42f1742c0665e0 [term 1 FOLLOWER]: Refusing update from remote peer 385dcf9158e04754accbb1f16d901d38: Log matching property violated. Preceding OpId in replica: term: 1 index: 25. Preceding OpId from leader: term: 1 index: 26. (index mismatch)
I20260630 12:39:18.509523 23932 raft_consensus.cc:1275] T 278d53be172142eb9f58310e56033a1d P c1ab20f175ad4c45a160eb1ee1237e48 [term 1 FOLLOWER]: Refusing update from remote peer 385dcf9158e04754accbb1f16d901d38: Log matching property violated. Preceding OpId in replica: term: 1 index: 25. Preceding OpId from leader: term: 1 index: 26. (index mismatch)
I20260630 12:39:18.510823 24561 consensus_queue.cc:1048] T 278d53be172142eb9f58310e56033a1d P 385dcf9158e04754accbb1f16d901d38 [LEADER]: Connected to new peer: Peer: permanent_uuid: "1c0d885bf68d4d19ba42f1742c0665e0" member_type: VOTER last_known_addr { host: "127.19.6.2" port: 36767 } attrs { replace: true }, Status: LMP_MISMATCH, Last received: 0.0, Next index: 26, Last known committed idx: 25, Time since last communication: 0.000s
I20260630 12:39:18.511812 24551 consensus_queue.cc:1048] T 278d53be172142eb9f58310e56033a1d P 385dcf9158e04754accbb1f16d901d38 [LEADER]: Connected to new peer: Peer: permanent_uuid: "c1ab20f175ad4c45a160eb1ee1237e48" member_type: VOTER last_known_addr { host: "127.19.6.1" port: 40783 }, Status: LMP_MISMATCH, Last received: 0.0, Next index: 26, Last known committed idx: 25, Time since last communication: 0.000s
W20260630 12:39:18.528527 24049 consensus_peers.cc:597] T 278d53be172142eb9f58310e56033a1d P 385dcf9158e04754accbb1f16d901d38 -> Peer e459866f9b604ca08d35eed7b5ba58c5 (127.19.6.4:41827): Couldn't send request to peer e459866f9b604ca08d35eed7b5ba58c5. Error code: TABLET_NOT_FOUND (6). Status: Not found: Tablet not found: 278d53be172142eb9f58310e56033a1d. This is attempt 1: this message will repeat every 5th retry.
I20260630 12:39:18.532992 24326 raft_consensus.cc:2955] T 278d53be172142eb9f58310e56033a1d P 385dcf9158e04754accbb1f16d901d38 [term 1 LEADER]: Committing config change with OpId 1.26: config changed from index -1 to 26, NON_VOTER e459866f9b604ca08d35eed7b5ba58c5 (127.19.6.4) added. New config: { opid_index: 26 OBSOLETE_local: false peers { permanent_uuid: "c1ab20f175ad4c45a160eb1ee1237e48" member_type: VOTER last_known_addr { host: "127.19.6.1" port: 40783 } } peers { permanent_uuid: "1c0d885bf68d4d19ba42f1742c0665e0" member_type: VOTER last_known_addr { host: "127.19.6.2" port: 36767 } attrs { replace: true } } peers { permanent_uuid: "385dcf9158e04754accbb1f16d901d38" member_type: VOTER last_known_addr { host: "127.19.6.3" port: 46379 } } peers { permanent_uuid: "e459866f9b604ca08d35eed7b5ba58c5" member_type: NON_VOTER last_known_addr { host: "127.19.6.4" port: 41827 } attrs { promote: true } } }
I20260630 12:39:18.534662 24009 raft_consensus.cc:2955] T 278d53be172142eb9f58310e56033a1d P 1c0d885bf68d4d19ba42f1742c0665e0 [term 1 FOLLOWER]: Committing config change with OpId 1.26: config changed from index -1 to 26, NON_VOTER e459866f9b604ca08d35eed7b5ba58c5 (127.19.6.4) added. New config: { opid_index: 26 OBSOLETE_local: false peers { permanent_uuid: "c1ab20f175ad4c45a160eb1ee1237e48" member_type: VOTER last_known_addr { host: "127.19.6.1" port: 40783 } } peers { permanent_uuid: "1c0d885bf68d4d19ba42f1742c0665e0" member_type: VOTER last_known_addr { host: "127.19.6.2" port: 36767 } attrs { replace: true } } peers { permanent_uuid: "385dcf9158e04754accbb1f16d901d38" member_type: VOTER last_known_addr { host: "127.19.6.3" port: 46379 } } peers { permanent_uuid: "e459866f9b604ca08d35eed7b5ba58c5" member_type: NON_VOTER last_known_addr { host: "127.19.6.4" port: 41827 } attrs { promote: true } } }
I20260630 12:39:18.534693 23932 raft_consensus.cc:2955] T 278d53be172142eb9f58310e56033a1d P c1ab20f175ad4c45a160eb1ee1237e48 [term 1 FOLLOWER]: Committing config change with OpId 1.26: config changed from index -1 to 26, NON_VOTER e459866f9b604ca08d35eed7b5ba58c5 (127.19.6.4) added. New config: { opid_index: 26 OBSOLETE_local: false peers { permanent_uuid: "c1ab20f175ad4c45a160eb1ee1237e48" member_type: VOTER last_known_addr { host: "127.19.6.1" port: 40783 } } peers { permanent_uuid: "1c0d885bf68d4d19ba42f1742c0665e0" member_type: VOTER last_known_addr { host: "127.19.6.2" port: 36767 } attrs { replace: true } } peers { permanent_uuid: "385dcf9158e04754accbb1f16d901d38" member_type: VOTER last_known_addr { host: "127.19.6.3" port: 46379 } } peers { permanent_uuid: "e459866f9b604ca08d35eed7b5ba58c5" member_type: NON_VOTER last_known_addr { host: "127.19.6.4" port: 41827 } attrs { promote: true } } }
I20260630 12:39:18.545985 23829 catalog_manager.cc:5697] T 278d53be172142eb9f58310e56033a1d P 1c0d885bf68d4d19ba42f1742c0665e0 reported cstate change: config changed from index -1 to 26, NON_VOTER e459866f9b604ca08d35eed7b5ba58c5 (127.19.6.4) added. New cstate: current_term: 1 leader_uuid: "385dcf9158e04754accbb1f16d901d38" committed_config { opid_index: 26 OBSOLETE_local: false peers { permanent_uuid: "c1ab20f175ad4c45a160eb1ee1237e48" member_type: VOTER last_known_addr { host: "127.19.6.1" port: 40783 } } peers { permanent_uuid: "1c0d885bf68d4d19ba42f1742c0665e0" member_type: VOTER last_known_addr { host: "127.19.6.2" port: 36767 } attrs { replace: true } } peers { permanent_uuid: "385dcf9158e04754accbb1f16d901d38" member_type: VOTER last_known_addr { host: "127.19.6.3" port: 46379 } } peers { permanent_uuid: "e459866f9b604ca08d35eed7b5ba58c5" member_type: NON_VOTER last_known_addr { host: "127.19.6.4" port: 41827 } attrs { promote: true } } }
I20260630 12:39:18.563918 23932 consensus_queue.cc:237] T e5bb04fcb473458981e400b7cd8f3627 P c1ab20f175ad4c45a160eb1ee1237e48 [LEADER]: Queue going to LEADER mode. State: All replicated index: 0, Majority replicated index: 25, Committed index: 25, Last appended: 1.25, Last appended by leader: 0, Current term: 1, Majority size: 2, State: 0, Mode: LEADER, active raft config: opid_index: 26 OBSOLETE_local: false peers { permanent_uuid: "c1ab20f175ad4c45a160eb1ee1237e48" member_type: VOTER last_known_addr { host: "127.19.6.1" port: 40783 } } peers { permanent_uuid: "1c0d885bf68d4d19ba42f1742c0665e0" member_type: VOTER last_known_addr { host: "127.19.6.2" port: 36767 } } peers { permanent_uuid: "385dcf9158e04754accbb1f16d901d38" member_type: VOTER last_known_addr { host: "127.19.6.3" port: 46379 } attrs { replace: true } } peers { permanent_uuid: "5450490be4f54f76b3379f1a4209842c" member_type: NON_VOTER last_known_addr { host: "127.19.6.5" port: 34457 } attrs { promote: true } }
I20260630 12:39:18.571625 24009 raft_consensus.cc:1275] T e5bb04fcb473458981e400b7cd8f3627 P 1c0d885bf68d4d19ba42f1742c0665e0 [term 1 FOLLOWER]: Refusing update from remote peer c1ab20f175ad4c45a160eb1ee1237e48: Log matching property violated. Preceding OpId in replica: term: 1 index: 25. Preceding OpId from leader: term: 1 index: 26. (index mismatch)
I20260630 12:39:18.573163 24572 consensus_queue.cc:1048] T e5bb04fcb473458981e400b7cd8f3627 P c1ab20f175ad4c45a160eb1ee1237e48 [LEADER]: Connected to new peer: Peer: permanent_uuid: "1c0d885bf68d4d19ba42f1742c0665e0" member_type: VOTER last_known_addr { host: "127.19.6.2" port: 36767 }, Status: LMP_MISMATCH, Last received: 0.0, Next index: 26, Last known committed idx: 25, Time since last communication: 0.000s
I20260630 12:39:18.573320 24081 raft_consensus.cc:1275] T e5bb04fcb473458981e400b7cd8f3627 P 385dcf9158e04754accbb1f16d901d38 [term 1 FOLLOWER]: Refusing update from remote peer c1ab20f175ad4c45a160eb1ee1237e48: Log matching property violated. Preceding OpId in replica: term: 1 index: 25. Preceding OpId from leader: term: 1 index: 26. (index mismatch)
I20260630 12:39:18.575506 24319 consensus_queue.cc:1048] T e5bb04fcb473458981e400b7cd8f3627 P c1ab20f175ad4c45a160eb1ee1237e48 [LEADER]: Connected to new peer: Peer: permanent_uuid: "385dcf9158e04754accbb1f16d901d38" member_type: VOTER last_known_addr { host: "127.19.6.3" port: 46379 } attrs { replace: true }, Status: LMP_MISMATCH, Last received: 0.0, Next index: 26, Last known committed idx: 25, Time since last communication: 0.001s
I20260630 12:39:18.580978 24572 raft_consensus.cc:2955] T e5bb04fcb473458981e400b7cd8f3627 P c1ab20f175ad4c45a160eb1ee1237e48 [term 1 LEADER]: Committing config change with OpId 1.26: config changed from index -1 to 26, NON_VOTER 5450490be4f54f76b3379f1a4209842c (127.19.6.5) added. New config: { opid_index: 26 OBSOLETE_local: false peers { permanent_uuid: "c1ab20f175ad4c45a160eb1ee1237e48" member_type: VOTER last_known_addr { host: "127.19.6.1" port: 40783 } } peers { permanent_uuid: "1c0d885bf68d4d19ba42f1742c0665e0" member_type: VOTER last_known_addr { host: "127.19.6.2" port: 36767 } } peers { permanent_uuid: "385dcf9158e04754accbb1f16d901d38" member_type: VOTER last_known_addr { host: "127.19.6.3" port: 46379 } attrs { replace: true } } peers { permanent_uuid: "5450490be4f54f76b3379f1a4209842c" member_type: NON_VOTER last_known_addr { host: "127.19.6.5" port: 34457 } attrs { promote: true } } }
I20260630 12:39:18.583811 24009 raft_consensus.cc:2955] T e5bb04fcb473458981e400b7cd8f3627 P 1c0d885bf68d4d19ba42f1742c0665e0 [term 1 FOLLOWER]: Committing config change with OpId 1.26: config changed from index -1 to 26, NON_VOTER 5450490be4f54f76b3379f1a4209842c (127.19.6.5) added. New config: { opid_index: 26 OBSOLETE_local: false peers { permanent_uuid: "c1ab20f175ad4c45a160eb1ee1237e48" member_type: VOTER last_known_addr { host: "127.19.6.1" port: 40783 } } peers { permanent_uuid: "1c0d885bf68d4d19ba42f1742c0665e0" member_type: VOTER last_known_addr { host: "127.19.6.2" port: 36767 } } peers { permanent_uuid: "385dcf9158e04754accbb1f16d901d38" member_type: VOTER last_known_addr { host: "127.19.6.3" port: 46379 } attrs { replace: true } } peers { permanent_uuid: "5450490be4f54f76b3379f1a4209842c" member_type: NON_VOTER last_known_addr { host: "127.19.6.5" port: 34457 } attrs { promote: true } } }
I20260630 12:39:18.587913 24081 raft_consensus.cc:2955] T e5bb04fcb473458981e400b7cd8f3627 P 385dcf9158e04754accbb1f16d901d38 [term 1 FOLLOWER]: Committing config change with OpId 1.26: config changed from index -1 to 26, NON_VOTER 5450490be4f54f76b3379f1a4209842c (127.19.6.5) added. New config: { opid_index: 26 OBSOLETE_local: false peers { permanent_uuid: "c1ab20f175ad4c45a160eb1ee1237e48" member_type: VOTER last_known_addr { host: "127.19.6.1" port: 40783 } } peers { permanent_uuid: "1c0d885bf68d4d19ba42f1742c0665e0" member_type: VOTER last_known_addr { host: "127.19.6.2" port: 36767 } } peers { permanent_uuid: "385dcf9158e04754accbb1f16d901d38" member_type: VOTER last_known_addr { host: "127.19.6.3" port: 46379 } attrs { replace: true } } peers { permanent_uuid: "5450490be4f54f76b3379f1a4209842c" member_type: NON_VOTER last_known_addr { host: "127.19.6.5" port: 34457 } attrs { promote: true } } }
I20260630 12:39:18.590709 24474 heartbeater.cc:499] Master 127.19.6.62:42449 was elected leader, sending a full tablet report...
