I20260630 12:38:41.671895 28195 ts_tablet_manager.cc:1916] T 309922807c60467ca2a626f13b1656e9 P 48e811dc5ddf40c68c5c28f5c00b80aa: Deleting tablet data with delete state TABLET_DATA_TOMBSTONED
I20260630 12:38:41.672026 27905 raft_consensus.cc:2955] T 4b29894f56a047a1b42d3ced71f14ad7 P 48e811dc5ddf40c68c5c28f5c00b80aa [term 2 FOLLOWER]: Committing config change with OpId 2.5: config changed from index 4 to 5, VOTER bbd231ef3f68496a970481ddd7bda215 (127.24.9.66) evicted. New config: { opid_index: 5 OBSOLETE_local: false peers { permanent_uuid: "d343d509a76b4f919f6121c8195462d4" member_type: VOTER last_known_addr { host: "127.24.9.65" port: 34533 } } peers { permanent_uuid: "13034d9105aa4620ae12dca3e423be9f" member_type: VOTER last_known_addr { host: "127.24.9.67" port: 42691 } } peers { permanent_uuid: "48e811dc5ddf40c68c5c28f5c00b80aa" member_type: VOTER last_known_addr { host: "127.24.9.68" port: 42007 } attrs { promote: false } } }
I20260630 12:38:41.682101 24613 tablet_server.cc:179] TabletServer@127.24.9.65:0 shutting down...
I20260630 12:38:41.683878 27496 catalog_manager.cc:5697] T 4b29894f56a047a1b42d3ced71f14ad7 P d343d509a76b4f919f6121c8195462d4 reported cstate change: config changed from index 4 to 5, VOTER bbd231ef3f68496a970481ddd7bda215 (127.24.9.66) evicted. New cstate: current_term: 2 leader_uuid: "13034d9105aa4620ae12dca3e423be9f" committed_config { opid_index: 5 OBSOLETE_local: false peers { permanent_uuid: "d343d509a76b4f919f6121c8195462d4" member_type: VOTER last_known_addr { host: "127.24.9.65" port: 34533 } } peers { permanent_uuid: "13034d9105aa4620ae12dca3e423be9f" member_type: VOTER last_known_addr { host: "127.24.9.67" port: 42691 } } peers { permanent_uuid: "48e811dc5ddf40c68c5c28f5c00b80aa" member_type: VOTER last_known_addr { host: "127.24.9.68" port: 42007 } attrs { promote: false } } }
I20260630 12:38:41.684779 27486 catalog_manager.cc:5210] ChangeConfig:REMOVE_PEER RPC for tablet 4b29894f56a047a1b42d3ced71f14ad7 with cas_config_opid_index 4: ChangeConfig:REMOVE_PEER succeeded (attempt 1)
I20260630 12:38:41.705358 28194 ts_tablet_manager.cc:1929] T 0a8d91eaaf8d4f96b0ed3fcf4317099e P 13034d9105aa4620ae12dca3e423be9f: tablet deleted with delete type TABLET_DATA_TOMBSTONED: last-logged OpId 1.3
I20260630 12:38:41.705951 28194 log.cc:1199] T 0a8d91eaaf8d4f96b0ed3fcf4317099e P 13034d9105aa4620ae12dca3e423be9f: Deleting WAL directory at /tmp/dist-test-taskoxy5yi/test-tmp/auto_rebalancer-test.0.AutoRebalancerTest.RangeAwareRebalancesNewRangeReplicas.1782823021886531-24613-0/minicluster-data/ts-2-root/wals/0a8d91eaaf8d4f96b0ed3fcf4317099e
W20260630 12:38:41.706040 27642 proxy.cc:239] Call had error, refreshing address and retrying: Remote error: Service unavailable: service kudu.consensus.ConsensusService not registered on TabletServer
I20260630 12:38:41.707615 27486 catalog_manager.cc:5028] TS 13034d9105aa4620ae12dca3e423be9f (127.24.9.67:42691): tablet 0a8d91eaaf8d4f96b0ed3fcf4317099e (table range_aware_rebalance_new_range [id=bb78101d1cb4466f8bccb61cf2918832]) successfully deleted
I20260630 12:38:41.710245 27662 tablet_service.cc:1558] Processing DeleteTablet for tablet 4b29894f56a047a1b42d3ced71f14ad7 with delete_type TABLET_DATA_TOMBSTONED (TS bbd231ef3f68496a970481ddd7bda215 not found in new config with opid_index 5) from {username='slave'} at 127.0.0.1:56528
W20260630 12:38:41.710706 27642 consensus_peers.cc:597] T 5e7ddd296a2e4e648bb3dc7f5519330d P bbd231ef3f68496a970481ddd7bda215 -> Peer d343d509a76b4f919f6121c8195462d4 (127.24.9.65:34533): Couldn't send request to peer d343d509a76b4f919f6121c8195462d4. Status: Remote error: Service unavailable: service kudu.consensus.ConsensusService not registered on TabletServer. This is attempt 1: this message will repeat every 5th retry.
I20260630 12:38:41.722560 28197 tablet_replica.cc:333] T 4b29894f56a047a1b42d3ced71f14ad7 P bbd231ef3f68496a970481ddd7bda215: stopping tablet replica
I20260630 12:38:41.723951 28197 raft_consensus.cc:2243] T 4b29894f56a047a1b42d3ced71f14ad7 P bbd231ef3f68496a970481ddd7bda215 [term 2 FOLLOWER]: Raft consensus shutting down.
I20260630 12:38:41.724856 28197 raft_consensus.cc:2272] T 4b29894f56a047a1b42d3ced71f14ad7 P bbd231ef3f68496a970481ddd7bda215 [term 2 FOLLOWER]: Raft consensus is shut down!
I20260630 12:38:41.728767 28197 ts_tablet_manager.cc:1916] T 4b29894f56a047a1b42d3ced71f14ad7 P bbd231ef3f68496a970481ddd7bda215: Deleting tablet data with delete state TABLET_DATA_TOMBSTONED
I20260630 12:38:41.731267 28195 ts_tablet_manager.cc:1929] T 309922807c60467ca2a626f13b1656e9 P 48e811dc5ddf40c68c5c28f5c00b80aa: tablet deleted with delete type TABLET_DATA_TOMBSTONED: last-logged OpId 1.3
I20260630 12:38:41.731807 28195 log.cc:1199] T 309922807c60467ca2a626f13b1656e9 P 48e811dc5ddf40c68c5c28f5c00b80aa: Deleting WAL directory at /tmp/dist-test-taskoxy5yi/test-tmp/auto_rebalancer-test.0.AutoRebalancerTest.RangeAwareRebalancesNewRangeReplicas.1782823021886531-24613-0/minicluster-data/ts-3-root/wals/309922807c60467ca2a626f13b1656e9
I20260630 12:38:41.733976 27483 catalog_manager.cc:5028] TS 48e811dc5ddf40c68c5c28f5c00b80aa (127.24.9.68:42007): tablet 309922807c60467ca2a626f13b1656e9 (table range_aware_rebalance_new_range [id=bb78101d1cb4466f8bccb61cf2918832]) successfully deleted
I20260630 12:38:41.734493 28195 tablet_replica.cc:333] T 4ffe38c43cc74d0e98a2ec10b74bf67d P 48e811dc5ddf40c68c5c28f5c00b80aa: stopping tablet replica
I20260630 12:38:41.745806 28195 raft_consensus.cc:2243] T 4ffe38c43cc74d0e98a2ec10b74bf67d P 48e811dc5ddf40c68c5c28f5c00b80aa [term 1 FOLLOWER]: Raft consensus shutting down.
I20260630 12:38:41.746603 28195 raft_consensus.cc:2272] T 4ffe38c43cc74d0e98a2ec10b74bf67d P 48e811dc5ddf40c68c5c28f5c00b80aa [term 1 FOLLOWER]: Raft consensus is shut down!
I20260630 12:38:41.749816 24613 ts_tablet_manager.cc:1507] Shutting down tablet manager...
I20260630 12:38:41.752792 24613 tablet_replica.cc:333] T cebb9dfa2972471f9cbd3f42ad193a31 P d343d509a76b4f919f6121c8195462d4: stopping tablet replica
I20260630 12:38:41.753592 24613 raft_consensus.cc:2243] T cebb9dfa2972471f9cbd3f42ad193a31 P d343d509a76b4f919f6121c8195462d4 [term 2 FOLLOWER]: Raft consensus shutting down.
I20260630 12:38:41.754341 24613 raft_consensus.cc:2272] T cebb9dfa2972471f9cbd3f42ad193a31 P d343d509a76b4f919f6121c8195462d4 [term 2 FOLLOWER]: Raft consensus is shut down!
I20260630 12:38:41.755236 28197 ts_tablet_manager.cc:1929] T 4b29894f56a047a1b42d3ced71f14ad7 P bbd231ef3f68496a970481ddd7bda215: tablet deleted with delete type TABLET_DATA_TOMBSTONED: last-logged OpId 2.4
I20260630 12:38:41.755414 28195 ts_tablet_manager.cc:1916] T 4ffe38c43cc74d0e98a2ec10b74bf67d P 48e811dc5ddf40c68c5c28f5c00b80aa: Deleting tablet data with delete state TABLET_DATA_TOMBSTONED
I20260630 12:38:41.755846 28197 log.cc:1199] T 4b29894f56a047a1b42d3ced71f14ad7 P bbd231ef3f68496a970481ddd7bda215: Deleting WAL directory at /tmp/dist-test-taskoxy5yi/test-tmp/auto_rebalancer-test.0.AutoRebalancerTest.RangeAwareRebalancesNewRangeReplicas.1782823021886531-24613-0/minicluster-data/ts-1-root/wals/4b29894f56a047a1b42d3ced71f14ad7
I20260630 12:38:41.757746 27486 catalog_manager.cc:5028] TS bbd231ef3f68496a970481ddd7bda215 (127.24.9.66:44215): tablet 4b29894f56a047a1b42d3ced71f14ad7 (table range_aware_rebalance_new_range [id=bb78101d1cb4466f8bccb61cf2918832]) successfully deleted
I20260630 12:38:41.760769 24613 tablet_replica.cc:333] T f70e1c9c356f4e388d4dc32d3310750f P d343d509a76b4f919f6121c8195462d4: stopping tablet replica
I20260630 12:38:41.761608 24613 raft_consensus.cc:2243] T f70e1c9c356f4e388d4dc32d3310750f P d343d509a76b4f919f6121c8195462d4 [term 2 FOLLOWER]: Raft consensus shutting down.
I20260630 12:38:41.762107 24613 raft_consensus.cc:2272] T f70e1c9c356f4e388d4dc32d3310750f P d343d509a76b4f919f6121c8195462d4 [term 2 FOLLOWER]: Raft consensus is shut down!
I20260630 12:38:41.764262 24613 tablet_replica.cc:333] T 4ffe38c43cc74d0e98a2ec10b74bf67d P d343d509a76b4f919f6121c8195462d4: stopping tablet replica
I20260630 12:38:41.764997 24613 raft_consensus.cc:2243] T 4ffe38c43cc74d0e98a2ec10b74bf67d P d343d509a76b4f919f6121c8195462d4 [term 1 FOLLOWER]: Raft consensus shutting down.
I20260630 12:38:41.765677 24613 raft_consensus.cc:2272] T 4ffe38c43cc74d0e98a2ec10b74bf67d P d343d509a76b4f919f6121c8195462d4 [term 1 FOLLOWER]: Raft consensus is shut down!
I20260630 12:38:41.769104 24613 tablet_replica.cc:333] T 4b29894f56a047a1b42d3ced71f14ad7 P d343d509a76b4f919f6121c8195462d4: stopping tablet replica
I20260630 12:38:41.769984 24613 raft_consensus.cc:2243] T 4b29894f56a047a1b42d3ced71f14ad7 P d343d509a76b4f919f6121c8195462d4 [term 2 FOLLOWER]: Raft consensus shutting down.
I20260630 12:38:41.770483 28195 ts_tablet_manager.cc:1929] T 4ffe38c43cc74d0e98a2ec10b74bf67d P 48e811dc5ddf40c68c5c28f5c00b80aa: tablet deleted with delete type TABLET_DATA_TOMBSTONED: last-logged OpId 1.3
I20260630 12:38:41.770733 24613 raft_consensus.cc:2272] T 4b29894f56a047a1b42d3ced71f14ad7 P d343d509a76b4f919f6121c8195462d4 [term 2 FOLLOWER]: Raft consensus is shut down!
I20260630 12:38:41.770865 28195 log.cc:1199] T 4ffe38c43cc74d0e98a2ec10b74bf67d P 48e811dc5ddf40c68c5c28f5c00b80aa: Deleting WAL directory at /tmp/dist-test-taskoxy5yi/test-tmp/auto_rebalancer-test.0.AutoRebalancerTest.RangeAwareRebalancesNewRangeReplicas.1782823021886531-24613-0/minicluster-data/ts-3-root/wals/4ffe38c43cc74d0e98a2ec10b74bf67d
I20260630 12:38:41.772626 27483 catalog_manager.cc:5028] TS 48e811dc5ddf40c68c5c28f5c00b80aa (127.24.9.68:42007): tablet 4ffe38c43cc74d0e98a2ec10b74bf67d (table range_aware_rebalance_new_range [id=bb78101d1cb4466f8bccb61cf2918832]) successfully deleted
I20260630 12:38:41.774533 24613 tablet_replica.cc:333] T 0a8d91eaaf8d4f96b0ed3fcf4317099e P d343d509a76b4f919f6121c8195462d4: stopping tablet replica
I20260630 12:38:41.775417 24613 raft_consensus.cc:2243] T 0a8d91eaaf8d4f96b0ed3fcf4317099e P d343d509a76b4f919f6121c8195462d4 [term 1 FOLLOWER]: Raft consensus shutting down.
I20260630 12:38:41.776163 24613 raft_consensus.cc:2272] T 0a8d91eaaf8d4f96b0ed3fcf4317099e P d343d509a76b4f919f6121c8195462d4 [term 1 FOLLOWER]: Raft consensus is shut down!
I20260630 12:38:41.778846 24613 tablet_replica.cc:333] T f8ac978843b5406c8ce99c9e032ac950 P d343d509a76b4f919f6121c8195462d4: stopping tablet replica
I20260630 12:38:41.779721 24613 raft_consensus.cc:2243] T f8ac978843b5406c8ce99c9e032ac950 P d343d509a76b4f919f6121c8195462d4 [term 1 FOLLOWER]: Raft consensus shutting down.
I20260630 12:38:41.780252 24613 raft_consensus.cc:2272] T f8ac978843b5406c8ce99c9e032ac950 P d343d509a76b4f919f6121c8195462d4 [term 1 FOLLOWER]: Raft consensus is shut down!
I20260630 12:38:41.782527 24613 tablet_replica.cc:333] T 309922807c60467ca2a626f13b1656e9 P d343d509a76b4f919f6121c8195462d4: stopping tablet replica
I20260630 12:38:41.783603 24613 raft_consensus.cc:2243] T 309922807c60467ca2a626f13b1656e9 P d343d509a76b4f919f6121c8195462d4 [term 1 LEADER]: Raft consensus shutting down.
I20260630 12:38:41.784612 24613 raft_consensus.cc:2272] T 309922807c60467ca2a626f13b1656e9 P d343d509a76b4f919f6121c8195462d4 [term 1 FOLLOWER]: Raft consensus is shut down!
I20260630 12:38:41.787153 24613 tablet_replica.cc:333] T 09f69bc01fe04efab1dcbb2e84e97a8c P d343d509a76b4f919f6121c8195462d4: stopping tablet replica
I20260630 12:38:41.788061 24613 raft_consensus.cc:2243] T 09f69bc01fe04efab1dcbb2e84e97a8c P d343d509a76b4f919f6121c8195462d4 [term 1 LEADER]: Raft consensus shutting down.
I20260630 12:38:41.789079 24613 raft_consensus.cc:2272] T 09f69bc01fe04efab1dcbb2e84e97a8c P d343d509a76b4f919f6121c8195462d4 [term 1 FOLLOWER]: Raft consensus is shut down!
I20260630 12:38:41.791851 24613 tablet_replica.cc:333] T 5e7ddd296a2e4e648bb3dc7f5519330d P d343d509a76b4f919f6121c8195462d4: stopping tablet replica
I20260630 12:38:41.792549 24613 raft_consensus.cc:2243] T 5e7ddd296a2e4e648bb3dc7f5519330d P d343d509a76b4f919f6121c8195462d4 [term 1 FOLLOWER]: Raft consensus shutting down.
I20260630 12:38:41.793048 24613 raft_consensus.cc:2272] T 5e7ddd296a2e4e648bb3dc7f5519330d P d343d509a76b4f919f6121c8195462d4 [term 1 FOLLOWER]: Raft consensus is shut down!
I20260630 12:38:41.794977 24613 tablet_replica.cc:333] T b5f14c6905ef4df5990b218ee2e06dc7 P d343d509a76b4f919f6121c8195462d4: stopping tablet replica
I20260630 12:38:41.795527 24613 raft_consensus.cc:2243] T b5f14c6905ef4df5990b218ee2e06dc7 P d343d509a76b4f919f6121c8195462d4 [term 2 LEADER]: Raft consensus shutting down.
I20260630 12:38:41.796240 24613 raft_consensus.cc:2272] T b5f14c6905ef4df5990b218ee2e06dc7 P d343d509a76b4f919f6121c8195462d4 [term 2 FOLLOWER]: Raft consensus is shut down!
I20260630 12:38:41.797945 24613 tablet_replica.cc:333] T 7f1187fb2cbf4c18aa404f25b24dfd64 P d343d509a76b4f919f6121c8195462d4: stopping tablet replica
I20260630 12:38:41.798427 24613 raft_consensus.cc:2243] T 7f1187fb2cbf4c18aa404f25b24dfd64 P d343d509a76b4f919f6121c8195462d4 [term 2 FOLLOWER]: Raft consensus shutting down.
I20260630 12:38:41.798825 24613 raft_consensus.cc:2272] T 7f1187fb2cbf4c18aa404f25b24dfd64 P d343d509a76b4f919f6121c8195462d4 [term 2 FOLLOWER]: Raft consensus is shut down!
I20260630 12:38:41.800423 24613 tablet_replica.cc:333] T 9f7ce463fa3f40abaf10dcd4097334ab P d343d509a76b4f919f6121c8195462d4: stopping tablet replica
I20260630 12:38:41.800881 24613 raft_consensus.cc:2243] T 9f7ce463fa3f40abaf10dcd4097334ab P d343d509a76b4f919f6121c8195462d4 [term 1 LEADER]: Raft consensus shutting down.
I20260630 12:38:41.801786 24613 raft_consensus.cc:2272] T 9f7ce463fa3f40abaf10dcd4097334ab P d343d509a76b4f919f6121c8195462d4 [term 1 FOLLOWER]: Raft consensus is shut down!
W20260630 12:38:41.811733 27642 consensus_peers.cc:597] T f8ac978843b5406c8ce99c9e032ac950 P bbd231ef3f68496a970481ddd7bda215 -> Peer d343d509a76b4f919f6121c8195462d4 (127.24.9.65:34533): Couldn't send request to peer d343d509a76b4f919f6121c8195462d4. Status: Remote error: Service unavailable: service kudu.consensus.ConsensusService not registered on TabletServer. This is attempt 1: this message will repeat every 5th retry.
W20260630 12:38:41.817932 27871 consensus_peers.cc:597] T 7f1187fb2cbf4c18aa404f25b24dfd64 P 48e811dc5ddf40c68c5c28f5c00b80aa -> Peer d343d509a76b4f919f6121c8195462d4 (127.24.9.65:34533): Couldn't send request to peer d343d509a76b4f919f6121c8195462d4. Status: Remote error: Service unavailable: service kudu.consensus.ConsensusService not registered on TabletServer. This is attempt 1: this message will repeat every 5th retry.
W20260630 12:38:41.865485 27642 consensus_peers.cc:597] T 0a8d91eaaf8d4f96b0ed3fcf4317099e P bbd231ef3f68496a970481ddd7bda215 -> Peer d343d509a76b4f919f6121c8195462d4 (127.24.9.65:34533): Couldn't send request to peer d343d509a76b4f919f6121c8195462d4. Status: Network error: Client connection negotiation failed: client connection to 127.24.9.65:34533: connect: Connection refused (error 111). This is attempt 1: this message will repeat every 5th retry.
W20260630 12:38:41.988466 27871 consensus_peers.cc:597] T f70e1c9c356f4e388d4dc32d3310750f P 48e811dc5ddf40c68c5c28f5c00b80aa -> Peer d343d509a76b4f919f6121c8195462d4 (127.24.9.65:34533): Couldn't send request to peer d343d509a76b4f919f6121c8195462d4. Status: Network error: Client connection negotiation failed: client connection to 127.24.9.65:34533: connect: Connection refused (error 111). This is attempt 1: this message will repeat every 5th retry.
W20260630 12:38:42.143198 27716 consensus_peers.cc:597] T 4ffe38c43cc74d0e98a2ec10b74bf67d P 13034d9105aa4620ae12dca3e423be9f -> Peer d343d509a76b4f919f6121c8195462d4 (127.24.9.65:34533): Couldn't send request to peer d343d509a76b4f919f6121c8195462d4. Status: Network error: Client connection negotiation failed: client connection to 127.24.9.65:34533: connect: Connection refused (error 111). This is attempt 1: this message will repeat every 5th retry.
W20260630 12:38:42.197861 27871 consensus_peers.cc:597] T cebb9dfa2972471f9cbd3f42ad193a31 P 48e811dc5ddf40c68c5c28f5c00b80aa -> Peer d343d509a76b4f919f6121c8195462d4 (127.24.9.65:34533): Couldn't send request to peer d343d509a76b4f919f6121c8195462d4. Status: Network error: Client connection negotiation failed: client connection to 127.24.9.65:34533: connect: Connection refused (error 111). This is attempt 1: this message will repeat every 5th retry.
W20260630 12:38:42.245858 27716 consensus_peers.cc:597] T 4b29894f56a047a1b42d3ced71f14ad7 P 13034d9105aa4620ae12dca3e423be9f -> Peer d343d509a76b4f919f6121c8195462d4 (127.24.9.65:34533): Couldn't send request to peer d343d509a76b4f919f6121c8195462d4. Status: Network error: Client connection negotiation failed: client connection to 127.24.9.65:34533: connect: Connection refused (error 111). This is attempt 1: this message will repeat every 5th retry.
I20260630 12:38:42.826867 28206 raft_consensus.cc:493] T b5f14c6905ef4df5990b218ee2e06dc7 P 48e811dc5ddf40c68c5c28f5c00b80aa [term 2 FOLLOWER]: Starting pre-election (detected failure of leader d343d509a76b4f919f6121c8195462d4)
I20260630 12:38:42.828186 28206 raft_consensus.cc:515] T b5f14c6905ef4df5990b218ee2e06dc7 P 48e811dc5ddf40c68c5c28f5c00b80aa [term 2 FOLLOWER]: Starting pre-election with config: opid_index: -1 OBSOLETE_local: false peers { permanent_uuid: "48e811dc5ddf40c68c5c28f5c00b80aa" member_type: VOTER last_known_addr { host: "127.24.9.68" port: 42007 } } peers { permanent_uuid: "d343d509a76b4f919f6121c8195462d4" member_type: VOTER last_known_addr { host: "127.24.9.65" port: 34533 } } peers { permanent_uuid: "bbd231ef3f68496a970481ddd7bda215" member_type: VOTER last_known_addr { host: "127.24.9.66" port: 44215 } }
I20260630 12:38:42.830550 28206 leader_election.cc:290] T b5f14c6905ef4df5990b218ee2e06dc7 P 48e811dc5ddf40c68c5c28f5c00b80aa [CANDIDATE]: Term 3 pre-election: Requested pre-vote from peers d343d509a76b4f919f6121c8195462d4 (127.24.9.65:34533), bbd231ef3f68496a970481ddd7bda215 (127.24.9.66:44215)
I20260630 12:38:42.832293 27674 tablet_service.cc:1917] Received RequestConsensusVote() RPC: tablet_id: "b5f14c6905ef4df5990b218ee2e06dc7" candidate_uuid: "48e811dc5ddf40c68c5c28f5c00b80aa" candidate_term: 3 candidate_status { last_received { term: 2 index: 1 } } ignore_live_leader: false dest_uuid: "bbd231ef3f68496a970481ddd7bda215" is_pre_election: true
W20260630 12:38:42.835799 27871 leader_election.cc:336] T b5f14c6905ef4df5990b218ee2e06dc7 P 48e811dc5ddf40c68c5c28f5c00b80aa [CANDIDATE]: Term 3 pre-election: RPC error from VoteRequest() call to peer d343d509a76b4f919f6121c8195462d4 (127.24.9.65:34533): Network error: Client connection negotiation failed: client connection to 127.24.9.65:34533: connect: Connection refused (error 111)
W20260630 12:38:42.836395 24613 thread.cc:527] Waited for 1000ms trying to join with diag-logger (tid 27622)
I20260630 12:38:42.836306 27871 leader_election.cc:304] T b5f14c6905ef4df5990b218ee2e06dc7 P 48e811dc5ddf40c68c5c28f5c00b80aa [CANDIDATE]: Term 3 pre-election: Election decided. Result: candidate lost. Election summary: received 3 responses out of 3 voters: 1 yes votes; 2 no votes. yes voters: 48e811dc5ddf40c68c5c28f5c00b80aa; no voters: bbd231ef3f68496a970481ddd7bda215, d343d509a76b4f919f6121c8195462d4
I20260630 12:38:42.837168 28206 raft_consensus.cc:2749] T b5f14c6905ef4df5990b218ee2e06dc7 P 48e811dc5ddf40c68c5c28f5c00b80aa [term 2 FOLLOWER]: Leader pre-election lost for term 3. Reason: could not achieve majority
I20260630 12:38:42.845263 27552 auto_leader_rebalancer.cc:141] leader rebalance for table range_aware_rebalance_new_range
I20260630 12:38:42.861124 27552 auto_leader_rebalancer.cc:440] table: range_aware_rebalance_new_range, leader rebalance finish, leader transfer count: 0
I20260630 12:38:42.862033 27552 auto_leader_rebalancer.cc:515] All tables' leader rebalancing finished this round
I20260630 12:38:42.932893 28203 raft_consensus.cc:493] T b5f14c6905ef4df5990b218ee2e06dc7 P bbd231ef3f68496a970481ddd7bda215 [term 2 FOLLOWER]: Starting pre-election (detected failure of leader d343d509a76b4f919f6121c8195462d4)
I20260630 12:38:42.934077 28203 raft_consensus.cc:515] T b5f14c6905ef4df5990b218ee2e06dc7 P bbd231ef3f68496a970481ddd7bda215 [term 2 FOLLOWER]: Starting pre-election with config: opid_index: -1 OBSOLETE_local: false peers { permanent_uuid: "48e811dc5ddf40c68c5c28f5c00b80aa" member_type: VOTER last_known_addr { host: "127.24.9.68" port: 42007 } } peers { permanent_uuid: "d343d509a76b4f919f6121c8195462d4" member_type: VOTER last_known_addr { host: "127.24.9.65" port: 34533 } } peers { permanent_uuid: "bbd231ef3f68496a970481ddd7bda215" member_type: VOTER last_known_addr { host: "127.24.9.66" port: 44215 } }
I20260630 12:38:42.937439 28203 leader_election.cc:290] T b5f14c6905ef4df5990b218ee2e06dc7 P bbd231ef3f68496a970481ddd7bda215 [CANDIDATE]: Term 3 pre-election: Requested pre-vote from peers 48e811dc5ddf40c68c5c28f5c00b80aa (127.24.9.68:42007), d343d509a76b4f919f6121c8195462d4 (127.24.9.65:34533)
I20260630 12:38:42.938455 27905 tablet_service.cc:1917] Received RequestConsensusVote() RPC: tablet_id: "b5f14c6905ef4df5990b218ee2e06dc7" candidate_uuid: "bbd231ef3f68496a970481ddd7bda215" candidate_term: 3 candidate_status { last_received { term: 2 index: 1 } } ignore_live_leader: false dest_uuid: "48e811dc5ddf40c68c5c28f5c00b80aa" is_pre_election: true
I20260630 12:38:42.939193 27905 raft_consensus.cc:2468] T b5f14c6905ef4df5990b218ee2e06dc7 P 48e811dc5ddf40c68c5c28f5c00b80aa [term 2 FOLLOWER]: Leader pre-election vote request: Granting yes vote for candidate bbd231ef3f68496a970481ddd7bda215 in term 2.
I20260630 12:38:42.941819 27639 leader_election.cc:304] T b5f14c6905ef4df5990b218ee2e06dc7 P bbd231ef3f68496a970481ddd7bda215 [CANDIDATE]: Term 3 pre-election: Election decided. Result: candidate won. Election summary: received 2 responses out of 3 voters: 2 yes votes; 0 no votes. yes voters: 48e811dc5ddf40c68c5c28f5c00b80aa, bbd231ef3f68496a970481ddd7bda215; no voters: 
I20260630 12:38:42.942865 28203 raft_consensus.cc:2804] T b5f14c6905ef4df5990b218ee2e06dc7 P bbd231ef3f68496a970481ddd7bda215 [term 2 FOLLOWER]: Leader pre-election won for term 3
I20260630 12:38:42.943325 28203 raft_consensus.cc:493] T b5f14c6905ef4df5990b218ee2e06dc7 P bbd231ef3f68496a970481ddd7bda215 [term 2 FOLLOWER]: Starting leader election (detected failure of leader d343d509a76b4f919f6121c8195462d4)
W20260630 12:38:42.943616 27642 leader_election.cc:336] T b5f14c6905ef4df5990b218ee2e06dc7 P bbd231ef3f68496a970481ddd7bda215 [CANDIDATE]: Term 3 pre-election: RPC error from VoteRequest() call to peer d343d509a76b4f919f6121c8195462d4 (127.24.9.65:34533): Network error: Client connection negotiation failed: client connection to 127.24.9.65:34533: connect: Connection refused (error 111)
I20260630 12:38:42.943794 28203 raft_consensus.cc:3060] T b5f14c6905ef4df5990b218ee2e06dc7 P bbd231ef3f68496a970481ddd7bda215 [term 2 FOLLOWER]: Advancing to term 3
I20260630 12:38:42.951414 28203 raft_consensus.cc:515] T b5f14c6905ef4df5990b218ee2e06dc7 P bbd231ef3f68496a970481ddd7bda215 [term 3 FOLLOWER]: Starting leader election with config: opid_index: -1 OBSOLETE_local: false peers { permanent_uuid: "48e811dc5ddf40c68c5c28f5c00b80aa" member_type: VOTER last_known_addr { host: "127.24.9.68" port: 42007 } } peers { permanent_uuid: "d343d509a76b4f919f6121c8195462d4" member_type: VOTER last_known_addr { host: "127.24.9.65" port: 34533 } } peers { permanent_uuid: "bbd231ef3f68496a970481ddd7bda215" member_type: VOTER last_known_addr { host: "127.24.9.66" port: 44215 } }
I20260630 12:38:42.953238 28203 leader_election.cc:290] T b5f14c6905ef4df5990b218ee2e06dc7 P bbd231ef3f68496a970481ddd7bda215 [CANDIDATE]: Term 3 election: Requested vote from peers 48e811dc5ddf40c68c5c28f5c00b80aa (127.24.9.68:42007), d343d509a76b4f919f6121c8195462d4 (127.24.9.65:34533)
I20260630 12:38:42.954514 27905 tablet_service.cc:1917] Received RequestConsensusVote() RPC: tablet_id: "b5f14c6905ef4df5990b218ee2e06dc7" candidate_uuid: "bbd231ef3f68496a970481ddd7bda215" candidate_term: 3 candidate_status { last_received { term: 2 index: 1 } } ignore_live_leader: false dest_uuid: "48e811dc5ddf40c68c5c28f5c00b80aa"
I20260630 12:38:42.955442 27905 raft_consensus.cc:3060] T b5f14c6905ef4df5990b218ee2e06dc7 P 48e811dc5ddf40c68c5c28f5c00b80aa [term 2 FOLLOWER]: Advancing to term 3
W20260630 12:38:42.956982 27642 leader_election.cc:336] T b5f14c6905ef4df5990b218ee2e06dc7 P bbd231ef3f68496a970481ddd7bda215 [CANDIDATE]: Term 3 election: RPC error from VoteRequest() call to peer d343d509a76b4f919f6121c8195462d4 (127.24.9.65:34533): Network error: Client connection negotiation failed: client connection to 127.24.9.65:34533: connect: Connection refused (error 111)
I20260630 12:38:42.966634 27905 raft_consensus.cc:2468] T b5f14c6905ef4df5990b218ee2e06dc7 P 48e811dc5ddf40c68c5c28f5c00b80aa [term 3 FOLLOWER]: Leader election vote request: Granting yes vote for candidate bbd231ef3f68496a970481ddd7bda215 in term 3.
I20260630 12:38:42.968461 27639 leader_election.cc:304] T b5f14c6905ef4df5990b218ee2e06dc7 P bbd231ef3f68496a970481ddd7bda215 [CANDIDATE]: Term 3 election: Election decided. Result: candidate won. Election summary: received 3 responses out of 3 voters: 2 yes votes; 1 no votes. yes voters: 48e811dc5ddf40c68c5c28f5c00b80aa, bbd231ef3f68496a970481ddd7bda215; no voters: d343d509a76b4f919f6121c8195462d4
I20260630 12:38:42.969383 28203 raft_consensus.cc:2804] T b5f14c6905ef4df5990b218ee2e06dc7 P bbd231ef3f68496a970481ddd7bda215 [term 3 FOLLOWER]: Leader election won for term 3
I20260630 12:38:42.969973 28203 raft_consensus.cc:697] T b5f14c6905ef4df5990b218ee2e06dc7 P bbd231ef3f68496a970481ddd7bda215 [term 3 LEADER]: Becoming Leader. State: Replica: bbd231ef3f68496a970481ddd7bda215, State: Running, Role: LEADER
I20260630 12:38:42.971624 28203 consensus_queue.cc:237] T b5f14c6905ef4df5990b218ee2e06dc7 P bbd231ef3f68496a970481ddd7bda215 [LEADER]: Queue going to LEADER mode. State: All replicated index: 0, Majority replicated index: 1, Committed index: 1, Last appended: 2.1, Last appended by leader: 1, Current term: 3, Majority size: 2, State: 0, Mode: LEADER, active raft config: opid_index: -1 OBSOLETE_local: false peers { permanent_uuid: "48e811dc5ddf40c68c5c28f5c00b80aa" member_type: VOTER last_known_addr { host: "127.24.9.68" port: 42007 } } peers { permanent_uuid: "d343d509a76b4f919f6121c8195462d4" member_type: VOTER last_known_addr { host: "127.24.9.65" port: 34533 } } peers { permanent_uuid: "bbd231ef3f68496a970481ddd7bda215" member_type: VOTER last_known_addr { host: "127.24.9.66" port: 44215 } }
I20260630 12:38:42.986685 27496 catalog_manager.cc:5697] T b5f14c6905ef4df5990b218ee2e06dc7 P bbd231ef3f68496a970481ddd7bda215 reported cstate change: term changed from 2 to 3, leader changed from d343d509a76b4f919f6121c8195462d4 (127.24.9.65) to bbd231ef3f68496a970481ddd7bda215 (127.24.9.66). New cstate: current_term: 3 leader_uuid: "bbd231ef3f68496a970481ddd7bda215" committed_config { opid_index: -1 OBSOLETE_local: false peers { permanent_uuid: "48e811dc5ddf40c68c5c28f5c00b80aa" member_type: VOTER last_known_addr { host: "127.24.9.68" port: 42007 } health_report { overall_health: UNKNOWN } } peers { permanent_uuid: "d343d509a76b4f919f6121c8195462d4" member_type: VOTER last_known_addr { host: "127.24.9.65" port: 34533 } health_report { overall_health: UNKNOWN } } peers { permanent_uuid: "bbd231ef3f68496a970481ddd7bda215" member_type: VOTER last_known_addr { host: "127.24.9.66" port: 44215 } health_report { overall_health: HEALTHY } } }
I20260630 12:38:42.998571 28203 raft_consensus.cc:493] T 9f7ce463fa3f40abaf10dcd4097334ab P bbd231ef3f68496a970481ddd7bda215 [term 1 FOLLOWER]: Starting pre-election (detected failure of leader d343d509a76b4f919f6121c8195462d4)
I20260630 12:38:42.999406 28203 raft_consensus.cc:515] T 9f7ce463fa3f40abaf10dcd4097334ab P bbd231ef3f68496a970481ddd7bda215 [term 1 FOLLOWER]: Starting pre-election with config: opid_index: 4 OBSOLETE_local: false peers { permanent_uuid: "d343d509a76b4f919f6121c8195462d4" member_type: VOTER last_known_addr { host: "127.24.9.65" port: 34533 } } peers { permanent_uuid: "bbd231ef3f68496a970481ddd7bda215" member_type: VOTER last_known_addr { host: "127.24.9.66" port: 44215 } } peers { permanent_uuid: "48e811dc5ddf40c68c5c28f5c00b80aa" member_type: VOTER last_known_addr { host: "127.24.9.68" port: 42007 } attrs { promote: false } }
I20260630 12:38:43.004606 28203 leader_election.cc:290] T 9f7ce463fa3f40abaf10dcd4097334ab P bbd231ef3f68496a970481ddd7bda215 [CANDIDATE]: Term 2 pre-election: Requested pre-vote from peers d343d509a76b4f919f6121c8195462d4 (127.24.9.65:34533), 48e811dc5ddf40c68c5c28f5c00b80aa (127.24.9.68:42007)
I20260630 12:38:43.005300 27905 tablet_service.cc:1917] Received RequestConsensusVote() RPC: tablet_id: "9f7ce463fa3f40abaf10dcd4097334ab" candidate_uuid: "bbd231ef3f68496a970481ddd7bda215" candidate_term: 2 candidate_status { last_received { term: 1 index: 4 } } ignore_live_leader: false dest_uuid: "48e811dc5ddf40c68c5c28f5c00b80aa" is_pre_election: true
W20260630 12:38:43.015511 27642 leader_election.cc:336] T 9f7ce463fa3f40abaf10dcd4097334ab P bbd231ef3f68496a970481ddd7bda215 [CANDIDATE]: Term 2 pre-election: RPC error from VoteRequest() call to peer d343d509a76b4f919f6121c8195462d4 (127.24.9.65:34533): Network error: Client connection negotiation failed: client connection to 127.24.9.65:34533: connect: Connection refused (error 111)
I20260630 12:38:43.015941 27642 leader_election.cc:304] T 9f7ce463fa3f40abaf10dcd4097334ab P bbd231ef3f68496a970481ddd7bda215 [CANDIDATE]: Term 2 pre-election: Election decided. Result: candidate lost. Election summary: received 3 responses out of 3 voters: 1 yes votes; 2 no votes. yes voters: bbd231ef3f68496a970481ddd7bda215; no voters: 48e811dc5ddf40c68c5c28f5c00b80aa, d343d509a76b4f919f6121c8195462d4
I20260630 12:38:43.016731 28203 raft_consensus.cc:2749] T 9f7ce463fa3f40abaf10dcd4097334ab P bbd231ef3f68496a970481ddd7bda215 [term 1 FOLLOWER]: Leader pre-election lost for term 2. Reason: could not achieve majority
I20260630 12:38:43.024562 28203 raft_consensus.cc:493] T 309922807c60467ca2a626f13b1656e9 P bbd231ef3f68496a970481ddd7bda215 [term 1 FOLLOWER]: Starting pre-election (detected failure of leader d343d509a76b4f919f6121c8195462d4)
I20260630 12:38:43.025193 28203 raft_consensus.cc:515] T 309922807c60467ca2a626f13b1656e9 P bbd231ef3f68496a970481ddd7bda215 [term 1 FOLLOWER]: Starting pre-election with config: opid_index: 4 OBSOLETE_local: false peers { permanent_uuid: "bbd231ef3f68496a970481ddd7bda215" member_type: VOTER last_known_addr { host: "127.24.9.66" port: 44215 } } peers { permanent_uuid: "d343d509a76b4f919f6121c8195462d4" member_type: VOTER last_known_addr { host: "127.24.9.65" port: 34533 } } peers { permanent_uuid: "13034d9105aa4620ae12dca3e423be9f" member_type: VOTER last_known_addr { host: "127.24.9.67" port: 42691 } attrs { promote: false } }
I20260630 12:38:43.027755 28203 leader_election.cc:290] T 309922807c60467ca2a626f13b1656e9 P bbd231ef3f68496a970481ddd7bda215 [CANDIDATE]: Term 2 pre-election: Requested pre-vote from peers d343d509a76b4f919f6121c8195462d4 (127.24.9.65:34533), 13034d9105aa4620ae12dca3e423be9f (127.24.9.67:42691)
I20260630 12:38:43.027980 28210 raft_consensus.cc:493] T 309922807c60467ca2a626f13b1656e9 P 13034d9105aa4620ae12dca3e423be9f [term 1 FOLLOWER]: Starting pre-election (detected failure of leader d343d509a76b4f919f6121c8195462d4)
I20260630 12:38:43.028779 28210 raft_consensus.cc:515] T 309922807c60467ca2a626f13b1656e9 P 13034d9105aa4620ae12dca3e423be9f [term 1 FOLLOWER]: Starting pre-election with config: opid_index: 4 OBSOLETE_local: false peers { permanent_uuid: "bbd231ef3f68496a970481ddd7bda215" member_type: VOTER last_known_addr { host: "127.24.9.66" port: 44215 } } peers { permanent_uuid: "d343d509a76b4f919f6121c8195462d4" member_type: VOTER last_known_addr { host: "127.24.9.65" port: 34533 } } peers { permanent_uuid: "13034d9105aa4620ae12dca3e423be9f" member_type: VOTER last_known_addr { host: "127.24.9.67" port: 42691 } attrs { promote: false } }
I20260630 12:38:43.030694 27749 tablet_service.cc:1917] Received RequestConsensusVote() RPC: tablet_id: "309922807c60467ca2a626f13b1656e9" candidate_uuid: "bbd231ef3f68496a970481ddd7bda215" candidate_term: 2 candidate_status { last_received { term: 1 index: 4 } } ignore_live_leader: false dest_uuid: "13034d9105aa4620ae12dca3e423be9f" is_pre_election: true
I20260630 12:38:43.031587 27749 raft_consensus.cc:2468] T 309922807c60467ca2a626f13b1656e9 P 13034d9105aa4620ae12dca3e423be9f [term 1 FOLLOWER]: Leader pre-election vote request: Granting yes vote for candidate bbd231ef3f68496a970481ddd7bda215 in term 1.
I20260630 12:38:43.035478 28210 leader_election.cc:290] T 309922807c60467ca2a626f13b1656e9 P 13034d9105aa4620ae12dca3e423be9f [CANDIDATE]: Term 2 pre-election: Requested pre-vote from peers bbd231ef3f68496a970481ddd7bda215 (127.24.9.66:44215), d343d509a76b4f919f6121c8195462d4 (127.24.9.65:34533)
I20260630 12:38:43.036962 27674 tablet_service.cc:1917] Received RequestConsensusVote() RPC: tablet_id: "309922807c60467ca2a626f13b1656e9" candidate_uuid: "13034d9105aa4620ae12dca3e423be9f" candidate_term: 2 candidate_status { last_received { term: 1 index: 4 } } ignore_live_leader: false dest_uuid: "bbd231ef3f68496a970481ddd7bda215" is_pre_election: true
I20260630 12:38:43.037324 27642 leader_election.cc:304] T 309922807c60467ca2a626f13b1656e9 P bbd231ef3f68496a970481ddd7bda215 [CANDIDATE]: Term 2 pre-election: Election decided. Result: candidate won. Election summary: received 2 responses out of 3 voters: 2 yes votes; 0 no votes. yes voters: 13034d9105aa4620ae12dca3e423be9f, bbd231ef3f68496a970481ddd7bda215; no voters: 
I20260630 12:38:43.037937 27674 raft_consensus.cc:2468] T 309922807c60467ca2a626f13b1656e9 P bbd231ef3f68496a970481ddd7bda215 [term 1 FOLLOWER]: Leader pre-election vote request: Granting yes vote for candidate 13034d9105aa4620ae12dca3e423be9f in term 1.
I20260630 12:38:43.039698 28203 raft_consensus.cc:2804] T 309922807c60467ca2a626f13b1656e9 P bbd231ef3f68496a970481ddd7bda215 [term 1 FOLLOWER]: Leader pre-election won for term 2
W20260630 12:38:43.040292 27642 leader_election.cc:336] T 309922807c60467ca2a626f13b1656e9 P bbd231ef3f68496a970481ddd7bda215 [CANDIDATE]: Term 2 pre-election: RPC error from VoteRequest() call to peer d343d509a76b4f919f6121c8195462d4 (127.24.9.65:34533): Network error: Client connection negotiation failed: client connection to 127.24.9.65:34533: connect: Connection refused (error 111)
I20260630 12:38:43.040156 27716 leader_election.cc:304] T 309922807c60467ca2a626f13b1656e9 P 13034d9105aa4620ae12dca3e423be9f [CANDIDATE]: Term 2 pre-election: Election decided. Result: candidate won. Election summary: received 2 responses out of 3 voters: 2 yes votes; 0 no votes. yes voters: 13034d9105aa4620ae12dca3e423be9f, bbd231ef3f68496a970481ddd7bda215; no voters: 
I20260630 12:38:43.042260 28210 raft_consensus.cc:2804] T 309922807c60467ca2a626f13b1656e9 P 13034d9105aa4620ae12dca3e423be9f [term 1 FOLLOWER]: Leader pre-election won for term 2
I20260630 12:38:43.042501 28203 raft_consensus.cc:493] T 309922807c60467ca2a626f13b1656e9 P bbd231ef3f68496a970481ddd7bda215 [term 1 FOLLOWER]: Starting leader election (detected failure of leader d343d509a76b4f919f6121c8195462d4)
I20260630 12:38:43.042709 28210 raft_consensus.cc:493] T 309922807c60467ca2a626f13b1656e9 P 13034d9105aa4620ae12dca3e423be9f [term 1 FOLLOWER]: Starting leader election (detected failure of leader d343d509a76b4f919f6121c8195462d4)
W20260630 12:38:43.042951 27716 leader_election.cc:336] T 309922807c60467ca2a626f13b1656e9 P 13034d9105aa4620ae12dca3e423be9f [CANDIDATE]: Term 2 pre-election: RPC error from VoteRequest() call to peer d343d509a76b4f919f6121c8195462d4 (127.24.9.65:34533): Network error: Client connection negotiation failed: client connection to 127.24.9.65:34533: connect: Connection refused (error 111)
I20260630 12:38:43.043394 28203 raft_consensus.cc:3060] T 309922807c60467ca2a626f13b1656e9 P bbd231ef3f68496a970481ddd7bda215 [term 1 FOLLOWER]: Advancing to term 2
I20260630 12:38:43.043520 28210 raft_consensus.cc:3060] T 309922807c60467ca2a626f13b1656e9 P 13034d9105aa4620ae12dca3e423be9f [term 1 FOLLOWER]: Advancing to term 2
I20260630 12:38:43.053673 28210 raft_consensus.cc:515] T 309922807c60467ca2a626f13b1656e9 P 13034d9105aa4620ae12dca3e423be9f [term 2 FOLLOWER]: Starting leader election with config: opid_index: 4 OBSOLETE_local: false peers { permanent_uuid: "bbd231ef3f68496a970481ddd7bda215" member_type: VOTER last_known_addr { host: "127.24.9.66" port: 44215 } } peers { permanent_uuid: "d343d509a76b4f919f6121c8195462d4" member_type: VOTER last_known_addr { host: "127.24.9.65" port: 34533 } } peers { permanent_uuid: "13034d9105aa4620ae12dca3e423be9f" member_type: VOTER last_known_addr { host: "127.24.9.67" port: 42691 } attrs { promote: false } }
I20260630 12:38:43.055598 28210 leader_election.cc:290] T 309922807c60467ca2a626f13b1656e9 P 13034d9105aa4620ae12dca3e423be9f [CANDIDATE]: Term 2 election: Requested vote from peers bbd231ef3f68496a970481ddd7bda215 (127.24.9.66:44215), d343d509a76b4f919f6121c8195462d4 (127.24.9.65:34533)
I20260630 12:38:43.055354 28203 raft_consensus.cc:515] T 309922807c60467ca2a626f13b1656e9 P bbd231ef3f68496a970481ddd7bda215 [term 2 FOLLOWER]: Starting leader election with config: opid_index: 4 OBSOLETE_local: false peers { permanent_uuid: "bbd231ef3f68496a970481ddd7bda215" member_type: VOTER last_known_addr { host: "127.24.9.66" port: 44215 } } peers { permanent_uuid: "d343d509a76b4f919f6121c8195462d4" member_type: VOTER last_known_addr { host: "127.24.9.65" port: 34533 } } peers { permanent_uuid: "13034d9105aa4620ae12dca3e423be9f" member_type: VOTER last_known_addr { host: "127.24.9.67" port: 42691 } attrs { promote: false } }
I20260630 12:38:43.056419 27674 tablet_service.cc:1917] Received RequestConsensusVote() RPC: tablet_id: "309922807c60467ca2a626f13b1656e9" candidate_uuid: "13034d9105aa4620ae12dca3e423be9f" candidate_term: 2 candidate_status { last_received { term: 1 index: 4 } } ignore_live_leader: false dest_uuid: "bbd231ef3f68496a970481ddd7bda215"
I20260630 12:38:43.057425 27674 raft_consensus.cc:2393] T 309922807c60467ca2a626f13b1656e9 P bbd231ef3f68496a970481ddd7bda215 [term 2 FOLLOWER]: Leader election vote request: Denying vote to candidate 13034d9105aa4620ae12dca3e423be9f in current term 2: Already voted for candidate bbd231ef3f68496a970481ddd7bda215 in this term.
I20260630 12:38:43.061906 28206 raft_consensus.cc:493] T 09f69bc01fe04efab1dcbb2e84e97a8c P 48e811dc5ddf40c68c5c28f5c00b80aa [term 1 FOLLOWER]: Starting pre-election (detected failure of leader d343d509a76b4f919f6121c8195462d4)
I20260630 12:38:43.062247 28203 leader_election.cc:290] T 309922807c60467ca2a626f13b1656e9 P bbd231ef3f68496a970481ddd7bda215 [CANDIDATE]: Term 2 election: Requested vote from peers d343d509a76b4f919f6121c8195462d4 (127.24.9.65:34533), 13034d9105aa4620ae12dca3e423be9f (127.24.9.67:42691)
I20260630 12:38:43.062956 28206 raft_consensus.cc:515] T 09f69bc01fe04efab1dcbb2e84e97a8c P 48e811dc5ddf40c68c5c28f5c00b80aa [term 1 FOLLOWER]: Starting pre-election with config: opid_index: 4 OBSOLETE_local: false peers { permanent_uuid: "d343d509a76b4f919f6121c8195462d4" member_type: VOTER last_known_addr { host: "127.24.9.65" port: 34533 } } peers { permanent_uuid: "13034d9105aa4620ae12dca3e423be9f" member_type: VOTER last_known_addr { host: "127.24.9.67" port: 42691 } } peers { permanent_uuid: "48e811dc5ddf40c68c5c28f5c00b80aa" member_type: VOTER last_known_addr { host: "127.24.9.68" port: 42007 } attrs { promote: false } }
W20260630 12:38:43.061228 27716 leader_election.cc:336] T 309922807c60467ca2a626f13b1656e9 P 13034d9105aa4620ae12dca3e423be9f [CANDIDATE]: Term 2 election: RPC error from VoteRequest() call to peer d343d509a76b4f919f6121c8195462d4 (127.24.9.65:34533): Network error: Client connection negotiation failed: client connection to 127.24.9.65:34533: connect: Connection refused (error 111)
I20260630 12:38:43.064356 27716 leader_election.cc:304] T 309922807c60467ca2a626f13b1656e9 P 13034d9105aa4620ae12dca3e423be9f [CANDIDATE]: Term 2 election: Election decided. Result: candidate lost. Election summary: received 3 responses out of 3 voters: 1 yes votes; 2 no votes. yes voters: 13034d9105aa4620ae12dca3e423be9f; no voters: bbd231ef3f68496a970481ddd7bda215, d343d509a76b4f919f6121c8195462d4
I20260630 12:38:43.065373 28210 raft_consensus.cc:2749] T 309922807c60467ca2a626f13b1656e9 P 13034d9105aa4620ae12dca3e423be9f [term 2 FOLLOWER]: Leader election lost for term 2. Reason: could not achieve majority
W20260630 12:38:43.065589 27642 leader_election.cc:336] T 309922807c60467ca2a626f13b1656e9 P bbd231ef3f68496a970481ddd7bda215 [CANDIDATE]: Term 2 election: RPC error from VoteRequest() call to peer d343d509a76b4f919f6121c8195462d4 (127.24.9.65:34533): Network error: Client connection negotiation failed: client connection to 127.24.9.65:34533: connect: Connection refused (error 111)
I20260630 12:38:43.068531 28206 leader_election.cc:290] T 09f69bc01fe04efab1dcbb2e84e97a8c P 48e811dc5ddf40c68c5c28f5c00b80aa [CANDIDATE]: Term 2 pre-election: Requested pre-vote from peers d343d509a76b4f919f6121c8195462d4 (127.24.9.65:34533), 13034d9105aa4620ae12dca3e423be9f (127.24.9.67:42691)
I20260630 12:38:43.068758 27749 tablet_service.cc:1917] Received RequestConsensusVote() RPC: tablet_id: "309922807c60467ca2a626f13b1656e9" candidate_uuid: "bbd231ef3f68496a970481ddd7bda215" candidate_term: 2 candidate_status { last_received { term: 1 index: 4 } } ignore_live_leader: false dest_uuid: "13034d9105aa4620ae12dca3e423be9f"
I20260630 12:38:43.069483 27749 raft_consensus.cc:2393] T 309922807c60467ca2a626f13b1656e9 P 13034d9105aa4620ae12dca3e423be9f [term 2 FOLLOWER]: Leader election vote request: Denying vote to candidate bbd231ef3f68496a970481ddd7bda215 in current term 2: Already voted for candidate 13034d9105aa4620ae12dca3e423be9f in this term.
I20260630 12:38:43.070561 27642 leader_election.cc:304] T 309922807c60467ca2a626f13b1656e9 P bbd231ef3f68496a970481ddd7bda215 [CANDIDATE]: Term 2 election: Election decided. Result: candidate lost. Election summary: received 3 responses out of 3 voters: 1 yes votes; 2 no votes. yes voters: bbd231ef3f68496a970481ddd7bda215; no voters: 13034d9105aa4620ae12dca3e423be9f, d343d509a76b4f919f6121c8195462d4
I20260630 12:38:43.070956 27749 tablet_service.cc:1917] Received RequestConsensusVote() RPC: tablet_id: "09f69bc01fe04efab1dcbb2e84e97a8c" candidate_uuid: "48e811dc5ddf40c68c5c28f5c00b80aa" candidate_term: 2 candidate_status { last_received { term: 1 index: 4 } } ignore_live_leader: false dest_uuid: "13034d9105aa4620ae12dca3e423be9f" is_pre_election: true
I20260630 12:38:43.071801 28203 raft_consensus.cc:2749] T 309922807c60467ca2a626f13b1656e9 P bbd231ef3f68496a970481ddd7bda215 [term 2 FOLLOWER]: Leader election lost for term 2. Reason: could not achieve majority
W20260630 12:38:43.073956 27871 leader_election.cc:336] T 09f69bc01fe04efab1dcbb2e84e97a8c P 48e811dc5ddf40c68c5c28f5c00b80aa [CANDIDATE]: Term 2 pre-election: RPC error from VoteRequest() call to peer d343d509a76b4f919f6121c8195462d4 (127.24.9.65:34533): Network error: Client connection negotiation failed: client connection to 127.24.9.65:34533: connect: Connection refused (error 111)
I20260630 12:38:43.074759 27871 leader_election.cc:304] T 09f69bc01fe04efab1dcbb2e84e97a8c P 48e811dc5ddf40c68c5c28f5c00b80aa [CANDIDATE]: Term 2 pre-election: Election decided. Result: candidate lost. Election summary: received 3 responses out of 3 voters: 1 yes votes; 2 no votes. yes voters: 48e811dc5ddf40c68c5c28f5c00b80aa; no voters: 13034d9105aa4620ae12dca3e423be9f, d343d509a76b4f919f6121c8195462d4
I20260630 12:38:43.076399 28206 raft_consensus.cc:2749] T 09f69bc01fe04efab1dcbb2e84e97a8c P 48e811dc5ddf40c68c5c28f5c00b80aa [term 1 FOLLOWER]: Leader pre-election lost for term 2. Reason: could not achieve majority
I20260630 12:38:43.168787 28206 raft_consensus.cc:493] T 9f7ce463fa3f40abaf10dcd4097334ab P 48e811dc5ddf40c68c5c28f5c00b80aa [term 1 FOLLOWER]: Starting pre-election (detected failure of leader d343d509a76b4f919f6121c8195462d4)
I20260630 12:38:43.169752 28206 raft_consensus.cc:515] T 9f7ce463fa3f40abaf10dcd4097334ab P 48e811dc5ddf40c68c5c28f5c00b80aa [term 1 FOLLOWER]: Starting pre-election with config: opid_index: 4 OBSOLETE_local: false peers { permanent_uuid: "d343d509a76b4f919f6121c8195462d4" member_type: VOTER last_known_addr { host: "127.24.9.65" port: 34533 } } peers { permanent_uuid: "bbd231ef3f68496a970481ddd7bda215" member_type: VOTER last_known_addr { host: "127.24.9.66" port: 44215 } } peers { permanent_uuid: "48e811dc5ddf40c68c5c28f5c00b80aa" member_type: VOTER last_known_addr { host: "127.24.9.68" port: 42007 } attrs { promote: false } }
I20260630 12:38:43.172441 28206 leader_election.cc:290] T 9f7ce463fa3f40abaf10dcd4097334ab P 48e811dc5ddf40c68c5c28f5c00b80aa [CANDIDATE]: Term 2 pre-election: Requested pre-vote from peers d343d509a76b4f919f6121c8195462d4 (127.24.9.65:34533), bbd231ef3f68496a970481ddd7bda215 (127.24.9.66:44215)
I20260630 12:38:43.175468 27674 tablet_service.cc:1917] Received RequestConsensusVote() RPC: tablet_id: "9f7ce463fa3f40abaf10dcd4097334ab" candidate_uuid: "48e811dc5ddf40c68c5c28f5c00b80aa" candidate_term: 2 candidate_status { last_received { term: 1 index: 4 } } ignore_live_leader: false dest_uuid: "bbd231ef3f68496a970481ddd7bda215" is_pre_election: true
I20260630 12:38:43.176494 27674 raft_consensus.cc:2468] T 9f7ce463fa3f40abaf10dcd4097334ab P bbd231ef3f68496a970481ddd7bda215 [term 1 FOLLOWER]: Leader pre-election vote request: Granting yes vote for candidate 48e811dc5ddf40c68c5c28f5c00b80aa in term 1.
W20260630 12:38:43.177659 27871 leader_election.cc:336] T 9f7ce463fa3f40abaf10dcd4097334ab P 48e811dc5ddf40c68c5c28f5c00b80aa [CANDIDATE]: Term 2 pre-election: RPC error from VoteRequest() call to peer d343d509a76b4f919f6121c8195462d4 (127.24.9.65:34533): Network error: Client connection negotiation failed: client connection to 127.24.9.65:34533: connect: Connection refused (error 111)
I20260630 12:38:43.178493 27871 leader_election.cc:304] T 9f7ce463fa3f40abaf10dcd4097334ab P 48e811dc5ddf40c68c5c28f5c00b80aa [CANDIDATE]: Term 2 pre-election: Election decided. Result: candidate won. Election summary: received 3 responses out of 3 voters: 2 yes votes; 1 no votes. yes voters: 48e811dc5ddf40c68c5c28f5c00b80aa, bbd231ef3f68496a970481ddd7bda215; no voters: d343d509a76b4f919f6121c8195462d4
I20260630 12:38:43.179286 28206 raft_consensus.cc:2804] T 9f7ce463fa3f40abaf10dcd4097334ab P 48e811dc5ddf40c68c5c28f5c00b80aa [term 1 FOLLOWER]: Leader pre-election won for term 2
I20260630 12:38:43.179800 28206 raft_consensus.cc:493] T 9f7ce463fa3f40abaf10dcd4097334ab P 48e811dc5ddf40c68c5c28f5c00b80aa [term 1 FOLLOWER]: Starting leader election (detected failure of leader d343d509a76b4f919f6121c8195462d4)
I20260630 12:38:43.180246 28206 raft_consensus.cc:3060] T 9f7ce463fa3f40abaf10dcd4097334ab P 48e811dc5ddf40c68c5c28f5c00b80aa [term 1 FOLLOWER]: Advancing to term 2
I20260630 12:38:43.191028 28206 raft_consensus.cc:515] T 9f7ce463fa3f40abaf10dcd4097334ab P 48e811dc5ddf40c68c5c28f5c00b80aa [term 2 FOLLOWER]: Starting leader election with config: opid_index: 4 OBSOLETE_local: false peers { permanent_uuid: "d343d509a76b4f919f6121c8195462d4" member_type: VOTER last_known_addr { host: "127.24.9.65" port: 34533 } } peers { permanent_uuid: "bbd231ef3f68496a970481ddd7bda215" member_type: VOTER last_known_addr { host: "127.24.9.66" port: 44215 } } peers { permanent_uuid: "48e811dc5ddf40c68c5c28f5c00b80aa" member_type: VOTER last_known_addr { host: "127.24.9.68" port: 42007 } attrs { promote: false } }
I20260630 12:38:43.193822 28206 leader_election.cc:290] T 9f7ce463fa3f40abaf10dcd4097334ab P 48e811dc5ddf40c68c5c28f5c00b80aa [CANDIDATE]: Term 2 election: Requested vote from peers d343d509a76b4f919f6121c8195462d4 (127.24.9.65:34533), bbd231ef3f68496a970481ddd7bda215 (127.24.9.66:44215)
I20260630 12:38:43.195644 27674 tablet_service.cc:1917] Received RequestConsensusVote() RPC: tablet_id: "9f7ce463fa3f40abaf10dcd4097334ab" candidate_uuid: "48e811dc5ddf40c68c5c28f5c00b80aa" candidate_term: 2 candidate_status { last_received { term: 1 index: 4 } } ignore_live_leader: false dest_uuid: "bbd231ef3f68496a970481ddd7bda215"
I20260630 12:38:43.196494 27674 raft_consensus.cc:3060] T 9f7ce463fa3f40abaf10dcd4097334ab P bbd231ef3f68496a970481ddd7bda215 [term 1 FOLLOWER]: Advancing to term 2
W20260630 12:38:43.197570 27871 leader_election.cc:336] T 9f7ce463fa3f40abaf10dcd4097334ab P 48e811dc5ddf40c68c5c28f5c00b80aa [CANDIDATE]: Term 2 election: RPC error from VoteRequest() call to peer d343d509a76b4f919f6121c8195462d4 (127.24.9.65:34533): Network error: Client connection negotiation failed: client connection to 127.24.9.65:34533: connect: Connection refused (error 111)
I20260630 12:38:43.207800 27674 raft_consensus.cc:2468] T 9f7ce463fa3f40abaf10dcd4097334ab P bbd231ef3f68496a970481ddd7bda215 [term 2 FOLLOWER]: Leader election vote request: Granting yes vote for candidate 48e811dc5ddf40c68c5c28f5c00b80aa in term 2.
I20260630 12:38:43.209599 27871 leader_election.cc:304] T 9f7ce463fa3f40abaf10dcd4097334ab P 48e811dc5ddf40c68c5c28f5c00b80aa [CANDIDATE]: Term 2 election: Election decided. Result: candidate won. Election summary: received 3 responses out of 3 voters: 2 yes votes; 1 no votes. yes voters: 48e811dc5ddf40c68c5c28f5c00b80aa, bbd231ef3f68496a970481ddd7bda215; no voters: d343d509a76b4f919f6121c8195462d4
I20260630 12:38:43.210654 28206 raft_consensus.cc:2804] T 9f7ce463fa3f40abaf10dcd4097334ab P 48e811dc5ddf40c68c5c28f5c00b80aa [term 2 FOLLOWER]: Leader election won for term 2
I20260630 12:38:43.211915 28206 raft_consensus.cc:697] T 9f7ce463fa3f40abaf10dcd4097334ab P 48e811dc5ddf40c68c5c28f5c00b80aa [term 2 LEADER]: Becoming Leader. State: Replica: 48e811dc5ddf40c68c5c28f5c00b80aa, State: Running, Role: LEADER
