W20260630 12:38:59.636147 28911 instance_detector.cc:116] could not retrieve Azure instance metadata: Network error: curl error: HTTP response code said error: The requested URL returned error: 404
W20260630 12:38:59.638628 28913 instance_detector.cc:116] could not retrieve OpenStack instance metadata: Network error: curl error: HTTP response code said error: The requested URL returned error: 404
I20260630 12:38:59.639716 24613 server_base.cc:1061] running on GCE node
I20260630 12:38:59.640777 24613 hybrid_clock.cc:584] initializing the hybrid clock with 'system_unsync' time source
W20260630 12:38:59.641013 24613 system_unsync_time.cc:38] NTP support is disabled. Clock error bounds will not be accurate. This configuration is not suitable for distributed clusters.
I20260630 12:38:59.641198 24613 hybrid_clock.cc:648] HybridClock initialized: now 1782823139641172 us; error 0 us; skew 500 ppm
I20260630 12:38:59.641844 24613 server_base.cc:861] Flag tcmalloc_max_total_thread_cache_bytes is not working since tcmalloc is not enabled.
I20260630 12:38:59.642463 28907 heartbeater.cc:344] Connected to a master server at 127.24.9.126:42145
I20260630 12:38:59.642964 28907 heartbeater.cc:461] Registering TS with master...
I20260630 12:38:59.644243 28907 heartbeater.cc:507] Master 127.24.9.126:42145 requested a full tablet report, sending...
I20260630 12:38:59.646049 24613 webserver.cc:533] Webserver started at http://127.24.9.67:36277/ using document root <none> and password file <none>
I20260630 12:38:59.646834 24613 fs_manager.cc:362] Metadata directory not provided
I20260630 12:38:59.647181 24613 fs_manager.cc:368] Using write-ahead log directory (fs_wal_dir) as metadata directory
I20260630 12:38:59.647584 24613 server_base.cc:909] This appears to be a new deployment of Kudu; creating new FS layout
I20260630 12:38:59.649524 24613 fs_manager.cc:1068] Generated new instance metadata in path /tmp/dist-test-taskoxy5yi/test-tmp/auto_rebalancer-test.0.AutoRebalancerTest.NoReplicaMovesIfCannotFixPlacementPolicy.1782823021886531-24613-0/minicluster-data/ts-2-root/instance:
uuid: "311dfb237bed4ac785495585b6ae11bd"
format_stamp: "Formatted at 2026-06-30 12:38:59 on dist-test-slave-p6mv"
I20260630 12:38:59.649609 28705 ts_manager.cc:194] Registered new tserver with Master: 22291e95571d4d6e802407b77e19fa7a (127.24.9.66:42797)
I20260630 12:38:59.651690 28705 master_service.cc:502] Signed X509 certificate for tserver {username='slave'} at 127.0.0.1:33682
I20260630 12:38:59.655095 24613 fs_manager.cc:696] Time spent creating directory manager: real 0.005s	user 0.004s	sys 0.003s
I20260630 12:38:59.659654 28918 log_block_manager.cc:4031] Time spent loading block containers with low live blocks: real 0.000s	user 0.000s	sys 0.000s
I20260630 12:38:59.660645 24613 fs_manager.cc:730] Time spent opening block manager: real 0.003s	user 0.004s	sys 0.000s
I20260630 12:38:59.660967 24613 fs_manager.cc:647] Opened local filesystem: /tmp/dist-test-taskoxy5yi/test-tmp/auto_rebalancer-test.0.AutoRebalancerTest.NoReplicaMovesIfCannotFixPlacementPolicy.1782823021886531-24613-0/minicluster-data/ts-2-root
uuid: "311dfb237bed4ac785495585b6ae11bd"
format_stamp: "Formatted at 2026-06-30 12:38:59 on dist-test-slave-p6mv"
I20260630 12:38:59.661376 24613 fs_report.cc:389] FS layout report
--------------------
wal directory: /tmp/dist-test-taskoxy5yi/test-tmp/auto_rebalancer-test.0.AutoRebalancerTest.NoReplicaMovesIfCannotFixPlacementPolicy.1782823021886531-24613-0/minicluster-data/ts-2-root
metadata directory: /tmp/dist-test-taskoxy5yi/test-tmp/auto_rebalancer-test.0.AutoRebalancerTest.NoReplicaMovesIfCannotFixPlacementPolicy.1782823021886531-24613-0/minicluster-data/ts-2-root
1 data directories: /tmp/dist-test-taskoxy5yi/test-tmp/auto_rebalancer-test.0.AutoRebalancerTest.NoReplicaMovesIfCannotFixPlacementPolicy.1782823021886531-24613-0/minicluster-data/ts-2-root/data
Total live blocks: 0
Total live bytes: 0
Total live bytes (after alignment): 0
Total number of LBM containers: 0 (0 full)
Did not check for missing blocks
Did not check for orphaned blocks
Total full LBM containers with extra space: 0 (0 repaired)
Total full LBM container extra space in bytes: 0 (0 repaired)
Total incomplete LBM containers: 0 (0 repaired)
Total LBM partial records: 0 (0 repaired)
Total corrupted LBM metadata records in RocksDB: 0 (0 repaired)
I20260630 12:38:59.672906 24613 rpc_server.cc:225] running with OpenSSL 1.1.1  11 Sep 2018
I20260630 12:38:59.674541 24613 kserver.cc:163] Server-wide thread pool size limit: 3276
I20260630 12:38:59.676604 24613 txn_system_client.cc:432] TxnSystemClient initialization is disabled...
I20260630 12:38:59.679452 24613 ts_tablet_manager.cc:585] Loaded tablet metadata (0 total tablets, 0 live tablets)
I20260630 12:38:59.679729 24613 ts_tablet_manager.cc:531] Time spent load tablet metadata: real 0.000s	user 0.000s	sys 0.000s
I20260630 12:38:59.680006 24613 ts_tablet_manager.cc:616] Registered 0 tablets
I20260630 12:38:59.680198 24613 ts_tablet_manager.cc:595] Time spent register tablets: real 0.000s	user 0.000s	sys 0.000s
I20260630 12:38:59.738547 24613 rpc_server.cc:307] RPC server started. Bound to: 127.24.9.67:39523
I20260630 12:38:59.738673 28980 acceptor_pool.cc:272] collecting diagnostics on the listening RPC socket 127.24.9.67:39523 every 8 connection(s)
I20260630 12:38:59.754635 28981 heartbeater.cc:344] Connected to a master server at 127.24.9.126:42145
I20260630 12:38:59.755131 28981 heartbeater.cc:461] Registering TS with master...
I20260630 12:38:59.756060 28981 heartbeater.cc:507] Master 127.24.9.126:42145 requested a full tablet report, sending...
I20260630 12:38:59.758232 28705 ts_manager.cc:194] Registered new tserver with Master: 311dfb237bed4ac785495585b6ae11bd (127.24.9.67:39523)
I20260630 12:38:59.758812 24613 internal_mini_cluster.cc:371] 3 TS(s) registered with all masters after 0.016266175s
I20260630 12:38:59.760063 28705 master_service.cc:502] Signed X509 certificate for tserver {username='slave'} at 127.0.0.1:33696
I20260630 12:39:00.527112 28832 heartbeater.cc:499] Master 127.24.9.126:42145 was elected leader, sending a full tablet report...
I20260630 12:39:00.654435 28907 heartbeater.cc:499] Master 127.24.9.126:42145 was elected leader, sending a full tablet report...
I20260630 12:39:00.763496 28981 heartbeater.cc:499] Master 127.24.9.126:42145 was elected leader, sending a full tablet report...
I20260630 12:39:00.835171 28705 catalog_manager.cc:2283] Servicing CreateTable request from {username='slave'} at 127.0.0.1:33702:
name: "test-workload"
schema {
  columns {
    name: "key"
    type: INT32
    is_key: true
    is_nullable: false
    encoding: AUTO_ENCODING
    compression: DEFAULT_COMPRESSION
    cfile_block_size: 0
    immutable: false
  }
  columns {
    name: "int_val"
    type: INT32
    is_key: false
    is_nullable: false
    encoding: AUTO_ENCODING
    compression: DEFAULT_COMPRESSION
    cfile_block_size: 0
    immutable: false
  }
  columns {
    name: "string_val"
    type: STRING
    is_key: false
    is_nullable: true
    encoding: AUTO_ENCODING
    compression: DEFAULT_COMPRESSION
    cfile_block_size: 0
    immutable: false
  }
}
num_replicas: 3
split_rows_range_bounds {
}
partition_schema {
  range_schema {
    columns {
      name: "key"
    }
  }
}
W20260630 12:39:00.837853 28705 catalog_manager.cc:7077] The number of live tablet servers is not enough to re-replicate a tablet replica of the newly created table test-workload in case of a server failure: 4 tablet servers would be needed, 3 are available. Consider bringing up more tablet servers.
I20260630 12:39:00.892098 28946 tablet_service.cc:1511] Processing CreateTablet for tablet d203955d50f84cd19231ff12bc1751b1 (DEFAULT_TABLE table=test-workload [id=059f52c7d93b4ee79e3940c86716c796]), partition=RANGE (key) PARTITION UNBOUNDED
I20260630 12:39:00.893891 28946 data_dirs.cc:400] Could only allocate 1 dirs of requested 3 for tablet d203955d50f84cd19231ff12bc1751b1. 1 dirs total, 0 dirs full, 0 dirs failed
I20260630 12:39:00.893792 28797 tablet_service.cc:1511] Processing CreateTablet for tablet d203955d50f84cd19231ff12bc1751b1 (DEFAULT_TABLE table=test-workload [id=059f52c7d93b4ee79e3940c86716c796]), partition=RANGE (key) PARTITION UNBOUNDED
I20260630 12:39:00.895324 28797 data_dirs.cc:400] Could only allocate 1 dirs of requested 3 for tablet d203955d50f84cd19231ff12bc1751b1. 1 dirs total, 0 dirs full, 0 dirs failed
I20260630 12:39:00.896144 28872 tablet_service.cc:1511] Processing CreateTablet for tablet d203955d50f84cd19231ff12bc1751b1 (DEFAULT_TABLE table=test-workload [id=059f52c7d93b4ee79e3940c86716c796]), partition=RANGE (key) PARTITION UNBOUNDED
I20260630 12:39:00.897424 28872 data_dirs.cc:400] Could only allocate 1 dirs of requested 3 for tablet d203955d50f84cd19231ff12bc1751b1. 1 dirs total, 0 dirs full, 0 dirs failed
I20260630 12:39:00.917546 29004 tablet_bootstrap.cc:492] T d203955d50f84cd19231ff12bc1751b1 P 22291e95571d4d6e802407b77e19fa7a: Bootstrap starting.
I20260630 12:39:00.919829 29003 tablet_bootstrap.cc:492] T d203955d50f84cd19231ff12bc1751b1 P 9b200c85423d44af9b258e4304be6783: Bootstrap starting.
I20260630 12:39:00.921293 29002 tablet_bootstrap.cc:492] T d203955d50f84cd19231ff12bc1751b1 P 311dfb237bed4ac785495585b6ae11bd: Bootstrap starting.
I20260630 12:39:00.926919 29002 tablet_bootstrap.cc:654] T d203955d50f84cd19231ff12bc1751b1 P 311dfb237bed4ac785495585b6ae11bd: Neither blocks nor log segments found. Creating new log.
I20260630 12:39:00.928336 29003 tablet_bootstrap.cc:654] T d203955d50f84cd19231ff12bc1751b1 P 9b200c85423d44af9b258e4304be6783: Neither blocks nor log segments found. Creating new log.
I20260630 12:39:00.933894 29004 tablet_bootstrap.cc:654] T d203955d50f84cd19231ff12bc1751b1 P 22291e95571d4d6e802407b77e19fa7a: Neither blocks nor log segments found. Creating new log.
I20260630 12:39:00.935238 29003 tablet_bootstrap.cc:492] T d203955d50f84cd19231ff12bc1751b1 P 9b200c85423d44af9b258e4304be6783: No bootstrap required, opened a new log
I20260630 12:39:00.935901 29003 ts_tablet_manager.cc:1403] T d203955d50f84cd19231ff12bc1751b1 P 9b200c85423d44af9b258e4304be6783: Time spent bootstrapping tablet: real 0.016s	user 0.009s	sys 0.005s
I20260630 12:39:00.936515 29002 tablet_bootstrap.cc:492] T d203955d50f84cd19231ff12bc1751b1 P 311dfb237bed4ac785495585b6ae11bd: No bootstrap required, opened a new log
I20260630 12:39:00.937098 29002 ts_tablet_manager.cc:1403] T d203955d50f84cd19231ff12bc1751b1 P 311dfb237bed4ac785495585b6ae11bd: Time spent bootstrapping tablet: real 0.016s	user 0.013s	sys 0.000s
I20260630 12:39:00.939774 29004 tablet_bootstrap.cc:492] T d203955d50f84cd19231ff12bc1751b1 P 22291e95571d4d6e802407b77e19fa7a: No bootstrap required, opened a new log
I20260630 12:39:00.939795 29003 raft_consensus.cc:359] T d203955d50f84cd19231ff12bc1751b1 P 9b200c85423d44af9b258e4304be6783 [term 0 FOLLOWER]: Replica starting. Triggering 0 pending ops. Active config: opid_index: -1 OBSOLETE_local: false peers { permanent_uuid: "311dfb237bed4ac785495585b6ae11bd" member_type: VOTER last_known_addr { host: "127.24.9.67" port: 39523 } } peers { permanent_uuid: "9b200c85423d44af9b258e4304be6783" member_type: VOTER last_known_addr { host: "127.24.9.65" port: 36155 } } peers { permanent_uuid: "22291e95571d4d6e802407b77e19fa7a" member_type: VOTER last_known_addr { host: "127.24.9.66" port: 42797 } }
I20260630 12:39:00.940600 29004 ts_tablet_manager.cc:1403] T d203955d50f84cd19231ff12bc1751b1 P 22291e95571d4d6e802407b77e19fa7a: Time spent bootstrapping tablet: real 0.023s	user 0.013s	sys 0.000s
I20260630 12:39:00.941074 29003 raft_consensus.cc:385] T d203955d50f84cd19231ff12bc1751b1 P 9b200c85423d44af9b258e4304be6783 [term 0 FOLLOWER]: Consensus starting up: Expiring failure detector timer to make a prompt election more likely
I20260630 12:39:00.940631 29002 raft_consensus.cc:359] T d203955d50f84cd19231ff12bc1751b1 P 311dfb237bed4ac785495585b6ae11bd [term 0 FOLLOWER]: Replica starting. Triggering 0 pending ops. Active config: opid_index: -1 OBSOLETE_local: false peers { permanent_uuid: "311dfb237bed4ac785495585b6ae11bd" member_type: VOTER last_known_addr { host: "127.24.9.67" port: 39523 } } peers { permanent_uuid: "9b200c85423d44af9b258e4304be6783" member_type: VOTER last_known_addr { host: "127.24.9.65" port: 36155 } } peers { permanent_uuid: "22291e95571d4d6e802407b77e19fa7a" member_type: VOTER last_known_addr { host: "127.24.9.66" port: 42797 } }
I20260630 12:39:00.941488 29003 raft_consensus.cc:740] T d203955d50f84cd19231ff12bc1751b1 P 9b200c85423d44af9b258e4304be6783 [term 0 FOLLOWER]: Becoming Follower/Learner. State: Replica: 9b200c85423d44af9b258e4304be6783, State: Initialized, Role: FOLLOWER
I20260630 12:39:00.941630 29002 raft_consensus.cc:385] T d203955d50f84cd19231ff12bc1751b1 P 311dfb237bed4ac785495585b6ae11bd [term 0 FOLLOWER]: Consensus starting up: Expiring failure detector timer to make a prompt election more likely
I20260630 12:39:00.942025 29002 raft_consensus.cc:740] T d203955d50f84cd19231ff12bc1751b1 P 311dfb237bed4ac785495585b6ae11bd [term 0 FOLLOWER]: Becoming Follower/Learner. State: Replica: 311dfb237bed4ac785495585b6ae11bd, State: Initialized, Role: FOLLOWER
I20260630 12:39:00.942483 29003 consensus_queue.cc:260] T d203955d50f84cd19231ff12bc1751b1 P 9b200c85423d44af9b258e4304be6783 [NON_LEADER]: Queue going to NON_LEADER mode. State: All replicated index: 0, Majority replicated index: 0, Committed index: 0, Last appended: 0.0, Last appended by leader: 0, Current term: 0, Majority size: -1, State: 0, Mode: NON_LEADER, active raft config: opid_index: -1 OBSOLETE_local: false peers { permanent_uuid: "311dfb237bed4ac785495585b6ae11bd" member_type: VOTER last_known_addr { host: "127.24.9.67" port: 39523 } } peers { permanent_uuid: "9b200c85423d44af9b258e4304be6783" member_type: VOTER last_known_addr { host: "127.24.9.65" port: 36155 } } peers { permanent_uuid: "22291e95571d4d6e802407b77e19fa7a" member_type: VOTER last_known_addr { host: "127.24.9.66" port: 42797 } }
I20260630 12:39:00.942868 29002 consensus_queue.cc:260] T d203955d50f84cd19231ff12bc1751b1 P 311dfb237bed4ac785495585b6ae11bd [NON_LEADER]: Queue going to NON_LEADER mode. State: All replicated index: 0, Majority replicated index: 0, Committed index: 0, Last appended: 0.0, Last appended by leader: 0, Current term: 0, Majority size: -1, State: 0, Mode: NON_LEADER, active raft config: opid_index: -1 OBSOLETE_local: false peers { permanent_uuid: "311dfb237bed4ac785495585b6ae11bd" member_type: VOTER last_known_addr { host: "127.24.9.67" port: 39523 } } peers { permanent_uuid: "9b200c85423d44af9b258e4304be6783" member_type: VOTER last_known_addr { host: "127.24.9.65" port: 36155 } } peers { permanent_uuid: "22291e95571d4d6e802407b77e19fa7a" member_type: VOTER last_known_addr { host: "127.24.9.66" port: 42797 } }
I20260630 12:39:00.943962 29004 raft_consensus.cc:359] T d203955d50f84cd19231ff12bc1751b1 P 22291e95571d4d6e802407b77e19fa7a [term 0 FOLLOWER]: Replica starting. Triggering 0 pending ops. Active config: opid_index: -1 OBSOLETE_local: false peers { permanent_uuid: "311dfb237bed4ac785495585b6ae11bd" member_type: VOTER last_known_addr { host: "127.24.9.67" port: 39523 } } peers { permanent_uuid: "9b200c85423d44af9b258e4304be6783" member_type: VOTER last_known_addr { host: "127.24.9.65" port: 36155 } } peers { permanent_uuid: "22291e95571d4d6e802407b77e19fa7a" member_type: VOTER last_known_addr { host: "127.24.9.66" port: 42797 } }
I20260630 12:39:00.944725 29004 raft_consensus.cc:385] T d203955d50f84cd19231ff12bc1751b1 P 22291e95571d4d6e802407b77e19fa7a [term 0 FOLLOWER]: Consensus starting up: Expiring failure detector timer to make a prompt election more likely
I20260630 12:39:00.945031 29004 raft_consensus.cc:740] T d203955d50f84cd19231ff12bc1751b1 P 22291e95571d4d6e802407b77e19fa7a [term 0 FOLLOWER]: Becoming Follower/Learner. State: Replica: 22291e95571d4d6e802407b77e19fa7a, State: Initialized, Role: FOLLOWER
I20260630 12:39:00.945963 29004 consensus_queue.cc:260] T d203955d50f84cd19231ff12bc1751b1 P 22291e95571d4d6e802407b77e19fa7a [NON_LEADER]: Queue going to NON_LEADER mode. State: All replicated index: 0, Majority replicated index: 0, Committed index: 0, Last appended: 0.0, Last appended by leader: 0, Current term: 0, Majority size: -1, State: 0, Mode: NON_LEADER, active raft config: opid_index: -1 OBSOLETE_local: false peers { permanent_uuid: "311dfb237bed4ac785495585b6ae11bd" member_type: VOTER last_known_addr { host: "127.24.9.67" port: 39523 } } peers { permanent_uuid: "9b200c85423d44af9b258e4304be6783" member_type: VOTER last_known_addr { host: "127.24.9.65" port: 36155 } } peers { permanent_uuid: "22291e95571d4d6e802407b77e19fa7a" member_type: VOTER last_known_addr { host: "127.24.9.66" port: 42797 } }
I20260630 12:39:00.950762 29008 raft_consensus.cc:493] T d203955d50f84cd19231ff12bc1751b1 P 9b200c85423d44af9b258e4304be6783 [term 0 FOLLOWER]: Starting pre-election (no leader contacted us within the election timeout)
I20260630 12:39:00.951532 29008 raft_consensus.cc:515] T d203955d50f84cd19231ff12bc1751b1 P 9b200c85423d44af9b258e4304be6783 [term 0 FOLLOWER]: Starting pre-election with config: opid_index: -1 OBSOLETE_local: false peers { permanent_uuid: "311dfb237bed4ac785495585b6ae11bd" member_type: VOTER last_known_addr { host: "127.24.9.67" port: 39523 } } peers { permanent_uuid: "9b200c85423d44af9b258e4304be6783" member_type: VOTER last_known_addr { host: "127.24.9.65" port: 36155 } } peers { permanent_uuid: "22291e95571d4d6e802407b77e19fa7a" member_type: VOTER last_known_addr { host: "127.24.9.66" port: 42797 } }
I20260630 12:39:00.952236 29003 ts_tablet_manager.cc:1434] T d203955d50f84cd19231ff12bc1751b1 P 9b200c85423d44af9b258e4304be6783: Time spent starting tablet: real 0.016s	user 0.009s	sys 0.007s
I20260630 12:39:00.955084 29004 ts_tablet_manager.cc:1434] T d203955d50f84cd19231ff12bc1751b1 P 22291e95571d4d6e802407b77e19fa7a: Time spent starting tablet: real 0.014s	user 0.005s	sys 0.005s
I20260630 12:39:00.965322 29002 ts_tablet_manager.cc:1434] T d203955d50f84cd19231ff12bc1751b1 P 311dfb237bed4ac785495585b6ae11bd: Time spent starting tablet: real 0.028s	user 0.010s	sys 0.019s
I20260630 12:39:00.963887 29008 leader_election.cc:290] T d203955d50f84cd19231ff12bc1751b1 P 9b200c85423d44af9b258e4304be6783 [CANDIDATE]: Term 1 pre-election: Requested pre-vote from peers 311dfb237bed4ac785495585b6ae11bd (127.24.9.67:39523), 22291e95571d4d6e802407b77e19fa7a (127.24.9.66:42797)
I20260630 12:39:00.982898 28956 tablet_service.cc:1917] Received RequestConsensusVote() RPC: tablet_id: "d203955d50f84cd19231ff12bc1751b1" candidate_uuid: "9b200c85423d44af9b258e4304be6783" candidate_term: 1 candidate_status { last_received { term: 0 index: 0 } } ignore_live_leader: false dest_uuid: "311dfb237bed4ac785495585b6ae11bd" is_pre_election: true
I20260630 12:39:00.983918 28956 raft_consensus.cc:2468] T d203955d50f84cd19231ff12bc1751b1 P 311dfb237bed4ac785495585b6ae11bd [term 0 FOLLOWER]: Leader pre-election vote request: Granting yes vote for candidate 9b200c85423d44af9b258e4304be6783 in term 0.
I20260630 12:39:00.985400 28773 leader_election.cc:304] T d203955d50f84cd19231ff12bc1751b1 P 9b200c85423d44af9b258e4304be6783 [CANDIDATE]: Term 1 pre-election: Election decided. Result: candidate won. Election summary: received 2 responses out of 3 voters: 2 yes votes; 0 no votes. yes voters: 311dfb237bed4ac785495585b6ae11bd, 9b200c85423d44af9b258e4304be6783; no voters: 
I20260630 12:39:00.986284 29008 raft_consensus.cc:2804] T d203955d50f84cd19231ff12bc1751b1 P 9b200c85423d44af9b258e4304be6783 [term 0 FOLLOWER]: Leader pre-election won for term 1
I20260630 12:39:00.986667 29008 raft_consensus.cc:493] T d203955d50f84cd19231ff12bc1751b1 P 9b200c85423d44af9b258e4304be6783 [term 0 FOLLOWER]: Starting leader election (no leader contacted us within the election timeout)
I20260630 12:39:00.986984 29008 raft_consensus.cc:3060] T d203955d50f84cd19231ff12bc1751b1 P 9b200c85423d44af9b258e4304be6783 [term 0 FOLLOWER]: Advancing to term 1
I20260630 12:39:00.991545 28882 tablet_service.cc:1917] Received RequestConsensusVote() RPC: tablet_id: "d203955d50f84cd19231ff12bc1751b1" candidate_uuid: "9b200c85423d44af9b258e4304be6783" candidate_term: 1 candidate_status { last_received { term: 0 index: 0 } } ignore_live_leader: false dest_uuid: "22291e95571d4d6e802407b77e19fa7a" is_pre_election: true
I20260630 12:39:00.992408 28882 raft_consensus.cc:2468] T d203955d50f84cd19231ff12bc1751b1 P 22291e95571d4d6e802407b77e19fa7a [term 0 FOLLOWER]: Leader pre-election vote request: Granting yes vote for candidate 9b200c85423d44af9b258e4304be6783 in term 0.
W20260630 12:39:00.994956 28982 tablet.cc:2406] T d203955d50f84cd19231ff12bc1751b1 P 311dfb237bed4ac785495585b6ae11bd: Can't schedule compaction. Clean time has not been advanced past its initial value.
I20260630 12:39:00.995272 29008 raft_consensus.cc:515] T d203955d50f84cd19231ff12bc1751b1 P 9b200c85423d44af9b258e4304be6783 [term 1 FOLLOWER]: Starting leader election with config: opid_index: -1 OBSOLETE_local: false peers { permanent_uuid: "311dfb237bed4ac785495585b6ae11bd" member_type: VOTER last_known_addr { host: "127.24.9.67" port: 39523 } } peers { permanent_uuid: "9b200c85423d44af9b258e4304be6783" member_type: VOTER last_known_addr { host: "127.24.9.65" port: 36155 } } peers { permanent_uuid: "22291e95571d4d6e802407b77e19fa7a" member_type: VOTER last_known_addr { host: "127.24.9.66" port: 42797 } }
I20260630 12:39:00.997390 29008 leader_election.cc:290] T d203955d50f84cd19231ff12bc1751b1 P 9b200c85423d44af9b258e4304be6783 [CANDIDATE]: Term 1 election: Requested vote from peers 311dfb237bed4ac785495585b6ae11bd (127.24.9.67:39523), 22291e95571d4d6e802407b77e19fa7a (127.24.9.66:42797)
I20260630 12:39:00.998291 28956 tablet_service.cc:1917] Received RequestConsensusVote() RPC: tablet_id: "d203955d50f84cd19231ff12bc1751b1" candidate_uuid: "9b200c85423d44af9b258e4304be6783" candidate_term: 1 candidate_status { last_received { term: 0 index: 0 } } ignore_live_leader: false dest_uuid: "311dfb237bed4ac785495585b6ae11bd"
I20260630 12:39:00.998543 28882 tablet_service.cc:1917] Received RequestConsensusVote() RPC: tablet_id: "d203955d50f84cd19231ff12bc1751b1" candidate_uuid: "9b200c85423d44af9b258e4304be6783" candidate_term: 1 candidate_status { last_received { term: 0 index: 0 } } ignore_live_leader: false dest_uuid: "22291e95571d4d6e802407b77e19fa7a"
I20260630 12:39:00.998957 28956 raft_consensus.cc:3060] T d203955d50f84cd19231ff12bc1751b1 P 311dfb237bed4ac785495585b6ae11bd [term 0 FOLLOWER]: Advancing to term 1
I20260630 12:39:00.999256 28882 raft_consensus.cc:3060] T d203955d50f84cd19231ff12bc1751b1 P 22291e95571d4d6e802407b77e19fa7a [term 0 FOLLOWER]: Advancing to term 1
I20260630 12:39:01.005260 28956 raft_consensus.cc:2468] T d203955d50f84cd19231ff12bc1751b1 P 311dfb237bed4ac785495585b6ae11bd [term 1 FOLLOWER]: Leader election vote request: Granting yes vote for candidate 9b200c85423d44af9b258e4304be6783 in term 1.
I20260630 12:39:01.005827 28882 raft_consensus.cc:2468] T d203955d50f84cd19231ff12bc1751b1 P 22291e95571d4d6e802407b77e19fa7a [term 1 FOLLOWER]: Leader election vote request: Granting yes vote for candidate 9b200c85423d44af9b258e4304be6783 in term 1.
I20260630 12:39:01.006546 28773 leader_election.cc:304] T d203955d50f84cd19231ff12bc1751b1 P 9b200c85423d44af9b258e4304be6783 [CANDIDATE]: Term 1 election: Election decided. Result: candidate won. Election summary: received 2 responses out of 3 voters: 2 yes votes; 0 no votes. yes voters: 311dfb237bed4ac785495585b6ae11bd, 9b200c85423d44af9b258e4304be6783; no voters: 
I20260630 12:39:01.007460 29008 raft_consensus.cc:2804] T d203955d50f84cd19231ff12bc1751b1 P 9b200c85423d44af9b258e4304be6783 [term 1 FOLLOWER]: Leader election won for term 1
I20260630 12:39:01.007949 29008 raft_consensus.cc:697] T d203955d50f84cd19231ff12bc1751b1 P 9b200c85423d44af9b258e4304be6783 [term 1 LEADER]: Becoming Leader. State: Replica: 9b200c85423d44af9b258e4304be6783, State: Running, Role: LEADER
I20260630 12:39:01.009014 29008 consensus_queue.cc:237] T d203955d50f84cd19231ff12bc1751b1 P 9b200c85423d44af9b258e4304be6783 [LEADER]: Queue going to LEADER mode. State: All replicated index: 0, Majority replicated index: 0, Committed index: 0, Last appended: 0.0, Last appended by leader: 0, Current term: 1, Majority size: 2, State: 0, Mode: LEADER, active raft config: opid_index: -1 OBSOLETE_local: false peers { permanent_uuid: "311dfb237bed4ac785495585b6ae11bd" member_type: VOTER last_known_addr { host: "127.24.9.67" port: 39523 } } peers { permanent_uuid: "9b200c85423d44af9b258e4304be6783" member_type: VOTER last_known_addr { host: "127.24.9.65" port: 36155 } } peers { permanent_uuid: "22291e95571d4d6e802407b77e19fa7a" member_type: VOTER last_known_addr { host: "127.24.9.66" port: 42797 } }
I20260630 12:39:01.019002 28702 catalog_manager.cc:5697] T d203955d50f84cd19231ff12bc1751b1 P 9b200c85423d44af9b258e4304be6783 reported cstate change: term changed from 0 to 1, leader changed from <none> to 9b200c85423d44af9b258e4304be6783 (127.24.9.65). New cstate: current_term: 1 leader_uuid: "9b200c85423d44af9b258e4304be6783" committed_config { opid_index: -1 OBSOLETE_local: false peers { permanent_uuid: "311dfb237bed4ac785495585b6ae11bd" member_type: VOTER last_known_addr { host: "127.24.9.67" port: 39523 } health_report { overall_health: UNKNOWN } } peers { permanent_uuid: "9b200c85423d44af9b258e4304be6783" member_type: VOTER last_known_addr { host: "127.24.9.65" port: 36155 } health_report { overall_health: HEALTHY } } peers { permanent_uuid: "22291e95571d4d6e802407b77e19fa7a" member_type: VOTER last_known_addr { host: "127.24.9.66" port: 42797 } health_report { overall_health: UNKNOWN } } }
I20260630 12:39:01.301462 28751 placement_policy_util.cc:411] tablet d203955d50f84cd19231ff12bc1751b1: detected majority of replicas (2 of 3) at location L0
I20260630 12:39:01.308485 28758 auto_leader_rebalancer.cc:141] leader rebalance for table test-workload
I20260630 12:39:01.310322 28758 auto_leader_rebalancer.cc:440] table: test-workload, leader rebalance finish, leader transfer count: 0
I20260630 12:39:01.310724 28758 auto_leader_rebalancer.cc:515] All tables' leader rebalancing finished this round
I20260630 12:39:01.451684 29008 consensus_queue.cc:1048] T d203955d50f84cd19231ff12bc1751b1 P 9b200c85423d44af9b258e4304be6783 [LEADER]: Connected to new peer: Peer: permanent_uuid: "311dfb237bed4ac785495585b6ae11bd" member_type: VOTER last_known_addr { host: "127.24.9.67" port: 39523 }, Status: LMP_MISMATCH, Last received: 0.0, Next index: 1, Last known committed idx: 0, Time since last communication: 0.001s
I20260630 12:39:01.468724 29017 consensus_queue.cc:1048] T d203955d50f84cd19231ff12bc1751b1 P 9b200c85423d44af9b258e4304be6783 [LEADER]: Connected to new peer: Peer: permanent_uuid: "22291e95571d4d6e802407b77e19fa7a" member_type: VOTER last_known_addr { host: "127.24.9.66" port: 42797 }, Status: LMP_MISMATCH, Last received: 0.0, Next index: 1, Last known committed idx: 0, Time since last communication: 0.001s
I20260630 12:39:02.313148 28751 placement_policy_util.cc:411] tablet d203955d50f84cd19231ff12bc1751b1: detected majority of replicas (2 of 3) at location L0
I20260630 12:39:03.312191 28758 auto_leader_rebalancer.cc:141] leader rebalance for table test-workload
I20260630 12:39:03.314448 28758 auto_leader_rebalancer.cc:440] table: test-workload, leader rebalance finish, leader transfer count: 0
I20260630 12:39:03.314847 28758 auto_leader_rebalancer.cc:515] All tables' leader rebalancing finished this round
I20260630 12:39:03.322058 28751 placement_policy_util.cc:411] tablet d203955d50f84cd19231ff12bc1751b1: detected majority of replicas (2 of 3) at location L0
I20260630 12:39:04.330816 28751 placement_policy_util.cc:411] tablet d203955d50f84cd19231ff12bc1751b1: detected majority of replicas (2 of 3) at location L0
I20260630 12:39:05.316124 28758 auto_leader_rebalancer.cc:141] leader rebalance for table test-workload
I20260630 12:39:05.317813 28758 auto_leader_rebalancer.cc:440] table: test-workload, leader rebalance finish, leader transfer count: 0
I20260630 12:39:05.318238 28758 auto_leader_rebalancer.cc:515] All tables' leader rebalancing finished this round
I20260630 12:39:05.339769 28751 placement_policy_util.cc:411] tablet d203955d50f84cd19231ff12bc1751b1: detected majority of replicas (2 of 3) at location L0
I20260630 12:39:06.348609 28751 placement_policy_util.cc:411] tablet d203955d50f84cd19231ff12bc1751b1: detected majority of replicas (2 of 3) at location L0
I20260630 12:39:07.319571 28758 auto_leader_rebalancer.cc:141] leader rebalance for table test-workload
I20260630 12:39:07.321013 28758 auto_leader_rebalancer.cc:440] table: test-workload, leader rebalance finish, leader transfer count: 0
I20260630 12:39:07.321382 28758 auto_leader_rebalancer.cc:515] All tables' leader rebalancing finished this round
I20260630 12:39:07.358395 28751 placement_policy_util.cc:411] tablet d203955d50f84cd19231ff12bc1751b1: detected majority of replicas (2 of 3) at location L0
I20260630 12:39:08.368012 28751 placement_policy_util.cc:411] tablet d203955d50f84cd19231ff12bc1751b1: detected majority of replicas (2 of 3) at location L0
I20260630 12:39:09.322456 28758 auto_leader_rebalancer.cc:141] leader rebalance for table test-workload
I20260630 12:39:09.323954 28758 auto_leader_rebalancer.cc:440] table: test-workload, leader rebalance finish, leader transfer count: 0
I20260630 12:39:09.324376 28758 auto_leader_rebalancer.cc:515] All tables' leader rebalancing finished this round
I20260630 12:39:09.377772 28751 placement_policy_util.cc:411] tablet d203955d50f84cd19231ff12bc1751b1: detected majority of replicas (2 of 3) at location L0
I20260630 12:39:10.384886 28751 placement_policy_util.cc:411] tablet d203955d50f84cd19231ff12bc1751b1: detected majority of replicas (2 of 3) at location L0
I20260630 12:39:11.325539 28758 auto_leader_rebalancer.cc:141] leader rebalance for table test-workload
I20260630 12:39:11.327229 28758 auto_leader_rebalancer.cc:440] table: test-workload, leader rebalance finish, leader transfer count: 0
I20260630 12:39:11.327572 28758 auto_leader_rebalancer.cc:515] All tables' leader rebalancing finished this round
I20260630 12:39:11.391724 28751 placement_policy_util.cc:411] tablet d203955d50f84cd19231ff12bc1751b1: detected majority of replicas (2 of 3) at location L0
I20260630 12:39:12.102870 24613 tablet_server.cc:179] TabletServer@127.24.9.65:0 shutting down...
I20260630 12:39:12.140172 24613 ts_tablet_manager.cc:1507] Shutting down tablet manager...
I20260630 12:39:12.141247 24613 tablet_replica.cc:333] T d203955d50f84cd19231ff12bc1751b1 P 9b200c85423d44af9b258e4304be6783: stopping tablet replica
I20260630 12:39:12.142122 24613 raft_consensus.cc:2243] T d203955d50f84cd19231ff12bc1751b1 P 9b200c85423d44af9b258e4304be6783 [term 1 LEADER]: Raft consensus shutting down.
I20260630 12:39:12.143518 24613 raft_consensus.cc:2272] T d203955d50f84cd19231ff12bc1751b1 P 9b200c85423d44af9b258e4304be6783 [term 1 FOLLOWER]: Raft consensus is shut down!
I20260630 12:39:12.166567 24613 tablet_server.cc:196] TabletServer@127.24.9.65:0 shutdown complete.
I20260630 12:39:12.182241 24613 tablet_server.cc:179] TabletServer@127.24.9.66:0 shutting down...
I20260630 12:39:12.212137 24613 ts_tablet_manager.cc:1507] Shutting down tablet manager...
I20260630 12:39:12.213001 24613 tablet_replica.cc:333] T d203955d50f84cd19231ff12bc1751b1 P 22291e95571d4d6e802407b77e19fa7a: stopping tablet replica
I20260630 12:39:12.213661 24613 raft_consensus.cc:2243] T d203955d50f84cd19231ff12bc1751b1 P 22291e95571d4d6e802407b77e19fa7a [term 1 FOLLOWER]: Raft consensus shutting down.
I20260630 12:39:12.214214 24613 raft_consensus.cc:2272] T d203955d50f84cd19231ff12bc1751b1 P 22291e95571d4d6e802407b77e19fa7a [term 1 FOLLOWER]: Raft consensus is shut down!
I20260630 12:39:12.235245 24613 tablet_server.cc:196] TabletServer@127.24.9.66:0 shutdown complete.
I20260630 12:39:12.246675 24613 tablet_server.cc:179] TabletServer@127.24.9.67:0 shutting down...
I20260630 12:39:12.282728 24613 ts_tablet_manager.cc:1507] Shutting down tablet manager...
I20260630 12:39:12.283736 24613 tablet_replica.cc:333] T d203955d50f84cd19231ff12bc1751b1 P 311dfb237bed4ac785495585b6ae11bd: stopping tablet replica
I20260630 12:39:12.284494 24613 raft_consensus.cc:2243] T d203955d50f84cd19231ff12bc1751b1 P 311dfb237bed4ac785495585b6ae11bd [term 1 FOLLOWER]: Raft consensus shutting down.
I20260630 12:39:12.285208 24613 raft_consensus.cc:2272] T d203955d50f84cd19231ff12bc1751b1 P 311dfb237bed4ac785495585b6ae11bd [term 1 FOLLOWER]: Raft consensus is shut down!
I20260630 12:39:12.309748 24613 tablet_server.cc:196] TabletServer@127.24.9.67:0 shutdown complete.
I20260630 12:39:12.325971 24613 master.cc:562] Master@127.24.9.126:42145 shutting down...
I20260630 12:39:12.348573 24613 raft_consensus.cc:2243] T 00000000000000000000000000000000 P 03c6c4eb4cef4a38953d33812932e45e [term 1 LEADER]: Raft consensus shutting down.
I20260630 12:39:12.349431 24613 raft_consensus.cc:2272] T 00000000000000000000000000000000 P 03c6c4eb4cef4a38953d33812932e45e [term 1 FOLLOWER]: Raft consensus is shut down!
I20260630 12:39:12.349829 24613 tablet_replica.cc:333] T 00000000000000000000000000000000 P 03c6c4eb4cef4a38953d33812932e45e: stopping tablet replica
I20260630 12:39:12.371964 24613 master.cc:584] Master@127.24.9.126:42145 shutdown complete.
[       OK ] AutoRebalancerTest.NoReplicaMovesIfCannotFixPlacementPolicy (13270 ms)
[ RUN      ] AutoRebalancerTest.TestMaxMovesPerServer
I20260630 12:39:12.416620 24613 internal_mini_cluster.cc:156] Creating distributed mini masters. Addrs: 127.24.9.126:34215
I20260630 12:39:12.417994 24613 file_cache.cc:492] Constructed file cache file cache with capacity 419430
W20260630 12:39:12.424892 29026 instance_detector.cc:116] could not retrieve AWS instance metadata: Network error: curl error: HTTP response code said error: The requested URL returned error: 404
W20260630 12:39:12.425216 29027 instance_detector.cc:116] could not retrieve Azure instance metadata: Network error: curl error: HTTP response code said error: The requested URL returned error: 404
W20260630 12:39:12.425330 29029 instance_detector.cc:116] could not retrieve OpenStack instance metadata: Network error: curl error: HTTP response code said error: The requested URL returned error: 404
I20260630 12:39:12.427207 24613 server_base.cc:1061] running on GCE node
I20260630 12:39:12.428251 24613 hybrid_clock.cc:584] initializing the hybrid clock with 'system_unsync' time source
W20260630 12:39:12.428494 24613 system_unsync_time.cc:38] NTP support is disabled. Clock error bounds will not be accurate. This configuration is not suitable for distributed clusters.
I20260630 12:39:12.428681 24613 hybrid_clock.cc:648] HybridClock initialized: now 1782823152428666 us; error 0 us; skew 500 ppm
I20260630 12:39:12.429188 24613 server_base.cc:861] Flag tcmalloc_max_total_thread_cache_bytes is not working since tcmalloc is not enabled.
I20260630 12:39:12.431984 24613 webserver.cc:533] Webserver started at http://127.24.9.126:43559/ using document root <none> and password file <none>
I20260630 12:39:12.432447 24613 fs_manager.cc:362] Metadata directory not provided
I20260630 12:39:12.432617 24613 fs_manager.cc:368] Using write-ahead log directory (fs_wal_dir) as metadata directory
I20260630 12:39:12.432868 24613 server_base.cc:909] This appears to be a new deployment of Kudu; creating new FS layout
I20260630 12:39:12.434139 24613 fs_manager.cc:1068] Generated new instance metadata in path /tmp/dist-test-taskoxy5yi/test-tmp/auto_rebalancer-test.0.AutoRebalancerTest.TestMaxMovesPerServer.1782823021886531-24613-0/minicluster-data/master-0-root/instance:
uuid: "e92d77c84edf4925b38c06bfb338811c"
format_stamp: "Formatted at 2026-06-30 12:39:12 on dist-test-slave-p6mv"
I20260630 12:39:12.439287 24613 fs_manager.cc:696] Time spent creating directory manager: real 0.005s	user 0.003s	sys 0.004s
I20260630 12:39:12.443315 29034 log_block_manager.cc:4031] Time spent loading block containers with low live blocks: real 0.000s	user 0.000s	sys 0.000s
I20260630 12:39:12.444366 24613 fs_manager.cc:730] Time spent opening block manager: real 0.003s	user 0.004s	sys 0.000s
I20260630 12:39:12.444738 24613 fs_manager.cc:647] Opened local filesystem: /tmp/dist-test-taskoxy5yi/test-tmp/auto_rebalancer-test.0.AutoRebalancerTest.TestMaxMovesPerServer.1782823021886531-24613-0/minicluster-data/master-0-root
uuid: "e92d77c84edf4925b38c06bfb338811c"
format_stamp: "Formatted at 2026-06-30 12:39:12 on dist-test-slave-p6mv"
I20260630 12:39:12.445122 24613 fs_report.cc:389] FS layout report
--------------------
wal directory: /tmp/dist-test-taskoxy5yi/test-tmp/auto_rebalancer-test.0.AutoRebalancerTest.TestMaxMovesPerServer.1782823021886531-24613-0/minicluster-data/master-0-root
metadata directory: /tmp/dist-test-taskoxy5yi/test-tmp/auto_rebalancer-test.0.AutoRebalancerTest.TestMaxMovesPerServer.1782823021886531-24613-0/minicluster-data/master-0-root
1 data directories: /tmp/dist-test-taskoxy5yi/test-tmp/auto_rebalancer-test.0.AutoRebalancerTest.TestMaxMovesPerServer.1782823021886531-24613-0/minicluster-data/master-0-root/data
Total live blocks: 0
Total live bytes: 0
Total live bytes (after alignment): 0
Total number of LBM containers: 0 (0 full)
Did not check for missing blocks
Did not check for orphaned blocks
Total full LBM containers with extra space: 0 (0 repaired)
Total full LBM container extra space in bytes: 0 (0 repaired)
Total incomplete LBM containers: 0 (0 repaired)
Total LBM partial records: 0 (0 repaired)
Total corrupted LBM metadata records in RocksDB: 0 (0 repaired)
I20260630 12:39:12.473892 24613 rpc_server.cc:225] running with OpenSSL 1.1.1  11 Sep 2018
I20260630 12:39:12.475430 24613 kserver.cc:163] Server-wide thread pool size limit: 3276
I20260630 12:39:12.524358 24613 rpc_server.cc:307] RPC server started. Bound to: 127.24.9.126:34215
I20260630 12:39:12.524467 29085 acceptor_pool.cc:272] collecting diagnostics on the listening RPC socket 127.24.9.126:34215 every 8 connection(s)
I20260630 12:39:12.529184 29086 data_dirs.cc:400] Could only allocate 1 dirs of requested 3 for tablet 00000000000000000000000000000000. 1 dirs total, 0 dirs full, 0 dirs failed
I20260630 12:39:12.540405 29086 tablet_bootstrap.cc:492] T 00000000000000000000000000000000 P e92d77c84edf4925b38c06bfb338811c: Bootstrap starting.
I20260630 12:39:12.545477 29086 tablet_bootstrap.cc:654] T 00000000000000000000000000000000 P e92d77c84edf4925b38c06bfb338811c: Neither blocks nor log segments found. Creating new log.
I20260630 12:39:12.550983 29086 tablet_bootstrap.cc:492] T 00000000000000000000000000000000 P e92d77c84edf4925b38c06bfb338811c: No bootstrap required, opened a new log
I20260630 12:39:12.553534 29086 raft_consensus.cc:359] T 00000000000000000000000000000000 P e92d77c84edf4925b38c06bfb338811c [term 0 FOLLOWER]: Replica starting. Triggering 0 pending ops. Active config: opid_index: -1 OBSOLETE_local: true peers { permanent_uuid: "e92d77c84edf4925b38c06bfb338811c" member_type: VOTER }
I20260630 12:39:12.554039 29086 raft_consensus.cc:385] T 00000000000000000000000000000000 P e92d77c84edf4925b38c06bfb338811c [term 0 FOLLOWER]: Consensus starting up: Expiring failure detector timer to make a prompt election more likely
I20260630 12:39:12.554361 29086 raft_consensus.cc:740] T 00000000000000000000000000000000 P e92d77c84edf4925b38c06bfb338811c [term 0 FOLLOWER]: Becoming Follower/Learner. State: Replica: e92d77c84edf4925b38c06bfb338811c, State: Initialized, Role: FOLLOWER
I20260630 12:39:12.555161 29086 consensus_queue.cc:260] T 00000000000000000000000000000000 P e92d77c84edf4925b38c06bfb338811c [NON_LEADER]: Queue going to NON_LEADER mode. State: All replicated index: 0, Majority replicated index: 0, Committed index: 0, Last appended: 0.0, Last appended by leader: 0, Current term: 0, Majority size: -1, State: 0, Mode: NON_LEADER, active raft config: opid_index: -1 OBSOLETE_local: true peers { permanent_uuid: "e92d77c84edf4925b38c06bfb338811c" member_type: VOTER }
I20260630 12:39:12.555694 29086 raft_consensus.cc:399] T 00000000000000000000000000000000 P e92d77c84edf4925b38c06bfb338811c [term 0 FOLLOWER]: Only one voter in the Raft config. Triggering election immediately
I20260630 12:39:12.555948 29086 raft_consensus.cc:493] T 00000000000000000000000000000000 P e92d77c84edf4925b38c06bfb338811c [term 0 FOLLOWER]: Starting leader election (initial election of a single-replica configuration)
I20260630 12:39:12.556274 29086 raft_consensus.cc:3060] T 00000000000000000000000000000000 P e92d77c84edf4925b38c06bfb338811c [term 0 FOLLOWER]: Advancing to term 1
I20260630 12:39:12.562322 29086 raft_consensus.cc:515] T 00000000000000000000000000000000 P e92d77c84edf4925b38c06bfb338811c [term 1 FOLLOWER]: Starting leader election with config: opid_index: -1 OBSOLETE_local: true peers { permanent_uuid: "e92d77c84edf4925b38c06bfb338811c" member_type: VOTER }
I20260630 12:39:12.562973 29086 leader_election.cc:304] T 00000000000000000000000000000000 P e92d77c84edf4925b38c06bfb338811c [CANDIDATE]: Term 1 election: Election decided. Result: candidate won. Election summary: received 1 responses out of 1 voters: 1 yes votes; 0 no votes. yes voters: e92d77c84edf4925b38c06bfb338811c; no voters: 
I20260630 12:39:12.564402 29086 leader_election.cc:290] T 00000000000000000000000000000000 P e92d77c84edf4925b38c06bfb338811c [CANDIDATE]: Term 1 election: Requested vote from peers 
I20260630 12:39:12.564901 29089 raft_consensus.cc:2804] T 00000000000000000000000000000000 P e92d77c84edf4925b38c06bfb338811c [term 1 FOLLOWER]: Leader election won for term 1
I20260630 12:39:12.566572 29089 raft_consensus.cc:697] T 00000000000000000000000000000000 P e92d77c84edf4925b38c06bfb338811c [term 1 LEADER]: Becoming Leader. State: Replica: e92d77c84edf4925b38c06bfb338811c, State: Running, Role: LEADER
I20260630 12:39:12.567533 29089 consensus_queue.cc:237] T 00000000000000000000000000000000 P e92d77c84edf4925b38c06bfb338811c [LEADER]: Queue going to LEADER mode. State: All replicated index: 0, Majority replicated index: 0, Committed index: 0, Last appended: 0.0, Last appended by leader: 0, Current term: 1, Majority size: 1, State: 0, Mode: LEADER, active raft config: opid_index: -1 OBSOLETE_local: true peers { permanent_uuid: "e92d77c84edf4925b38c06bfb338811c" member_type: VOTER }
I20260630 12:39:12.567984 29086 sys_catalog.cc:565] T 00000000000000000000000000000000 P e92d77c84edf4925b38c06bfb338811c [sys.catalog]: configured and running, proceeding with master startup.
I20260630 12:39:12.571075 29090 sys_catalog.cc:455] T 00000000000000000000000000000000 P e92d77c84edf4925b38c06bfb338811c [sys.catalog]: SysCatalogTable state changed. Reason: RaftConsensus started. Latest consensus state: current_term: 1 leader_uuid: "e92d77c84edf4925b38c06bfb338811c" committed_config { opid_index: -1 OBSOLETE_local: true peers { permanent_uuid: "e92d77c84edf4925b38c06bfb338811c" member_type: VOTER } }
I20260630 12:39:12.571985 29090 sys_catalog.cc:458] T 00000000000000000000000000000000 P e92d77c84edf4925b38c06bfb338811c [sys.catalog]: This master's current role is: LEADER
I20260630 12:39:12.571113 29091 sys_catalog.cc:455] T 00000000000000000000000000000000 P e92d77c84edf4925b38c06bfb338811c [sys.catalog]: SysCatalogTable state changed. Reason: New leader e92d77c84edf4925b38c06bfb338811c. Latest consensus state: current_term: 1 leader_uuid: "e92d77c84edf4925b38c06bfb338811c" committed_config { opid_index: -1 OBSOLETE_local: true peers { permanent_uuid: "e92d77c84edf4925b38c06bfb338811c" member_type: VOTER } }
I20260630 12:39:12.573067 29091 sys_catalog.cc:458] T 00000000000000000000000000000000 P e92d77c84edf4925b38c06bfb338811c [sys.catalog]: This master's current role is: LEADER
I20260630 12:39:12.576303 29094 catalog_manager.cc:1511] Loading table and tablet metadata into memory...
I20260630 12:39:12.582842 29094 catalog_manager.cc:1520] Initializing Kudu cluster ID...
I20260630 12:39:12.588729 24613 internal_mini_cluster.cc:184] Waiting to initialize catalog manager on master 0
I20260630 12:39:12.593604 29094 catalog_manager.cc:1383] Generated new cluster ID: 9e734c597d7249bf87f1bf7930ce75f5
I20260630 12:39:12.593952 29094 catalog_manager.cc:1531] Initializing Kudu internal certificate authority...
I20260630 12:39:12.612272 29094 catalog_manager.cc:1406] Generated new certificate authority record
I20260630 12:39:12.613780 29094 catalog_manager.cc:1540] Loading token signing keys...
I20260630 12:39:12.633654 29094 catalog_manager.cc:6070] T 00000000000000000000000000000000 P e92d77c84edf4925b38c06bfb338811c: Generated new TSK 0
I20260630 12:39:12.634343 29094 catalog_manager.cc:1550] Initializing in-progress tserver states...
I20260630 12:39:12.657126 24613 file_cache.cc:492] Constructed file cache file cache with capacity 419430
W20260630 12:39:12.663908 29107 instance_detector.cc:116] could not retrieve AWS instance metadata: Network error: curl error: HTTP response code said error: The requested URL returned error: 404
W20260630 12:39:12.664752 29108 instance_detector.cc:116] could not retrieve Azure instance metadata: Network error: curl error: HTTP response code said error: The requested URL returned error: 404
W20260630 12:39:12.667922 29110 instance_detector.cc:116] could not retrieve OpenStack instance metadata: Network error: curl error: HTTP response code said error: The requested URL returned error: 404
I20260630 12:39:12.669631 24613 server_base.cc:1061] running on GCE node
I20260630 12:39:12.670894 24613 hybrid_clock.cc:584] initializing the hybrid clock with 'system_unsync' time source
W20260630 12:39:12.671118 24613 system_unsync_time.cc:38] NTP support is disabled. Clock error bounds will not be accurate. This configuration is not suitable for distributed clusters.
I20260630 12:39:12.671367 24613 hybrid_clock.cc:648] HybridClock initialized: now 1782823152671348 us; error 0 us; skew 500 ppm
I20260630 12:39:12.671911 24613 server_base.cc:861] Flag tcmalloc_max_total_thread_cache_bytes is not working since tcmalloc is not enabled.
I20260630 12:39:12.674628 24613 webserver.cc:533] Webserver started at http://127.24.9.65:44205/ using document root <none> and password file <none>
I20260630 12:39:12.675240 24613 fs_manager.cc:362] Metadata directory not provided
I20260630 12:39:12.675441 24613 fs_manager.cc:368] Using write-ahead log directory (fs_wal_dir) as metadata directory
I20260630 12:39:12.675701 24613 server_base.cc:909] This appears to be a new deployment of Kudu; creating new FS layout
I20260630 12:39:12.677037 24613 fs_manager.cc:1068] Generated new instance metadata in path /tmp/dist-test-taskoxy5yi/test-tmp/auto_rebalancer-test.0.AutoRebalancerTest.TestMaxMovesPerServer.1782823021886531-24613-0/minicluster-data/ts-0-root/instance:
uuid: "d52ca06e785740c18e5d72c33f315506"
format_stamp: "Formatted at 2026-06-30 12:39:12 on dist-test-slave-p6mv"
I20260630 12:39:12.682793 24613 fs_manager.cc:696] Time spent creating directory manager: real 0.005s	user 0.006s	sys 0.000s
I20260630 12:39:12.686944 29115 log_block_manager.cc:4031] Time spent loading block containers with low live blocks: real 0.000s	user 0.000s	sys 0.000s
I20260630 12:39:12.687945 24613 fs_manager.cc:730] Time spent opening block manager: real 0.003s	user 0.003s	sys 0.000s
I20260630 12:39:12.688279 24613 fs_manager.cc:647] Opened local filesystem: /tmp/dist-test-taskoxy5yi/test-tmp/auto_rebalancer-test.0.AutoRebalancerTest.TestMaxMovesPerServer.1782823021886531-24613-0/minicluster-data/ts-0-root
uuid: "d52ca06e785740c18e5d72c33f315506"
format_stamp: "Formatted at 2026-06-30 12:39:12 on dist-test-slave-p6mv"
I20260630 12:39:12.688558 24613 fs_report.cc:389] FS layout report
--------------------
wal directory: /tmp/dist-test-taskoxy5yi/test-tmp/auto_rebalancer-test.0.AutoRebalancerTest.TestMaxMovesPerServer.1782823021886531-24613-0/minicluster-data/ts-0-root
metadata directory: /tmp/dist-test-taskoxy5yi/test-tmp/auto_rebalancer-test.0.AutoRebalancerTest.TestMaxMovesPerServer.1782823021886531-24613-0/minicluster-data/ts-0-root
1 data directories: /tmp/dist-test-taskoxy5yi/test-tmp/auto_rebalancer-test.0.AutoRebalancerTest.TestMaxMovesPerServer.1782823021886531-24613-0/minicluster-data/ts-0-root/data
Total live blocks: 0
Total live bytes: 0
Total live bytes (after alignment): 0
Total number of LBM containers: 0 (0 full)
Did not check for missing blocks
Did not check for orphaned blocks
Total full LBM containers with extra space: 0 (0 repaired)
Total full LBM container extra space in bytes: 0 (0 repaired)
Total incomplete LBM containers: 0 (0 repaired)
Total LBM partial records: 0 (0 repaired)
Total corrupted LBM metadata records in RocksDB: 0 (0 repaired)
I20260630 12:39:12.708617 24613 rpc_server.cc:225] running with OpenSSL 1.1.1  11 Sep 2018
I20260630 12:39:12.710222 24613 kserver.cc:163] Server-wide thread pool size limit: 3276
I20260630 12:39:12.711982 24613 txn_system_client.cc:432] TxnSystemClient initialization is disabled...
I20260630 12:39:12.714779 24613 ts_tablet_manager.cc:585] Loaded tablet metadata (0 total tablets, 0 live tablets)
I20260630 12:39:12.714979 24613 ts_tablet_manager.cc:531] Time spent load tablet metadata: real 0.000s	user 0.000s	sys 0.000s
I20260630 12:39:12.715354 24613 ts_tablet_manager.cc:616] Registered 0 tablets
I20260630 12:39:12.715548 24613 ts_tablet_manager.cc:595] Time spent register tablets: real 0.000s	user 0.000s	sys 0.000s
I20260630 12:39:12.768252 24613 rpc_server.cc:307] RPC server started. Bound to: 127.24.9.65:36459
I20260630 12:39:12.768747 29177 acceptor_pool.cc:272] collecting diagnostics on the listening RPC socket 127.24.9.65:36459 every 8 connection(s)
I20260630 12:39:12.773821 24613 file_cache.cc:492] Constructed file cache file cache with capacity 419430
